[INFO] fetching crate rizlib 1.1.0...
[INFO] testing rizlib-1.1.0 against 1.99.0-beta.8+cargoflags=--release for beta-release-1.100-2
[INFO] extracting crate rizlib 1.1.0 into /workspace/builds/worker-1-tc1/source
[INFO] started tweaking crates.io crate rizlib 1.1.0
[INFO] finished tweaking crates.io crate rizlib 1.1.0
[INFO] tweaked toml for crates.io crate rizlib 1.1.0 written to /workspace/builds/worker-1-tc1/source/Cargo.toml
[INFO] validating manifest of crates.io crate rizlib 1.1.0 on toolchain 1.99.0-beta.8
[INFO] running `Command { std: CARGO_HOME="/workspace/cargo-home" RUSTUP_HOME="/workspace/rustup-home" "/workspace/cargo-home/bin/cargo" "+1.99.0-beta.8" "metadata" "--manifest-path" "Cargo.toml" "--no-deps", kill_on_drop: false }`
[INFO] crate crates.io crate rizlib 1.1.0 already has a lockfile, it will not be regenerated
[INFO] running `Command { std: CARGO_HOME="/workspace/cargo-home" RUSTUP_HOME="/workspace/rustup-home" "/workspace/cargo-home/bin/cargo" "+1.99.0-beta.8" "fetch" "--manifest-path" "Cargo.toml", kill_on_drop: false }`
[INFO] running `Command { std: "docker" "create" "-v" "/var/lib/crater-agent-workspace/builds/worker-1-tc1/source:/opt/rustwide/workdir:ro,Z" "-v" "/var/lib/crater-agent-workspace/builds/worker-1-tc1/target:/opt/rustwide/target:rw,Z" "-v" "/var/lib/crater-agent-workspace/cargo-home:/opt/rustwide/cargo-home:ro,Z" "-v" "/var/lib/crater-agent-workspace/rustup-home:/opt/rustwide/rustup-home:ro,Z" "-m" "1610612736" "--network" "none" "ghcr.io/rust-lang/crates-build-env/linux@sha256:77db811e55d90add9212f6832c23229e3de5f1c1f9905e8cb07319ea15df73ac" "sleep" "infinity", kill_on_drop: false }`
[INFO] [stdout] add82662aeb56f4a15f2ea4aeff8bdea7d73b3dad17c57aa2d3d8907067315f3
[INFO] running `Command { std: "docker" "start" "add82662aeb56f4a15f2ea4aeff8bdea7d73b3dad17c57aa2d3d8907067315f3", kill_on_drop: false }`
[INFO] running `Command { std: "docker" "inspect" "add82662aeb56f4a15f2ea4aeff8bdea7d73b3dad17c57aa2d3d8907067315f3", kill_on_drop: false }`
[INFO] running `Command { std: "docker" "exec" "-e" "SOURCE_DIR=/opt/rustwide/workdir" "-e" "CARGO_HOME=/opt/rustwide/cargo-home" "-e" "RUSTUP_HOME=/opt/rustwide/rustup-home" "-e" "CARGO_TARGET_DIR=/opt/rustwide/target" "-w" "/opt/rustwide/workdir" "--user" "0:0" "add82662aeb56f4a15f2ea4aeff8bdea7d73b3dad17c57aa2d3d8907067315f3" "/opt/rustwide/cargo-home/bin/cargo" "+1.99.0-beta.8" "metadata" "--no-deps" "--format-version=1", kill_on_drop: false }`
[INFO] running `Command { std: "docker" "inspect" "add82662aeb56f4a15f2ea4aeff8bdea7d73b3dad17c57aa2d3d8907067315f3", kill_on_drop: false }`
[INFO] running `Command { std: "docker" "exec" "-e" "SOURCE_DIR=/opt/rustwide/workdir" "-e" "CARGO_HOME=/opt/rustwide/cargo-home" "-e" "RUSTUP_HOME=/opt/rustwide/rustup-home" "-e" "CARGO_TARGET_DIR=/opt/rustwide/target" "-e" "CARGO_INCREMENTAL=0" "-e" "RUST_BACKTRACE=full" "-e" "RUSTFLAGS=--cap-lints=warn" "-e" "RUSTDOCFLAGS=--cap-lints=warn" "-w" "/opt/rustwide/workdir" "--user" "0:0" "add82662aeb56f4a15f2ea4aeff8bdea7d73b3dad17c57aa2d3d8907067315f3" "/opt/rustwide/cargo-home/bin/cargo" "+1.99.0-beta.8" "build" "--frozen" "--message-format=json" "--release", kill_on_drop: false }`
[INFO] [stderr]    Compiling zmij v1.0.12
[INFO] [stderr]    Compiling thiserror v2.0.17
[INFO] [stderr]    Compiling ryu v1.0.22
[INFO] [stderr]    Compiling aho-corasick v1.1.4
[INFO] [stderr]    Compiling serde_yml v0.0.12
[INFO] [stderr]    Compiling syn v2.0.114
[INFO] [stderr]    Compiling libyml v0.0.5
[INFO] [stderr]    Compiling serde_json v1.0.149
[INFO] [stderr]    Compiling regex-automata v0.4.13
[INFO] [stderr]    Compiling serde_derive v1.0.228
[INFO] [stderr]    Compiling thiserror-impl v2.0.17
[INFO] [stderr]    Compiling regex v1.12.2
[INFO] [stderr]    Compiling serde v1.0.228
[INFO] [stderr]    Compiling rizlib v1.1.0 (/opt/rustwide/workdir)
[INFO] [stderr]     Finished `release` profile [optimized] target(s) in 28.08s
[INFO] running `Command { std: "docker" "inspect" "add82662aeb56f4a15f2ea4aeff8bdea7d73b3dad17c57aa2d3d8907067315f3", kill_on_drop: false }`
[INFO] running `Command { std: "docker" "exec" "-e" "SOURCE_DIR=/opt/rustwide/workdir" "-e" "CARGO_HOME=/opt/rustwide/cargo-home" "-e" "RUSTUP_HOME=/opt/rustwide/rustup-home" "-e" "CARGO_TARGET_DIR=/opt/rustwide/target" "-e" "CARGO_INCREMENTAL=0" "-e" "RUST_BACKTRACE=full" "-e" "RUSTFLAGS=--cap-lints=warn" "-e" "RUSTDOCFLAGS=--cap-lints=warn" "-w" "/opt/rustwide/workdir" "--user" "0:0" "add82662aeb56f4a15f2ea4aeff8bdea7d73b3dad17c57aa2d3d8907067315f3" "/opt/rustwide/cargo-home/bin/cargo" "+1.99.0-beta.8" "test" "--frozen" "--no-run" "--message-format=json" "--release", kill_on_drop: false }`
[INFO] [stderr]    Compiling rizlib v1.1.0 (/opt/rustwide/workdir)
[INFO] [stderr]     Finished `release` profile [optimized] target(s) in 7.41s
[INFO] running `Command { std: "docker" "inspect" "add82662aeb56f4a15f2ea4aeff8bdea7d73b3dad17c57aa2d3d8907067315f3", kill_on_drop: false }`
[INFO] running `Command { std: "docker" "exec" "-e" "SOURCE_DIR=/opt/rustwide/workdir" "-e" "CARGO_HOME=/opt/rustwide/cargo-home" "-e" "RUSTUP_HOME=/opt/rustwide/rustup-home" "-e" "CARGO_TARGET_DIR=/opt/rustwide/target" "-e" "CARGO_INCREMENTAL=0" "-e" "RUST_BACKTRACE=full" "-e" "RUSTFLAGS=--cap-lints=warn" "-e" "RUSTDOCFLAGS=--cap-lints=warn" "-w" "/opt/rustwide/workdir" "--user" "0:0" "add82662aeb56f4a15f2ea4aeff8bdea7d73b3dad17c57aa2d3d8907067315f3" "/opt/rustwide/cargo-home/bin/cargo" "+1.99.0-beta.8" "test" "--frozen" "--release", kill_on_drop: false }`
[INFO] [stderr]     Finished `release` profile [optimized] target(s) in 0.16s
[INFO] [stderr]      Running unittests src/lib.rs (/opt/rustwide/target/release/deps/rizlib-8bc73d87a41d31b1)
[INFO] [stdout] 
[INFO] [stdout] running 23 tests
[INFO] [stdout] test test::byte_color_test::tests::byte_color_from_float_color ... ok
[INFO] [stdout] test test::catalog_find_asset_test::tests::bad_bucket_bundle ... FAILED
[INFO] [stdout] test test::catalog_find_asset_test::tests::bad_no_dependency_in_asset_entry ... FAILED
[INFO] [stdout] test test::catalog_find_asset_test::tests::bad_no_asset_bucket ... FAILED
[INFO] [stdout] test test::catalog_find_asset_test::tests::bad_bucket_combined_assets ... FAILED
[INFO] [stdout] test test::catalog_find_asset_test::tests::bad_bucket_local_asset ... FAILED
[INFO] [stdout] test test::catalog_find_asset_test::tests::find_music_asset ... FAILED
[INFO] [stdout] test test::catalog_find_asset_test::tests::good_asset_list ... FAILED
[INFO] [stdout] test test::catalog_find_asset_test::tests::good_chart ... FAILED
[INFO] [stdout] test test::catalog_find_asset_test::tests::good_illustration ... FAILED
[INFO] [stdout] test test::raw_catalog_data_test::tests::bucket_data_from_file ... FAILED
[INFO] [stdout] test test::catalog_find_asset_test::tests::bad_wrong_family ... FAILED
[INFO] [stdout] test test::catalog_find_asset_test::tests::find_music_asset_with_checksum ... FAILED
[INFO] [stdout] test test::catalog_find_asset_test::tests::find_music_asset_with_filename ... FAILED
[INFO] [stdout] test test::byte_color_test::tests::byte_color_new ... ok
[INFO] [stdout] test test::catalog_find_asset_test::tests::good_music ... FAILED
[INFO] [stdout] test test::raw_catalog_data_test::tests::extra_data_from_file ... FAILED
[INFO] [stdout] test test::catalog_find_asset_test::tests::find_all_assets ... FAILED
[INFO] [stdout] test test::patch_list_test::tests::patch_list_test ... FAILED
[INFO] [stdout] test test::raw_catalog_data_test::tests::entry_data_from_file ... FAILED
[INFO] [stdout] test test::raw_catalog_data_test::tests::key_data_from_file ... FAILED
[INFO] [stdout] test test::testing::tests::testing ... FAILED
[INFO] [stdout] test test::chart_test::tests::chart_load_test ... FAILED
[INFO] [stdout] 
[INFO] [stderr] error: test failed, to rerun pass `--lib`
[INFO] [stdout] failures:
[INFO] [stdout] 
[INFO] [stdout] ---- test::catalog_find_asset_test::tests::bad_bucket_bundle stdout ----
[INFO] [stdout] 
[INFO] [stdout] thread 'test::catalog_find_asset_test::tests::bad_bucket_bundle' (593) panicked at src/test/catalog_find_asset_test.rs:9:40:
[INFO] [stdout] called `Result::unwrap()` on an `Err` value: JsonLoadError(IoError(Os { code: 2, kind: NotFound, message: "No such file or directory" }))
[INFO] [stdout] stack backtrace:
[INFO] [stdout]    0:     0x581cb6281291 - <<std[70759c8f55707aa4]::sys::backtrace::BacktraceLock>::print::DisplayBacktrace as core[df12db4294e9bfd3]::fmt::Display>::fmt
[INFO] [stdout]    1:     0x581cb6297aea - core[df12db4294e9bfd3]::fmt::write
[INFO] [stdout]    2:     0x581cb628572c - <alloc[2182bb758b4b3781]::vec::Vec<u8> as core[df12db4294e9bfd3]::io::write::Write>::write_fmt
[INFO] [stdout]    3:     0x581cb625cde6 - std[70759c8f55707aa4]::panicking::default_hook::{closure#0}
[INFO] [stdout]    4:     0x581cb6279179 - std[70759c8f55707aa4]::panicking::default_hook
[INFO] [stdout]    5:     0x581cb61501b0 - test[9d35eded1c95d3be]::test_main_inner::<test[9d35eded1c95d3be]::test_main_static::{closure#0}>::{closure#0}
[INFO] [stdout]    6:     0x581cb6279332 - std[70759c8f55707aa4]::panicking::panic_with_hook
[INFO] [stdout]    7:     0x581cb625ce92 - std[70759c8f55707aa4]::panicking::panic_handler::{closure#0}
[INFO] [stdout]    8:     0x581cb6255a89 - std[70759c8f55707aa4]::sys::backtrace::__rust_end_short_backtrace::<std[70759c8f55707aa4]::panicking::panic_handler::{closure#0}, !>
[INFO] [stdout]    9:     0x581cb625da8d - __rustc[8fa7c3cbc660c2b3]::rust_begin_unwind
[INFO] [stdout]   10:     0x581cb62982cc - core[df12db4294e9bfd3]::panicking::panic_fmt
[INFO] [stdout]   11:     0x581cb62980a2 - core[df12db4294e9bfd3]::result::unwrap_failed
[INFO] [stdout]   12:     0x581cb6121a4c - rizlib[40891cbe37d5b658]::test::catalog_find_asset_test::tests::c
[INFO] [stdout]   13:     0x581cb6123f25 - rizlib[40891cbe37d5b658]::test::catalog_find_asset_test::tests::bad_bucket_bundle
[INFO] [stdout]   14:     0x581cb6135979 - <rizlib[40891cbe37d5b658]::test::catalog_find_asset_test::tests::bad_bucket_bundle::{closure#0} as core[df12db4294e9bfd3]::ops::function::FnOnce<()>>::call_once
[INFO] [stdout]   15:     0x581cb614349b - test[9d35eded1c95d3be]::__rust_begin_short_backtrace::<core[df12db4294e9bfd3]::result::Result<(), alloc[2182bb758b4b3781]::string::String>, fn() -> core[df12db4294e9bfd3]::result::Result<(), alloc[2182bb758b4b3781]::string::String>>
[INFO] [stdout]   16:     0x581cb6150b05 - test[9d35eded1c95d3be]::run_test::{closure#0}
[INFO] [stdout]   17:     0x581cb614a3c4 - std[70759c8f55707aa4]::sys::backtrace::__rust_begin_short_backtrace::<test[9d35eded1c95d3be]::run_test::{closure#1}, ()>
[INFO] [stdout]   18:     0x581cb6153c62 - <std[70759c8f55707aa4]::thread::lifecycle::spawn_unchecked<test[9d35eded1c95d3be]::run_test::{closure#1}, ()>::{closure#1} as core[df12db4294e9bfd3]::ops::function::FnOnce<()>>::call_once::{shim:vtable#0}
[INFO] [stdout]   19:     0x581cb62802e9 - <std[70759c8f55707aa4]::sys::thread::unix::Thread>::new::thread_start
[INFO] [stdout]   20:     0x78b66d74bdfa - <unknown>
[INFO] [stdout]   21:     0x78b66d7df3d4 - clone
[INFO] [stdout]   22:                0x0 - <unknown>
[INFO] [stdout] 
[INFO] [stdout] ---- test::catalog_find_asset_test::tests::bad_no_dependency_in_asset_entry stdout ----
[INFO] [stdout] 
[INFO] [stdout] thread 'test::catalog_find_asset_test::tests::bad_no_dependency_in_asset_entry' (597) panicked at src/test/catalog_find_asset_test.rs:9:40:
[INFO] [stdout] called `Result::unwrap()` on an `Err` value: JsonLoadError(IoError(Os { code: 2, kind: NotFound, message: "No such file or directory" }))
[INFO] [stdout] stack backtrace:
[INFO] [stdout]    0:     0x581cb6281291 - <<std[70759c8f55707aa4]::sys::backtrace::BacktraceLock>::print::DisplayBacktrace as core[df12db4294e9bfd3]::fmt::Display>::fmt
[INFO] [stdout]    1:     0x581cb6297aea - core[df12db4294e9bfd3]::fmt::write
[INFO] [stdout]    2:     0x581cb628572c - <alloc[2182bb758b4b3781]::vec::Vec<u8> as core[df12db4294e9bfd3]::io::write::Write>::write_fmt
[INFO] [stdout]    3:     0x581cb625cde6 - std[70759c8f55707aa4]::panicking::default_hook::{closure#0}
[INFO] [stdout]    4:     0x581cb6279179 - std[70759c8f55707aa4]::panicking::default_hook
[INFO] [stdout]    5:     0x581cb61501b0 - test[9d35eded1c95d3be]::test_main_inner::<test[9d35eded1c95d3be]::test_main_static::{closure#0}>::{closure#0}
[INFO] [stdout]    6:     0x581cb6279332 - std[70759c8f55707aa4]::panicking::panic_with_hook
[INFO] [stdout]    7:     0x581cb625ce92 - std[70759c8f55707aa4]::panicking::panic_handler::{closure#0}
[INFO] [stdout]    8:     0x581cb6255a89 - std[70759c8f55707aa4]::sys::backtrace::__rust_end_short_backtrace::<std[70759c8f55707aa4]::panicking::panic_handler::{closure#0}, !>
[INFO] [stdout]    9:     0x581cb625da8d - __rustc[8fa7c3cbc660c2b3]::rust_begin_unwind
[INFO] [stdout]   10:     0x581cb62982cc - core[df12db4294e9bfd3]::panicking::panic_fmt
[INFO] [stdout]   11:     0x581cb62980a2 - core[df12db4294e9bfd3]::result::unwrap_failed
[INFO] [stdout]   12:     0x581cb6121a4c - rizlib[40891cbe37d5b658]::test::catalog_find_asset_test::tests::c
[INFO] [stdout]   13:     0x581cb6124cc5 - rizlib[40891cbe37d5b658]::test::catalog_find_asset_test::tests::bad_no_dependency_in_asset_entry
[INFO] [stdout]   14:     0x581cb6135a59 - <rizlib[40891cbe37d5b658]::test::catalog_find_asset_test::tests::bad_no_dependency_in_asset_entry::{closure#0} as core[df12db4294e9bfd3]::ops::function::FnOnce<()>>::call_once
[INFO] [stdout]   15:     0x581cb614349b - test[9d35eded1c95d3be]::__rust_begin_short_backtrace::<core[df12db4294e9bfd3]::result::Result<(), alloc[2182bb758b4b3781]::string::String>, fn() -> core[df12db4294e9bfd3]::result::Result<(), alloc[2182bb758b4b3781]::string::String>>
[INFO] [stdout]   16:     0x581cb6150b05 - test[9d35eded1c95d3be]::run_test::{closure#0}
[INFO] [stdout]   17:     0x581cb614a3c4 - std[70759c8f55707aa4]::sys::backtrace::__rust_begin_short_backtrace::<test[9d35eded1c95d3be]::run_test::{closure#1}, ()>
[INFO] [stdout]   18:     0x581cb6153c62 - <std[70759c8f55707aa4]::thread::lifecycle::spawn_unchecked<test[9d35eded1c95d3be]::run_test::{closure#1}, ()>::{closure#1} as core[df12db4294e9bfd3]::ops::function::FnOnce<()>>::call_once::{shim:vtable#0}
[INFO] [stdout]   19:     0x581cb62802e9 - <std[70759c8f55707aa4]::sys::thread::unix::Thread>::new::thread_start
[INFO] [stdout]   20:     0x78b66d74bdfa - <unknown>
[INFO] [stdout]   21:     0x78b66d7df3d4 - clone
[INFO] [stdout]   22:                0x0 - <unknown>
[INFO] [stdout] 
[INFO] [stdout] ---- test::catalog_find_asset_test::tests::bad_no_asset_bucket stdout ----
[INFO] [stdout] 
[INFO] [stdout] thread 'test::catalog_find_asset_test::tests::bad_no_asset_bucket' (596) panicked at src/test/catalog_find_asset_test.rs:9:40:
[INFO] [stdout] called `Result::unwrap()` on an `Err` value: JsonLoadError(IoError(Os { code: 2, kind: NotFound, message: "No such file or directory" }))
[INFO] [stdout] stack backtrace:
[INFO] [stdout]    0:     0x581cb6281291 - <<std[70759c8f55707aa4]::sys::backtrace::BacktraceLock>::print::DisplayBacktrace as core[df12db4294e9bfd3]::fmt::Display>::fmt
[INFO] [stdout]    1:     0x581cb6297aea - core[df12db4294e9bfd3]::fmt::write
[INFO] [stdout]    2:     0x581cb628572c - <alloc[2182bb758b4b3781]::vec::Vec<u8> as core[df12db4294e9bfd3]::io::write::Write>::write_fmt
[INFO] [stdout]    3:     0x581cb625cde6 - std[70759c8f55707aa4]::panicking::default_hook::{closure#0}
[INFO] [stdout]    4:     0x581cb6279179 - std[70759c8f55707aa4]::panicking::default_hook
[INFO] [stdout]    5:     0x581cb61501b0 - test[9d35eded1c95d3be]::test_main_inner::<test[9d35eded1c95d3be]::test_main_static::{closure#0}>::{closure#0}
[INFO] [stdout]    6:     0x581cb6279332 - std[70759c8f55707aa4]::panicking::panic_with_hook
[INFO] [stdout]    7:     0x581cb625ce92 - std[70759c8f55707aa4]::panicking::panic_handler::{closure#0}
[INFO] [stdout]    8:     0x581cb6255a89 - std[70759c8f55707aa4]::sys::backtrace::__rust_end_short_backtrace::<std[70759c8f55707aa4]::panicking::panic_handler::{closure#0}, !>
[INFO] [stdout]    9:     0x581cb625da8d - __rustc[8fa7c3cbc660c2b3]::rust_begin_unwind
[INFO] [stdout]   10:     0x581cb62982cc - core[df12db4294e9bfd3]::panicking::panic_fmt
[INFO] [stdout]   11:     0x581cb62980a2 - core[df12db4294e9bfd3]::result::unwrap_failed
[INFO] [stdout]   12:     0x581cb6121a4c - rizlib[40891cbe37d5b658]::test::catalog_find_asset_test::tests::c
[INFO] [stdout]   13:     0x581cb6124335 - rizlib[40891cbe37d5b658]::test::catalog_find_asset_test::tests::bad_no_asset_bucket
[INFO] [stdout]   14:     0x581cb61359b9 - <rizlib[40891cbe37d5b658]::test::catalog_find_asset_test::tests::bad_no_asset_bucket::{closure#0} as core[df12db4294e9bfd3]::ops::function::FnOnce<()>>::call_once
[INFO] [stdout]   15:     0x581cb614349b - test[9d35eded1c95d3be]::__rust_begin_short_backtrace::<core[df12db4294e9bfd3]::result::Result<(), alloc[2182bb758b4b3781]::string::String>, fn() -> core[df12db4294e9bfd3]::result::Result<(), alloc[2182bb758b4b3781]::string::String>>
[INFO] [stdout]   16:     0x581cb6150b05 - test[9d35eded1c95d3be]::run_test::{closure#0}
[INFO] [stdout]   17:     0x581cb614a3c4 - std[70759c8f55707aa4]::sys::backtrace::__rust_begin_short_backtrace::<test[9d35eded1c95d3be]::run_test::{closure#1}, ()>
[INFO] [stdout]   18:     0x581cb6153c62 - <std[70759c8f55707aa4]::thread::lifecycle::spawn_unchecked<test[9d35eded1c95d3be]::run_test::{closure#1}, ()>::{closure#1} as core[df12db4294e9bfd3]::ops::function::FnOnce<()>>::call_once::{shim:vtable#0}
[INFO] [stdout]   19:     0x581cb62802e9 - <std[70759c8f55707aa4]::sys::thread::unix::Thread>::new::thread_start
[INFO] [stdout]   20:     0x78b66d74bdfa - <unknown>
[INFO] [stdout]   21:     0x78b66d7df3d4 - clone
[INFO] [stdout]   22:                0x0 - <unknown>
[INFO] [stdout] 
[INFO] [stdout] ---- test::catalog_find_asset_test::tests::bad_bucket_combined_assets stdout ----
[INFO] [stdout] 
[INFO] [stdout] thread 'test::catalog_find_asset_test::tests::bad_bucket_combined_assets' (594) panicked at src/test/catalog_find_asset_test.rs:9:40:
[INFO] [stdout] called `Result::unwrap()` on an `Err` value: JsonLoadError(IoError(Os { code: 2, kind: NotFound, message: "No such file or directory" }))
[INFO] [stdout] stack backtrace:
[INFO] [stdout]    0:     0x581cb6281291 - <<std[70759c8f55707aa4]::sys::backtrace::BacktraceLock>::print::DisplayBacktrace as core[df12db4294e9bfd3]::fmt::Display>::fmt
[INFO] [stdout]    1:     0x581cb6297aea - core[df12db4294e9bfd3]::fmt::write
[INFO] [stdout]    2:     0x581cb628572c - <alloc[2182bb758b4b3781]::vec::Vec<u8> as core[df12db4294e9bfd3]::io::write::Write>::write_fmt
[INFO] [stdout]    3:     0x581cb625cde6 - std[70759c8f55707aa4]::panicking::default_hook::{closure#0}
[INFO] [stdout]    4:     0x581cb6279179 - std[70759c8f55707aa4]::panicking::default_hook
[INFO] [stdout]    5:     0x581cb61501b0 - test[9d35eded1c95d3be]::test_main_inner::<test[9d35eded1c95d3be]::test_main_static::{closure#0}>::{closure#0}
[INFO] [stdout]    6:     0x581cb6279332 - std[70759c8f55707aa4]::panicking::panic_with_hook
[INFO] [stdout]    7:     0x581cb625ce92 - std[70759c8f55707aa4]::panicking::panic_handler::{closure#0}
[INFO] [stdout]    8:     0x581cb6255a89 - std[70759c8f55707aa4]::sys::backtrace::__rust_end_short_backtrace::<std[70759c8f55707aa4]::panicking::panic_handler::{closure#0}, !>
[INFO] [stdout]    9:     0x581cb625da8d - __rustc[8fa7c3cbc660c2b3]::rust_begin_unwind
[INFO] [stdout]   10:     0x581cb62982cc - core[df12db4294e9bfd3]::panicking::panic_fmt
[INFO] [stdout]   11:     0x581cb62980a2 - core[df12db4294e9bfd3]::result::unwrap_failed
[INFO] [stdout]   12:     0x581cb6121a4c - rizlib[40891cbe37d5b658]::test::catalog_find_asset_test::tests::c
[INFO] [stdout]   13:     0x581cb61244f5 - rizlib[40891cbe37d5b658]::test::catalog_find_asset_test::tests::bad_bucket_combined_assets
[INFO] [stdout]   14:     0x581cb61359f9 - <rizlib[40891cbe37d5b658]::test::catalog_find_asset_test::tests::bad_bucket_combined_assets::{closure#0} as core[df12db4294e9bfd3]::ops::function::FnOnce<()>>::call_once
[INFO] [stdout]   15:     0x581cb614349b - test[9d35eded1c95d3be]::__rust_begin_short_backtrace::<core[df12db4294e9bfd3]::result::Result<(), alloc[2182bb758b4b3781]::string::String>, fn() -> core[df12db4294e9bfd3]::result::Result<(), alloc[2182bb758b4b3781]::string::String>>
[INFO] [stdout]   16:     0x581cb6150b05 - test[9d35eded1c95d3be]::run_test::{closure#0}
[INFO] [stdout]   17:     0x581cb614a3c4 - std[70759c8f55707aa4]::sys::backtrace::__rust_begin_short_backtrace::<test[9d35eded1c95d3be]::run_test::{closure#1}, ()>
[INFO] [stdout]   18:     0x581cb6153c62 - <std[70759c8f55707aa4]::thread::lifecycle::spawn_unchecked<test[9d35eded1c95d3be]::run_test::{closure#1}, ()>::{closure#1} as core[df12db4294e9bfd3]::ops::function::FnOnce<()>>::call_once::{shim:vtable#0}
[INFO] [stdout]   19:     0x581cb62802e9 - <std[70759c8f55707aa4]::sys::thread::unix::Thread>::new::thread_start
[INFO] [stdout]   20:     0x78b66d74bdfa - <unknown>
[INFO] [stdout]   21:     0x78b66d7df3d4 - clone
[INFO] [stdout]   22:                0x0 - <unknown>
[INFO] [stdout] 
[INFO] [stdout] ---- test::catalog_find_asset_test::tests::bad_bucket_local_asset stdout ----
[INFO] [stdout] 
[INFO] [stdout] thread 'test::catalog_find_asset_test::tests::bad_bucket_local_asset' (595) panicked at src/test/catalog_find_asset_test.rs:9:40:
[INFO] [stdout] called `Result::unwrap()` on an `Err` value: JsonLoadError(IoError(Os { code: 2, kind: NotFound, message: "No such file or directory" }))
[INFO] [stdout] stack backtrace:
[INFO] [stdout]    0:     0x581cb6281291 - <<std[70759c8f55707aa4]::sys::backtrace::BacktraceLock>::print::DisplayBacktrace as core[df12db4294e9bfd3]::fmt::Display>::fmt
[INFO] [stdout]    1:     0x581cb6297aea - core[df12db4294e9bfd3]::fmt::write
[INFO] [stdout]    2:     0x581cb628572c - <alloc[2182bb758b4b3781]::vec::Vec<u8> as core[df12db4294e9bfd3]::io::write::Write>::write_fmt
[INFO] [stdout]    3:     0x581cb625cde6 - std[70759c8f55707aa4]::panicking::default_hook::{closure#0}
[INFO] [stdout]    4:     0x581cb6279179 - std[70759c8f55707aa4]::panicking::default_hook
[INFO] [stdout]    5:     0x581cb61501b0 - test[9d35eded1c95d3be]::test_main_inner::<test[9d35eded1c95d3be]::test_main_static::{closure#0}>::{closure#0}
[INFO] [stdout]    6:     0x581cb6279332 - std[70759c8f55707aa4]::panicking::panic_with_hook
[INFO] [stdout]    7:     0x581cb625ce92 - std[70759c8f55707aa4]::panicking::panic_handler::{closure#0}
[INFO] [stdout]    8:     0x581cb6255a89 - std[70759c8f55707aa4]::sys::backtrace::__rust_end_short_backtrace::<std[70759c8f55707aa4]::panicking::panic_handler::{closure#0}, !>
[INFO] [stdout]    9:     0x581cb625da8d - __rustc[8fa7c3cbc660c2b3]::rust_begin_unwind
[INFO] [stdout]   10:     0x581cb62982cc - core[df12db4294e9bfd3]::panicking::panic_fmt
[INFO] [stdout]   11:     0x581cb62980a2 - core[df12db4294e9bfd3]::result::unwrap_failed
[INFO] [stdout]   12:     0x581cb6121a4c - rizlib[40891cbe37d5b658]::test::catalog_find_asset_test::tests::c
[INFO] [stdout]   13:     0x581cb6124445 - rizlib[40891cbe37d5b658]::test::catalog_find_asset_test::tests::bad_bucket_local_asset
[INFO] [stdout]   14:     0x581cb61359d9 - <rizlib[40891cbe37d5b658]::test::catalog_find_asset_test::tests::bad_bucket_local_asset::{closure#0} as core[df12db4294e9bfd3]::ops::function::FnOnce<()>>::call_once
[INFO] [stdout]   15:     0x581cb614349b - test[9d35eded1c95d3be]::__rust_begin_short_backtrace::<core[df12db4294e9bfd3]::result::Result<(), alloc[2182bb758b4b3781]::string::String>, fn() -> core[df12db4294e9bfd3]::result::Result<(), alloc[2182bb758b4b3781]::string::String>>
[INFO] [stdout]   16:     0x581cb6150b05 - test[9d35eded1c95d3be]::run_test::{closure#0}
[INFO] [stdout]   17:     0x581cb614a3c4 - std[70759c8f55707aa4]::sys::backtrace::__rust_begin_short_backtrace::<test[9d35eded1c95d3be]::run_test::{closure#1}, ()>
[INFO] [stdout]   18:     0x581cb6153c62 - <std[70759c8f55707aa4]::thread::lifecycle::spawn_unchecked<test[9d35eded1c95d3be]::run_test::{closure#1}, ()>::{closure#1} as core[df12db4294e9bfd3]::ops::function::FnOnce<()>>::call_once::{shim:vtable#0}
[INFO] [stdout]   19:     0x581cb62802e9 - <std[70759c8f55707aa4]::sys::thread::unix::Thread>::new::thread_start
[INFO] [stdout]   20:     0x78b66d74bdfa - <unknown>
[INFO] [stdout]   21:     0x78b66d7df3d4 - clone
[INFO] [stdout]   22:                0x0 - <unknown>
[INFO] [stdout] 
[INFO] [stdout] ---- test::catalog_find_asset_test::tests::find_music_asset stdout ----
[INFO] [stdout] 
[INFO] [stdout] thread 'test::catalog_find_asset_test::tests::find_music_asset' (600) panicked at src/test/catalog_find_asset_test.rs:9:40:
[INFO] [stdout] called `Result::unwrap()` on an `Err` value: JsonLoadError(IoError(Os { code: 2, kind: NotFound, message: "No such file or directory" }))
[INFO] [stdout] stack backtrace:
[INFO] [stdout]    0:     0x581cb6281291 - <<std[70759c8f55707aa4]::sys::backtrace::BacktraceLock>::print::DisplayBacktrace as core[df12db4294e9bfd3]::fmt::Display>::fmt
[INFO] [stdout]    1:     0x581cb6297aea - core[df12db4294e9bfd3]::fmt::write
[INFO] [stdout]    2:     0x581cb628572c - <alloc[2182bb758b4b3781]::vec::Vec<u8> as core[df12db4294e9bfd3]::io::write::Write>::write_fmt
[INFO] [stdout]    3:     0x581cb625cde6 - std[70759c8f55707aa4]::panicking::default_hook::{closure#0}
[INFO] [stdout]    4:     0x581cb6279179 - std[70759c8f55707aa4]::panicking::default_hook
[INFO] [stdout]    5:     0x581cb61501b0 - test[9d35eded1c95d3be]::test_main_inner::<test[9d35eded1c95d3be]::test_main_static::{closure#0}>::{closure#0}
[INFO] [stdout]    6:     0x581cb6279332 - std[70759c8f55707aa4]::panicking::panic_with_hook
[INFO] [stdout]    7:     0x581cb625ce92 - std[70759c8f55707aa4]::panicking::panic_handler::{closure#0}
[INFO] [stdout]    8:     0x581cb6255a89 - std[70759c8f55707aa4]::sys::backtrace::__rust_end_short_backtrace::<std[70759c8f55707aa4]::panicking::panic_handler::{closure#0}, !>
[INFO] [stdout]    9:     0x581cb625da8d - __rustc[8fa7c3cbc660c2b3]::rust_begin_unwind
[INFO] [stdout]   10:     0x581cb62982cc - core[df12db4294e9bfd3]::panicking::panic_fmt
[INFO] [stdout]   11:     0x581cb62980a2 - core[df12db4294e9bfd3]::result::unwrap_failed
[INFO] [stdout]   12:     0x581cb6121a4c - rizlib[40891cbe37d5b658]::test::catalog_find_asset_test::tests::c
[INFO] [stdout]   13:     0x581cb6123b3b - rizlib[40891cbe37d5b658]::test::catalog_find_asset_test::tests::find_music_asset
[INFO] [stdout]   14:     0x581cb6135959 - <rizlib[40891cbe37d5b658]::test::catalog_find_asset_test::tests::find_music_asset::{closure#0} as core[df12db4294e9bfd3]::ops::function::FnOnce<()>>::call_once
[INFO] [stdout]   15:     0x581cb614349b - test[9d35eded1c95d3be]::__rust_begin_short_backtrace::<core[df12db4294e9bfd3]::result::Result<(), alloc[2182bb758b4b3781]::string::String>, fn() -> core[df12db4294e9bfd3]::result::Result<(), alloc[2182bb758b4b3781]::string::String>>
[INFO] [stdout]   16:     0x581cb6150b05 - test[9d35eded1c95d3be]::run_test::{closure#0}
[INFO] [stdout]   17:     0x581cb614a3c4 - std[70759c8f55707aa4]::sys::backtrace::__rust_begin_short_backtrace::<test[9d35eded1c95d3be]::run_test::{closure#1}, ()>
[INFO] [stdout]   18:     0x581cb6153c62 - <std[70759c8f55707aa4]::thread::lifecycle::spawn_unchecked<test[9d35eded1c95d3be]::run_test::{closure#1}, ()>::{closure#1} as core[df12db4294e9bfd3]::ops::function::FnOnce<()>>::call_once::{shim:vtable#0}
[INFO] [stdout]   19:     0x581cb62802e9 - <std[70759c8f55707aa4]::sys::thread::unix::Thread>::new::thread_start
[INFO] [stdout]   20:     0x78b66d74bdfa - <unknown>
[INFO] [stdout]   21:     0x78b66d7df3d4 - clone
[INFO] [stdout]   22:                0x0 - <unknown>
[INFO] [stdout] 
[INFO] [stdout] ---- test::catalog_find_asset_test::tests::good_asset_list stdout ----
[INFO] [stdout] 
[INFO] [stdout] thread 'test::catalog_find_asset_test::tests::good_asset_list' (603) panicked at src/test/catalog_find_asset_test.rs:9:40:
[INFO] [stdout] called `Result::unwrap()` on an `Err` value: JsonLoadError(IoError(Os { code: 2, kind: NotFound, message: "No such file or directory" }))
[INFO] [stdout] stack backtrace:
[INFO] [stdout]    0:     0x581cb6281291 - <<std[70759c8f55707aa4]::sys::backtrace::BacktraceLock>::print::DisplayBacktrace as core[df12db4294e9bfd3]::fmt::Display>::fmt
[INFO] [stdout]    1:     0x581cb6297aea - core[df12db4294e9bfd3]::fmt::write
[INFO] [stdout]    2:     0x581cb628572c - <alloc[2182bb758b4b3781]::vec::Vec<u8> as core[df12db4294e9bfd3]::io::write::Write>::write_fmt
[INFO] [stdout]    3:     0x581cb625cde6 - std[70759c8f55707aa4]::panicking::default_hook::{closure#0}
[INFO] [stdout]    4:     0x581cb6279179 - std[70759c8f55707aa4]::panicking::default_hook
[INFO] [stdout]    5:     0x581cb61501b0 - test[9d35eded1c95d3be]::test_main_inner::<test[9d35eded1c95d3be]::test_main_static::{closure#0}>::{closure#0}
[INFO] [stdout]    6:     0x581cb6279332 - std[70759c8f55707aa4]::panicking::panic_with_hook
[INFO] [stdout]    7:     0x581cb625ce92 - std[70759c8f55707aa4]::panicking::panic_handler::{closure#0}
[INFO] [stdout]    8:     0x581cb6255a89 - std[70759c8f55707aa4]::sys::backtrace::__rust_end_short_backtrace::<std[70759c8f55707aa4]::panicking::panic_handler::{closure#0}, !>
[INFO] [stdout]    9:     0x581cb625da8d - __rustc[8fa7c3cbc660c2b3]::rust_begin_unwind
[INFO] [stdout]   10:     0x581cb62982cc - core[df12db4294e9bfd3]::panicking::panic_fmt
[INFO] [stdout]   11:     0x581cb62980a2 - core[df12db4294e9bfd3]::result::unwrap_failed
[INFO] [stdout]   12:     0x581cb6121a4c - rizlib[40891cbe37d5b658]::test::catalog_find_asset_test::tests::c
[INFO] [stdout]   13:     0x581cb61236be - rizlib[40891cbe37d5b658]::test::catalog_find_asset_test::tests::good_asset_list
[INFO] [stdout]   14:     0x581cb6135919 - <rizlib[40891cbe37d5b658]::test::catalog_find_asset_test::tests::good_asset_list::{closure#0} as core[df12db4294e9bfd3]::ops::function::FnOnce<()>>::call_once
[INFO] [stdout]   15:     0x581cb614349b - test[9d35eded1c95d3be]::__rust_begin_short_backtrace::<core[df12db4294e9bfd3]::result::Result<(), alloc[2182bb758b4b3781]::string::String>, fn() -> core[df12db4294e9bfd3]::result::Result<(), alloc[2182bb758b4b3781]::string::String>>
[INFO] [stdout]   16:     0x581cb6150b05 - test[9d35eded1c95d3be]::run_test::{closure#0}
[INFO] [stdout]   17:     0x581cb614a3c4 - std[70759c8f55707aa4]::sys::backtrace::__rust_begin_short_backtrace::<test[9d35eded1c95d3be]::run_test::{closure#1}, ()>
[INFO] [stdout]   18:     0x581cb6153c62 - <std[70759c8f55707aa4]::thread::lifecycle::spawn_unchecked<test[9d35eded1c95d3be]::run_test::{closure#1}, ()>::{closure#1} as core[df12db4294e9bfd3]::ops::function::FnOnce<()>>::call_once::{shim:vtable#0}
[INFO] [stdout]   19:     0x581cb62802e9 - <std[70759c8f55707aa4]::sys::thread::unix::Thread>::new::thread_start
[INFO] [stdout]   20:     0x78b66d74bdfa - <unknown>
[INFO] [stdout]   21:     0x78b66d7df3d4 - clone
[INFO] [stdout]   22:                0x0 - <unknown>
[INFO] [stdout] 
[INFO] [stdout] ---- test::catalog_find_asset_test::tests::good_chart stdout ----
[INFO] [stdout] 
[INFO] [stdout] thread 'test::catalog_find_asset_test::tests::good_chart' (604) panicked at src/test/catalog_find_asset_test.rs:9:40:
[INFO] [stdout] called `Result::unwrap()` on an `Err` value: JsonLoadError(IoError(Os { code: 2, kind: NotFound, message: "No such file or directory" }))
[INFO] [stdout] stack backtrace:
[INFO] [stdout]    0:     0x581cb6281291 - <<std[70759c8f55707aa4]::sys::backtrace::BacktraceLock>::print::DisplayBacktrace as core[df12db4294e9bfd3]::fmt::Display>::fmt
[INFO] [stdout]    1:     0x581cb6297aea - core[df12db4294e9bfd3]::fmt::write
[INFO] [stdout]    2:     0x581cb628572c - <alloc[2182bb758b4b3781]::vec::Vec<u8> as core[df12db4294e9bfd3]::io::write::Write>::write_fmt
[INFO] [stdout]    3:     0x581cb625cde6 - std[70759c8f55707aa4]::panicking::default_hook::{closure#0}
[INFO] [stdout]    4:     0x581cb6279179 - std[70759c8f55707aa4]::panicking::default_hook
[INFO] [stdout]    5:     0x581cb61501b0 - test[9d35eded1c95d3be]::test_main_inner::<test[9d35eded1c95d3be]::test_main_static::{closure#0}>::{closure#0}
[INFO] [stdout]    6:     0x581cb6279332 - std[70759c8f55707aa4]::panicking::panic_with_hook
[INFO] [stdout]    7:     0x581cb625ce92 - std[70759c8f55707aa4]::panicking::panic_handler::{closure#0}
[INFO] [stdout]    8:     0x581cb6255a89 - std[70759c8f55707aa4]::sys::backtrace::__rust_end_short_backtrace::<std[70759c8f55707aa4]::panicking::panic_handler::{closure#0}, !>
[INFO] [stdout]    9:     0x581cb625da8d - __rustc[8fa7c3cbc660c2b3]::rust_begin_unwind
[INFO] [stdout]   10:     0x581cb62982cc - core[df12db4294e9bfd3]::panicking::panic_fmt
[INFO] [stdout]   11:     0x581cb62980a2 - core[df12db4294e9bfd3]::result::unwrap_failed
[INFO] [stdout]   12:     0x581cb6121a4c - rizlib[40891cbe37d5b658]::test::catalog_find_asset_test::tests::c
[INFO] [stdout]   13:     0x581cb6121aed - rizlib[40891cbe37d5b658]::test::catalog_find_asset_test::tests::good_chart
[INFO] [stdout]   14:     0x581cb61358b9 - <rizlib[40891cbe37d5b658]::test::catalog_find_asset_test::tests::good_chart::{closure#0} as core[df12db4294e9bfd3]::ops::function::FnOnce<()>>::call_once
[INFO] [stdout]   15:     0x581cb614349b - test[9d35eded1c95d3be]::__rust_begin_short_backtrace::<core[df12db4294e9bfd3]::result::Result<(), alloc[2182bb758b4b3781]::string::String>, fn() -> core[df12db4294e9bfd3]::result::Result<(), alloc[2182bb758b4b3781]::string::String>>
[INFO] [stdout]   16:     0x581cb6150b05 - test[9d35eded1c95d3be]::run_test::{closure#0}
[INFO] [stdout]   17:     0x581cb614a3c4 - std[70759c8f55707aa4]::sys::backtrace::__rust_begin_short_backtrace::<test[9d35eded1c95d3be]::run_test::{closure#1}, ()>
[INFO] [stdout]   18:     0x581cb6153c62 - <std[70759c8f55707aa4]::thread::lifecycle::spawn_unchecked<test[9d35eded1c95d3be]::run_test::{closure#1}, ()>::{closure#1} as core[df12db4294e9bfd3]::ops::function::FnOnce<()>>::call_once::{shim:vtable#0}
[INFO] [stdout]   19:     0x581cb62802e9 - <std[70759c8f55707aa4]::sys::thread::unix::Thread>::new::thread_start
[INFO] [stdout]   20:     0x78b66d74bdfa - <unknown>
[INFO] [stdout]   21:     0x78b66d7df3d4 - clone
[INFO] [stdout]   22:                0x0 - <unknown>
[INFO] [stdout] 
[INFO] [stdout] ---- test::catalog_find_asset_test::tests::good_illustration stdout ----
[INFO] [stdout] 
[INFO] [stdout] thread 'test::catalog_find_asset_test::tests::good_illustration' (605) panicked at src/test/catalog_find_asset_test.rs:9:40:
[INFO] [stdout] called `Result::unwrap()` on an `Err` value: JsonLoadError(IoError(Os { code: 2, kind: NotFound, message: "No such file or directory" }))
[INFO] [stdout] stack backtrace:
[INFO] [stdout]    0:     0x581cb6281291 - <<std[70759c8f55707aa4]::sys::backtrace::BacktraceLock>::print::DisplayBacktrace as core[df12db4294e9bfd3]::fmt::Display>::fmt
[INFO] [stdout]    1:     0x581cb6297aea - core[df12db4294e9bfd3]::fmt::write
[INFO] [stdout]    2:     0x581cb628572c - <alloc[2182bb758b4b3781]::vec::Vec<u8> as core[df12db4294e9bfd3]::io::write::Write>::write_fmt
[INFO] [stdout]    3:     0x581cb625cde6 - std[70759c8f55707aa4]::panicking::default_hook::{closure#0}
[INFO] [stdout]    4:     0x581cb6279179 - std[70759c8f55707aa4]::panicking::default_hook
[INFO] [stdout]    5:     0x581cb61501b0 - test[9d35eded1c95d3be]::test_main_inner::<test[9d35eded1c95d3be]::test_main_static::{closure#0}>::{closure#0}
[INFO] [stdout]    6:     0x581cb6279332 - std[70759c8f55707aa4]::panicking::panic_with_hook
[INFO] [stdout]    7:     0x581cb625ce92 - std[70759c8f55707aa4]::panicking::panic_handler::{closure#0}
[INFO] [stdout]    8:     0x581cb6255a89 - std[70759c8f55707aa4]::sys::backtrace::__rust_end_short_backtrace::<std[70759c8f55707aa4]::panicking::panic_handler::{closure#0}, !>
[INFO] [stdout]    9:     0x581cb625da8d - __rustc[8fa7c3cbc660c2b3]::rust_begin_unwind
[INFO] [stdout]   10:     0x581cb62982cc - core[df12db4294e9bfd3]::panicking::panic_fmt
[INFO] [stdout]   11:     0x581cb62980a2 - core[df12db4294e9bfd3]::result::unwrap_failed
[INFO] [stdout]   12:     0x581cb6121a4c - rizlib[40891cbe37d5b658]::test::catalog_find_asset_test::tests::c
[INFO] [stdout]   13:     0x581cb6123fdd - rizlib[40891cbe37d5b658]::test::catalog_find_asset_test::tests::good_illustration
[INFO] [stdout]   14:     0x581cb6135999 - <rizlib[40891cbe37d5b658]::test::catalog_find_asset_test::tests::good_illustration::{closure#0} as core[df12db4294e9bfd3]::ops::function::FnOnce<()>>::call_once
[INFO] [stdout]   15:     0x581cb614349b - test[9d35eded1c95d3be]::__rust_begin_short_backtrace::<core[df12db4294e9bfd3]::result::Result<(), alloc[2182bb758b4b3781]::string::String>, fn() -> core[df12db4294e9bfd3]::result::Result<(), alloc[2182bb758b4b3781]::string::String>>
[INFO] [stdout]   16:     0x581cb6150b05 - test[9d35eded1c95d3be]::run_test::{closure#0}
[INFO] [stdout]   17:     0x581cb614a3c4 - std[70759c8f55707aa4]::sys::backtrace::__rust_begin_short_backtrace::<test[9d35eded1c95d3be]::run_test::{closure#1}, ()>
[INFO] [stdout]   18:     0x581cb6153c62 - <std[70759c8f55707aa4]::thread::lifecycle::spawn_unchecked<test[9d35eded1c95d3be]::run_test::{closure#1}, ()>::{closure#1} as core[df12db4294e9bfd3]::ops::function::FnOnce<()>>::call_once::{shim:vtable#0}
[INFO] [stdout]   19:     0x581cb62802e9 - <std[70759c8f55707aa4]::sys::thread::unix::Thread>::new::thread_start
[INFO] [stdout]   20:     0x78b66d74bdfa - <unknown>
[INFO] [stdout]   21:     0x78b66d7df3d4 - clone
[INFO] [stdout]   22:                0x0 - <unknown>
[INFO] [stdout] 
[INFO] [stdout] ---- test::raw_catalog_data_test::tests::bucket_data_from_file stdout ----
[INFO] [stdout] 
[INFO] [stdout] thread 'test::raw_catalog_data_test::tests::bucket_data_from_file' (609) panicked at src/test/raw_catalog_data_test.rs:29:45:
[INFO] [stdout] called `Result::unwrap()` on an `Err` value: Os { code: 2, kind: NotFound, message: "No such file or directory" }
[INFO] [stdout] stack backtrace:
[INFO] [stdout]    0:     0x581cb6281291 - <<std[70759c8f55707aa4]::sys::backtrace::BacktraceLock>::print::DisplayBacktrace as core[df12db4294e9bfd3]::fmt::Display>::fmt
[INFO] [stdout]    1:     0x581cb6297aea - core[df12db4294e9bfd3]::fmt::write
[INFO] [stdout]    2:     0x581cb628572c - <alloc[2182bb758b4b3781]::vec::Vec<u8> as core[df12db4294e9bfd3]::io::write::Write>::write_fmt
[INFO] [stdout]    3:     0x581cb625cde6 - std[70759c8f55707aa4]::panicking::default_hook::{closure#0}
[INFO] [stdout]    4:     0x581cb6279179 - std[70759c8f55707aa4]::panicking::default_hook
[INFO] [stdout]    5:     0x581cb61501b0 - test[9d35eded1c95d3be]::test_main_inner::<test[9d35eded1c95d3be]::test_main_static::{closure#0}>::{closure#0}
[INFO] [stdout]    6:     0x581cb6279332 - std[70759c8f55707aa4]::panicking::panic_with_hook
[INFO] [stdout]    7:     0x581cb625ce92 - std[70759c8f55707aa4]::panicking::panic_handler::{closure#0}
[INFO] [stdout]    8:     0x581cb6255a89 - std[70759c8f55707aa4]::sys::backtrace::__rust_end_short_backtrace::<std[70759c8f55707aa4]::panicking::panic_handler::{closure#0}, !>
[INFO] [stdout]    9:     0x581cb625da8d - __rustc[8fa7c3cbc660c2b3]::rust_begin_unwind
[INFO] [stdout]   10:     0x581cb62982cc - core[df12db4294e9bfd3]::panicking::panic_fmt
[INFO] [stdout]   11:     0x581cb62980a2 - core[df12db4294e9bfd3]::result::unwrap_failed
[INFO] [stdout]   12:     0x581cb612d44f - rizlib[40891cbe37d5b658]::test::raw_catalog_data_test::tests::bucket_data_from_file
[INFO] [stdout]   13:     0x581cb6135899 - <rizlib[40891cbe37d5b658]::test::raw_catalog_data_test::tests::bucket_data_from_file::{closure#0} as core[df12db4294e9bfd3]::ops::function::FnOnce<()>>::call_once
[INFO] [stdout]   14:     0x581cb614349b - test[9d35eded1c95d3be]::__rust_begin_short_backtrace::<core[df12db4294e9bfd3]::result::Result<(), alloc[2182bb758b4b3781]::string::String>, fn() -> core[df12db4294e9bfd3]::result::Result<(), alloc[2182bb758b4b3781]::string::String>>
[INFO] [stdout]   15:     0x581cb6150b05 - test[9d35eded1c95d3be]::run_test::{closure#0}
[INFO] [stdout]   16:     0x581cb614a3c4 - std[70759c8f55707aa4]::sys::backtrace::__rust_begin_short_backtrace::<test[9d35eded1c95d3be]::run_test::{closure#1}, ()>
[INFO] [stdout]   17:     0x581cb6153c62 - <std[70759c8f55707aa4]::thread::lifecycle::spawn_unchecked<test[9d35eded1c95d3be]::run_test::{closure#1}, ()>::{closure#1} as core[df12db4294e9bfd3]::ops::function::FnOnce<()>>::call_once::{shim:vtable#0}
[INFO] [stdout]   18:     0x581cb62802e9 - <std[70759c8f55707aa4]::sys::thread::unix::Thread>::new::thread_start
[INFO] [stdout]   19:     0x78b66d74bdfa - <unknown>
[INFO] [stdout]   20:     0x78b66d7df3d4 - clone
[INFO] [stdout]   21:                0x0 - <unknown>
[INFO] [stdout] 
[INFO] [stdout] ---- test::catalog_find_asset_test::tests::bad_wrong_family stdout ----
[INFO] [stdout] 
[INFO] [stdout] thread 'test::catalog_find_asset_test::tests::bad_wrong_family' (598) panicked at src/test/catalog_find_asset_test.rs:9:40:
[INFO] [stdout] called `Result::unwrap()` on an `Err` value: JsonLoadError(IoError(Os { code: 2, kind: NotFound, message: "No such file or directory" }))
[INFO] [stdout] stack backtrace:
[INFO] [stdout]    0:     0x581cb6281291 - <<std[70759c8f55707aa4]::sys::backtrace::BacktraceLock>::print::DisplayBacktrace as core[df12db4294e9bfd3]::fmt::Display>::fmt
[INFO] [stdout]    1:     0x581cb6297aea - core[df12db4294e9bfd3]::fmt::write
[INFO] [stdout]    2:     0x581cb628572c - <alloc[2182bb758b4b3781]::vec::Vec<u8> as core[df12db4294e9bfd3]::io::write::Write>::write_fmt
[INFO] [stdout]    3:     0x581cb625cde6 - std[70759c8f55707aa4]::panicking::default_hook::{closure#0}
[INFO] [stdout]    4:     0x581cb6279179 - std[70759c8f55707aa4]::panicking::default_hook
[INFO] [stdout]    5:     0x581cb61501b0 - test[9d35eded1c95d3be]::test_main_inner::<test[9d35eded1c95d3be]::test_main_static::{closure#0}>::{closure#0}
[INFO] [stdout]    6:     0x581cb6279332 - std[70759c8f55707aa4]::panicking::panic_with_hook
[INFO] [stdout]    7:     0x581cb625ce92 - std[70759c8f55707aa4]::panicking::panic_handler::{closure#0}
[INFO] [stdout]    8:     0x581cb6255a89 - std[70759c8f55707aa4]::sys::backtrace::__rust_end_short_backtrace::<std[70759c8f55707aa4]::panicking::panic_handler::{closure#0}, !>
[INFO] [stdout]    9:     0x581cb625da8d - __rustc[8fa7c3cbc660c2b3]::rust_begin_unwind
[INFO] [stdout]   10:     0x581cb62982cc - core[df12db4294e9bfd3]::panicking::panic_fmt
[INFO] [stdout]   11:     0x581cb62980a2 - core[df12db4294e9bfd3]::result::unwrap_failed
[INFO] [stdout]   12:     0x581cb6121a4c - rizlib[40891cbe37d5b658]::test::catalog_find_asset_test::tests::c
[INFO] [stdout]   13:     0x581cb6123a85 - rizlib[40891cbe37d5b658]::test::catalog_find_asset_test::tests::bad_wrong_family
[INFO] [stdout]   14:     0x581cb6135939 - <rizlib[40891cbe37d5b658]::test::catalog_find_asset_test::tests::bad_wrong_family::{closure#0} as core[df12db4294e9bfd3]::ops::function::FnOnce<()>>::call_once
[INFO] [stdout]   15:     0x581cb614349b - test[9d35eded1c95d3be]::__rust_begin_short_backtrace::<core[df12db4294e9bfd3]::result::Result<(), alloc[2182bb758b4b3781]::string::String>, fn() -> core[df12db4294e9bfd3]::result::Result<(), alloc[2182bb758b4b3781]::string::String>>
[INFO] [stdout]   16:     0x581cb6150b05 - test[9d35eded1c95d3be]::run_test::{closure#0}
[INFO] [stdout]   17:     0x581cb614a3c4 - std[70759c8f55707aa4]::sys::backtrace::__rust_begin_short_backtrace::<test[9d35eded1c95d3be]::run_test::{closure#1}, ()>
[INFO] [stdout]   18:     0x581cb6153c62 - <std[70759c8f55707aa4]::thread::lifecycle::spawn_unchecked<test[9d35eded1c95d3be]::run_test::{closure#1}, ()>::{closure#1} as core[df12db4294e9bfd3]::ops::function::FnOnce<()>>::call_once::{shim:vtable#0}
[INFO] [stdout]   19:     0x581cb62802e9 - <std[70759c8f55707aa4]::sys::thread::unix::Thread>::new::thread_start
[INFO] [stdout]   20:     0x78b66d74bdfa - <unknown>
[INFO] [stdout]   21:     0x78b66d7df3d4 - clone
[INFO] [stdout]   22:                0x0 - <unknown>
[INFO] [stdout] 
[INFO] [stdout] ---- test::catalog_find_asset_test::tests::find_music_asset_with_checksum stdout ----
[INFO] [stdout] 
[INFO] [stdout] thread 'test::catalog_find_asset_test::tests::find_music_asset_with_checksum' (601) panicked at src/test/catalog_find_asset_test.rs:9:40:
[INFO] [stdout] called `Result::unwrap()` on an `Err` value: JsonLoadError(IoError(Os { code: 2, kind: NotFound, message: "No such file or directory" }))
[INFO] [stdout] stack backtrace:
[INFO] [stdout]    0:     0x581cb6281291 - <<std[70759c8f55707aa4]::sys::backtrace::BacktraceLock>::print::DisplayBacktrace as core[df12db4294e9bfd3]::fmt::Display>::fmt
[INFO] [stdout]    1:     0x581cb6297aea - core[df12db4294e9bfd3]::fmt::write
[INFO] [stdout]    2:     0x581cb628572c - <alloc[2182bb758b4b3781]::vec::Vec<u8> as core[df12db4294e9bfd3]::io::write::Write>::write_fmt
[INFO] [stdout]    3:     0x581cb625cde6 - std[70759c8f55707aa4]::panicking::default_hook::{closure#0}
[INFO] [stdout]    4:     0x581cb6279179 - std[70759c8f55707aa4]::panicking::default_hook
[INFO] [stdout]    5:     0x581cb61501b0 - test[9d35eded1c95d3be]::test_main_inner::<test[9d35eded1c95d3be]::test_main_static::{closure#0}>::{closure#0}
[INFO] [stdout]    6:     0x581cb6279332 - std[70759c8f55707aa4]::panicking::panic_with_hook
[INFO] [stdout]    7:     0x581cb625ce92 - std[70759c8f55707aa4]::panicking::panic_handler::{closure#0}
[INFO] [stdout]    8:     0x581cb6255a89 - std[70759c8f55707aa4]::sys::backtrace::__rust_end_short_backtrace::<std[70759c8f55707aa4]::panicking::panic_handler::{closure#0}, !>
[INFO] [stdout]    9:     0x581cb625da8d - __rustc[8fa7c3cbc660c2b3]::rust_begin_unwind
[INFO] [stdout]   10:     0x581cb62982cc - core[df12db4294e9bfd3]::panicking::panic_fmt
[INFO] [stdout]   11:     0x581cb62980a2 - core[df12db4294e9bfd3]::result::unwrap_failed
[INFO] [stdout]   12:     0x581cb6121a4c - rizlib[40891cbe37d5b658]::test::catalog_find_asset_test::tests::c
[INFO] [stdout]   13:     0x581cb61245ad - rizlib[40891cbe37d5b658]::test::catalog_find_asset_test::tests::find_music_asset_with_checksum
[INFO] [stdout]   14:     0x581cb6135a19 - <rizlib[40891cbe37d5b658]::test::catalog_find_asset_test::tests::find_music_asset_with_checksum::{closure#0} as core[df12db4294e9bfd3]::ops::function::FnOnce<()>>::call_once
[INFO] [stdout]   15:     0x581cb614349b - test[9d35eded1c95d3be]::__rust_begin_short_backtrace::<core[df12db4294e9bfd3]::result::Result<(), alloc[2182bb758b4b3781]::string::String>, fn() -> core[df12db4294e9bfd3]::result::Result<(), alloc[2182bb758b4b3781]::string::String>>
[INFO] [stdout]   16:     0x581cb6150b05 - test[9d35eded1c95d3be]::run_test::{closure#0}
[INFO] [stdout]   17:     0x581cb614a3c4 - std[70759c8f55707aa4]::sys::backtrace::__rust_begin_short_backtrace::<test[9d35eded1c95d3be]::run_test::{closure#1}, ()>
[INFO] [stdout]   18:     0x581cb6153c62 - <std[70759c8f55707aa4]::thread::lifecycle::spawn_unchecked<test[9d35eded1c95d3be]::run_test::{closure#1}, ()>::{closure#1} as core[df12db4294e9bfd3]::ops::function::FnOnce<()>>::call_once::{shim:vtable#0}
[INFO] [stdout]   19:     0x581cb62802e9 - <std[70759c8f55707aa4]::sys::thread::unix::Thread>::new::thread_start
[INFO] [stdout]   20:     0x78b66d74bdfa - <unknown>
[INFO] [stdout]   21:     0x78b66d7df3d4 - clone
[INFO] [stdout]   22:                0x0 - <unknown>
[INFO] [stdout] 
[INFO] [stdout] ---- test::catalog_find_asset_test::tests::find_music_asset_with_filename stdout ----
[INFO] [stdout] 
[INFO] [stdout] thread 'test::catalog_find_asset_test::tests::find_music_asset_with_filename' (602) panicked at src/test/catalog_find_asset_test.rs:9:40:
[INFO] [stdout] called `Result::unwrap()` on an `Err` value: JsonLoadError(IoError(Os { code: 2, kind: NotFound, message: "No such file or directory" }))
[INFO] [stdout] stack backtrace:
[INFO] [stdout]    0:     0x581cb6281291 - <<std[70759c8f55707aa4]::sys::backtrace::BacktraceLock>::print::DisplayBacktrace as core[df12db4294e9bfd3]::fmt::Display>::fmt
[INFO] [stdout]    1:     0x581cb6297aea - core[df12db4294e9bfd3]::fmt::write
[INFO] [stdout]    2:     0x581cb628572c - <alloc[2182bb758b4b3781]::vec::Vec<u8> as core[df12db4294e9bfd3]::io::write::Write>::write_fmt
[INFO] [stdout]    3:     0x581cb625cde6 - std[70759c8f55707aa4]::panicking::default_hook::{closure#0}
[INFO] [stdout]    4:     0x581cb6279179 - std[70759c8f55707aa4]::panicking::default_hook
[INFO] [stdout]    5:     0x581cb61501b0 - test[9d35eded1c95d3be]::test_main_inner::<test[9d35eded1c95d3be]::test_main_static::{closure#0}>::{closure#0}
[INFO] [stdout]    6:     0x581cb6279332 - std[70759c8f55707aa4]::panicking::panic_with_hook
[INFO] [stdout]    7:     0x581cb625ce92 - std[70759c8f55707aa4]::panicking::panic_handler::{closure#0}
[INFO] [stdout]    8:     0x581cb6255a89 - std[70759c8f55707aa4]::sys::backtrace::__rust_end_short_backtrace::<std[70759c8f55707aa4]::panicking::panic_handler::{closure#0}, !>
[INFO] [stdout]    9:     0x581cb625da8d - __rustc[8fa7c3cbc660c2b3]::rust_begin_unwind
[INFO] [stdout]   10:     0x581cb62982cc - core[df12db4294e9bfd3]::panicking::panic_fmt
[INFO] [stdout]   11:     0x581cb62980a2 - core[df12db4294e9bfd3]::result::unwrap_failed
[INFO] [stdout]   12:     0x581cb6121a4c - rizlib[40891cbe37d5b658]::test::catalog_find_asset_test::tests::c
[INFO] [stdout]   13:     0x581cb612490b - rizlib[40891cbe37d5b658]::test::catalog_find_asset_test::tests::find_music_asset_with_filename
[INFO] [stdout]   14:     0x581cb6135a39 - <rizlib[40891cbe37d5b658]::test::catalog_find_asset_test::tests::find_music_asset_with_filename::{closure#0} as core[df12db4294e9bfd3]::ops::function::FnOnce<()>>::call_once
[INFO] [stdout]   15:     0x581cb614349b - test[9d35eded1c95d3be]::__rust_begin_short_backtrace::<core[df12db4294e9bfd3]::result::Result<(), alloc[2182bb758b4b3781]::string::String>, fn() -> core[df12db4294e9bfd3]::result::Result<(), alloc[2182bb758b4b3781]::string::String>>
[INFO] [stdout]   16:     0x581cb6150b05 - test[9d35eded1c95d3be]::run_test::{closure#0}
[INFO] [stdout]   17:     0x581cb614a3c4 - std[70759c8f55707aa4]::sys::backtrace::__rust_begin_short_backtrace::<test[9d35eded1c95d3be]::run_test::{closure#1}, ()>
[INFO] [stdout]   18:     0x581cb6153c62 - <std[70759c8f55707aa4]::thread::lifecycle::spawn_unchecked<test[9d35eded1c95d3be]::run_test::{closure#1}, ()>::{closure#1} as core[df12db4294e9bfd3]::ops::function::FnOnce<()>>::call_once::{shim:vtable#0}
[INFO] [stdout]   19:     0x581cb62802e9 - <std[70759c8f55707aa4]::sys::thread::unix::Thread>::new::thread_start
[INFO] [stdout]   20:     0x78b66d74bdfa - <unknown>
[INFO] [stdout]   21:     0x78b66d7df3d4 - clone
[INFO] [stdout]   22:                0x0 - <unknown>
[INFO] [stdout] 
[INFO] [stdout] ---- test::catalog_find_asset_test::tests::good_music stdout ----
[INFO] [stdout] 
[INFO] [stdout] thread 'test::catalog_find_asset_test::tests::good_music' (606) panicked at src/test/catalog_find_asset_test.rs:9:40:
[INFO] [stdout] called `Result::unwrap()` on an `Err` value: JsonLoadError(IoError(Os { code: 2, kind: NotFound, message: "No such file or directory" }))
[INFO] [stdout] stack backtrace:
[INFO] [stdout]    0:     0x581cb6281291 - <<std[70759c8f55707aa4]::sys::backtrace::BacktraceLock>::print::DisplayBacktrace as core[df12db4294e9bfd3]::fmt::Display>::fmt
[INFO] [stdout]    1:     0x581cb6297aea - core[df12db4294e9bfd3]::fmt::write
[INFO] [stdout]    2:     0x581cb628572c - <alloc[2182bb758b4b3781]::vec::Vec<u8> as core[df12db4294e9bfd3]::io::write::Write>::write_fmt
[INFO] [stdout]    3:     0x581cb625cde6 - std[70759c8f55707aa4]::panicking::default_hook::{closure#0}
[INFO] [stdout]    4:     0x581cb6279179 - std[70759c8f55707aa4]::panicking::default_hook
[INFO] [stdout]    5:     0x581cb61501b0 - test[9d35eded1c95d3be]::test_main_inner::<test[9d35eded1c95d3be]::test_main_static::{closure#0}>::{closure#0}
[INFO] [stdout]    6:     0x581cb6279332 - std[70759c8f55707aa4]::panicking::panic_with_hook
[INFO] [stdout]    7:     0x581cb625ce92 - std[70759c8f55707aa4]::panicking::panic_handler::{closure#0}
[INFO] [stdout]    8:     0x581cb6255a89 - std[70759c8f55707aa4]::sys::backtrace::__rust_end_short_backtrace::<std[70759c8f55707aa4]::panicking::panic_handler::{closure#0}, !>
[INFO] [stdout]    9:     0x581cb625da8d - __rustc[8fa7c3cbc660c2b3]::rust_begin_unwind
[INFO] [stdout]   10:     0x581cb62982cc - core[df12db4294e9bfd3]::panicking::panic_fmt
[INFO] [stdout]   11:     0x581cb62980a2 - core[df12db4294e9bfd3]::result::unwrap_failed
[INFO] [stdout]   12:     0x581cb6121a4c - rizlib[40891cbe37d5b658]::test::catalog_find_asset_test::tests::c
[INFO] [stdout]   13:     0x581cb6121e3d - rizlib[40891cbe37d5b658]::test::catalog_find_asset_test::tests::good_music
[INFO] [stdout]   14:     0x581cb61358d9 - <rizlib[40891cbe37d5b658]::test::catalog_find_asset_test::tests::good_music::{closure#0} as core[df12db4294e9bfd3]::ops::function::FnOnce<()>>::call_once
[INFO] [stdout]   15:     0x581cb614349b - test[9d35eded1c95d3be]::__rust_begin_short_backtrace::<core[df12db4294e9bfd3]::result::Result<(), alloc[2182bb758b4b3781]::string::String>, fn() -> core[df12db4294e9bfd3]::result::Result<(), alloc[2182bb758b4b3781]::string::String>>
[INFO] [stdout]   16:     0x581cb6150b05 - test[9d35eded1c95d3be]::run_test::{closure#0}
[INFO] [stdout]   17:     0x581cb614a3c4 - std[70759c8f55707aa4]::sys::backtrace::__rust_begin_short_backtrace::<test[9d35eded1c95d3be]::run_test::{closure#1}, ()>
[INFO] [stdout]   18:     0x581cb6153c62 - <std[70759c8f55707aa4]::thread::lifecycle::spawn_unchecked<test[9d35eded1c95d3be]::run_test::{closure#1}, ()>::{closure#1} as core[df12db4294e9bfd3]::ops::function::FnOnce<()>>::call_once::{shim:vtable#0}
[INFO] [stdout]   19:     0x581cb62802e9 - <std[70759c8f55707aa4]::sys::thread::unix::Thread>::new::thread_start
[INFO] [stdout]   20:     0x78b66d74bdfa - <unknown>
[INFO] [stdout]   21:     0x78b66d7df3d4 - clone
[INFO] [stdout]   22:                0x0 - <unknown>
[INFO] [stdout] 
[INFO] [stdout] ---- test::raw_catalog_data_test::tests::extra_data_from_file stdout ----
[INFO] [stdout] 
[INFO] [stdout] thread 'test::raw_catalog_data_test::tests::extra_data_from_file' (611) panicked at src/test/raw_catalog_data_test.rs:65:45:
[INFO] [stdout] called `Result::unwrap()` on an `Err` value: Os { code: 2, kind: NotFound, message: "No such file or directory" }
[INFO] [stdout] stack backtrace:
[INFO] [stdout]    0:     0x581cb6281291 - <<std[70759c8f55707aa4]::sys::backtrace::BacktraceLock>::print::DisplayBacktrace as core[df12db4294e9bfd3]::fmt::Display>::fmt
[INFO] [stdout]    1:     0x581cb6297aea - core[df12db4294e9bfd3]::fmt::write
[INFO] [stdout]    2:     0x581cb628572c - <alloc[2182bb758b4b3781]::vec::Vec<u8> as core[df12db4294e9bfd3]::io::write::Write>::write_fmt
[INFO] [stdout]    3:     0x581cb625cde6 - std[70759c8f55707aa4]::panicking::default_hook::{closure#0}
[INFO] [stdout]    4:     0x581cb6279179 - std[70759c8f55707aa4]::panicking::default_hook
[INFO] [stdout]    5:     0x581cb61501b0 - test[9d35eded1c95d3be]::test_main_inner::<test[9d35eded1c95d3be]::test_main_static::{closure#0}>::{closure#0}
[INFO] [stdout]    6:     0x581cb6279332 - std[70759c8f55707aa4]::panicking::panic_with_hook
[INFO] [stdout]    7:     0x581cb625ce92 - std[70759c8f55707aa4]::panicking::panic_handler::{closure#0}
[INFO] [stdout]    8:     0x581cb6255a89 - std[70759c8f55707aa4]::sys::backtrace::__rust_end_short_backtrace::<std[70759c8f55707aa4]::panicking::panic_handler::{closure#0}, !>
[INFO] [stdout]    9:     0x581cb625da8d - __rustc[8fa7c3cbc660c2b3]::rust_begin_unwind
[INFO] [stdout]   10:     0x581cb62982cc - core[df12db4294e9bfd3]::panicking::panic_fmt
[INFO] [stdout]   11:     0x581cb62980a2 - core[df12db4294e9bfd3]::result::unwrap_failed
[INFO] [stdout]   12:     0x581cb612ccfd - rizlib[40891cbe37d5b658]::test::raw_catalog_data_test::tests::extra_data_from_file
[INFO] [stdout]   13:     0x581cb6135879 - <rizlib[40891cbe37d5b658]::test::raw_catalog_data_test::tests::extra_data_from_file::{closure#0} as core[df12db4294e9bfd3]::ops::function::FnOnce<()>>::call_once
[INFO] [stdout]   14:     0x581cb614349b - test[9d35eded1c95d3be]::__rust_begin_short_backtrace::<core[df12db4294e9bfd3]::result::Result<(), alloc[2182bb758b4b3781]::string::String>, fn() -> core[df12db4294e9bfd3]::result::Result<(), alloc[2182bb758b4b3781]::string::String>>
[INFO] [stdout]   15:     0x581cb6150b05 - test[9d35eded1c95d3be]::run_test::{closure#0}
[INFO] [stdout]   16:     0x581cb614a3c4 - std[70759c8f55707aa4]::sys::backtrace::__rust_begin_short_backtrace::<test[9d35eded1c95d3be]::run_test::{closure#1}, ()>
[INFO] [stdout]   17:     0x581cb6153c62 - <std[70759c8f55707aa4]::thread::lifecycle::spawn_unchecked<test[9d35eded1c95d3be]::run_test::{closure#1}, ()>::{closure#1} as core[df12db4294e9bfd3]::ops::function::FnOnce<()>>::call_once::{shim:vtable#0}
[INFO] [stdout]   18:     0x581cb62802e9 - <std[70759c8f55707aa4]::sys::thread::unix::Thread>::new::thread_start
[INFO] [stdout]   19:     0x78b66d74bdfa - <unknown>
[INFO] [stdout]   20:     0x78b66d7df3d4 - clone
[INFO] [stdout]   21:                0x0 - <unknown>
[INFO] [stdout] 
[INFO] [stdout] ---- test::catalog_find_asset_test::tests::find_all_assets stdout ----
[INFO] [stdout] 
[INFO] [stdout] thread 'test::catalog_find_asset_test::tests::find_all_assets' (599) panicked at src/test/catalog_find_asset_test.rs:9:40:
[INFO] [stdout] called `Result::unwrap()` on an `Err` value: JsonLoadError(IoError(Os { code: 2, kind: NotFound, message: "No such file or directory" }))
[INFO] [stdout] stack backtrace:
[INFO] [stdout]    0:     0x581cb6281291 - <<std[70759c8f55707aa4]::sys::backtrace::BacktraceLock>::print::DisplayBacktrace as core[df12db4294e9bfd3]::fmt::Display>::fmt
[INFO] [stdout]    1:     0x581cb6297aea - core[df12db4294e9bfd3]::fmt::write
[INFO] [stdout]    2:     0x581cb628572c - <alloc[2182bb758b4b3781]::vec::Vec<u8> as core[df12db4294e9bfd3]::io::write::Write>::write_fmt
[INFO] [stdout]    3:     0x581cb625cde6 - std[70759c8f55707aa4]::panicking::default_hook::{closure#0}
[INFO] [stdout]    4:     0x581cb6279179 - std[70759c8f55707aa4]::panicking::default_hook
[INFO] [stdout]    5:     0x581cb61501b0 - test[9d35eded1c95d3be]::test_main_inner::<test[9d35eded1c95d3be]::test_main_static::{closure#0}>::{closure#0}
[INFO] [stdout]    6:     0x581cb6279332 - std[70759c8f55707aa4]::panicking::panic_with_hook
[INFO] [stdout]    7:     0x581cb625ce92 - std[70759c8f55707aa4]::panicking::panic_handler::{closure#0}
[INFO] [stdout]    8:     0x581cb6255a89 - std[70759c8f55707aa4]::sys::backtrace::__rust_end_short_backtrace::<std[70759c8f55707aa4]::panicking::panic_handler::{closure#0}, !>
[INFO] [stdout]    9:     0x581cb625da8d - __rustc[8fa7c3cbc660c2b3]::rust_begin_unwind
[INFO] [stdout]   10:     0x581cb62982cc - core[df12db4294e9bfd3]::panicking::panic_fmt
[INFO] [stdout]   11:     0x581cb62980a2 - core[df12db4294e9bfd3]::result::unwrap_failed
[INFO] [stdout]   12:     0x581cb6121a4c - rizlib[40891cbe37d5b658]::test::catalog_find_asset_test::tests::c
[INFO] [stdout]   13:     0x581cb61221ae - rizlib[40891cbe37d5b658]::test::catalog_find_asset_test::tests::find_all_assets
[INFO] [stdout]   14:     0x581cb61358f9 - <rizlib[40891cbe37d5b658]::test::catalog_find_asset_test::tests::find_all_assets::{closure#0} as core[df12db4294e9bfd3]::ops::function::FnOnce<()>>::call_once
[INFO] [stdout]   15:     0x581cb614349b - test[9d35eded1c95d3be]::__rust_begin_short_backtrace::<core[df12db4294e9bfd3]::result::Result<(), alloc[2182bb758b4b3781]::string::String>, fn() -> core[df12db4294e9bfd3]::result::Result<(), alloc[2182bb758b4b3781]::string::String>>
[INFO] [stdout]   16:     0x581cb6150b05 - test[9d35eded1c95d3be]::run_test::{closure#0}
[INFO] [stdout]   17:     0x581cb614a3c4 - std[70759c8f55707aa4]::sys::backtrace::__rust_begin_short_backtrace::<test[9d35eded1c95d3be]::run_test::{closure#1}, ()>
[INFO] [stdout]   18:     0x581cb6153c62 - <std[70759c8f55707aa4]::thread::lifecycle::spawn_unchecked<test[9d35eded1c95d3be]::run_test::{closure#1}, ()>::{closure#1} as core[df12db4294e9bfd3]::ops::function::FnOnce<()>>::call_once::{shim:vtable#0}
[INFO] [stdout]   19:     0x581cb62802e9 - <std[70759c8f55707aa4]::sys::thread::unix::Thread>::new::thread_start
[INFO] [stdout]   20:     0x78b66d74bdfa - <unknown>
[INFO] [stdout]   21:     0x78b66d7df3d4 - clone
[INFO] [stdout]   22:                0x0 - <unknown>
[INFO] [stdout] 
[INFO] [stdout] ---- test::patch_list_test::tests::patch_list_test stdout ----
[INFO] [stdout] 
[INFO] [stdout] thread 'test::patch_list_test::tests::patch_list_test' (608) panicked at src/test/patch_list_test.rs:30:70:
[INFO] [stdout] called `Option::unwrap()` on a `None` value
[INFO] [stdout] stack backtrace:
[INFO] [stdout]    0:     0x581cb6281291 - <<std[70759c8f55707aa4]::sys::backtrace::BacktraceLock>::print::DisplayBacktrace as core[df12db4294e9bfd3]::fmt::Display>::fmt
[INFO] [stdout]    1:     0x581cb6297aea - core[df12db4294e9bfd3]::fmt::write
[INFO] [stdout]    2:     0x581cb628572c - <alloc[2182bb758b4b3781]::vec::Vec<u8> as core[df12db4294e9bfd3]::io::write::Write>::write_fmt
[INFO] [stdout]    3:     0x581cb625cde6 - std[70759c8f55707aa4]::panicking::default_hook::{closure#0}
[INFO] [stdout]    4:     0x581cb6279179 - std[70759c8f55707aa4]::panicking::default_hook
[INFO] [stdout]    5:     0x581cb61501b0 - test[9d35eded1c95d3be]::test_main_inner::<test[9d35eded1c95d3be]::test_main_static::{closure#0}>::{closure#0}
[INFO] [stdout]    6:     0x581cb6279332 - std[70759c8f55707aa4]::panicking::panic_with_hook
[INFO] [stdout]    7:     0x581cb625cec4 - std[70759c8f55707aa4]::panicking::panic_handler::{closure#0}
[INFO] [stdout]    8:     0x581cb6255a89 - std[70759c8f55707aa4]::sys::backtrace::__rust_end_short_backtrace::<std[70759c8f55707aa4]::panicking::panic_handler::{closure#0}, !>
[INFO] [stdout]    9:     0x581cb625da8d - __rustc[8fa7c3cbc660c2b3]::rust_begin_unwind
[INFO] [stdout]   10:     0x581cb62982cc - core[df12db4294e9bfd3]::panicking::panic_fmt
[INFO] [stdout]   11:     0x581cb6298292 - core[df12db4294e9bfd3]::panicking::panic
[INFO] [stdout]   12:     0x581cb6298049 - core[df12db4294e9bfd3]::option::unwrap_failed
[INFO] [stdout]   13:     0x581cb61321f9 - rizlib[40891cbe37d5b658]::test::patch_list_test::tests::patch_list_test
[INFO] [stdout]   14:     0x581cb6135819 - <rizlib[40891cbe37d5b658]::test::patch_list_test::tests::patch_list_test::{closure#0} as core[df12db4294e9bfd3]::ops::function::FnOnce<()>>::call_once
[INFO] [stdout]   15:     0x581cb614349b - test[9d35eded1c95d3be]::__rust_begin_short_backtrace::<core[df12db4294e9bfd3]::result::Result<(), alloc[2182bb758b4b3781]::string::String>, fn() -> core[df12db4294e9bfd3]::result::Result<(), alloc[2182bb758b4b3781]::string::String>>
[INFO] [stdout]   16:     0x581cb6150b05 - test[9d35eded1c95d3be]::run_test::{closure#0}
[INFO] [stdout]   17:     0x581cb614a3c4 - std[70759c8f55707aa4]::sys::backtrace::__rust_begin_short_backtrace::<test[9d35eded1c95d3be]::run_test::{closure#1}, ()>
[INFO] [stdout]   18:     0x581cb6153c62 - <std[70759c8f55707aa4]::thread::lifecycle::spawn_unchecked<test[9d35eded1c95d3be]::run_test::{closure#1}, ()>::{closure#1} as core[df12db4294e9bfd3]::ops::function::FnOnce<()>>::call_once::{shim:vtable#0}
[INFO] [stdout]   19:     0x581cb62802e9 - <std[70759c8f55707aa4]::sys::thread::unix::Thread>::new::thread_start
[INFO] [stdout]   20:     0x78b66d74bdfa - <unknown>
[INFO] [stdout]   21:     0x78b66d7df3d4 - clone
[INFO] [stdout]   22:                0x0 - <unknown>
[INFO] [stdout] 
[INFO] [stdout] ---- test::raw_catalog_data_test::tests::entry_data_from_file stdout ----
[INFO] [stdout] 
[INFO] [stdout] thread 'test::raw_catalog_data_test::tests::entry_data_from_file' (610) panicked at src/test/raw_catalog_data_test.rs:42:45:
[INFO] [stdout] called `Result::unwrap()` on an `Err` value: Os { code: 2, kind: NotFound, message: "No such file or directory" }
[INFO] [stdout] stack backtrace:
[INFO] [stdout]    0:     0x581cb6281291 - <<std[70759c8f55707aa4]::sys::backtrace::BacktraceLock>::print::DisplayBacktrace as core[df12db4294e9bfd3]::fmt::Display>::fmt
[INFO] [stdout]    1:     0x581cb6297aea - core[df12db4294e9bfd3]::fmt::write
[INFO] [stdout]    2:     0x581cb628572c - <alloc[2182bb758b4b3781]::vec::Vec<u8> as core[df12db4294e9bfd3]::io::write::Write>::write_fmt
[INFO] [stdout]    3:     0x581cb625cde6 - std[70759c8f55707aa4]::panicking::default_hook::{closure#0}
[INFO] [stdout]    4:     0x581cb6279179 - std[70759c8f55707aa4]::panicking::default_hook
[INFO] [stdout]    5:     0x581cb61501b0 - test[9d35eded1c95d3be]::test_main_inner::<test[9d35eded1c95d3be]::test_main_static::{closure#0}>::{closure#0}
[INFO] [stdout]    6:     0x581cb6279332 - std[70759c8f55707aa4]::panicking::panic_with_hook
[INFO] [stdout]    7:     0x581cb625ce92 - std[70759c8f55707aa4]::panicking::panic_handler::{closure#0}
[INFO] [stdout]    8:     0x581cb6255a89 - std[70759c8f55707aa4]::sys::backtrace::__rust_end_short_backtrace::<std[70759c8f55707aa4]::panicking::panic_handler::{closure#0}, !>
[INFO] [stdout]    9:     0x581cb625da8d - __rustc[8fa7c3cbc660c2b3]::rust_begin_unwind
[INFO] [stdout]   10:     0x581cb62982cc - core[df12db4294e9bfd3]::panicking::panic_fmt
[INFO] [stdout]   11:     0x581cb62980a2 - core[df12db4294e9bfd3]::result::unwrap_failed
[INFO] [stdout]   12:     0x581cb612c474 - rizlib[40891cbe37d5b658]::test::raw_catalog_data_test::tests::entry_data_from_file
[INFO] [stdout]   13:     0x581cb6135859 - <rizlib[40891cbe37d5b658]::test::raw_catalog_data_test::tests::entry_data_from_file::{closure#0} as core[df12db4294e9bfd3]::ops::function::FnOnce<()>>::call_once
[INFO] [stdout]   14:     0x581cb614349b - test[9d35eded1c95d3be]::__rust_begin_short_backtrace::<core[df12db4294e9bfd3]::result::Result<(), alloc[2182bb758b4b3781]::string::String>, fn() -> core[df12db4294e9bfd3]::result::Result<(), alloc[2182bb758b4b3781]::string::String>>
[INFO] [stdout]   15:     0x581cb6150b05 - test[9d35eded1c95d3be]::run_test::{closure#0}
[INFO] [stdout]   16:     0x581cb614a3c4 - std[70759c8f55707aa4]::sys::backtrace::__rust_begin_short_backtrace::<test[9d35eded1c95d3be]::run_test::{closure#1}, ()>
[INFO] [stdout]   17:     0x581cb6153c62 - <std[70759c8f55707aa4]::thread::lifecycle::spawn_unchecked<test[9d35eded1c95d3be]::run_test::{closure#1}, ()>::{closure#1} as core[df12db4294e9bfd3]::ops::function::FnOnce<()>>::call_once::{shim:vtable#0}
[INFO] [stdout]   18:     0x581cb62802e9 - <std[70759c8f55707aa4]::sys::thread::unix::Thread>::new::thread_start
[INFO] [stdout]   19:     0x78b66d74bdfa - <unknown>
[INFO] [stdout]   20:     0x78b66d7df3d4 - clone
[INFO] [stdout]   21:                0x0 - <unknown>
[INFO] [stdout] 
[INFO] [stdout] ---- test::raw_catalog_data_test::tests::key_data_from_file stdout ----
[INFO] [stdout] 
[INFO] [stdout] thread 'test::raw_catalog_data_test::tests::key_data_from_file' (612) panicked at src/test/raw_catalog_data_test.rs:13:45:
[INFO] [stdout] called `Result::unwrap()` on an `Err` value: Os { code: 2, kind: NotFound, message: "No such file or directory" }
[INFO] [stdout] stack backtrace:
[INFO] [stdout]    0:     0x581cb6281291 - <<std[70759c8f55707aa4]::sys::backtrace::BacktraceLock>::print::DisplayBacktrace as core[df12db4294e9bfd3]::fmt::Display>::fmt
[INFO] [stdout]    1:     0x581cb6297aea - core[df12db4294e9bfd3]::fmt::write
[INFO] [stdout]    2:     0x581cb628572c - <alloc[2182bb758b4b3781]::vec::Vec<u8> as core[df12db4294e9bfd3]::io::write::Write>::write_fmt
[INFO] [stdout]    3:     0x581cb625cde6 - std[70759c8f55707aa4]::panicking::default_hook::{closure#0}
[INFO] [stdout]    4:     0x581cb6279179 - std[70759c8f55707aa4]::panicking::default_hook
[INFO] [stdout]    5:     0x581cb61501b0 - test[9d35eded1c95d3be]::test_main_inner::<test[9d35eded1c95d3be]::test_main_static::{closure#0}>::{closure#0}
[INFO] [stdout]    6:     0x581cb6279332 - std[70759c8f55707aa4]::panicking::panic_with_hook
[INFO] [stdout]    7:     0x581cb625ce92 - std[70759c8f55707aa4]::panicking::panic_handler::{closure#0}
[INFO] [stdout]    8:     0x581cb6255a89 - std[70759c8f55707aa4]::sys::backtrace::__rust_end_short_backtrace::<std[70759c8f55707aa4]::panicking::panic_handler::{closure#0}, !>
[INFO] [stdout]    9:     0x581cb625da8d - __rustc[8fa7c3cbc660c2b3]::rust_begin_unwind
[INFO] [stdout]   10:     0x581cb62982cc - core[df12db4294e9bfd3]::panicking::panic_fmt
[INFO] [stdout]   11:     0x581cb62980a2 - core[df12db4294e9bfd3]::result::unwrap_failed
[INFO] [stdout]   12:     0x581cb612bc97 - rizlib[40891cbe37d5b658]::test::raw_catalog_data_test::tests::key_data_from_file
[INFO] [stdout]   13:     0x581cb6135839 - <rizlib[40891cbe37d5b658]::test::raw_catalog_data_test::tests::key_data_from_file::{closure#0} as core[df12db4294e9bfd3]::ops::function::FnOnce<()>>::call_once
[INFO] [stdout]   14:     0x581cb614349b - test[9d35eded1c95d3be]::__rust_begin_short_backtrace::<core[df12db4294e9bfd3]::result::Result<(), alloc[2182bb758b4b3781]::string::String>, fn() -> core[df12db4294e9bfd3]::result::Result<(), alloc[2182bb758b4b3781]::string::String>>
[INFO] [stdout]   15:     0x581cb6150b05 - test[9d35eded1c95d3be]::run_test::{closure#0}
[INFO] [stdout]   16:     0x581cb614a3c4 - std[70759c8f55707aa4]::sys::backtrace::__rust_begin_short_backtrace::<test[9d35eded1c95d3be]::run_test::{closure#1}, ()>
[INFO] [stdout]   17:     0x581cb6153c62 - <std[70759c8f55707aa4]::thread::lifecycle::spawn_unchecked<test[9d35eded1c95d3be]::run_test::{closure#1}, ()>::{closure#1} as core[df12db4294e9bfd3]::ops::function::FnOnce<()>>::call_once::{shim:vtable#0}
[INFO] [stdout]   18:     0x581cb62802e9 - <std[70759c8f55707aa4]::sys::thread::unix::Thread>::new::thread_start
[INFO] [stdout]   19:     0x78b66d74bdfa - <unknown>
[INFO] [stdout]   20:     0x78b66d7df3d4 - clone
[INFO] [stdout]   21:                0x0 - <unknown>
[INFO] [stdout] 
[INFO] [stdout] ---- test::testing::tests::testing stdout ----
[INFO] [stdout] 
[INFO] [stdout] thread 'test::testing::tests::testing' (613) panicked at src/test/testing.rs:9:55:
[INFO] [stdout] called `Result::unwrap()` on an `Err` value: JsonLoadError(IoError(Os { code: 2, kind: NotFound, message: "No such file or directory" }))
[INFO] [stdout] stack backtrace:
[INFO] [stdout]    0:     0x581cb6281291 - <<std[70759c8f55707aa4]::sys::backtrace::BacktraceLock>::print::DisplayBacktrace as core[df12db4294e9bfd3]::fmt::Display>::fmt
[INFO] [stdout]    1:     0x581cb6297aea - core[df12db4294e9bfd3]::fmt::write
[INFO] [stdout]    2:     0x581cb628572c - <alloc[2182bb758b4b3781]::vec::Vec<u8> as core[df12db4294e9bfd3]::io::write::Write>::write_fmt
[INFO] [stdout]    3:     0x581cb625cde6 - std[70759c8f55707aa4]::panicking::default_hook::{closure#0}
[INFO] [stdout]    4:     0x581cb6279179 - std[70759c8f55707aa4]::panicking::default_hook
[INFO] [stdout]    5:     0x581cb61501b0 - test[9d35eded1c95d3be]::test_main_inner::<test[9d35eded1c95d3be]::test_main_static::{closure#0}>::{closure#0}
[INFO] [stdout]    6:     0x581cb6279332 - std[70759c8f55707aa4]::panicking::panic_with_hook
[INFO] [stdout]    7:     0x581cb625ce92 - std[70759c8f55707aa4]::panicking::panic_handler::{closure#0}
[INFO] [stdout]    8:     0x581cb6255a89 - std[70759c8f55707aa4]::sys::backtrace::__rust_end_short_backtrace::<std[70759c8f55707aa4]::panicking::panic_handler::{closure#0}, !>
[INFO] [stdout]    9:     0x581cb625da8d - __rustc[8fa7c3cbc660c2b3]::rust_begin_unwind
[INFO] [stdout]   10:     0x581cb62982cc - core[df12db4294e9bfd3]::panicking::panic_fmt
[INFO] [stdout]   11:     0x581cb62980a2 - core[df12db4294e9bfd3]::result::unwrap_failed
[INFO] [stdout]   12:     0x581cb613026e - rizlib[40891cbe37d5b658]::test::testing::tests::testing
[INFO] [stdout]   13:     0x581cb6135a79 - <rizlib[40891cbe37d5b658]::test::testing::tests::testing::{closure#0} as core[df12db4294e9bfd3]::ops::function::FnOnce<()>>::call_once
[INFO] [stdout]   14:     0x581cb614349b - test[9d35eded1c95d3be]::__rust_begin_short_backtrace::<core[df12db4294e9bfd3]::result::Result<(), alloc[2182bb758b4b3781]::string::String>, fn() -> core[df12db4294e9bfd3]::result::Result<(), alloc[2182bb758b4b3781]::string::String>>
[INFO] [stdout]   15:     0x581cb6150b05 - test[9d35eded1c95d3be]::run_test::{closure#0}
[INFO] [stdout]   16:     0x581cb614a3c4 - std[70759c8f55707aa4]::sys::backtrace::__rust_begin_short_backtrace::<test[9d35eded1c95d3be]::run_test::{closure#1}, ()>
[INFO] [stdout]   17:     0x581cb6153c62 - <std[70759c8f55707aa4]::thread::lifecycle::spawn_unchecked<test[9d35eded1c95d3be]::run_test::{closure#1}, ()>::{closure#1} as core[df12db4294e9bfd3]::ops::function::FnOnce<()>>::call_once::{shim:vtable#0}
[INFO] [stdout]   18:     0x581cb62802e9 - <std[70759c8f55707aa4]::sys::thread::unix::Thread>::new::thread_start
[INFO] [stdout]   19:     0x78b66d74bdfa - <unknown>
[INFO] [stdout]   20:     0x78b66d7df3d4 - clone
[INFO] [stdout]   21:                0x0 - <unknown>
[INFO] [stdout] 
[INFO] [stdout] ---- test::chart_test::tests::chart_load_test stdout ----
[INFO] [stdout] 
[INFO] [stdout] thread 'test::chart_test::tests::chart_load_test' (607) panicked at src/test/chart_test.rs:9:51:
[INFO] [stdout] called `Result::unwrap()` on an `Err` value: IoError(Os { code: 2, kind: NotFound, message: "No such file or directory" })
[INFO] [stdout] stack backtrace:
[INFO] [stdout]    0:     0x581cb6281291 - <<std[70759c8f55707aa4]::sys::backtrace::BacktraceLock>::print::DisplayBacktrace as core[df12db4294e9bfd3]::fmt::Display>::fmt
[INFO] [stdout]    1:     0x581cb6297aea - core[df12db4294e9bfd3]::fmt::write
[INFO] [stdout]    2:     0x581cb628572c - <alloc[2182bb758b4b3781]::vec::Vec<u8> as core[df12db4294e9bfd3]::io::write::Write>::write_fmt
[INFO] [stdout]    3:     0x581cb625cde6 - std[70759c8f55707aa4]::panicking::default_hook::{closure#0}
[INFO] [stdout]    4:     0x581cb6279179 - std[70759c8f55707aa4]::panicking::default_hook
[INFO] [stdout]    5:     0x581cb61501b0 - test[9d35eded1c95d3be]::test_main_inner::<test[9d35eded1c95d3be]::test_main_static::{closure#0}>::{closure#0}
[INFO] [stdout]    6:     0x581cb6279332 - std[70759c8f55707aa4]::panicking::panic_with_hook
[INFO] [stdout]    7:     0x581cb625ce92 - std[70759c8f55707aa4]::panicking::panic_handler::{closure#0}
[INFO] [stdout]    8:     0x581cb6255a89 - std[70759c8f55707aa4]::sys::backtrace::__rust_end_short_backtrace::<std[70759c8f55707aa4]::panicking::panic_handler::{closure#0}, !>
[INFO] [stdout]    9:     0x581cb625da8d - __rustc[8fa7c3cbc660c2b3]::rust_begin_unwind
[INFO] [stdout]   10:     0x581cb62982cc - core[df12db4294e9bfd3]::panicking::panic_fmt
[INFO] [stdout]   11:     0x581cb62980a2 - core[df12db4294e9bfd3]::result::unwrap_failed
[INFO] [stdout]   12:     0x581cb612fb98 - rizlib[40891cbe37d5b658]::test::chart_test::tests::chart_load_test
[INFO] [stdout]   13:     0x581cb61357e9 - <rizlib[40891cbe37d5b658]::test::chart_test::tests::chart_load_test::{closure#0} as core[df12db4294e9bfd3]::ops::function::FnOnce<()>>::call_once
[INFO] [stdout]   14:     0x581cb614349b - test[9d35eded1c95d3be]::__rust_begin_short_backtrace::<core[df12db4294e9bfd3]::result::Result<(), alloc[2182bb758b4b3781]::string::String>, fn() -> core[df12db4294e9bfd3]::result::Result<(), alloc[2182bb758b4b3781]::string::String>>
[INFO] [stdout]   15:     0x581cb6150b05 - test[9d35eded1c95d3be]::run_test::{closure#0}
[INFO] [stdout]   16:     0x581cb614a3c4 - std[70759c8f55707aa4]::sys::backtrace::__rust_begin_short_backtrace::<test[9d35eded1c95d3be]::run_test::{closure#1}, ()>
[INFO] [stdout]   17:     0x581cb6153c62 - <std[70759c8f55707aa4]::thread::lifecycle::spawn_unchecked<test[9d35eded1c95d3be]::run_test::{closure#1}, ()>::{closure#1} as core[df12db4294e9bfd3]::ops::function::FnOnce<()>>::call_once::{shim:vtable#0}
[INFO] [stdout]   18:     0x581cb62802e9 - <std[70759c8f55707aa4]::sys::thread::unix::Thread>::new::thread_start
[INFO] [stdout]   19:     0x78b66d74bdfa - <unknown>
[INFO] [stdout]   20:     0x78b66d7df3d4 - clone
[INFO] [stdout]   21:                0x0 - <unknown>
[INFO] [stdout] 
[INFO] [stdout] 
[INFO] [stdout] failures:
[INFO] [stdout]     test::catalog_find_asset_test::tests::bad_bucket_bundle
[INFO] [stdout]     test::catalog_find_asset_test::tests::bad_bucket_combined_assets
[INFO] [stdout]     test::catalog_find_asset_test::tests::bad_bucket_local_asset
[INFO] [stdout]     test::catalog_find_asset_test::tests::bad_no_asset_bucket
[INFO] [stdout]     test::catalog_find_asset_test::tests::bad_no_dependency_in_asset_entry
[INFO] [stdout]     test::catalog_find_asset_test::tests::bad_wrong_family
[INFO] [stdout]     test::catalog_find_asset_test::tests::find_all_assets
[INFO] [stdout]     test::catalog_find_asset_test::tests::find_music_asset
[INFO] [stdout]     test::catalog_find_asset_test::tests::find_music_asset_with_checksum
[INFO] [stdout]     test::catalog_find_asset_test::tests::find_music_asset_with_filename
[INFO] [stdout]     test::catalog_find_asset_test::tests::good_asset_list
[INFO] [stdout]     test::catalog_find_asset_test::tests::good_chart
[INFO] [stdout]     test::catalog_find_asset_test::tests::good_illustration
[INFO] [stdout]     test::catalog_find_asset_test::tests::good_music
[INFO] [stdout]     test::chart_test::tests::chart_load_test
[INFO] [stdout]     test::patch_list_test::tests::patch_list_test
[INFO] [stdout]     test::raw_catalog_data_test::tests::bucket_data_from_file
[INFO] [stdout]     test::raw_catalog_data_test::tests::entry_data_from_file
[INFO] [stdout]     test::raw_catalog_data_test::tests::extra_data_from_file
[INFO] [stdout]     test::raw_catalog_data_test::tests::key_data_from_file
[INFO] [stdout]     test::testing::tests::testing
[INFO] [stdout] 
[INFO] [stdout] test result: FAILED. 2 passed; 21 failed; 0 ignored; 0 measured; 0 filtered out; finished in 0.01s
[INFO] [stdout] 
[INFO] running `Command { std: "docker" "inspect" "add82662aeb56f4a15f2ea4aeff8bdea7d73b3dad17c57aa2d3d8907067315f3", kill_on_drop: false }`
[INFO] running `Command { std: "docker" "rm" "-f" "add82662aeb56f4a15f2ea4aeff8bdea7d73b3dad17c57aa2d3d8907067315f3", kill_on_drop: false }`
[INFO] [stdout] add82662aeb56f4a15f2ea4aeff8bdea7d73b3dad17c57aa2d3d8907067315f3
