[INFO] fetching crate rivia-vfs 0.2.6...
[INFO] testing rivia-vfs-0.2.6 against 1.100.0-beta.1+cargoflags=--release for beta-release-1.100-2
[INFO] extracting crate rivia-vfs 0.2.6 into /workspace/builds/worker-5-tc2/source
[INFO] started tweaking crates.io crate rivia-vfs 0.2.6
[INFO] finished tweaking crates.io crate rivia-vfs 0.2.6
[INFO] tweaked toml for crates.io crate rivia-vfs 0.2.6 written to /workspace/builds/worker-5-tc2/source/Cargo.toml
[INFO] validating manifest of crates.io crate rivia-vfs 0.2.6 on toolchain 1.100.0-beta.1
[INFO] running `Command { std: CARGO_HOME="/workspace/cargo-home" RUSTUP_HOME="/workspace/rustup-home" "/workspace/cargo-home/bin/cargo" "+1.100.0-beta.1" "metadata" "--manifest-path" "Cargo.toml" "--no-deps", kill_on_drop: false }`
[INFO] crate crates.io crate rivia-vfs 0.2.6 already has a lockfile, it will not be regenerated
[INFO] running `Command { std: CARGO_HOME="/workspace/cargo-home" RUSTUP_HOME="/workspace/rustup-home" "/workspace/cargo-home/bin/cargo" "+1.100.0-beta.1" "fetch" "--manifest-path" "Cargo.toml", kill_on_drop: false }`
[INFO] running `Command { std: "docker" "create" "-v" "/var/lib/crater-agent-workspace/builds/worker-5-tc2/source:/opt/rustwide/workdir:ro,Z" "-v" "/var/lib/crater-agent-workspace/builds/worker-5-tc2/target:/opt/rustwide/target:rw,Z" "-v" "/var/lib/crater-agent-workspace/cargo-home:/opt/rustwide/cargo-home:ro,Z" "-v" "/var/lib/crater-agent-workspace/rustup-home:/opt/rustwide/rustup-home:ro,Z" "-m" "1610612736" "--network" "none" "ghcr.io/rust-lang/crates-build-env/linux@sha256:77db811e55d90add9212f6832c23229e3de5f1c1f9905e8cb07319ea15df73ac" "sleep" "infinity", kill_on_drop: false }`
[INFO] [stdout] 8e1d142968ce5131f53cad741a31875e0e654f3c5b6d64ce367db7e1b4626940
[INFO] running `Command { std: "docker" "start" "8e1d142968ce5131f53cad741a31875e0e654f3c5b6d64ce367db7e1b4626940", kill_on_drop: false }`
[INFO] running `Command { std: "docker" "inspect" "8e1d142968ce5131f53cad741a31875e0e654f3c5b6d64ce367db7e1b4626940", kill_on_drop: false }`
[INFO] running `Command { std: "docker" "exec" "-e" "SOURCE_DIR=/opt/rustwide/workdir" "-e" "CARGO_HOME=/opt/rustwide/cargo-home" "-e" "RUSTUP_HOME=/opt/rustwide/rustup-home" "-e" "CARGO_TARGET_DIR=/opt/rustwide/target" "-w" "/opt/rustwide/workdir" "--user" "0:0" "8e1d142968ce5131f53cad741a31875e0e654f3c5b6d64ce367db7e1b4626940" "/opt/rustwide/cargo-home/bin/cargo" "+1.100.0-beta.1" "metadata" "--no-deps" "--format-version=1", kill_on_drop: false }`
[INFO] running `Command { std: "docker" "inspect" "8e1d142968ce5131f53cad741a31875e0e654f3c5b6d64ce367db7e1b4626940", kill_on_drop: false }`
[INFO] running `Command { std: "docker" "exec" "-e" "SOURCE_DIR=/opt/rustwide/workdir" "-e" "CARGO_HOME=/opt/rustwide/cargo-home" "-e" "RUSTUP_HOME=/opt/rustwide/rustup-home" "-e" "CARGO_TARGET_DIR=/opt/rustwide/target" "-e" "CARGO_INCREMENTAL=0" "-e" "RUST_BACKTRACE=full" "-e" "RUSTFLAGS=--cap-lints=warn" "-e" "RUSTDOCFLAGS=--cap-lints=warn" "-w" "/opt/rustwide/workdir" "--user" "0:0" "8e1d142968ce5131f53cad741a31875e0e654f3c5b6d64ce367db7e1b4626940" "/opt/rustwide/cargo-home/bin/cargo" "+1.100.0-beta.1" "build" "--frozen" "--message-format=json" "--release", kill_on_drop: false }`
[INFO] [stderr]    Compiling autocfg v1.3.0
[INFO] [stderr]    Compiling libc v0.2.155
[INFO] [stderr]    Compiling either v1.13.0
[INFO] [stderr]    Compiling bitflags v1.3.2
[INFO] [stderr]    Compiling cfg-if v1.0.0
[INFO] [stderr]    Compiling lazy_static v1.5.0
[INFO] [stderr]    Compiling memoffset v0.6.5
[INFO] [stderr]    Compiling itertools v0.10.5
[INFO] [stderr]    Compiling nix v0.23.2
[INFO] [stderr]    Compiling rivia v0.2.10
[INFO] [stderr]    Compiling rivia-vfs v0.2.6 (/opt/rustwide/workdir)
[INFO] [stderr]     Finished `release` profile [optimized] target(s) in 8.22s
[INFO] running `Command { std: "docker" "inspect" "8e1d142968ce5131f53cad741a31875e0e654f3c5b6d64ce367db7e1b4626940", kill_on_drop: false }`
[INFO] running `Command { std: "docker" "exec" "-e" "SOURCE_DIR=/opt/rustwide/workdir" "-e" "CARGO_HOME=/opt/rustwide/cargo-home" "-e" "RUSTUP_HOME=/opt/rustwide/rustup-home" "-e" "CARGO_TARGET_DIR=/opt/rustwide/target" "-e" "CARGO_INCREMENTAL=0" "-e" "RUST_BACKTRACE=full" "-e" "RUSTFLAGS=--cap-lints=warn" "-e" "RUSTDOCFLAGS=--cap-lints=warn" "-w" "/opt/rustwide/workdir" "--user" "0:0" "8e1d142968ce5131f53cad741a31875e0e654f3c5b6d64ce367db7e1b4626940" "/opt/rustwide/cargo-home/bin/cargo" "+1.100.0-beta.1" "test" "--frozen" "--no-run" "--message-format=json" "--release", kill_on_drop: false }`
[INFO] [stderr]    Compiling rivia-vfs v0.2.6 (/opt/rustwide/workdir)
[INFO] [stderr]     Finished `release` profile [optimized] target(s) in 43.85s
[INFO] running `Command { std: "docker" "inspect" "8e1d142968ce5131f53cad741a31875e0e654f3c5b6d64ce367db7e1b4626940", kill_on_drop: false }`
[INFO] running `Command { std: "docker" "exec" "-e" "SOURCE_DIR=/opt/rustwide/workdir" "-e" "CARGO_HOME=/opt/rustwide/cargo-home" "-e" "RUSTUP_HOME=/opt/rustwide/rustup-home" "-e" "CARGO_TARGET_DIR=/opt/rustwide/target" "-e" "CARGO_INCREMENTAL=0" "-e" "RUST_BACKTRACE=full" "-e" "RUSTFLAGS=--cap-lints=warn" "-e" "RUSTDOCFLAGS=--cap-lints=warn" "-w" "/opt/rustwide/workdir" "--user" "0:0" "8e1d142968ce5131f53cad741a31875e0e654f3c5b6d64ce367db7e1b4626940" "/opt/rustwide/cargo-home/bin/cargo" "+1.100.0-beta.1" "test" "--frozen" "--release", kill_on_drop: false }`
[INFO] [stderr]     Finished `release` profile [optimized] target(s) in 0.05s
[INFO] [stderr]      Running unittests src/lib.rs (/opt/rustwide/target/release/build/rivia-vfs/056a1c2a6654b0bb/out/rivia_vfs-056a1c2a6654b0bb)
[INFO] [stdout] 
[INFO] [stdout] running 17 tests
[INFO] [stdout] test assert::tests::test_assert_mkdir_m ... ok
[INFO] [stdout] test assert::tests::test_assert_read_all ... ok
[INFO] [stdout] test assert::tests::test_assert_mkfile ... ok
[INFO] [stdout] test assert::tests::test_assert_readlink ... ok
[INFO] [stdout] test assert::tests::test_assert_mkdir_p ... ok
[INFO] [stdout] test assert::tests::test_assert_is_file_no_file ... ok
[INFO] [stdout] test assert::tests::test_assert_is_dir_no_dir ... ok
[INFO] [stdout] test assert::tests::test_assert_is_symlink_no_symlink ... ok
[INFO] [stdout] test tests::test_everything_sequentially ... ok
[INFO] [stdout] test assert::tests::test_assert_exists_and_no_exists ... ok
[INFO] [stdout] test assert::tests::test_assert_symlink ... ok
[INFO] [stdout] test assert::tests::test_assert_copyfile ... ok
[INFO] [stdout] test assert::tests::test_assert_remove ... ok
[INFO] [stdout] test assert::tests::test_assert_remove_all ... ok
[INFO] [stdout] test assert::tests::test_assert_setup ... ok
[INFO] [stdout] test assert::tests::test_assert_write_all ... ok
[INFO] [stdout] test assert::tests::test_assert_readlink_abs ... ok
[INFO] [stdout] 
[INFO] [stdout] test result: ok. 17 passed; 0 failed; 0 ignored; 0 measured; 0 filtered out; finished in 0.06s
[INFO] [stdout] 
[INFO] [stderr]    Doc-tests rivia_vfs
[INFO] [stdout] 
[INFO] [stdout] running 78 tests
[INFO] [stdout] test src/assert.rs - assert::assert_readlink (line 343) ... FAILED
[INFO] [stdout] test src/assert.rs - assert::assert_is_file (line 203) ... FAILED
[INFO] [stdout] test src/assert.rs - assert::assert_no_symlink (line 255) ... FAILED
[INFO] [stdout] test src/assert.rs - assert::assert_is_dir (line 167) ... FAILED
[INFO] [stdout] test src/assert.rs - assert::assert_no_exists (line 151) ... FAILED
[INFO] [stdout] test src/assert.rs - assert::assert_read_all (line 325) ... FAILED
[INFO] [stdout] test src/assert.rs - assert::assert_mkfile (line 307) ... FAILED
[INFO] [stdout] test src/assert.rs - assert::assert_no_file (line 221) ... FAILED
[INFO] [stdout] test src/assert.rs - assert::assert_readlink_abs (line 361) ... FAILED
[INFO] [stdout] test src/assert.rs - assert::assert_memfs_setup (line 56) ... FAILED
[INFO] [stdout] test src/assert.rs - assert::assert_exists (line 135) ... FAILED
[INFO] [stdout] test src/assert.rs - assert::assert_copyfile (line 116) ... FAILED
[INFO] [stdout] test src/assert.rs - assert::assert_no_dir (line 185) ... FAILED
[INFO] [stdout] test src/assert.rs - assert::assert_mkdir_m (line 271) ... FAILED
[INFO] [stdout] test src/assert.rs - assert::assert_mkdir_p (line 289) ... FAILED
[INFO] [stdout] test src/assert.rs - assert::assert_setup (line 21) ... FAILED
[INFO] [stdout] test src/assert.rs - assert::assert_remove (line 384) ... FAILED
[INFO] [stdout] test src/assert.rs - assert::assert_is_symlink (line 237) ... FAILED
[INFO] [stdout] test src/assert.rs - assert::assert_symlink (line 425) ... FAILED
[INFO] [stdout] test src/assert.rs - assert::assert_remove_all (line 406) ... FAILED
[INFO] [stdout] test src/assert.rs - assert::assert_stdfs_setup (line 93) ... FAILED
[INFO] [stdout] test src/assert.rs - assert::assert_write_all (line 443) ... FAILED
[INFO] [stdout] test src/lib.rs - (line 14) ... FAILED
[INFO] [stdout] test src/lib.rs - all_files (line 200) ... FAILED
[INFO] [stdout] test src/lib.rs - all_paths (line 224) ... FAILED
[INFO] [stdout] test src/lib.rs - append_lines (line 334) ... FAILED
[INFO] [stdout] test src/lib.rs - all_dirs (line 179) ... FAILED
[INFO] [stdout] test src/lib.rs - append_line (line 308) ... FAILED
[INFO] [stdout] test src/lib.rs - abs (line 161) ... FAILED
[INFO] [stdout] test src/lib.rs - append (line 254) ... FAILED
[INFO] [stdout] test src/lib.rs - chown_b (line 425) ... FAILED
[INFO] [stdout] test src/lib.rs - chmod_b (line 382) ... FAILED
[INFO] [stdout] test src/lib.rs - chown (line 406) ... FAILED
[INFO] [stdout] test src/lib.rs - chmod (line 358) ... FAILED
[INFO] [stdout] test src/lib.rs - copy (line 472) ... FAILED
[INFO] [stdout] test src/lib.rs - config_dir (line 444) ... FAILED
[INFO] [stdout] test src/lib.rs - append_all (line 282) ... FAILED
[INFO] [stdout] test src/lib.rs - entries (line 557) ... FAILED
[INFO] [stdout] test src/lib.rs - copy_b (line 496) ... FAILED
[INFO] [stdout] test src/lib.rs - dirs (line 534) ... FAILED
[INFO] [stdout] test src/lib.rs - cwd (line 513) ... FAILED
[INFO] [stdout] test src/lib.rs - entry (line 577) ... FAILED
[INFO] [stdout] test src/lib.rs - gid (line 636) ... FAILED
[INFO] [stdout] test src/lib.rs - exists (line 594) ... FAILED
[INFO] [stdout] test src/lib.rs - files (line 614) ... FAILED
[INFO] [stdout] test src/lib.rs - mkdir_m (line 795) ... FAILED
[INFO] [stdout] test src/lib.rs - is_readonly (line 708) ... FAILED
[INFO] [stdout] test src/lib.rs - is_dir (line 671) ... FAILED
[INFO] [stdout] test src/lib.rs - is_file (line 690) ... FAILED
[INFO] [stdout] test src/lib.rs - mkfile (line 839) ... FAILED
[INFO] [stdout] test src/lib.rs - is_exec (line 651) ... FAILED
[INFO] [stdout] test src/lib.rs - is_symlink_dir (line 748) ... FAILED
[INFO] [stdout] test src/lib.rs - is_symlink_file (line 773) ... FAILED
[INFO] [stdout] test src/lib.rs - is_symlink (line 728) ... FAILED
[INFO] [stdout] test src/lib.rs - mkfile_m (line 855) ... FAILED
[INFO] [stdout] test src/lib.rs - mkdir_p (line 815) ... FAILED
[INFO] [stdout] test src/lib.rs - mode (line 876) ... FAILED
[INFO] [stdout] test src/lib.rs - set_stdfs (line 133) ... ignored
[INFO] [stdout] test src/lib.rs - prelude (line 53) ... FAILED
[INFO] [stdout] test src/lib.rs - readlink (line 1028) ... FAILED
[INFO] [stdout] test src/lib.rs - paths (line 939) ... FAILED
[INFO] [stdout] test src/lib.rs - owner (line 922) ... FAILED
[INFO] [stdout] test src/lib.rs - move_p (line 900) ... FAILED
[INFO] [stdout] test src/lib.rs - read_all (line 990) ... FAILED
[INFO] [stdout] test src/lib.rs - readlink_abs (line 1049) ... FAILED
[INFO] [stdout] test src/lib.rs - remove (line 1072) ... FAILED
[INFO] [stdout] test src/lib.rs - read_lines (line 1011) ... FAILED
[INFO] [stdout] test src/lib.rs - remove_all (line 1092) ... FAILED
[INFO] [stdout] test src/lib.rs - uid (line 1177) ... FAILED
[INFO] [stdout] test src/lib.rs - read (line 966) ... FAILED
[INFO] [stdout] test src/lib.rs - root (line 1112) ... ok
[INFO] [stdout] test src/lib.rs - set (line 93) ... ok
[INFO] [stdout] test src/lib.rs - set_memfs (line 110) ... ok
[INFO] [stdout] test src/lib.rs - set_cwd (line 1133) ... ok
[INFO] [stdout] test src/lib.rs - write_all (line 1222) ... ok
[INFO] [stdout] test src/lib.rs - write_lines (line 1247) ... ok
[INFO] [stdout] test src/lib.rs - write (line 1197) ... ok
[INFO] [stdout] test src/lib.rs - symlink (line 1158) ... ok
[INFO] [stdout] 
[INFO] [stdout] failures:
[INFO] [stdout] 
[INFO] [stdout] ---- src/assert.rs - assert::assert_readlink (line 343) stdout ----
[INFO] [stdout] Couldn't compile the test.
[INFO] [stdout] ---- src/assert.rs - assert::assert_is_file (line 203) stdout ----
[INFO] [stdout] Couldn't compile the test.
[INFO] [stdout] ---- src/assert.rs - assert::assert_no_symlink (line 255) stdout ----
[INFO] [stdout] Couldn't compile the test.
[INFO] [stdout] ---- src/assert.rs - assert::assert_is_dir (line 167) stdout ----
[INFO] [stdout] Couldn't compile the test.
[INFO] [stdout] ---- src/assert.rs - assert::assert_no_exists (line 151) stdout ----
[INFO] [stdout] Couldn't compile the test.
[INFO] [stdout] ---- src/assert.rs - assert::assert_read_all (line 325) stdout ----
[INFO] [stdout] Couldn't compile the test.
[INFO] [stdout] ---- src/assert.rs - assert::assert_mkfile (line 307) stdout ----
[INFO] [stdout] Couldn't compile the test.
[INFO] [stdout] ---- src/assert.rs - assert::assert_no_file (line 221) stdout ----
[INFO] [stdout] Couldn't compile the test.
[INFO] [stdout] ---- src/assert.rs - assert::assert_readlink_abs (line 361) stdout ----
[INFO] [stdout] Couldn't compile the test.
[INFO] [stdout] ---- src/assert.rs - assert::assert_memfs_setup (line 56) stdout ----
[INFO] [stdout] Couldn't compile the test.
[INFO] [stdout] ---- src/assert.rs - assert::assert_exists (line 135) stdout ----
[INFO] [stdout] Couldn't compile the test.
[INFO] [stdout] ---- src/assert.rs - assert::assert_copyfile (line 116) stdout ----
[INFO] [stdout] Couldn't compile the test.
[INFO] [stdout] ---- src/assert.rs - assert::assert_no_dir (line 185) stdout ----
[INFO] [stdout] Couldn't compile the test.
[INFO] [stdout] ---- src/assert.rs - assert::assert_mkdir_m (line 271) stdout ----
[INFO] [stdout] Couldn't compile the test.
[INFO] [stdout] ---- src/assert.rs - assert::assert_mkdir_p (line 289) stdout ----
[INFO] [stdout] Couldn't compile the test.
[INFO] [stdout] ---- src/assert.rs - assert::assert_setup (line 21) stdout ----
[INFO] [stdout] Couldn't compile the test.
[INFO] [stdout] ---- src/assert.rs - assert::assert_remove (line 384) stdout ----
[INFO] [stdout] Couldn't compile the test.
[INFO] [stdout] ---- src/assert.rs - assert::assert_is_symlink (line 237) stdout ----
[INFO] [stdout] Couldn't compile the test.
[INFO] [stdout] ---- src/assert.rs - assert::assert_symlink (line 425) stdout ----
[INFO] [stdout] Couldn't compile the test.
[INFO] [stdout] ---- src/assert.rs - assert::assert_remove_all (line 406) stdout ----
[INFO] [stdout] Couldn't compile the test.
[INFO] [stdout] ---- src/assert.rs - assert::assert_stdfs_setup (line 93) stdout ----
[INFO] [stdout] Couldn't compile the test.
[INFO] [stdout] ---- src/assert.rs - assert::assert_write_all (line 443) stdout ----
[INFO] [stdout] Couldn't compile the test.
[INFO] [stdout] ---- src/lib.rs - (line 14) stdout ----
[INFO] [stdout] Couldn't compile the test.
[INFO] [stdout] ---- src/lib.rs - all_files (line 200) stdout ----
[INFO] [stdout] Couldn't compile the test.
[INFO] [stdout] ---- src/lib.rs - all_paths (line 224) stdout ----
[INFO] [stdout] Couldn't compile the test.
[INFO] [stdout] ---- src/lib.rs - append_lines (line 334) stdout ----
[INFO] [stdout] Couldn't compile the test.
[INFO] [stdout] ---- src/lib.rs - all_dirs (line 179) stdout ----
[INFO] [stdout] Couldn't compile the test.
[INFO] [stdout] ---- src/lib.rs - append_line (line 308) stdout ----
[INFO] [stdout] Couldn't compile the test.
[INFO] [stdout] ---- src/lib.rs - abs (line 161) stdout ----
[INFO] [stdout] Couldn't compile the test.
[INFO] [stdout] ---- src/lib.rs - append (line 254) stdout ----
[INFO] [stdout] Couldn't compile the test.
[INFO] [stdout] ---- src/lib.rs - chown_b (line 425) stdout ----
[INFO] [stdout] Couldn't compile the test.
[INFO] [stdout] ---- src/lib.rs - chmod_b (line 382) stdout ----
[INFO] [stdout] Couldn't compile the test.
[INFO] [stdout] ---- src/lib.rs - chown (line 406) stdout ----
[INFO] [stdout] Couldn't compile the test.
[INFO] [stdout] ---- src/lib.rs - chmod (line 358) stdout ----
[INFO] [stdout] Couldn't compile the test.
[INFO] [stdout] ---- src/lib.rs - copy (line 472) stdout ----
[INFO] [stdout] Couldn't compile the test.
[INFO] [stdout] ---- src/lib.rs - config_dir (line 444) stdout ----
[INFO] [stdout] Couldn't compile the test.
[INFO] [stdout] ---- src/lib.rs - append_all (line 282) stdout ----
[INFO] [stdout] Couldn't compile the test.
[INFO] [stdout] ---- src/lib.rs - entries (line 557) stdout ----
[INFO] [stdout] Couldn't compile the test.
[INFO] [stdout] ---- src/lib.rs - copy_b (line 496) stdout ----
[INFO] [stdout] Couldn't compile the test.
[INFO] [stdout] ---- src/lib.rs - dirs (line 534) stdout ----
[INFO] [stdout] Couldn't compile the test.
[INFO] [stdout] ---- src/lib.rs - cwd (line 513) stdout ----
[INFO] [stdout] Couldn't compile the test.
[INFO] [stdout] ---- src/lib.rs - entry (line 577) stdout ----
[INFO] [stdout] Couldn't compile the test.
[INFO] [stdout] ---- src/lib.rs - gid (line 636) stdout ----
[INFO] [stdout] Couldn't compile the test.
[INFO] [stdout] ---- src/lib.rs - exists (line 594) stdout ----
[INFO] [stdout] Couldn't compile the test.
[INFO] [stdout] ---- src/lib.rs - files (line 614) stdout ----
[INFO] [stdout] Couldn't compile the test.
[INFO] [stdout] ---- src/lib.rs - mkdir_m (line 795) stdout ----
[INFO] [stdout] Couldn't compile the test.
[INFO] [stdout] ---- src/lib.rs - is_readonly (line 708) stdout ----
[INFO] [stdout] Couldn't compile the test.
[INFO] [stdout] ---- src/lib.rs - is_dir (line 671) stdout ----
[INFO] [stdout] Couldn't compile the test.
[INFO] [stdout] ---- src/lib.rs - is_file (line 690) stdout ----
[INFO] [stdout] Couldn't compile the test.
[INFO] [stdout] ---- src/lib.rs - mkfile (line 839) stdout ----
[INFO] [stdout] Couldn't compile the test.
[INFO] [stdout] ---- src/lib.rs - is_exec (line 651) stdout ----
[INFO] [stdout] Couldn't compile the test.
[INFO] [stdout] ---- src/lib.rs - is_symlink_dir (line 748) stdout ----
[INFO] [stdout] Couldn't compile the test.
[INFO] [stdout] ---- src/lib.rs - is_symlink_file (line 773) stdout ----
[INFO] [stdout] Couldn't compile the test.
[INFO] [stdout] ---- src/lib.rs - is_symlink (line 728) stdout ----
[INFO] [stdout] Couldn't compile the test.
[INFO] [stdout] ---- src/lib.rs - mkfile_m (line 855) stdout ----
[INFO] [stdout] Couldn't compile the test.
[INFO] [stdout] ---- src/lib.rs - mkdir_p (line 815) stdout ----
[INFO] [stdout] Couldn't compile the test.
[INFO] [stdout] ---- src/lib.rs - mode (line 876) stdout ----
[INFO] [stdout] Couldn't compile the test.
[INFO] [stdout] ---- src/lib.rs - prelude (line 53) stdout ----
[INFO] [stdout] Couldn't compile the test.
[INFO] [stdout] ---- src/lib.rs - readlink (line 1028) stdout ----
[INFO] [stdout] Couldn't compile the test.
[INFO] [stdout] ---- src/lib.rs - paths (line 939) stdout ----
[INFO] [stdout] Couldn't compile the test.
[INFO] [stdout] ---- src/lib.rs - owner (line 922) stdout ----
[INFO] [stdout] Couldn't compile the test.
[INFO] [stdout] ---- src/lib.rs - move_p (line 900) stdout ----
[INFO] [stdout] Couldn't compile the test.
[INFO] [stdout] ---- src/lib.rs - read_all (line 990) stdout ----
[INFO] [stdout] Couldn't compile the test.
[INFO] [stdout] ---- src/lib.rs - readlink_abs (line 1049) stdout ----
[INFO] [stdout] Couldn't compile the test.
[INFO] [stdout] ---- src/lib.rs - remove (line 1072) stdout ----
[INFO] [stdout] Couldn't compile the test.
[INFO] [stdout] ---- src/lib.rs - read_lines (line 1011) stdout ----
[INFO] [stdout] Couldn't compile the test.
[INFO] [stdout] ---- src/lib.rs - remove_all (line 1092) stdout ----
[INFO] [stdout] Couldn't compile the test.
[INFO] [stdout] ---- src/lib.rs - uid (line 1177) stdout ----
[INFO] [stdout] Couldn't compile the test.
[INFO] [stdout] ---- src/lib.rs - read (line 966) stdout ----
[INFO] [stdout] Couldn't compile the test.
[INFO] [stdout] 
[INFO] [stdout] failures:
[INFO] [stdout]     src/assert.rs - assert::assert_copyfile (line 116)
[INFO] [stdout]     src/assert.rs - assert::assert_exists (line 135)
[INFO] [stdout]     src/assert.rs - assert::assert_is_dir (line 167)
[INFO] [stdout]     src/assert.rs - assert::assert_is_file (line 203)
[INFO] [stdout]     src/assert.rs - assert::assert_is_symlink (line 237)
[INFO] [stdout]     src/assert.rs - assert::assert_memfs_setup (line 56)
[INFO] [stdout]     src/assert.rs - assert::assert_mkdir_m (line 271)
[INFO] [stdout]     src/assert.rs - assert::assert_mkdir_p (line 289)
[INFO] [stdout]     src/assert.rs - assert::assert_mkfile (line 307)
[INFO] [stdout]     src/assert.rs - assert::assert_no_dir (line 185)
[INFO] [stdout]     src/assert.rs - assert::assert_no_exists (line 151)
[INFO] [stdout]     src/assert.rs - assert::assert_no_file (line 221)
[INFO] [stdout]     src/assert.rs - assert::assert_no_symlink (line 255)
[INFO] [stdout]     src/assert.rs - assert::assert_read_all (line 325)
[INFO] [stdout]     src/assert.rs - assert::assert_readlink (line 343)
[INFO] [stdout]     src/assert.rs - assert::assert_readlink_abs (line 361)
[INFO] [stdout]     src/assert.rs - assert::assert_remove (line 384)
[INFO] [stdout]     src/assert.rs - assert::assert_remove_all (line 406)
[INFO] [stdout]     src/assert.rs - assert::assert_setup (line 21)
[INFO] [stdout]     src/assert.rs - assert::assert_stdfs_setup (line 93)
[INFO] [stdout]     src/assert.rs - assert::assert_symlink (line 425)
[INFO] [stdout]     src/assert.rs - assert::assert_write_all (line 443)
[INFO] [stdout]     src/lib.rs - (line 14)
[INFO] [stdout]     src/lib.rs - abs (line 161)
[INFO] [stdout]     src/lib.rs - all_dirs (line 179)
[INFO] [stdout]     src/lib.rs - all_files (line 200)
[INFO] [stdout]     src/lib.rs - all_paths (line 224)
[INFO] [stdout]     src/lib.rs - append (line 254)
[INFO] [stdout]     src/lib.rs - append_all (line 282)
[INFO] [stdout]     src/lib.rs - append_line (line 308)
[INFO] [stdout]     src/lib.rs - append_lines (line 334)
[INFO] [stdout]     src/lib.rs - chmod (line 358)
[INFO] [stdout]     src/lib.rs - chmod_b (line 382)
[INFO] [stdout]     src/lib.rs - chown (line 406)
[INFO] [stdout]     src/lib.rs - chown_b (line 425)
[INFO] [stdout]     src/lib.rs - config_dir (line 444)
[INFO] [stdout]     src/lib.rs - copy (line 472)
[INFO] [stdout]     src/lib.rs - copy_b (line 496)
[INFO] [stdout]     src/lib.rs - cwd (line 513)
[INFO] [stdout]     src/lib.rs - dirs (line 534)
[INFO] [stdout]     src/lib.rs - entries (line 557)
[INFO] [stdout]     src/lib.rs - entry (line 577)
[INFO] [stdout]     src/lib.rs - exists (line 594)
[INFO] [stdout]     src/lib.rs - files (line 614)
[INFO] [stdout]     src/lib.rs - gid (line 636)
[INFO] [stdout]     src/lib.rs - is_dir (line 671)
[INFO] [stdout]     src/lib.rs - is_exec (line 651)
[INFO] [stdout]     src/lib.rs - is_file (line 690)
[INFO] [stdout]     src/lib.rs - is_readonly (line 708)
[INFO] [stdout]     src/lib.rs - is_symlink (line 728)
[INFO] [stdout]     src/lib.rs - is_symlink_dir (line 748)
[INFO] [stdout]     src/lib.rs - is_symlink_file (line 773)
[INFO] [stdout]     src/lib.rs - mkdir_m (line 795)
[INFO] [stdout]     src/lib.rs - mkdir_p (line 815)
[INFO] [stdout]     src/lib.rs - mkfile (line 839)
[INFO] [stdout]     src/lib.rs - mkfile_m (line 855)
[INFO] [stdout]     src/lib.rs - mode (line 876)
[INFO] [stdout]     src/lib.rs - move_p (line 900)
[INFO] [stdout]     src/lib.rs - owner (line 922)
[INFO] [stdout]     src/lib.rs - paths (line 939)
[INFO] [stdout]     src/lib.rs - prelude (line 53)
[INFO] [stdout]     src/lib.rs - read (line 966)
[INFO] [stdout]     src/lib.rs - read_all (line 990)
[INFO] [stdout]     src/lib.rs - read_lines (line 1011)
[INFO] [stdout]     src/lib.rs - readlink (line 1028)
[INFO] [stdout]     src/lib.rs - readlink_abs (line 1049)
[INFO] [stdout]     src/lib.rs - remove (line 1072)
[INFO] [stdout]     src/lib.rs - remove_all (line 1092)
[INFO] [stdout]     src/lib.rs - uid (line 1177)
[INFO] [stdout] 
[INFO] [stdout] test result: FAILED. 8 passed; 69 failed; 1 ignored; 0 measured; 0 filtered out; finished in 63.88s
[INFO] [stdout] 
[INFO] [stderr] error: doctest failed, to rerun pass `--doc`
[INFO] running `Command { std: "docker" "inspect" "8e1d142968ce5131f53cad741a31875e0e654f3c5b6d64ce367db7e1b4626940", kill_on_drop: false }`
[INFO] running `Command { std: "docker" "rm" "-f" "8e1d142968ce5131f53cad741a31875e0e654f3c5b6d64ce367db7e1b4626940", kill_on_drop: false }`
[INFO] [stdout] 8e1d142968ce5131f53cad741a31875e0e654f3c5b6d64ce367db7e1b4626940
