[INFO] fetching crate rivets 0.1.0...
[INFO] testing rivets-0.1.0 against 1.100.0-beta.1+cargoflags=--release for beta-release-1.100-2
[INFO] extracting crate rivets 0.1.0 into /workspace/builds/worker-5-tc2/source
[INFO] started tweaking crates.io crate rivets 0.1.0
[INFO] removed 0 missing tests
[INFO] finished tweaking crates.io crate rivets 0.1.0
[INFO] tweaked toml for crates.io crate rivets 0.1.0 written to /workspace/builds/worker-5-tc2/source/Cargo.toml
[INFO] validating manifest of crates.io crate rivets 0.1.0 on toolchain 1.100.0-beta.1
[INFO] running `Command { std: CARGO_HOME="/workspace/cargo-home" RUSTUP_HOME="/workspace/rustup-home" "/workspace/cargo-home/bin/cargo" "+1.100.0-beta.1" "metadata" "--manifest-path" "Cargo.toml" "--no-deps", kill_on_drop: false }`
[INFO] crate crates.io crate rivets 0.1.0 already has a lockfile, it will not be regenerated
[INFO] running `Command { std: CARGO_HOME="/workspace/cargo-home" RUSTUP_HOME="/workspace/rustup-home" "/workspace/cargo-home/bin/cargo" "+1.100.0-beta.1" "fetch" "--manifest-path" "Cargo.toml", kill_on_drop: false }`
[INFO] [stderr] warning: `package.homepage` is redundant with `package.repository`
[INFO] [stderr]   --> Cargo.toml:89:12
[INFO] [stderr]    |
[INFO] [stderr] 89 | homepage = "https://github.com/dwalleck/rivets"
[INFO] [stderr]    |            ^^^^^^^^^^^^^^^^^^^^^^^^^^^^^^^^^^^^
[INFO] [stderr] ...
[INFO] [stderr] 94 | repository = "https://github.com/dwalleck/rivets"
[INFO] [stderr]    |              ------------------------------------
[INFO] [stderr]    |
[INFO] [stderr]    = note: `cargo::redundant_homepage` is set to `warn` by default
[INFO] [stderr] help: consider removing `package.homepage`
[INFO] [stderr] warning: `rivets` (manifest) generated 1 warning
[INFO] running `Command { std: "docker" "create" "-v" "/var/lib/crater-agent-workspace/builds/worker-5-tc2/source:/opt/rustwide/workdir:ro,Z" "-v" "/var/lib/crater-agent-workspace/builds/worker-5-tc2/target:/opt/rustwide/target:rw,Z" "-v" "/var/lib/crater-agent-workspace/cargo-home:/opt/rustwide/cargo-home:ro,Z" "-v" "/var/lib/crater-agent-workspace/rustup-home:/opt/rustwide/rustup-home:ro,Z" "-m" "1610612736" "--network" "none" "ghcr.io/rust-lang/crates-build-env/linux@sha256:77db811e55d90add9212f6832c23229e3de5f1c1f9905e8cb07319ea15df73ac" "sleep" "infinity", kill_on_drop: false }`
[INFO] [stdout] b64eab8c4de08b6cca54af8cc23908f8be50e0de843a2815520a457c6f531b70
[INFO] running `Command { std: "docker" "start" "b64eab8c4de08b6cca54af8cc23908f8be50e0de843a2815520a457c6f531b70", kill_on_drop: false }`
[INFO] running `Command { std: "docker" "inspect" "b64eab8c4de08b6cca54af8cc23908f8be50e0de843a2815520a457c6f531b70", kill_on_drop: false }`
[INFO] running `Command { std: "docker" "exec" "-e" "SOURCE_DIR=/opt/rustwide/workdir" "-e" "CARGO_HOME=/opt/rustwide/cargo-home" "-e" "RUSTUP_HOME=/opt/rustwide/rustup-home" "-e" "CARGO_TARGET_DIR=/opt/rustwide/target" "-w" "/opt/rustwide/workdir" "--user" "0:0" "b64eab8c4de08b6cca54af8cc23908f8be50e0de843a2815520a457c6f531b70" "/opt/rustwide/cargo-home/bin/cargo" "+1.100.0-beta.1" "metadata" "--no-deps" "--format-version=1", kill_on_drop: false }`
[INFO] running `Command { std: "docker" "inspect" "b64eab8c4de08b6cca54af8cc23908f8be50e0de843a2815520a457c6f531b70", kill_on_drop: false }`
[INFO] running `Command { std: "docker" "exec" "-e" "SOURCE_DIR=/opt/rustwide/workdir" "-e" "CARGO_HOME=/opt/rustwide/cargo-home" "-e" "RUSTUP_HOME=/opt/rustwide/rustup-home" "-e" "CARGO_TARGET_DIR=/opt/rustwide/target" "-e" "CARGO_INCREMENTAL=0" "-e" "RUST_BACKTRACE=full" "-e" "RUSTFLAGS=--cap-lints=warn" "-e" "RUSTDOCFLAGS=--cap-lints=warn" "-w" "/opt/rustwide/workdir" "--user" "0:0" "b64eab8c4de08b6cca54af8cc23908f8be50e0de843a2815520a457c6f531b70" "/opt/rustwide/cargo-home/bin/cargo" "+1.100.0-beta.1" "build" "--frozen" "--message-format=json" "--release", kill_on_drop: false }`
[INFO] [stderr] warning: `package.homepage` is redundant with `package.repository`
[INFO] [stderr]   --> Cargo.toml:89:12
[INFO] [stderr]    |
[INFO] [stderr] 89 | homepage = "https://github.com/dwalleck/rivets"
[INFO] [stderr]    |            ^^^^^^^^^^^^^^^^^^^^^^^^^^^^^^^^^^^^
[INFO] [stderr] ...
[INFO] [stderr] 94 | repository = "https://github.com/dwalleck/rivets"
[INFO] [stderr]    |              ------------------------------------
[INFO] [stderr]    |
[INFO] [stderr]    = note: `cargo::redundant_homepage` is set to `warn` by default
[INFO] [stderr] help: consider removing `package.homepage`
[INFO] [stderr] warning: `rivets` (manifest) generated 1 warning
[INFO] [stderr]    Compiling proc-macro2 v1.0.103
[INFO] [stderr]    Compiling quote v1.0.42
[INFO] [stderr]    Compiling unicode-ident v1.0.22
[INFO] [stderr]    Compiling futures-sink v0.3.31
[INFO] [stderr]    Compiling futures-core v0.3.31
[INFO] [stderr]    Compiling tracing-core v0.1.35
[INFO] [stderr]    Compiling anstyle-parse v0.2.7
[INFO] [stderr]    Compiling serde_json v1.0.145
[INFO] [stderr]    Compiling thiserror v2.0.17
[INFO] [stderr]    Compiling rustix v1.1.2
[INFO] [stderr]    Compiling regex-syntax v0.8.8
[INFO] [stderr]    Compiling colorchoice v1.0.4
[INFO] [stderr]    Compiling indexmap v2.12.1
[INFO] [stderr]    Compiling linux-raw-sys v0.11.0
[INFO] [stderr]    Compiling log v0.4.28
[INFO] [stderr]    Compiling clap_lex v0.7.6
[INFO] [stderr]    Compiling bytes v1.11.0
[INFO] [stderr]    Compiling bitflags v2.10.0
[INFO] [stderr]    Compiling digest v0.10.7
[INFO] [stderr]    Compiling anstream v0.6.21
[INFO] [stderr]    Compiling iana-time-zone v0.1.64
[INFO] [stderr]    Compiling futures-channel v0.3.31
[INFO] [stderr]    Compiling smawk v0.3.2
[INFO] [stderr]    Compiling smallvec v1.15.1
[INFO] [stderr]    Compiling unsafe-libyaml v0.2.11
[INFO] [stderr]    Compiling colored v3.0.0
[INFO] [stderr]    Compiling clap_builder v4.5.53
[INFO] [stderr]    Compiling textwrap v0.16.2
[INFO] [stderr]    Compiling sha2 v0.10.9
[INFO] [stderr]    Compiling tracing-log v0.2.0
[INFO] [stderr]    Compiling syn v2.0.111
[INFO] [stderr]    Compiling petgraph v0.6.5
[INFO] [stderr]    Compiling terminal_size v0.4.3
[INFO] [stderr]    Compiling regex-automata v0.4.13
[INFO] [stderr]    Compiling matchers v0.2.0
[INFO] [stderr]    Compiling serde_derive v1.0.228
[INFO] [stderr]    Compiling futures-macro v0.3.31
[INFO] [stderr]    Compiling tracing-attributes v0.1.31
[INFO] [stderr]    Compiling tokio-macros v2.6.0
[INFO] [stderr]    Compiling thiserror-impl v2.0.17
[INFO] [stderr]    Compiling clap_derive v4.5.49
[INFO] [stderr]    Compiling async-trait v0.1.89
[INFO] [stderr]    Compiling tokio v1.48.0
[INFO] [stderr]    Compiling futures-util v0.3.31
[INFO] [stderr]    Compiling tracing v0.1.43
[INFO] [stderr]    Compiling tracing-subscriber v0.3.22
[INFO] [stderr]    Compiling clap v4.5.53
[INFO] [stderr]    Compiling serde v1.0.228
[INFO] [stderr]    Compiling serde_yaml v0.9.34+deprecated
[INFO] [stderr]    Compiling chrono v0.4.42
[INFO] [stderr]    Compiling futures-executor v0.3.31
[INFO] [stderr]    Compiling futures v0.3.31
[INFO] [stderr]    Compiling rivets-jsonl v0.1.0
[INFO] [stderr]    Compiling rivets v0.1.0 (/opt/rustwide/workdir)
[INFO] [stderr]     Finished `release` profile [optimized] target(s) in 54.29s
[INFO] running `Command { std: "docker" "inspect" "b64eab8c4de08b6cca54af8cc23908f8be50e0de843a2815520a457c6f531b70", kill_on_drop: false }`
[INFO] running `Command { std: "docker" "exec" "-e" "SOURCE_DIR=/opt/rustwide/workdir" "-e" "CARGO_HOME=/opt/rustwide/cargo-home" "-e" "RUSTUP_HOME=/opt/rustwide/rustup-home" "-e" "CARGO_TARGET_DIR=/opt/rustwide/target" "-e" "CARGO_INCREMENTAL=0" "-e" "RUST_BACKTRACE=full" "-e" "RUSTFLAGS=--cap-lints=warn" "-e" "RUSTDOCFLAGS=--cap-lints=warn" "-w" "/opt/rustwide/workdir" "--user" "0:0" "b64eab8c4de08b6cca54af8cc23908f8be50e0de843a2815520a457c6f531b70" "/opt/rustwide/cargo-home/bin/cargo" "+1.100.0-beta.1" "test" "--frozen" "--no-run" "--message-format=json" "--release", kill_on_drop: false }`
[INFO] [stderr] warning: `package.homepage` is redundant with `package.repository`
[INFO] [stderr]   --> Cargo.toml:89:12
[INFO] [stderr]    |
[INFO] [stderr] 89 | homepage = "https://github.com/dwalleck/rivets"
[INFO] [stderr]    |            ^^^^^^^^^^^^^^^^^^^^^^^^^^^^^^^^^^^^
[INFO] [stderr] ...
[INFO] [stderr] 94 | repository = "https://github.com/dwalleck/rivets"
[INFO] [stderr]    |              ------------------------------------
[INFO] [stderr]    |
[INFO] [stderr]    = note: `cargo::redundant_homepage` is set to `warn` by default
[INFO] [stderr] help: consider removing `package.homepage`
[INFO] [stderr] warning: `rivets` (manifest) generated 1 warning
[INFO] [stderr]    Compiling futures-channel v0.3.31
[INFO] [stderr]    Compiling rustix v1.1.2
[INFO] [stderr]    Compiling memchr v2.7.6
[INFO] [stderr]    Compiling hashbrown v0.16.1
[INFO] [stderr]    Compiling syn v2.0.111
[INFO] [stderr]    Compiling winnow v0.7.14
[INFO] [stderr]    Compiling semver v1.0.27
[INFO] [stderr]    Compiling libc v0.2.177
[INFO] [stderr]    Compiling regex-syntax v0.8.8
[INFO] [stderr]    Compiling toml_datetime v0.7.3
[INFO] [stderr]    Compiling relative-path v1.9.3
[INFO] [stderr]    Compiling glob v0.3.3
[INFO] [stderr]    Compiling futures-timer v3.0.3
[INFO] [stderr]    Compiling rustc_version v0.4.1
[INFO] [stderr]    Compiling indexmap v2.12.1
[INFO] [stderr]    Compiling aho-corasick v1.1.4
[INFO] [stderr]    Compiling rstest_macros v0.26.1
[INFO] [stderr]    Compiling getrandom v0.3.4
[INFO] [stderr]    Compiling toml_parser v1.0.4
[INFO] [stderr]    Compiling toml_edit v0.23.7
[INFO] [stderr]    Compiling regex-automata v0.4.13
[INFO] [stderr]    Compiling proc-macro-crate v3.4.0
[INFO] [stderr]    Compiling terminal_size v0.4.3
[INFO] [stderr]    Compiling tempfile v3.23.0
[INFO] [stderr]    Compiling futures-macro v0.3.31
[INFO] [stderr]    Compiling tokio-macros v2.6.0
[INFO] [stderr]    Compiling serde_derive v1.0.228
[INFO] [stderr]    Compiling tracing-attributes v0.1.31
[INFO] [stderr]    Compiling thiserror-impl v2.0.17
[INFO] [stderr]    Compiling clap_derive v4.5.49
[INFO] [stderr]    Compiling async-stream-impl v0.3.6
[INFO] [stderr]    Compiling async-trait v0.1.89
[INFO] [stderr]    Compiling regex v1.12.2
[INFO] [stderr]    Compiling async-stream v0.3.6
[INFO] [stderr]    Compiling tokio v1.48.0
[INFO] [stderr]    Compiling futures-util v0.3.31
[INFO] [stderr]    Compiling tracing v0.1.43
[INFO] [stderr]    Compiling tracing-subscriber v0.3.22
[INFO] [stderr]    Compiling thiserror v2.0.17
[INFO] [stderr]    Compiling clap v4.5.53
[INFO] [stderr]    Compiling serde v1.0.228
[INFO] [stderr]    Compiling serde_yaml v0.9.34+deprecated
[INFO] [stderr]    Compiling chrono v0.4.42
[INFO] [stderr]    Compiling futures-executor v0.3.31
[INFO] [stderr]    Compiling rstest v0.26.1
[INFO] [stderr]    Compiling futures v0.3.31
[INFO] [stderr]    Compiling rivets-jsonl v0.1.0
[INFO] [stderr]    Compiling tokio-stream v0.1.17
[INFO] [stderr]    Compiling rivets v0.1.0 (/opt/rustwide/workdir)
[INFO] [stderr]    Compiling tokio-test v0.4.4
[INFO] [stderr]     Finished `release` profile [optimized] target(s) in 59.08s
[INFO] running `Command { std: "docker" "inspect" "b64eab8c4de08b6cca54af8cc23908f8be50e0de843a2815520a457c6f531b70", kill_on_drop: false }`
[INFO] running `Command { std: "docker" "exec" "-e" "SOURCE_DIR=/opt/rustwide/workdir" "-e" "CARGO_HOME=/opt/rustwide/cargo-home" "-e" "RUSTUP_HOME=/opt/rustwide/rustup-home" "-e" "CARGO_TARGET_DIR=/opt/rustwide/target" "-e" "CARGO_INCREMENTAL=0" "-e" "RUST_BACKTRACE=full" "-e" "RUSTFLAGS=--cap-lints=warn" "-e" "RUSTDOCFLAGS=--cap-lints=warn" "-w" "/opt/rustwide/workdir" "--user" "0:0" "b64eab8c4de08b6cca54af8cc23908f8be50e0de843a2815520a457c6f531b70" "/opt/rustwide/cargo-home/bin/cargo" "+1.100.0-beta.1" "test" "--frozen" "--release", kill_on_drop: false }`
[INFO] [stderr] warning: `package.homepage` is redundant with `package.repository`
[INFO] [stderr]   --> Cargo.toml:89:12
[INFO] [stderr]    |
[INFO] [stderr] 89 | homepage = "https://github.com/dwalleck/rivets"
[INFO] [stderr]    |            ^^^^^^^^^^^^^^^^^^^^^^^^^^^^^^^^^^^^
[INFO] [stderr] ...
[INFO] [stderr] 94 | repository = "https://github.com/dwalleck/rivets"
[INFO] [stderr]    |              ------------------------------------
[INFO] [stderr]    |
[INFO] [stderr]    = note: `cargo::redundant_homepage` is set to `warn` by default
[INFO] [stderr] help: consider removing `package.homepage`
[INFO] [stderr] warning: `rivets` (manifest) generated 1 warning
[INFO] [stderr]     Finished `release` profile [optimized] target(s) in 0.41s
[INFO] [stderr]      Running unittests src/lib.rs (/opt/rustwide/target/release/build/rivets/3bfb00367a5db956/out/rivets-3bfb00367a5db956)
[INFO] [stdout] 
[INFO] [stdout] running 222 tests
[INFO] [stdout] test cli::execute::tests::append_note_tests::test_append_note::case_3_empty_existing_notes ... ok
[INFO] [stdout] test cli::execute::tests::append_note_tests::test_append_note::case_2_with_existing_notes ... ok
[INFO] [stdout] test cli::execute::tests::resolve_label_issue_ids_tests::test_neither_positional_nor_flag_fails ... ok
[INFO] [stdout] test cli::execute::tests::append_note_tests::test_append_note_reopen_reason ... ok
[INFO] [stdout] test cli::execute::tests::resolve_label_issue_ids_tests::test_single_positional_id ... ok
[INFO] [stdout] test cli::execute::tests::resolve_label_issue_ids_tests::test_multiple_ids_via_flag ... ok
[INFO] [stdout] test cli::tests::test_parse_close ... ok
[INFO] [stdout] test cli::tests::test_parse_close_multiple_ids ... ok
[INFO] [stdout] test cli::execute::tests::append_note_tests::test_append_note_close_reason ... ok
[INFO] [stdout] test cli::tests::test_parse_close_with_reason ... ok
[INFO] [stdout] test cli::tests::test_parse_create_full ... ok
[INFO] [stdout] test cli::tests::test_parse_create_invalid_priority ... ok
[INFO] [stdout] test cli::tests::test_parse_create_minimal ... ok
[INFO] [stdout] test cli::tests::test_parse_delete ... ok
[INFO] [stdout] test cli::tests::test_parse_dep_remove ... ok
[INFO] [stdout] test cli::tests::test_parse_delete_force ... ok
[INFO] [stdout] test cli::tests::test_parse_info ... ok
[INFO] [stdout] test cli::tests::test_parse_dep_add ... ok
[INFO] [stdout] test cli::tests::test_parse_dep_list ... ok
[INFO] [stdout] test cli::tests::test_parse_init_default ... ok
[INFO] [stdout] test cli::tests::test_parse_global_json_flag ... ok
[INFO] [stdout] test cli::execute::tests::test_save_or_record_failure_error_contains_message ... ok
[INFO] [stdout] test cli::execute::tests::append_note_tests::test_append_note::case_1_no_existing_notes ... ok
[INFO] [stdout] test cli::tests::test_parse_init_quiet ... ok
[INFO] [stdout] test cli::execute::tests::resolve_label_issue_ids_tests::test_both_positional_and_flag_fails ... ok
[INFO] [stdout] test cli::execute::tests::append_note_tests::test_append_note::case_4_multiline_existing ... ok
[INFO] [stdout] test cli::tests::test_parse_info_with_json ... ok
[INFO] [stdout] test cli::execute::tests::test_save_or_record_failure_save_error ... FAILED
[INFO] [stdout] test cli::tests::test_parse_init_with_prefix ... ok
[INFO] [stdout] test app::tests::test_app_from_uninitialized_directory ... ok
[INFO] [stdout] test cli::tests::test_parse_blocked ... ok
[INFO] [stdout] test cli::tests::test_parse_no_command ... ok
[INFO] [stdout] test cli::tests::test_parse_list_status_in_progress_alias ... ok
[INFO] [stdout] test cli::tests::test_parse_list_default ... ok
[INFO] [stdout] test cli::tests::test_parse_ready_default ... ok
[INFO] [stdout] test cli::tests::test_parse_list_status_in_progress ... ok
[INFO] [stdout] test cli::tests::test_parse_show_invalid_id ... ok
[INFO] [stdout] test cli::tests::test_parse_list_with_filters ... ok
[INFO] [stdout] test cli::tests::test_parse_show_multiple_ids ... ok
[INFO] [stdout] test cli::tests::test_parse_ready_with_options ... ok
[INFO] [stdout] test cli::tests::test_parse_reopen ... ok
[INFO] [stdout] test cli::tests::test_parse_reopen_with_reason ... ok
[INFO] [stdout] test cli::execute::tests::test_save_or_record_failure_outcomes::case_1_success ... ok
[INFO] [stdout] test cli::tests::test_parse_update ... ok
[INFO] [stdout] test cli::tests::test_parse_stats ... ok
[INFO] [stdout] test cli::execute::tests::test_save_or_record_failure_outcomes::case_2_storage_error ... ok
[INFO] [stdout] test cli::execute::tests::test_save_or_record_failure_success_records_issue ... ok
[INFO] [stdout] test cli::tests::test_parse_update_multiple_ids ... ok
[INFO] [stdout] test cli::types::tests::test_issue_status_conversion ... ok
[INFO] [stdout] test cli::tests::test_parse_update_no_assignee ... ok
[INFO] [stdout] test cli::types::tests::test_issue_type_conversion ... ok
[INFO] [stdout] test cli::tests::test_parse_show ... ok
[INFO] [stdout] test cli::types::tests::test_dependency_type_conversion ... ok
[INFO] [stdout] test cli::tests::test_parse_update_assignee_and_no_assignee_conflict ... ok
[INFO] [stdout] test cli::tests::test_parse_reopen_multiple_ids ... ok
[INFO] [stdout] test cli::validators::tests::test_validate_description_empty ... ok
[INFO] [stdout] test app::tests::test_app_from_subdirectory ... ok
[INFO] [stdout] test cli::validators::tests::test_validate_description_with_newline_allowed ... ok
[INFO] [stdout] test cli::validators::tests::test_validate_description_with_control_character ... ok
[INFO] [stdout] test cli::validators::tests::test_validate_description_with_tab_and_newline ... ok
[INFO] [stdout] test cli::validators::tests::test_validate_issue_id_empty ... ok
[INFO] [stdout] test cli::validators::tests::test_validate_issue_id_consecutive_hyphens ... ok
[INFO] [stdout] test cli::validators::tests::test_validate_issue_id_multiple_hyphens ... ok
[INFO] [stdout] test cli::validators::tests::test_validate_issue_id_no_hyphen ... ok
[INFO] [stdout] test cli::validators::tests::test_validate_issue_id_empty_suffix ... ok
[INFO] [stdout] test cli::types::tests::test_display_implementations ... ok
[INFO] [stdout] test cli::validators::tests::test_validate_label_exactly_max_length ... ok
[INFO] [stdout] test cli::validators::tests::test_validate_issue_id_trailing_hyphen_suffix ... ok
[INFO] [stdout] test cli::validators::tests::test_validate_label_mixed_separators_allowed ... ok
[INFO] [stdout] test cli::validators::tests::test_validate_issue_id_prefix_too_short ... ok
[INFO] [stdout] test cli::validators::tests::test_validate_issue_id_valid ... ok
[INFO] [stdout] test cli::validators::tests::test_validate_label_must_end_with_alphanumeric ... ok
[INFO] [stdout] test cli::validators::tests::test_validate_label_empty ... ok
[INFO] [stdout] test cli::validators::tests::test_validate_label_must_start_with_alphanumeric ... ok
[INFO] [stdout] test cli::validators::tests::test_validate_label_no_consecutive_hyphens::case_1_two_hyphens ... ok
[INFO] [stdout] test cli::validators::tests::test_validate_label_no_consecutive_hyphens::case_3_four_hyphens ... ok
[INFO] [stdout] test cli::validators::tests::test_validate_label_no_consecutive_underscores::case_1_two_underscores ... ok
[INFO] [stdout] test cli::validators::tests::test_validate_label_no_consecutive_hyphens::case_2_three_hyphens ... ok
[INFO] [stdout] test cli::validators::tests::test_validate_label_no_consecutive_underscores::case_3_four_underscores ... ok
[INFO] [stdout] test cli::validators::tests::test_validate_issue_id_invalid_chars ... ok
[INFO] [stdout] test cli::validators::tests::test_validate_label_space_rejected ... ok
[INFO] [stdout] test cli::validators::tests::test_validate_issue_id_prefix_21_chars ... ok
[INFO] [stdout] test cli::validators::tests::test_validate_label_special_chars_rejected ... ok
[INFO] [stdout] test cli::validators::tests::test_validate_issue_id_leading_hyphen_suffix ... ok
[INFO] [stdout] test cli::validators::tests::test_validate_label_too_long ... ok
[INFO] [stdout] test cli::validators::tests::test_validate_issue_id_prefix_exactly_20_chars ... ok
[INFO] [stdout] test cli::validators::tests::test_validate_prefix_too_short ... ok
[INFO] [stdout] test cli::validators::tests::test_validate_prefix_valid ... ok
[INFO] [stdout] test cli::validators::tests::test_validate_label_whitespace_only ... ok
[INFO] [stdout] test cli::validators::tests::test_validate_title_exactly_max_length ... ok
[INFO] [stdout] test cli::validators::tests::test_validate_title_empty ... ok
[INFO] [stdout] test cli::validators::tests::test_validate_prefix_invalid_chars ... ok
[INFO] [stdout] test cli::validators::tests::test_validate_prefix_too_long ... ok
[INFO] [stdout] test cli::validators::tests::test_validate_label_no_consecutive_underscores::case_2_three_underscores ... ok
[INFO] [stdout] test cli::validators::tests::test_validate_title_with_control_character ... ok
[INFO] [stdout] test commands::init::tests::test_config_default ... ok
[INFO] [stdout] test cli::validators::tests::test_validate_title_with_delete_character ... ok
[INFO] [stdout] test cli::validators::tests::test_validate_label_valid ... ok
[INFO] [stdout] test cli::validators::tests::test_validate_prefix_trims_whitespace ... ok
[INFO] [stdout] test app::tests::test_app_from_initialized_directory ... ok
[INFO] [stdout] test cli::validators::tests::test_validate_title_too_long ... ok
[INFO] [stdout] test commands::init::tests::test_config_new ... ok
[INFO] [stdout] test cli::validators::tests::test_validate_label_trims_whitespace ... ok
[INFO] [stdout] test cli::validators::tests::test_validate_label_uppercase_rejected ... ok
[INFO] [stdout] test commands::init::tests::test_config_save_and_load ... ok
[INFO] [stdout] test commands::init::tests::test_find_rivets_root_in_current_dir ... ok
[INFO] [stdout] test cli::validators::tests::test_validate_title_valid ... ok
[INFO] [stdout] test cli::validators::tests::test_validate_title_with_newline ... ok
[INFO] [stdout] test cli::validators::tests::test_validate_title_trims_whitespace ... ok
[INFO] [stdout] test commands::init::tests::test_find_rivets_root_in_parent_dir ... ok
[INFO] [stdout] test commands::init::tests::test_find_rivets_root_not_found ... ok
[INFO] [stdout] test commands::init::tests::test_config_load_validates_prefix ... ok
[INFO] [stdout] test cli::validators::tests::test_validate_title_whitespace_only ... ok
[INFO] [stdout] test cli::validators::tests::test_validate_title_with_tab_allowed ... ok
[INFO] [stdout] test cli::validators::tests::test_validate_title_with_carriage_return ... ok
[INFO] [stdout] test commands::init::tests::test_to_backend_absolute_path_rejected ... ok
[INFO] [stdout] test commands::init::tests::test_is_initialized_true ... ok
[INFO] [stdout] test commands::init::tests::test_to_backend_jsonl_success ... ok
[INFO] [stdout] test commands::init::tests::test_to_backend_unknown_backend_error ... ok
[INFO] [stdout] test commands::init::tests::test_validate_prefix_invalid::case_1_too_short_single ... ok
[INFO] [stdout] test commands::init::tests::test_validate_prefix_invalid::case_4_hyphen ... ok
[INFO] [stdout] test commands::init::tests::test_validate_prefix_invalid::case_3_too_long ... ok
[INFO] [stdout] test commands::init::tests::test_validate_prefix_invalid::case_2_too_short_empty ... ok
[INFO] [stdout] test commands::init::tests::test_is_initialized_false ... ok
[INFO] [stdout] test commands::init::tests::test_validate_prefix_invalid::case_6_space ... ok
[INFO] [stdout] test commands::init::tests::test_validate_prefix_invalid::case_5_underscore ... ok
[INFO] [stdout] test commands::init::tests::test_validate_prefix_valid::case_1_valid_short ... ok
[INFO] [stdout] test commands::init::tests::test_validate_prefix_invalid::case_7_dot ... ok
[INFO] [stdout] test commands::init::tests::test_validate_prefix_valid::case_2_valid_medium ... ok
[INFO] [stdout] test commands::init::tests::test_validate_prefix_rejects_whitespace ... ok
[INFO] [stdout] test commands::init::tests::test_to_backend_postgresql_not_implemented ... ok
[INFO] [stdout] test commands::init::tests::test_init_fails_with_invalid_prefix ... ok
[INFO] [stdout] test commands::init::tests::test_config_yaml_format ... ok
[INFO] [stdout] test commands::init::tests::test_validate_prefix_valid::case_6_valid_mixed_case ... ok
[INFO] [stdout] test commands::init::tests::test_validate_prefix_valid::case_7_valid_max_length ... ok
[INFO] [stdout] test commands::init::tests::test_init_creates_empty_issues_file ... ok
[INFO] [stdout] test commands::init::tests::test_init_with_custom_prefix ... ok
[INFO] [stdout] test commands::init::tests::test_init_creates_gitignore ... ok
[INFO] [stdout] test commands::init::tests::test_validate_prefix_valid::case_3_valid_long ... ok
[INFO] [stdout] test commands::init::tests::test_validate_prefix_valid::case_4_valid_alphanumeric ... ok
[INFO] [stdout] test domain::tests::test_issue_id_display ... ok
[INFO] [stdout] test commands::init::tests::test_validate_prefix_valid::case_5_valid_uppercase ... ok
[INFO] [stdout] test commands::init::tests::test_init_with_default_prefix ... ok
[INFO] [stdout] test domain::tests::test_dependency_type_display ... ok
[INFO] [stdout] test commands::init::tests::test_init_fails_if_already_initialized ... ok
[INFO] [stdout] test commands::init::tests::test_init_trims_prefix_whitespace ... ok
[INFO] [stdout] test domain::tests::test_issue_type_display ... ok
[INFO] [stdout] test domain::tests::test_validate_empty_title ... ok
[INFO] [stdout] test domain::tests::test_issue_id_as_str ... ok
[INFO] [stdout] test domain::tests::test_validate_priority_boundaries ... ok
[INFO] [stdout] test domain::tests::test_validate_valid_issue ... ok
[INFO] [stdout] test domain::tests::test_issue_status_display ... ok
[INFO] [stdout] test domain::tests::test_validate_title_exactly_max_length ... ok
[INFO] [stdout] test domain::tests::test_validate_whitespace_only_title ... ok
[INFO] [stdout] test domain::tests::test_validate_title_too_long ... ok
[INFO] [stdout] test domain::tests::validate_title_and_priority_tests::test_priority_error_message_includes_range ... ok
[INFO] [stdout] test domain::tests::test_validate_title_with_whitespace ... ok
[INFO] [stdout] test domain::tests::validate_title_and_priority_tests::test_title_exceeds_max_length ... ok
[INFO] [stdout] test commands::init::tests::test_init_creates_directory_structure ... ok
[INFO] [stdout] test domain::tests::validate_title_and_priority_tests::test_validate_title_and_priority::case_2_empty_title ... ok
[INFO] [stdout] test domain::tests::validate_title_and_priority_tests::test_validate_title_and_priority::case_3_whitespace_only_title ... ok
[INFO] [stdout] test domain::tests::validate_title_and_priority_tests::test_validate_title_and_priority::case_4_priority_zero ... ok
[INFO] [stdout] test id_generation::tests::test_adaptive_length::case_3 ... ok
[INFO] [stdout] test domain::tests::test_issue_id_equality ... ok
[INFO] [stdout] test id_generation::tests::test_base36_encoding ... ok
[INFO] [stdout] test domain::tests::test_issue_id_from_str ... ok
[INFO] [stdout] test id_generation::tests::test_id_generation ... ok
[INFO] [stdout] test id_generation::tests::test_collision_handling ... ok
[INFO] [stdout] test id_generation::tests::test_id_validation ... ok
[INFO] [stdout] test id_generation::tests::test_register_existing_ids ... ok
[INFO] [stdout] test output::tests::test_ascii_fallback_icons ... ok
[INFO] [stdout] test output::tests::test_colorize_id_contains_ansi_codes ... ok
[INFO] [stdout] test output::tests::test_colorize_priority_contains_ansi_codes ... ok
[INFO] [stdout] test domain::tests::validate_title_and_priority_tests::test_validate_title_and_priority::case_1_valid_title_and_priority ... ok
[INFO] [stdout] test id_generation::tests::test_nested_hierarchical_ids ... ok
[INFO] [stdout] test domain::tests::validate_title_and_priority_tests::test_validate_title_and_priority::case_6_priority_too_high ... ok
[INFO] [stdout] test domain::tests::test_issue_id_from_string ... ok
[INFO] [stdout] test output::tests::test_issue_with_empty_description ... ok
[INFO] [stdout] test output::tests::test_max_width_env_var ... ok
[INFO] [stdout] test domain::tests::test_new_issue_default ... ok
[INFO] [stdout] test domain::tests::test_new_issue_default_validates ... ok
[INFO] [stdout] test domain::tests::test_validate_invalid_priority_low ... ok
[INFO] [stdout] test id_generation::tests::test_adaptive_length::case_1 ... ok
[INFO] [stdout] test output::tests::test_print_optional_section_handles_none ... ok
[INFO] [stdout] test output::tests::test_print_issue_text ... ok
[INFO] [stdout] test output::tests::test_colorize_status_contains_ansi_codes ... ok
[INFO] [stdout] test output::tests::test_print_text_section_skips_empty_content ... ok
[INFO] [stdout] test id_generation::tests::test_hierarchical_ids ... ok
[INFO] [stdout] test output::tests::test_type_icon ... ok
[INFO] [stdout] test output::tests::test_wrap_text_empty_input ... ok
[INFO] [stdout] test output::tests::test_wrap_text_handles_long_words ... ok
[INFO] [stdout] test output::tests::test_wrap_text ... ok
[INFO] [stdout] test output::tests::test_wrap_text_preserves_newlines ... ok
[INFO] [stdout] test domain::tests::validate_title_and_priority_tests::test_validate_title_and_priority::case_5_priority_max ... ok
[INFO] [stdout] test domain::tests::validate_title_and_priority_tests::test_title_exactly_max_length ... ok
[INFO] [stdout] test storage::in_memory::trait_impl::tests::test_matches_filter_issue_type::case_2_type_does_not_match ... ok
[INFO] [stdout] test storage::in_memory::trait_impl::tests::test_matches_filter_assignee::case_2_assignee_does_not_match ... ok
[INFO] [stdout] test output::tests::test_wrap_text_with_wide_width ... ok
[INFO] [stdout] test domain::tests::test_validate_invalid_priority_high ... ok
[INFO] [stdout] test output::tests::test_wrap_text_with_narrow_width ... ok
[INFO] [stdout] test output::tests::test_print_issue_details_text ... ok
[INFO] [stdout] test storage::in_memory::trait_impl::tests::test_matches_filter_label::case_2_label_does_not_match ... ok
[INFO] [stdout] test output::tests::test_print_issue_json ... ok
[INFO] [stdout] test id_generation::tests::test_adaptive_length::case_2 ... ok
[INFO] [stdout] test storage::in_memory::trait_impl::tests::test_matches_filter_empty_filter_matches_all ... ok
[INFO] [stdout] test output::tests::test_print_issues_list_format ... ok
[INFO] [stdout] test storage::in_memory::trait_impl::tests::test_matches_filter_issue_type::case_1_type_matches ... ok
[INFO] [stdout] test storage::in_memory::trait_impl::tests::test_matches_filter_status::case_1_status_matches ... ok
[INFO] [stdout] test storage::in_memory::trait_impl::tests::test_matches_filter_priority::case_1_priority_matches ... ok
[INFO] [stdout] test storage::in_memory::trait_impl::tests::test_matches_filter_priority::case_2_priority_does_not_match ... ok
[INFO] [stdout] test storage::in_memory::trait_impl::tests::test_matches_filter_status::case_2_status_does_not_match ... ok
[INFO] [stdout] test storage::tests::test_dependencies ... ok
[INFO] [stdout] test storage::tests::test_empty_queries ... ok
[INFO] [stderr] error: test failed, to rerun pass `--lib`
[INFO] [stdout] test storage::tests::test_get_issue ... ok
[INFO] [stdout] test storage::tests::test_mock_storage_copy_semantics ... ok
[INFO] [stdout] test storage::tests::test_trait_object_usage ... ok
[INFO] [stdout] test storage::tests::test_in_memory_reload_is_noop ... ok
[INFO] [stdout] test storage::tests::test_jsonl_reload_empty_file ... ok
[INFO] [stdout] test storage::tests::test_jsonl_reload_restores_disk_state ... ok
[INFO] [stdout] test storage::in_memory::trait_impl::tests::test_matches_filter_assignee::case_1_assignee_matches ... ok
[INFO] [stdout] test storage::in_memory::trait_impl::tests::test_matches_filter_multiple_criteria ... ok
[INFO] [stdout] test storage::in_memory::trait_impl::tests::test_matches_filter_label::case_1_label_matches ... ok
[INFO] [stdout] 
[INFO] [stdout] failures:
[INFO] [stdout] 
[INFO] [stdout] ---- cli::execute::tests::test_save_or_record_failure_save_error stdout ----
[INFO] [stdout] 
[INFO] [stdout] thread 'cli::execute::tests::test_save_or_record_failure_save_error' (2549) panicked at src/cli/execute.rs:1505:9:
[INFO] [stdout] assertion `left == right` failed
[INFO] [stdout]   left: 1
[INFO] [stdout]  right: 0
[INFO] [stdout] stack backtrace:
[INFO] [stdout]    0:     0x60e2b0e79f81 - <<std[617be2ca0a6fd877]::sys::backtrace::BacktraceLock>::print::DisplayBacktrace as core[a373ad73a504971]::fmt::Display>::fmt
[INFO] [stdout]    1:     0x60e2b0e9138a - core[a373ad73a504971]::fmt::write
[INFO] [stdout]    2:     0x60e2b0e7eb0c - <alloc[2e1b2a31b91974c5]::vec::Vec<u8> as core[a373ad73a504971]::io::write::Write>::write_fmt
[INFO] [stdout]    3:     0x60e2b0e53286 - std[617be2ca0a6fd877]::panicking::default_hook::{closure#0}
[INFO] [stdout]    4:     0x60e2b0e712e9 - std[617be2ca0a6fd877]::panicking::default_hook
[INFO] [stdout]    5:     0x60e2b0d930d0 - test[aada8e7e76ba119b]::test_main_inner::{closure#0}
[INFO] [stdout]    6:     0x60e2b0e714a2 - std[617be2ca0a6fd877]::panicking::panic_with_hook
[INFO] [stdout]    7:     0x60e2b0e53332 - std[617be2ca0a6fd877]::panicking::panic_handler::{closure#0}
[INFO] [stdout]    8:     0x60e2b0e4b569 - std[617be2ca0a6fd877]::sys::backtrace::__rust_end_short_backtrace::<std[617be2ca0a6fd877]::panicking::panic_handler::{closure#0}, !>
[INFO] [stdout]    9:     0x60e2b0e5449d - __rustc[ea4f61d10b84890b]::rust_begin_unwind
[INFO] [stdout]   10:     0x60e2b0e91aec - core[a373ad73a504971]::panicking::panic_fmt
[INFO] [stdout]   11:     0x60e2b0e91a03 - core[a373ad73a504971]::panicking::assert_failed_inner
[INFO] [stdout]   12:     0x60e2b0e8cd08 - core[a373ad73a504971]::panicking::assert_failed::<usize, usize>
[INFO] [stdout]   13:     0x60e2b0d415ae - rivets[f71a1e11d4e734f]::cli::execute::tests::test_save_or_record_failure_save_error::{closure#0}
[INFO] [stdout]   14:     0x60e2b0d52143 - <tokio[2fc918ff9c8e0afa]::runtime::scheduler::current_thread::Context>::enter::<core[a373ad73a504971]::task::poll::Poll<()>, <tokio[2fc918ff9c8e0afa]::runtime::scheduler::current_thread::CoreGuard>::block_on<core[a373ad73a504971]::pin::Pin<&mut core[a373ad73a504971]::pin::Pin<&mut dyn core[a373ad73a504971]::future::future::Future<Output = ()>>>>::{closure#0}::{closure#0}>
[INFO] [stdout]   15:     0x60e2b0d447dc - <tokio[2fc918ff9c8e0afa]::runtime::context::scoped::Scoped<tokio[2fc918ff9c8e0afa]::runtime::scheduler::Context>>::set::<<tokio[2fc918ff9c8e0afa]::runtime::scheduler::current_thread::CoreGuard>::enter<<tokio[2fc918ff9c8e0afa]::runtime::scheduler::current_thread::CoreGuard>::block_on<core[a373ad73a504971]::pin::Pin<&mut core[a373ad73a504971]::pin::Pin<&mut dyn core[a373ad73a504971]::future::future::Future<Output = ()>>>>::{closure#0}, core[a373ad73a504971]::option::Option<()>>::{closure#0}, (alloc[2e1b2a31b91974c5]::boxed::Box<tokio[2fc918ff9c8e0afa]::runtime::scheduler::current_thread::Core>, core[a373ad73a504971]::option::Option<()>)>
[INFO] [stdout]   16:     0x60e2b0d52485 - <tokio[2fc918ff9c8e0afa]::runtime::scheduler::current_thread::CoreGuard>::block_on::<core[a373ad73a504971]::pin::Pin<&mut core[a373ad73a504971]::pin::Pin<&mut dyn core[a373ad73a504971]::future::future::Future<Output = ()>>>>
[INFO] [stdout]   17:     0x60e2b0d47c60 - tokio[2fc918ff9c8e0afa]::runtime::context::runtime::enter_runtime::<<tokio[2fc918ff9c8e0afa]::runtime::scheduler::current_thread::CurrentThread>::block_on<core[a373ad73a504971]::pin::Pin<&mut dyn core[a373ad73a504971]::future::future::Future<Output = ()>>>::{closure#0}, ()>
[INFO] [stdout]   18:     0x60e2b0cacd6b - <tokio[2fc918ff9c8e0afa]::runtime::runtime::Runtime>::block_on::<core[a373ad73a504971]::pin::Pin<&mut dyn core[a373ad73a504971]::future::future::Future<Output = ()>>>
[INFO] [stdout]   19:     0x60e2b0d44279 - <rivets[f71a1e11d4e734f]::cli::execute::tests::test_save_or_record_failure_save_error::{closure#0} as core[a373ad73a504971]::ops::function::FnOnce<()>>::call_once
[INFO] [stdout]   20:     0x60e2b0d8651b - test[aada8e7e76ba119b]::__rust_begin_short_backtrace::<core[a373ad73a504971]::result::Result<(), alloc[2e1b2a31b91974c5]::string::String>, fn() -> core[a373ad73a504971]::result::Result<(), alloc[2e1b2a31b91974c5]::string::String>>
[INFO] [stdout]   21:     0x60e2b0d936f5 - test[aada8e7e76ba119b]::run_test::{closure#0}
[INFO] [stdout]   22:     0x60e2b0d8cfe4 - std[617be2ca0a6fd877]::sys::backtrace::__rust_begin_short_backtrace::<test[aada8e7e76ba119b]::run_test::{closure#1}, ()>
[INFO] [stdout]   23:     0x60e2b0d96782 - <std[617be2ca0a6fd877]::thread::lifecycle::spawn_unchecked<test[aada8e7e76ba119b]::run_test::{closure#1}, ()>::{closure#1} as core[a373ad73a504971]::ops::function::FnOnce<()>>::call_once::{shim:vtable#0}
[INFO] [stdout]   24:     0x60e2b0e7926f - <std[617be2ca0a6fd877]::sys::thread::unix::Thread>::new::thread_start
[INFO] [stdout]   25:     0x76f895ac5dfa - <unknown>
[INFO] [stdout]   26:     0x76f895b593d4 - clone
[INFO] [stdout]   27:                0x0 - <unknown>
[INFO] [stdout] 
[INFO] [stdout] 
[INFO] [stdout] failures:
[INFO] [stdout]     cli::execute::tests::test_save_or_record_failure_save_error
[INFO] [stdout] 
[INFO] [stdout] test result: FAILED. 221 passed; 1 failed; 0 ignored; 0 measured; 0 filtered out; finished in 0.04s
[INFO] [stdout] 
[INFO] running `Command { std: "docker" "inspect" "b64eab8c4de08b6cca54af8cc23908f8be50e0de843a2815520a457c6f531b70", kill_on_drop: false }`
[INFO] running `Command { std: "docker" "rm" "-f" "b64eab8c4de08b6cca54af8cc23908f8be50e0de843a2815520a457c6f531b70", kill_on_drop: false }`
[INFO] [stdout] b64eab8c4de08b6cca54af8cc23908f8be50e0de843a2815520a457c6f531b70
