[INFO] fetching crate rivets-jsonl 0.1.0...
[INFO] testing rivets-jsonl-0.1.0 against 1.100.0-beta.1+cargoflags=--release for beta-release-1.100-2
[INFO] extracting crate rivets-jsonl 0.1.0 into /workspace/builds/worker-7-tc2/source
[INFO] started tweaking crates.io crate rivets-jsonl 0.1.0
[INFO] removed 0 missing tests
[INFO] finished tweaking crates.io crate rivets-jsonl 0.1.0
[INFO] tweaked toml for crates.io crate rivets-jsonl 0.1.0 written to /workspace/builds/worker-7-tc2/source/Cargo.toml
[INFO] validating manifest of crates.io crate rivets-jsonl 0.1.0 on toolchain 1.100.0-beta.1
[INFO] running `Command { std: CARGO_HOME="/workspace/cargo-home" RUSTUP_HOME="/workspace/rustup-home" "/workspace/cargo-home/bin/cargo" "+1.100.0-beta.1" "metadata" "--manifest-path" "Cargo.toml" "--no-deps", kill_on_drop: false }`
[INFO] crate crates.io crate rivets-jsonl 0.1.0 already has a lockfile, it will not be regenerated
[INFO] running `Command { std: CARGO_HOME="/workspace/cargo-home" RUSTUP_HOME="/workspace/rustup-home" "/workspace/cargo-home/bin/cargo" "+1.100.0-beta.1" "fetch" "--manifest-path" "Cargo.toml", kill_on_drop: false }`
[INFO] [stderr] warning: `package.homepage` is redundant with `package.repository`
[INFO] [stderr]   --> Cargo.toml:50:12
[INFO] [stderr]    |
[INFO] [stderr] 50 | homepage = "https://github.com/dwalleck/rivets"
[INFO] [stderr]    |            ^^^^^^^^^^^^^^^^^^^^^^^^^^^^^^^^^^^^
[INFO] [stderr] ...
[INFO] [stderr] 55 | repository = "https://github.com/dwalleck/rivets"
[INFO] [stderr]    |              ------------------------------------
[INFO] [stderr]    |
[INFO] [stderr]    = note: `cargo::redundant_homepage` is set to `warn` by default
[INFO] [stderr] help: consider removing `package.homepage`
[INFO] [stderr] warning: `rivets-jsonl` (manifest) generated 1 warning
[INFO] running `Command { std: "docker" "create" "-v" "/var/lib/crater-agent-workspace/builds/worker-7-tc2/source:/opt/rustwide/workdir:ro,Z" "-v" "/var/lib/crater-agent-workspace/builds/worker-7-tc2/target:/opt/rustwide/target:rw,Z" "-v" "/var/lib/crater-agent-workspace/cargo-home:/opt/rustwide/cargo-home:ro,Z" "-v" "/var/lib/crater-agent-workspace/rustup-home:/opt/rustwide/rustup-home:ro,Z" "-m" "1610612736" "--network" "none" "ghcr.io/rust-lang/crates-build-env/linux@sha256:77db811e55d90add9212f6832c23229e3de5f1c1f9905e8cb07319ea15df73ac" "sleep" "infinity", kill_on_drop: false }`
[INFO] [stdout] e78acd9861aa9d8da618c37d28c682f6c4d8a12dc7a912066912858ea86f1388
[INFO] running `Command { std: "docker" "start" "e78acd9861aa9d8da618c37d28c682f6c4d8a12dc7a912066912858ea86f1388", kill_on_drop: false }`
[INFO] running `Command { std: "docker" "inspect" "e78acd9861aa9d8da618c37d28c682f6c4d8a12dc7a912066912858ea86f1388", kill_on_drop: false }`
[INFO] running `Command { std: "docker" "exec" "-e" "SOURCE_DIR=/opt/rustwide/workdir" "-e" "CARGO_HOME=/opt/rustwide/cargo-home" "-e" "RUSTUP_HOME=/opt/rustwide/rustup-home" "-e" "CARGO_TARGET_DIR=/opt/rustwide/target" "-w" "/opt/rustwide/workdir" "--user" "0:0" "e78acd9861aa9d8da618c37d28c682f6c4d8a12dc7a912066912858ea86f1388" "/opt/rustwide/cargo-home/bin/cargo" "+1.100.0-beta.1" "metadata" "--no-deps" "--format-version=1", kill_on_drop: false }`
[INFO] running `Command { std: "docker" "inspect" "e78acd9861aa9d8da618c37d28c682f6c4d8a12dc7a912066912858ea86f1388", kill_on_drop: false }`
[INFO] running `Command { std: "docker" "exec" "-e" "SOURCE_DIR=/opt/rustwide/workdir" "-e" "CARGO_HOME=/opt/rustwide/cargo-home" "-e" "RUSTUP_HOME=/opt/rustwide/rustup-home" "-e" "CARGO_TARGET_DIR=/opt/rustwide/target" "-e" "CARGO_INCREMENTAL=0" "-e" "RUST_BACKTRACE=full" "-e" "RUSTFLAGS=--cap-lints=warn" "-e" "RUSTDOCFLAGS=--cap-lints=warn" "-w" "/opt/rustwide/workdir" "--user" "0:0" "e78acd9861aa9d8da618c37d28c682f6c4d8a12dc7a912066912858ea86f1388" "/opt/rustwide/cargo-home/bin/cargo" "+1.100.0-beta.1" "build" "--frozen" "--message-format=json" "--release", kill_on_drop: false }`
[INFO] [stderr] warning: `package.homepage` is redundant with `package.repository`
[INFO] [stderr]   --> Cargo.toml:50:12
[INFO] [stderr]    |
[INFO] [stderr] 50 | homepage = "https://github.com/dwalleck/rivets"
[INFO] [stderr]    |            ^^^^^^^^^^^^^^^^^^^^^^^^^^^^^^^^^^^^
[INFO] [stderr] ...
[INFO] [stderr] 55 | repository = "https://github.com/dwalleck/rivets"
[INFO] [stderr]    |              ------------------------------------
[INFO] [stderr]    |
[INFO] [stderr]    = note: `cargo::redundant_homepage` is set to `warn` by default
[INFO] [stderr] help: consider removing `package.homepage`
[INFO] [stderr] warning: `rivets-jsonl` (manifest) generated 1 warning
[INFO] [stderr]    Compiling proc-macro2 v1.0.103
[INFO] [stderr]    Compiling quote v1.0.42
[INFO] [stderr]    Compiling memchr v2.7.6
[INFO] [stderr]    Compiling futures-sink v0.3.31
[INFO] [stderr]    Compiling futures-core v0.3.31
[INFO] [stderr]    Compiling slab v0.4.11
[INFO] [stderr]    Compiling serde_json v1.0.145
[INFO] [stderr]    Compiling thiserror v2.0.17
[INFO] [stderr]    Compiling bytes v1.11.0
[INFO] [stderr]    Compiling tracing-core v0.1.35
[INFO] [stderr]    Compiling futures-channel v0.3.31
[INFO] [stderr]    Compiling syn v2.0.111
[INFO] [stderr]    Compiling futures-macro v0.3.31
[INFO] [stderr]    Compiling serde_derive v1.0.228
[INFO] [stderr]    Compiling tokio-macros v2.6.0
[INFO] [stderr]    Compiling tracing-attributes v0.1.31
[INFO] [stderr]    Compiling thiserror-impl v2.0.17
[INFO] [stderr]    Compiling tokio v1.48.0
[INFO] [stderr]    Compiling futures-util v0.3.31
[INFO] [stderr]    Compiling tracing v0.1.43
[INFO] [stderr]    Compiling serde v1.0.228
[INFO] [stderr]    Compiling futures-executor v0.3.31
[INFO] [stderr]    Compiling futures v0.3.31
[INFO] [stderr]    Compiling rivets-jsonl v0.1.0 (/opt/rustwide/workdir)
[INFO] [stderr] warning: unused dependency `tracing`
[INFO] [stderr]   --> Cargo.toml:18:15
[INFO] [stderr]    |
[INFO] [stderr] 18 | [dependencies.tracing]
[INFO] [stderr]    |               ^^^^^^^^
[INFO] [stderr]    |
[INFO] [stderr]    = note: `cargo::unused_dependencies` is set to `warn` by default
[INFO] [stderr] help: consider removing the dependency on `tracing`
[INFO] [stderr] warning: `rivets-jsonl` (manifest) generated 1 warning
[INFO] [stderr]     Finished `release` profile [optimized] target(s) in 20.75s
[INFO] running `Command { std: "docker" "inspect" "e78acd9861aa9d8da618c37d28c682f6c4d8a12dc7a912066912858ea86f1388", kill_on_drop: false }`
[INFO] running `Command { std: "docker" "exec" "-e" "SOURCE_DIR=/opt/rustwide/workdir" "-e" "CARGO_HOME=/opt/rustwide/cargo-home" "-e" "RUSTUP_HOME=/opt/rustwide/rustup-home" "-e" "CARGO_TARGET_DIR=/opt/rustwide/target" "-e" "CARGO_INCREMENTAL=0" "-e" "RUST_BACKTRACE=full" "-e" "RUSTFLAGS=--cap-lints=warn" "-e" "RUSTDOCFLAGS=--cap-lints=warn" "-w" "/opt/rustwide/workdir" "--user" "0:0" "e78acd9861aa9d8da618c37d28c682f6c4d8a12dc7a912066912858ea86f1388" "/opt/rustwide/cargo-home/bin/cargo" "+1.100.0-beta.1" "test" "--frozen" "--no-run" "--message-format=json" "--release", kill_on_drop: false }`
[INFO] [stderr] warning: `package.homepage` is redundant with `package.repository`
[INFO] [stderr]   --> Cargo.toml:50:12
[INFO] [stderr]    |
[INFO] [stderr] 50 | homepage = "https://github.com/dwalleck/rivets"
[INFO] [stderr]    |            ^^^^^^^^^^^^^^^^^^^^^^^^^^^^^^^^^^^^
[INFO] [stderr] ...
[INFO] [stderr] 55 | repository = "https://github.com/dwalleck/rivets"
[INFO] [stderr]    |              ------------------------------------
[INFO] [stderr]    |
[INFO] [stderr]    = note: `cargo::redundant_homepage` is set to `warn` by default
[INFO] [stderr] help: consider removing `package.homepage`
[INFO] [stderr] warning: `rivets-jsonl` (manifest) generated 1 warning
[INFO] [stderr]    Compiling syn v2.0.111
[INFO] [stderr]    Compiling winnow v0.7.14
[INFO] [stderr]    Compiling toml_datetime v0.7.3
[INFO] [stderr]    Compiling regex-syntax v0.8.8
[INFO] [stderr]    Compiling indexmap v2.12.1
[INFO] [stderr]    Compiling aho-corasick v1.1.4
[INFO] [stderr]    Compiling libc v0.2.177
[INFO] [stderr]    Compiling getrandom v0.3.4
[INFO] [stderr]    Compiling rustix v1.1.2
[INFO] [stderr]    Compiling rstest_macros v0.26.1
[INFO] [stderr]    Compiling futures-timer v3.0.3
[INFO] [stderr]    Compiling regex-automata v0.4.13
[INFO] [stderr]    Compiling toml_parser v1.0.4
[INFO] [stderr]    Compiling toml_edit v0.23.7
[INFO] [stderr]    Compiling tempfile v3.23.0
[INFO] [stderr]    Compiling proc-macro-crate v3.4.0
[INFO] [stderr]    Compiling futures-macro v0.3.31
[INFO] [stderr]    Compiling tokio-macros v2.6.0
[INFO] [stderr]    Compiling serde_derive v1.0.228
[INFO] [stderr]    Compiling tracing-attributes v0.1.31
[INFO] [stderr]    Compiling thiserror-impl v2.0.17
[INFO] [stderr]    Compiling regex v1.12.2
[INFO] [stderr]    Compiling tokio v1.48.0
[INFO] [stderr]    Compiling thiserror v2.0.17
[INFO] [stderr]    Compiling futures-util v0.3.31
[INFO] [stderr]    Compiling tracing v0.1.43
[INFO] [stderr]    Compiling serde v1.0.228
[INFO] [stderr]    Compiling futures-executor v0.3.31
[INFO] [stderr]    Compiling rstest v0.26.1
[INFO] [stderr]    Compiling futures v0.3.31
[INFO] [stderr]    Compiling rivets-jsonl v0.1.0 (/opt/rustwide/workdir)
[INFO] [stderr] warning: unused dependency `tracing`
[INFO] [stderr]   --> Cargo.toml:18:15
[INFO] [stderr]    |
[INFO] [stderr] 18 | [dependencies.tracing]
[INFO] [stderr]    |               ^^^^^^^^
[INFO] [stderr]    |
[INFO] [stderr]    = note: `cargo::unused_dependencies` is set to `warn` by default
[INFO] [stderr] help: consider removing the dependency on `tracing`
[INFO] [stderr] warning: `rivets-jsonl` (manifest) generated 1 warning
[INFO] [stderr]     Finished `release` profile [optimized] target(s) in 34.45s
[INFO] running `Command { std: "docker" "inspect" "e78acd9861aa9d8da618c37d28c682f6c4d8a12dc7a912066912858ea86f1388", kill_on_drop: false }`
[INFO] running `Command { std: "docker" "exec" "-e" "SOURCE_DIR=/opt/rustwide/workdir" "-e" "CARGO_HOME=/opt/rustwide/cargo-home" "-e" "RUSTUP_HOME=/opt/rustwide/rustup-home" "-e" "CARGO_TARGET_DIR=/opt/rustwide/target" "-e" "CARGO_INCREMENTAL=0" "-e" "RUST_BACKTRACE=full" "-e" "RUSTFLAGS=--cap-lints=warn" "-e" "RUSTDOCFLAGS=--cap-lints=warn" "-w" "/opt/rustwide/workdir" "--user" "0:0" "e78acd9861aa9d8da618c37d28c682f6c4d8a12dc7a912066912858ea86f1388" "/opt/rustwide/cargo-home/bin/cargo" "+1.100.0-beta.1" "test" "--frozen" "--release", kill_on_drop: false }`
[INFO] [stderr] warning: `package.homepage` is redundant with `package.repository`
[INFO] [stderr]   --> Cargo.toml:50:12
[INFO] [stderr]    |
[INFO] [stderr] 50 | homepage = "https://github.com/dwalleck/rivets"
[INFO] [stderr]    |            ^^^^^^^^^^^^^^^^^^^^^^^^^^^^^^^^^^^^
[INFO] [stderr] ...
[INFO] [stderr] 55 | repository = "https://github.com/dwalleck/rivets"
[INFO] [stderr]    |              ------------------------------------
[INFO] [stderr]    |
[INFO] [stderr]    = note: `cargo::redundant_homepage` is set to `warn` by default
[INFO] [stderr] help: consider removing `package.homepage`
[INFO] [stderr] warning: `rivets-jsonl` (manifest) generated 1 warning
[INFO] [stderr] warning: unused dependency `tracing`
[INFO] [stderr]   --> Cargo.toml:18:15
[INFO] [stderr]    |
[INFO] [stderr] 18 | [dependencies.tracing]
[INFO] [stderr]    |               ^^^^^^^^
[INFO] [stderr]    |
[INFO] [stderr]    = note: `cargo::unused_dependencies` is set to `warn` by default
[INFO] [stderr] help: consider removing the dependency on `tracing`
[INFO] [stderr] warning: `rivets-jsonl` (manifest) generated 1 warning
[INFO] [stderr]     Finished `release` profile [optimized] target(s) in 0.09s
[INFO] [stderr]      Running unittests src/lib.rs (/opt/rustwide/target/release/build/rivets-jsonl/ea4336cc7df8a0aa/out/rivets_jsonl-ea4336cc7df8a0aa)
[INFO] [stdout] 
[INFO] [stdout] running 129 tests
[INFO] [stdout] test atomic::tests::make_temp_path_appends_tmp_suffix::case_1 ... ok
[INFO] [stdout] test reader::tests::get_mut_returns_mutable_reference ... ok
[INFO] [stdout] test atomic::tests::make_temp_path_appends_tmp_suffix::case_2 ... ok
[INFO] [stdout] test atomic::tests::atomic_write_empty_slice ... ok
[INFO] [stdout] test atomic::tests::make_temp_path_appends_tmp_suffix::case_4 ... ok
[INFO] [stdout] test reader::tests::get_ref_returns_buffer_reference ... ok
[INFO] [stdout] test atomic::tests::make_temp_path_appends_tmp_suffix::case_3 ... ok
[INFO] [stdout] test reader::tests::increment_line_increases_count ... ok
[INFO] [stdout] test reader::tests::into_inner_returns_buffer ... ok
[INFO] [stdout] test reader::tests::read_line_handles_line_without_trailing_newline ... ok
[INFO] [stdout] test reader::tests::read_line_includes_correct_line_number_in_error ... ok
[INFO] [stdout] test reader::tests::read_line_reads_multiple_records ... ok
[INFO] [stdout] test atomic::tests::atomic_write_unicode_content ... ok
[INFO] [stdout] test reader::tests::read_line_trims_leading_and_trailing_whitespace ... ok
[INFO] [stdout] test reader::tests::read_line_reads_single_record ... ok
[INFO] [stdout] test reader::tests::read_line_returns_error_for_invalid_json ... ok
[INFO] [stdout] test reader::tests::read_line_returns_error_for_type_mismatch ... ok
[INFO] [stdout] test reader::tests::read_line_handles_only_empty_lines ... ok
[INFO] [stdout] test reader::tests::read_line_skips_empty_lines ... ok
[INFO] [stdout] test reader::tests::new_reader_starts_at_line_zero ... ok
[INFO] [stdout] test atomic::tests::atomic_write_temp_file_cleaned_up_on_success ... ok
[INFO] [stdout] test reader::tests::read_line_returns_none_for_empty_input ... ok
[INFO] [stdout] test atomic::tests::atomic_write_replaces_existing_file ... ok
[INFO] [stdout] test reader::tests::read_line_skips_whitespace_only_lines ... ok
[INFO] [stdout] test reader::tests::resilient_stream_tests::stream_resilient_all_invalid_lines ... ok
[INFO] [stdout] test atomic::tests::atomic_write_iter_with_generator ... ok
[INFO] [stdout] test atomic::tests::atomic_write_large_batch ... ok
[INFO] [stdout] test atomic::tests::atomic_write_creates_file ... ok
[INFO] [stdout] test atomic::tests::write_to_temp_file_creates_valid_jsonl ... ok
[INFO] [stdout] test reader::tests::resilient_stream_tests::stream_resilient_handles_line_without_trailing_newline ... ok
[INFO] [stdout] test reader::tests::resilient_stream_tests::stream_resilient_handles_multiple_consecutive_malformed_lines ... ok
[INFO] [stdout] test reader::tests::resilient_stream_tests::stream_resilient_handles_type_mismatch ... ok
[INFO] [stdout] test reader::tests::resilient_stream_tests::stream_resilient_mixed_valid_invalid_and_empty ... ok
[INFO] [stdout] test reader::tests::resilient_stream_tests::stream_resilient_reads_multiple_valid_records ... ok
[INFO] [stdout] test reader::tests::resilient_stream_tests::stream_resilient_reads_single_valid_record ... ok
[INFO] [stdout] test reader::tests::resilient_stream_tests::stream_resilient_returns_empty_for_empty_input ... ok
[INFO] [stdout] test reader::tests::resilient_stream_tests::stream_resilient_skips_empty_lines ... ok
[INFO] [stdout] test reader::tests::resilient_stream_tests::stream_resilient_can_inspect_warnings_during_processing ... ok
[INFO] [stdout] test reader::tests::resilient_stream_tests::stream_resilient_can_use_filter ... ok
[INFO] [stdout] test reader::tests::resilient_stream_tests::stream_resilient_can_use_take ... ok
[INFO] [stdout] test reader::tests::resilient_stream_tests::stream_resilient_continues_after_malformed_json ... ok
[INFO] [stdout] test reader::tests::resilient_stream_tests::stream_resilient_handles_extremely_long_lines ... ok
[INFO] [stdout] test reader::tests::resilient_stream_tests::stream_resilient_warning_has_correct_line_numbers ... ok
[INFO] [stdout] test reader::tests::resilient_stream_tests::stream_resilient_skips_malformed_json_and_collects_warning ... ok
[INFO] [stdout] test reader::tests::stream_tests::stream_can_be_collected ... ok
[INFO] [stdout] test reader::tests::resilient_stream_tests::stream_resilient_skips_whitespace_only_lines ... ok
[INFO] [stdout] test reader::tests::stream_tests::stream_can_use_filter ... ok
[INFO] [stdout] test reader::tests::resilient_stream_tests::stream_resilient_terminates_on_io_error ... ok
[INFO] [stdout] test reader::tests::stream_tests::stream_can_use_take ... ok
[INFO] [stdout] test reader::tests::stream_tests::stream_is_lazy_evaluated ... ok
[INFO] [stdout] test reader::tests::stream_tests::stream_propagates_errors ... ok
[INFO] [stdout] test reader::tests::stream_tests::stream_returns_empty_for_empty_input ... ok
[INFO] [stdout] test reader::tests::resilient_stream_tests::stream_resilient_warning_collector_is_cloneable ... ok
[INFO] [stdout] test reader::tests::stream_tests::stream_concurrent_consumption ... ok
[INFO] [stdout] test reader::tests::resilient_stream_tests::stream_resilient_warning_contains_error_details ... ok
[INFO] [stdout] test reader::tests::stream_tests::stream_handles_line_without_trailing_newline ... ok
[INFO] [stdout] test reader::tests::stream_tests::stream_continues_after_error ... ok
[INFO] [stdout] test reader::tests::stream_tests::stream_reads_multiple_records ... ok
[INFO] [stdout] test reader::tests::stream_tests::stream_handles_extremely_long_lines ... ok
[INFO] [stdout] test reader::tests::stream_tests::stream_handles_io_errors ... ok
[INFO] [stdout] test reader::tests::stream_tests::stream_handles_whitespace_only_lines ... ok
[INFO] [stdout] test tests::read_jsonl_resilient_tests::handles_large_file ... ok
[INFO] [stdout] test reader::tests::stream_tests::stream_handles_multiple_errors ... ok
[INFO] [stdout] test tests::read_jsonl_resilient_tests::handles_special_characters ... ok
[INFO] [stdout] test tests::read_jsonl_resilient_tests::handles_whitespace_around_json ... ok
[INFO] [stdout] test tests::read_jsonl_resilient_tests::handles_unicode_content ... ok
[INFO] [stdout] test tests::read_jsonl_resilient_tests::handles_multiple_malformed_lines ... ok
[INFO] [stdout] test reader::tests::with_capacity_creates_reader ... ok
[INFO] [stdout] test reader::tests::stream_tests::stream_reads_single_record ... ok
[INFO] [stdout] test tests::read_jsonl_resilient_tests::mixed_valid_invalid_and_empty_lines ... ok
[INFO] [stdout] test reader::tests::stream_tests::stream_skips_empty_lines ... ok
[INFO] [stdout] test tests::read_jsonl_resilient_tests::preserves_record_order ... ok
[INFO] [stdout] test tests::read_jsonl_resilient_tests::reads_empty_file ... ok
[INFO] [stdout] test tests::read_jsonl_resilient_tests::handles_all_malformed_lines ... ok
[INFO] [stdout] test warning::tests::collector_tests::default_creates_empty_collector ... ok
[INFO] [stdout] test tests::read_jsonl_resilient_tests::skips_empty_lines ... ok
[INFO] [stdout] test warning::tests::collector_tests::collector_is_debug ... ok
[INFO] [stdout] test warning::tests::collector_tests::clone_shares_state ... ok
[INFO] [stdout] test warning::tests::collector_tests::into_warnings_with_clones_clones_data ... ok
[INFO] [stdout] test warning::tests::collector_tests::warnings_preserves_order ... ok
[INFO] [stdout] test tests::read_jsonl_resilient_tests::skips_whitespace_only_lines ... ok
[INFO] [stdout] test warning::tests::collector_tests::warnings_returns_copy ... ok
[INFO] [stdout] test tests::read_jsonl_resilient_tests::reads_multiple_valid_records ... ok
[INFO] [stdout] test warning::tests::thread_safety_tests::collector_is_send_and_sync ... ok
[INFO] [stdout] test tests::read_jsonl_resilient_tests::works_with_pathbuf ... ok
[INFO] [stdout] test tests::read_jsonl_resilient_tests::reads_single_valid_record ... ok
[INFO] [stdout] test warning::tests::collector_tests::new_creates_empty_collector ... ok
[INFO] [stdout] test warning::tests::warning_tests::description_formats_malformed_json ... ok
[INFO] [stdout] test warning::tests::warning_tests::description_formats_skipped_line ... ok
[INFO] [stdout] test warning::tests::warning_tests::display_matches_description ... ok
[INFO] [stdout] test warning::tests::warning_tests::kind_returns_correct_variant_name ... ok
[INFO] [stdout] test warning::tests::warning_tests::kind_enables_filtering_by_type ... ok
[INFO] [stdout] test warning::tests::warning_tests::warning_is_debug ... ok
[INFO] [stdout] test writer::tests::flush_writes_buffered_data ... ok
[INFO] [stdout] test tests::read_jsonl_resilient_tests::warning_contains_error_details ... ok
[INFO] [stdout] test writer::tests::get_mut_returns_mutable_reference ... ok
[INFO] [stdout] test writer::tests::get_ref_returns_buffer_reference ... ok
[INFO] [stdout] test writer::tests::new_creates_writer ... ok
[INFO] [stdout] test writer::tests::with_capacity_creates_writer ... ok
[INFO] [stdout] test writer::tests::write_all_empty_iterator ... ok
[INFO] [stdout] test tests::read_jsonl_resilient_tests::collects_warnings_for_type_mismatch ... ok
[INFO] [stdout] test warning::tests::warning_tests::skipped_line_stores_line_number_and_reason ... ok
[INFO] [stdout] test warning::tests::warning_tests::warning_equality ... ok
[INFO] [stdout] test warning::tests::warning_tests::warning_is_clone ... ok
[INFO] [stdout] test writer::tests::into_inner_returns_buffer ... ok
[INFO] [stdout] test tests::read_jsonl_resilient_tests::collects_warnings_for_malformed_lines ... ok
[INFO] [stdout] test warning::tests::collector_tests::add_increases_count ... ok
[INFO] [stdout] test tests::read_jsonl_resilient_tests::works_with_string_path ... ok
[INFO] [stdout] test tests::read_jsonl_resilient_tests::handles_file_without_trailing_newline ... ok
[INFO] [stdout] test writer::tests::write_empty_string ... ok
[INFO] [stdout] test writer::tests::write_all_writes_multiple_records ... ok
[INFO] [stdout] test writer::tests::write_escapes_special_characters ... ok
[INFO] [stdout] test writer::tests::write_multiple_records_individually ... ok
[INFO] [stdout] test writer::tests::write_array_value ... ok
[INFO] [stdout] test writer::tests::write_different_types_in_sequence ... ok
[INFO] [stdout] test writer::tests::write_null_value ... ok
[INFO] [stdout] test writer::tests::write_large_record ... ok
[INFO] [stdout] test writer::tests::write_single_record ... ok
[INFO] [stdout] test writer::tests::write_primitive_types ... ok
[INFO] [stdout] test writer::tests::write_unicode_characters ... ok
[INFO] [stdout] test writer::tests::write_with_custom_capacity ... ok
[INFO] [stdout] test warning::tests::collector_tests::clear_removes_all_warnings ... ok
[INFO] [stdout] test writer::tests::write_nested_struct ... ok
[INFO] [stdout] test warning::tests::warning_tests::malformed_json_stores_line_number_and_error ... ok
[INFO] [stdout] test warning::tests::collector_tests::into_warnings_consumes_and_returns ... ok
[INFO] [stdout] test writer::tests::write_all_large_batch ... ok
[INFO] [stdout] test tests::read_jsonl_resilient_tests::returns_error_for_nonexistent_file ... ok
[INFO] [stdout] test warning::tests::thread_safety_tests::concurrent_adds ... ok
[INFO] [stdout] test writer::tests::write_all_with_owned_values ... ok
[INFO] [stdout] 
[INFO] [stdout] test result: ok. 129 passed; 0 failed; 0 ignored; 0 measured; 0 filtered out; finished in 0.03s
[INFO] [stdout] 
[INFO] [stderr]      Running tests/resilient_loading.rs (/opt/rustwide/target/release/build/rivets-jsonl/4762a5fe623a3096/out/resilient_loading-4762a5fe623a3096)
[INFO] [stdout] 
[INFO] [stdout] running 65 tests
[INFO] [stdout] test edge_case_tests::deeply_nested_json ... ok
[INFO] [stdout] test edge_case_tests::incomplete_json_object ... ok
[INFO] [stdout] test edge_case_tests::only_whitespace_and_empty_lines ... ok
[INFO] [stdout] test edge_case_tests::json_with_extra_whitespace ... ok
[INFO] [stdout] test edge_case_tests::null_values ... ok
[INFO] [stdout] test edge_case_tests::truncated_json ... ok
[INFO] [stdout] test edge_case_tests::extra_fields_ignored ... ok
[INFO] [stdout] test edge_case_tests::mixed_line_endings ... ok
[INFO] [stdout] test read_jsonl_resilient_tests::read_resilient_handles_unicode ... ok
[INFO] [stdout] test edge_case_tests::very_long_line ... ok
[INFO] [stdout] test read_jsonl_resilient_tests::read_resilient_empty_file ... ok
[INFO] [stdout] test read_jsonl_resilient_tests::read_resilient_handles_whitespace_lines ... ok
[INFO] [stdout] test read_jsonl_resilient_tests::read_resilient_all_corrupted ... ok
[INFO] [stdout] test read_jsonl_resilient_tests::read_resilient_nonexistent_file_returns_error ... ok
[INFO] [stdout] test read_jsonl_resilient_tests::read_resilient_handles_empty_lines ... ok
[INFO] [stdout] test read_jsonl_resilient_tests::read_resilient_multiple_valid_records ... ok
[INFO] [stdout] test read_jsonl_resilient_tests::read_resilient_large_file ... ok
[INFO] [stdout] test read_jsonl_resilient_tests::read_resilient_large_file_with_errors ... ok
[INFO] [stdout] test read_jsonl_resilient_tests::read_resilient_preserves_record_order ... ok
[INFO] [stdout] test read_jsonl_resilient_tests::read_resilient_with_pathbuf ... ok
[INFO] [stdout] test resilient_streaming_tests::stream_resilient_all_invalid_records ... ok
[INFO] [stdout] test resilient_streaming_tests::stream_resilient_all_valid_records ... ok
[INFO] [stdout] test resilient_streaming_tests::stream_resilient_alternating_valid_invalid ... ok
[INFO] [stdout] test read_jsonl_resilient_tests::read_resilient_with_string_path ... ok
[INFO] [stdout] test read_jsonl_resilient_tests::read_resilient_with_corrupted_lines ... ok
[INFO] [stdout] test resilient_streaming_tests::stream_resilient_can_inspect_warnings_during_processing ... ok
[INFO] [stdout] test read_jsonl_resilient_tests::read_resilient_warning_contains_error_details ... ok
[INFO] [stdout] test resilient_streaming_tests::stream_resilient_consecutive_invalid_lines ... ok
[INFO] [stdout] test resilient_streaming_tests::stream_resilient_invalid_at_end ... ok
[INFO] [stdout] test resilient_streaming_tests::stream_resilient_handles_special_characters ... ok
[INFO] [stdout] test resilient_streaming_tests::stream_resilient_empty_input ... ok
[INFO] [stdout] test resilient_streaming_tests::stream_resilient_line_without_trailing_newline ... ok
[INFO] [stdout] test resilient_streaming_tests::stream_resilient_handles_unicode ... ok
[INFO] [stdout] test read_jsonl_resilient_tests::read_resilient_single_valid_record ... ok
[INFO] [stdout] test resilient_streaming_tests::stream_resilient_nested_records ... ok
[INFO] [stdout] test resilient_streaming_tests::stream_resilient_large_dataset_with_sparse_errors ... ok
[INFO] [stdout] test resilient_streaming_tests::stream_resilient_skips_whitespace_only_lines ... ok
[INFO] [stdout] test resilient_streaming_tests::stream_resilient_missing_required_field_generates_warning ... ok
[INFO] [stdout] test resilient_streaming_tests::stream_resilient_skips_empty_lines ... ok
[INFO] [stdout] test resilient_streaming_tests::stream_resilient_type_mismatch_generates_warning ... ok
[INFO] [stdout] test resilient_streaming_tests::stream_resilient_with_filter_combinator ... ok
[INFO] [stdout] test resilient_streaming_tests::stream_resilient_with_optional_fields ... ok
[INFO] [stdout] test resilient_streaming_tests::stream_resilient_with_take_combinator ... ok
[INFO] [stdout] test thread_safety_tests::warning_is_send_and_sync ... ok
[INFO] [stdout] test thread_safety_tests::warning_collector_is_send_and_sync ... ok
[INFO] [stdout] test warning_collection_tests::warning_collector_adds_skipped_line_warning ... ok
[INFO] [stdout] test warning_collection_tests::warning_collector_clone_shares_state ... ok
[INFO] [stdout] test warning_collection_tests::warning_collector_collects_multiple_warnings ... ok
[INFO] [stdout] test warning_collection_tests::warning_display_is_human_readable ... ok
[INFO] [stdout] test warning_collection_tests::warning_collector_starts_empty ... ok
[INFO] [stdout] test warning_collection_tests::warning_collector_clear_removes_all ... ok
[INFO] [stdout] test thread_safety_tests::warning_collector_concurrent_adds ... ok
[INFO] [stdout] test warning_collection_tests::warning_collector_preserves_insertion_order ... ok
[INFO] [stdout] test warning_collection_tests::warning_collector_adds_malformed_json_warning ... ok
[INFO] [stdout] test warning_collection_tests::warning_description_contains_line_number ... ok
[INFO] [stdout] test warning_collection_tests::warning_collector_into_warnings_consumes ... ok
[INFO] [stdout] test warning_collection_tests::warning_line_number_is_correct::line_4_1000 ... ok
[INFO] [stdout] test warning_collection_tests::warning_kind_allows_filtering ... ok
[INFO] [stdout] test warning_collection_tests::warning_line_number_is_correct::line_1_1 ... ok
[INFO] [stdout] test warning_collection_tests::warning_line_number_is_correct::line_2_10 ... ok
[INFO] [stdout] test warning_collection_tests::warning_line_number_is_correct::line_5_10000 ... ok
[INFO] [stdout] test resilient_streaming_tests::stream_resilient_invalid_at_start ... ok
[INFO] [stdout] test warning_collection_tests::warning_implements_error_trait ... ok
[INFO] [stdout] test warning_collection_tests::warning_line_number_is_correct::line_3_100 ... ok
[INFO] [stdout] test read_jsonl_resilient_tests::read_resilient_nested_records ... ok
[INFO] [stdout] 
[INFO] [stdout] test result: ok. 65 passed; 0 failed; 0 ignored; 0 measured; 0 filtered out; finished in 0.02s
[INFO] [stdout] 
[INFO] [stderr]      Running tests/roundtrip.rs (/opt/rustwide/target/release/build/rivets-jsonl/df2ca7339f6addb7/out/roundtrip-df2ca7339f6addb7)
[INFO] [stdout] 
[INFO] [stdout] running 49 tests
[INFO] [stdout] test read_jsonl_resilient_integration::resilient_read_empty_file ... ok
[INFO] [stdout] test read_jsonl_resilient_integration::resilient_read_all_valid ... ok
[INFO] [stdout] test atomic_write_integration::atomic_write_cleans_up_temp ... ok
[INFO] [stdout] test atomic_write_integration::atomic_write_iter_roundtrip ... ok
[INFO] [stdout] test atomic_write_integration::atomic_write_unicode ... ok
[INFO] [stdout] test read_jsonl_resilient_integration::resilient_read_pathbuf ... ok
[INFO] [stdout] test read_jsonl_resilient_integration::resilient_read_corrupted_file ... ok
[INFO] [stdout] test atomic_write_integration::atomic_write_fails_on_serialization_error ... ok
[INFO] [stdout] test resilient_stream_integration::resilient_stream_all_corrupted ... ok
[INFO] [stdout] test atomic_write_integration::atomic_write_complex_records ... ok
[INFO] [stdout] test resilient_stream_integration::resilient_stream_complex_records ... ok
[INFO] [stdout] test read_jsonl_resilient_integration::resilient_read_all_corrupted ... ok
[INFO] [stdout] test read_jsonl_resilient_integration::resilient_read_nonexistent_file ... ok
[INFO] [stdout] test read_jsonl_resilient_integration::resilient_read_warning_details ... ok
[INFO] [stdout] test read_jsonl_resilient_integration::resilient_read_string_path ... ok
[INFO] [stdout] test read_jsonl_resilient_integration::resilient_read_handles_empty_and_whitespace_lines ... ok
[INFO] [stdout] test resilient_stream_integration::resilient_stream_handles_empty_and_whitespace_lines ... ok
[INFO] [stdout] test atomic_write_integration::atomic_write_replaces_existing ... ok
[INFO] [stdout] test atomic_write_integration::atomic_write_fails_on_permission_denied ... FAILED
[INFO] [stdout] test atomic_write_integration::atomic_write_preserves_original_on_error ... ok
[INFO] [stdout] test atomic_write_integration::atomic_write_special_characters ... ok
[INFO] [stdout] test resilient_stream_integration::resilient_stream_inspect_warnings_during_processing ... ok
[INFO] [stdout] test read_jsonl_resilient_integration::resilient_read_large_file_with_sparse_errors ... ok
[INFO] [stdout] test atomic_write_integration::atomic_write_roundtrip ... ok
[INFO] [stdout] test resilient_stream_integration::resilient_stream_warning_details ... ok
[INFO] [stdout] test resilient_stream_integration::resilient_stream_with_corrupted_data ... ok
[INFO] [stdout] test roundtrip_complex_record::case_1_with_metadata ... ok
[INFO] [stdout] test roundtrip_test_record::case_1_simple ... ok
[INFO] [stdout] test read_jsonl_resilient_integration::resilient_read_complex_records ... ok
[INFO] [stdout] test resilient_stream_integration::resilient_stream_large_dataset_with_sparse_errors ... ok
[INFO] [stdout] test roundtrip_preserves_line_numbers ... ok
[INFO] [stdout] test roundtrip_test_record::case_3_unicode ... ok
[INFO] [stdout] test roundtrip_test_record::case_4_empty_string ... ok
[INFO] [stdout] test roundtrip_single_record_verifies_eof ... ok
[INFO] [stdout] test roundtrip_test_record::case_2_special_chars ... ok
[INFO] [stdout] test stream_integration::stream_complex_records ... ok
[INFO] [stdout] test roundtrip_large_batch ... ok
[INFO] [stdout] test roundtrip_multiple_records ... ok
[INFO] [stdout] test roundtrip_test_record::case_5_large_name ... ok
[INFO] [stdout] test resilient_stream_integration::resilient_stream_with_filter ... ok
[INFO] [stdout] test resilient_stream_integration::resilient_stream_with_take ... ok
[INFO] [stdout] test roundtrip_complex_record::case_2_null_optional ... ok
[INFO] [stdout] test roundtrip_mixed_types_as_json_value ... ok
[INFO] [stdout] test stream_integration::stream_filter_records ... ok
[INFO] [stdout] test stream_integration::stream_large_dataset ... ok
[INFO] [stdout] test stream_integration::stream_take_subset ... ok
[INFO] [stdout] test stream_integration::stream_with_interleaved_errors ... ok
[INFO] [stdout] test atomic_write_integration::atomic_write_large_dataset ... ok
[INFO] [stdout] test read_jsonl_resilient_integration::resilient_read_unicode ... ok
[INFO] [stdout] 
[INFO] [stdout] failures:
[INFO] [stdout] 
[INFO] [stdout] ---- atomic_write_integration::atomic_write_fails_on_permission_denied stdout ----
[INFO] [stdout] 
[INFO] [stdout] thread 'atomic_write_integration::atomic_write_fails_on_permission_denied' (1774) panicked at tests/roundtrip.rs:543:9:
[INFO] [stdout] Writing to file in read-only directory should fail
[INFO] [stdout] stack backtrace:
[INFO] [stdout]    0:     0x5cb394e6bd61 - <<std[617be2ca0a6fd877]::sys::backtrace::BacktraceLock>::print::DisplayBacktrace as core[a373ad73a504971]::fmt::Display>::fmt
[INFO] [stdout]    1:     0x5cb394e8108a - core[a373ad73a504971]::fmt::write
[INFO] [stdout]    2:     0x5cb394e702cc - <alloc[2e1b2a31b91974c5]::vec::Vec<u8> as core[a373ad73a504971]::io::write::Write>::write_fmt
[INFO] [stdout]    3:     0x5cb394e464a6 - std[617be2ca0a6fd877]::panicking::default_hook::{closure#0}
[INFO] [stdout]    4:     0x5cb394e63959 - std[617be2ca0a6fd877]::panicking::default_hook
[INFO] [stdout]    5:     0x5cb394dde3c0 - test[aada8e7e76ba119b]::test_main_inner::{closure#0}
[INFO] [stdout]    6:     0x5cb394e63b12 - std[617be2ca0a6fd877]::panicking::panic_with_hook
[INFO] [stdout]    7:     0x5cb394e46584 - std[617be2ca0a6fd877]::panicking::panic_handler::{closure#0}
[INFO] [stdout]    8:     0x5cb394e3f0e9 - std[617be2ca0a6fd877]::sys::backtrace::__rust_end_short_backtrace::<std[617be2ca0a6fd877]::panicking::panic_handler::{closure#0}, !>
[INFO] [stdout]    9:     0x5cb394e4730d - __rustc[ea4f61d10b84890b]::rust_begin_unwind
[INFO] [stdout]   10:     0x5cb394e817ec - core[a373ad73a504971]::panicking::panic_fmt
[INFO] [stdout]   11:     0x5cb394d93fb4 - roundtrip[5d2abbe372bc9316]::atomic_write_integration::atomic_write_fails_on_permission_denied::{closure#0}
[INFO] [stdout]   12:     0x5cb394db6bc3 - <tokio[dbe185995b193935]::runtime::scheduler::current_thread::Context>::enter::<core[a373ad73a504971]::task::poll::Poll<()>, <tokio[dbe185995b193935]::runtime::scheduler::current_thread::CoreGuard>::block_on<core[a373ad73a504971]::pin::Pin<&mut core[a373ad73a504971]::pin::Pin<&mut dyn core[a373ad73a504971]::future::future::Future<Output = ()>>>>::{closure#0}::{closure#0}>
[INFO] [stdout]   13:     0x5cb394db406c - <tokio[dbe185995b193935]::runtime::context::scoped::Scoped<tokio[dbe185995b193935]::runtime::scheduler::Context>>::set::<<tokio[dbe185995b193935]::runtime::scheduler::current_thread::CoreGuard>::enter<<tokio[dbe185995b193935]::runtime::scheduler::current_thread::CoreGuard>::block_on<core[a373ad73a504971]::pin::Pin<&mut core[a373ad73a504971]::pin::Pin<&mut dyn core[a373ad73a504971]::future::future::Future<Output = ()>>>>::{closure#0}, core[a373ad73a504971]::option::Option<()>>::{closure#0}, (alloc[2e1b2a31b91974c5]::boxed::Box<tokio[dbe185995b193935]::runtime::scheduler::current_thread::Core>, core[a373ad73a504971]::option::Option<()>)>
[INFO] [stdout]   14:     0x5cb394db6f17 - <tokio[dbe185995b193935]::runtime::scheduler::current_thread::CoreGuard>::block_on::<core[a373ad73a504971]::pin::Pin<&mut core[a373ad73a504971]::pin::Pin<&mut dyn core[a373ad73a504971]::future::future::Future<Output = ()>>>>
[INFO] [stdout]   15:     0x5cb394dbec3d - tokio[dbe185995b193935]::runtime::context::runtime::enter_runtime::<<tokio[dbe185995b193935]::runtime::scheduler::current_thread::CurrentThread>::block_on<core[a373ad73a504971]::pin::Pin<&mut dyn core[a373ad73a504971]::future::future::Future<Output = ()>>>::{closure#0}, ()>
[INFO] [stdout]   16:     0x5cb394dbdb9e - <tokio[dbe185995b193935]::runtime::runtime::Runtime>::block_on::<core[a373ad73a504971]::pin::Pin<&mut dyn core[a373ad73a504971]::future::future::Future<Output = ()>>>
[INFO] [stdout]   17:     0x5cb394d97d74 - <roundtrip[5d2abbe372bc9316]::atomic_write_integration::atomic_write_fails_on_permission_denied::{closure#0} as core[a373ad73a504971]::ops::function::FnOnce<()>>::call_once
[INFO] [stdout]   18:     0x5cb394dd180b - test[aada8e7e76ba119b]::__rust_begin_short_backtrace::<core[a373ad73a504971]::result::Result<(), alloc[2e1b2a31b91974c5]::string::String>, fn() -> core[a373ad73a504971]::result::Result<(), alloc[2e1b2a31b91974c5]::string::String>>
[INFO] [stdout]   19:     0x5cb394dde9e5 - test[aada8e7e76ba119b]::run_test::{closure#0}
[INFO] [stdout]   20:     0x5cb394dd82d4 - std[617be2ca0a6fd877]::sys::backtrace::__rust_begin_short_backtrace::<test[aada8e7e76ba119b]::run_test::{closure#1}, ()>
[INFO] [stdout]   21:     0x5cb394de1a72 - <std[617be2ca0a6fd877]::thread::lifecycle::spawn_unchecked<test[aada8e7e76ba119b]::run_test::{closure#1}, ()>::{closure#1} as core[a373ad73a504971]::ops::function::FnOnce<()>>::call_once::{shim:vtable#0}
[INFO] [stdout]   22:     0x5cb394e6b5bf - <std[617be2ca0a6fd877]::sys::thread::unix::Thread>::new::thread_start
[INFO] [stdout]   23:     0x75ae96fdddfa - <unknown>
[INFO] [stdout]   24:     0x75ae970713d4 - clone
[INFO] [stdout]   25:                0x0 - <unknown>
[INFO] [stdout] 
[INFO] [stdout] 
[INFO] [stdout] failures:
[INFO] [stdout]     atomic_write_integration::atomic_write_fails_on_permission_denied
[INFO] [stdout] 
[INFO] [stdout] test result: FAILED. 48 passed; 1 failed; 0 ignored; 0 measured; 0 filtered out; finished in 0.02s
[INFO] [stdout] 
[INFO] [stderr] error: test failed, to rerun pass `--test roundtrip`
[INFO] running `Command { std: "docker" "inspect" "e78acd9861aa9d8da618c37d28c682f6c4d8a12dc7a912066912858ea86f1388", kill_on_drop: false }`
[INFO] running `Command { std: "docker" "rm" "-f" "e78acd9861aa9d8da618c37d28c682f6c4d8a12dc7a912066912858ea86f1388", kill_on_drop: false }`
[INFO] [stdout] e78acd9861aa9d8da618c37d28c682f6c4d8a12dc7a912066912858ea86f1388
