[INFO] fetching crate rivet-container 0.2.0...
[INFO] testing rivet-container-0.2.0 against 1.99.0-beta.8+cargoflags=--release for beta-release-1.100-2
[INFO] extracting crate rivet-container 0.2.0 into /workspace/builds/worker-3-tc1/source
[INFO] started tweaking crates.io crate rivet-container 0.2.0
[INFO] removed 0 missing tests
[INFO] finished tweaking crates.io crate rivet-container 0.2.0
[INFO] tweaked toml for crates.io crate rivet-container 0.2.0 written to /workspace/builds/worker-3-tc1/source/Cargo.toml
[INFO] validating manifest of crates.io crate rivet-container 0.2.0 on toolchain 1.99.0-beta.8
[INFO] running `Command { std: CARGO_HOME="/workspace/cargo-home" RUSTUP_HOME="/workspace/rustup-home" "/workspace/cargo-home/bin/cargo" "+1.99.0-beta.8" "metadata" "--manifest-path" "Cargo.toml" "--no-deps", kill_on_drop: false }`
[INFO] crate crates.io crate rivet-container 0.2.0 already has a lockfile, it will not be regenerated
[INFO] running `Command { std: CARGO_HOME="/workspace/cargo-home" RUSTUP_HOME="/workspace/rustup-home" "/workspace/cargo-home/bin/cargo" "+1.99.0-beta.8" "fetch" "--manifest-path" "Cargo.toml", kill_on_drop: false }`
[INFO] [stderr]     Updating crates.io index
[INFO] [stderr]  Downloading crates ...
[INFO] [stderr]   Downloaded mp4 v0.14.0
[INFO] [stderr]   Downloaded nvml-wrapper-sys v0.8.0
[INFO] [stderr]   Downloaded minimp3 v0.5.2
[INFO] [stderr]   Downloaded nvml-wrapper v0.10.0
[INFO] [stderr]   Downloaded rubato v0.15.0
[INFO] [stderr]   Downloaded slice-ring-buffer v0.3.4
[INFO] [stderr]   Downloaded audiopus v0.3.0-rc.0
[INFO] [stderr]   Downloaded rivet-codec v0.2.0
[INFO] [stderr]   Downloaded matroska-demuxer v0.7.0
[INFO] [stderr]   Downloaded audiopus_sys v0.2.2
[INFO] running `Command { std: "docker" "create" "-v" "/var/lib/crater-agent-workspace/builds/worker-3-tc1/source:/opt/rustwide/workdir:ro,Z" "-v" "/var/lib/crater-agent-workspace/builds/worker-3-tc1/target:/opt/rustwide/target:rw,Z" "-v" "/var/lib/crater-agent-workspace/cargo-home:/opt/rustwide/cargo-home:ro,Z" "-v" "/var/lib/crater-agent-workspace/rustup-home:/opt/rustwide/rustup-home:ro,Z" "-m" "1610612736" "--network" "none" "ghcr.io/rust-lang/crates-build-env/linux@sha256:77db811e55d90add9212f6832c23229e3de5f1c1f9905e8cb07319ea15df73ac" "sleep" "infinity", kill_on_drop: false }`
[INFO] [stdout] e43dea40509f0b768e3bd9109c87a8ceea3b84f62ea67405b461422dc8618974
[INFO] running `Command { std: "docker" "start" "e43dea40509f0b768e3bd9109c87a8ceea3b84f62ea67405b461422dc8618974", kill_on_drop: false }`
[INFO] running `Command { std: "docker" "inspect" "e43dea40509f0b768e3bd9109c87a8ceea3b84f62ea67405b461422dc8618974", kill_on_drop: false }`
[INFO] running `Command { std: "docker" "exec" "-e" "SOURCE_DIR=/opt/rustwide/workdir" "-e" "CARGO_HOME=/opt/rustwide/cargo-home" "-e" "RUSTUP_HOME=/opt/rustwide/rustup-home" "-e" "CARGO_TARGET_DIR=/opt/rustwide/target" "-w" "/opt/rustwide/workdir" "--user" "0:0" "e43dea40509f0b768e3bd9109c87a8ceea3b84f62ea67405b461422dc8618974" "/opt/rustwide/cargo-home/bin/cargo" "+1.99.0-beta.8" "metadata" "--no-deps" "--format-version=1", kill_on_drop: false }`
[INFO] running `Command { std: "docker" "inspect" "e43dea40509f0b768e3bd9109c87a8ceea3b84f62ea67405b461422dc8618974", kill_on_drop: false }`
[INFO] running `Command { std: "docker" "exec" "-e" "SOURCE_DIR=/opt/rustwide/workdir" "-e" "CARGO_HOME=/opt/rustwide/cargo-home" "-e" "RUSTUP_HOME=/opt/rustwide/rustup-home" "-e" "CARGO_TARGET_DIR=/opt/rustwide/target" "-e" "CARGO_INCREMENTAL=0" "-e" "RUST_BACKTRACE=full" "-e" "RUSTFLAGS=--cap-lints=warn" "-e" "RUSTDOCFLAGS=--cap-lints=warn" "-w" "/opt/rustwide/workdir" "--user" "0:0" "e43dea40509f0b768e3bd9109c87a8ceea3b84f62ea67405b461422dc8618974" "/opt/rustwide/cargo-home/bin/cargo" "+1.99.0-beta.8" "build" "--frozen" "--message-format=json" "--release", kill_on_drop: false }`
[INFO] [stderr]    Compiling syn v2.0.118
[INFO] [stderr]    Compiling libc v0.2.186
[INFO] [stderr]    Compiling log v0.4.33
[INFO] [stderr]    Compiling cmake v0.1.58
[INFO] [stderr]    Compiling minimp3-sys v0.3.2
[INFO] [stderr]    Compiling libloading v0.8.9
[INFO] [stderr]    Compiling tinyvec v1.11.0
[INFO] [stderr]    Compiling num-integer v0.1.46
[INFO] [stderr]    Compiling num-complex v0.4.6
[INFO] [stderr]    Compiling moxcms v0.8.1
[INFO] [stderr]    Compiling png v0.18.1
[INFO] [stderr]    Compiling ogg v0.8.0
[INFO] [stderr]    Compiling matroska-demuxer v0.7.0
[INFO] [stderr]    Compiling nvml-wrapper-sys v0.8.0
[INFO] [stderr]    Compiling audiopus_sys v0.2.2
[INFO] [stderr]    Compiling audiopus v0.3.0-rc.0
[INFO] [stderr]    Compiling primal-check v0.3.4
[INFO] [stderr]    Compiling transpose v0.2.3
[INFO] [stderr]    Compiling num-bigint v0.4.6
[INFO] [stderr]    Compiling rustfft v6.4.1
[INFO] [stderr]    Compiling lewton v0.10.2
[INFO] [stderr]    Compiling slice-ring-buffer v0.3.4
[INFO] [stderr]    Compiling getrandom v0.4.3
[INFO] [stderr]    Compiling tempfile v3.27.0
[INFO] [stderr]    Compiling image v0.25.10
[INFO] [stderr]    Compiling darling_core v0.20.11
[INFO] [stderr]    Compiling thiserror-impl v1.0.69
[INFO] [stderr]    Compiling serde_derive v1.0.228
[INFO] [stderr]    Compiling thiserror-impl v2.0.18
[INFO] [stderr]    Compiling tracing-attributes v0.1.31
[INFO] [stderr]    Compiling realfft v3.5.0
[INFO] [stderr]    Compiling thiserror v1.0.69
[INFO] [stderr]    Compiling minimp3 v0.5.2
[INFO] [stderr]    Compiling rubato v0.15.0
[INFO] [stderr]    Compiling tracing v0.1.44
[INFO] [stderr]    Compiling thiserror v2.0.18
[INFO] [stderr]    Compiling serde v1.0.228
[INFO] [stderr]    Compiling darling_macro v0.20.11
[INFO] [stderr]    Compiling darling v0.20.11
[INFO] [stderr]    Compiling wrapcenum-derive v0.4.1
[INFO] [stderr]    Compiling nvml-wrapper v0.10.0
[INFO] [stderr]    Compiling num-rational v0.4.2
[INFO] [stderr]    Compiling mp4 v0.14.0
[INFO] [stderr]    Compiling rivet-codec v0.2.0
[INFO] [stderr]    Compiling rivet-container v0.2.0 (/opt/rustwide/workdir)
[INFO] [stderr]     Finished `release` profile [optimized] target(s) in 1m 09s
[INFO] running `Command { std: "docker" "inspect" "e43dea40509f0b768e3bd9109c87a8ceea3b84f62ea67405b461422dc8618974", kill_on_drop: false }`
[INFO] running `Command { std: "docker" "exec" "-e" "SOURCE_DIR=/opt/rustwide/workdir" "-e" "CARGO_HOME=/opt/rustwide/cargo-home" "-e" "RUSTUP_HOME=/opt/rustwide/rustup-home" "-e" "CARGO_TARGET_DIR=/opt/rustwide/target" "-e" "CARGO_INCREMENTAL=0" "-e" "RUST_BACKTRACE=full" "-e" "RUSTFLAGS=--cap-lints=warn" "-e" "RUSTDOCFLAGS=--cap-lints=warn" "-w" "/opt/rustwide/workdir" "--user" "0:0" "e43dea40509f0b768e3bd9109c87a8ceea3b84f62ea67405b461422dc8618974" "/opt/rustwide/cargo-home/bin/cargo" "+1.99.0-beta.8" "test" "--frozen" "--no-run" "--message-format=json" "--release", kill_on_drop: false }`
[INFO] [stderr]    Compiling rivet-container v0.2.0 (/opt/rustwide/workdir)
[INFO] [stderr]     Finished `release` profile [optimized] target(s) in 11.83s
[INFO] running `Command { std: "docker" "inspect" "e43dea40509f0b768e3bd9109c87a8ceea3b84f62ea67405b461422dc8618974", kill_on_drop: false }`
[INFO] running `Command { std: "docker" "exec" "-e" "SOURCE_DIR=/opt/rustwide/workdir" "-e" "CARGO_HOME=/opt/rustwide/cargo-home" "-e" "RUSTUP_HOME=/opt/rustwide/rustup-home" "-e" "CARGO_TARGET_DIR=/opt/rustwide/target" "-e" "CARGO_INCREMENTAL=0" "-e" "RUST_BACKTRACE=full" "-e" "RUSTFLAGS=--cap-lints=warn" "-e" "RUSTDOCFLAGS=--cap-lints=warn" "-w" "/opt/rustwide/workdir" "--user" "0:0" "e43dea40509f0b768e3bd9109c87a8ceea3b84f62ea67405b461422dc8618974" "/opt/rustwide/cargo-home/bin/cargo" "+1.99.0-beta.8" "test" "--frozen" "--release", kill_on_drop: false }`
[INFO] [stderr]     Finished `release` profile [optimized] target(s) in 0.10s
[INFO] [stderr]      Running unittests src/lib.rs (/opt/rustwide/target/release/deps/container-f3b09eaff1031ca7)
[INFO] [stdout] 
[INFO] [stdout] running 207 tests
[INFO] [stdout] test aac_asc::tests::bit_writer_roundtrip ... ok
[INFO] [stdout] test aac_asc::tests::parse_aac_lc_stereo_44_1k ... ok
[INFO] [stdout] test aac_asc::tests::upgrade_rejects_already_explicit ... ok
[INFO] [stdout] test aac_asc::tests::upgrade_rejects_high_rate_lc ... ok
[INFO] [stdout] test aac_asc::tests::parse_he_aac_v2_mono_ps_explicit ... ok
[INFO] [stdout] test aac_asc::tests::parse_rejects_truncated ... ok
[INFO] [stdout] test ac3_sync::tests::parse_ac3_stereo_192k ... ok
[INFO] [stdout] test aac_asc::tests::parse_implicit_he_aac_flagged ... ok
[INFO] [stdout] test ac3_sync::tests::channel_count_table ... ok
[INFO] [stdout] test ac3_sync::tests::parse_ac3_5_1_384k_48k ... ok
[INFO] [stdout] test ac3_sync::tests::parse_ac3_mono_64k ... ok
[INFO] [stdout] test aac_asc::tests::parse_aac_lc_7_1_at_48k ... ok
[INFO] [stdout] test aac_asc::tests::parse_aac_lc_5_1_at_48k ... ok
[INFO] [stdout] test aac_asc::tests::parse_he_aac_v1_5_1_explicit ... ok
[INFO] [stdout] test aac_asc::tests::parse_inline_24bit_sample_rate ... ok
[INFO] [stdout] test ac3_sync::tests::bit_rate_table_spans_zero_to_640 ... ok
[INFO] [stdout] test ac3_sync::tests::parse_rejects_bad_syncword ... ok
[INFO] [stdout] test annexb::tests::avcc_honors_length_size_two ... ok
[INFO] [stdout] test annexb::tests::avcc_roundtrip_length_size_four ... ok
[INFO] [stdout] test annexb::tests::tracked_avc_exoplayer_sps_only_then_idr ... ok
[INFO] [stdout] test aac_asc::tests::parse_aac_lc_stereo_48k ... ok
[INFO] [stdout] test annexb::tests::hvcc_extracts_vps_sps_pps_in_array_order ... ok
[INFO] [stdout] test annexb::tests::tracked_avc_avcc_only_first_idr_prepends_both ... ok
[INFO] [stdout] test annexb::tests::tracked_avc_inline_sps_pps_idr_no_duplication ... ok
[INFO] [stdout] test annexb::tests::tracked_avc_length_size_two ... ok
[INFO] [stdout] test annexb::tests::tracked_avc_second_idr_no_reprepend ... ok
[INFO] [stdout] test ac3_sync::tests::parse_eac3_5_1_independent ... ok
[INFO] [stdout] test avi::tests::demux_handles_divx_variants ... ok
[INFO] [stdout] test aac_asc::tests::parse_xhe_aac_aot_escape ... ok
[INFO] [stdout] test avi::tests::opendml_picks_indx_path_not_cursor_walk ... ok
[INFO] [stdout] test avi::tests::opendml_total_frames_prefers_dmlh_over_avih ... ok
[INFO] [stdout] test ac3_sync::tests::parse_rejects_truncated ... ok
[INFO] [stdout] test aac_asc::tests::upgrade_24k_mono_lc_to_explicit_he_aac_v1 ... ok
[INFO] [stdout] test ac3_sync::tests::parse_rejects_unknown_bsid ... ok
[INFO] [stdout] test avi::tests::read_dmlh_total_frames_finds_value_inside_odml_list ... ok
[INFO] [stdout] test avi::tests::demux_rejects_unknown_fourcc ... ok
[INFO] [stdout] test avi::tests::read_dmlh_total_frames_returns_none_when_odml_absent ... ok
[INFO] [stdout] test avi::tests::legacy_single_movi_without_indx_uses_cursor_backend ... ok
[INFO] [stdout] test avi::tests::parse_indx_body_decodes_two_index_of_indexes_entries ... ok
[INFO] [stdout] test avi::tests::opendml_legacy_demux_also_walks_both_movi_lists ... ok
[INFO] [stdout] test avi::tests::opendml_streaming_walks_both_movi_lists_in_order ... ok
[INFO] [stdout] test cmaf::tests::cmaf_audio_muxer_emits_init_and_segments_with_correct_durations ... ok
[INFO] [stdout] test annexb::tests::tracked_avc_sei_then_idr_inserts_params_between ... ok
[INFO] [stdout] test annexb::tests::tracked_hevc_first_idr_prepends_vps_sps_pps ... ok
[INFO] [stdout] test cmaf::tests::cmaf_h264_init_segment_is_avc3_with_inline_params ... ok
[INFO] [stdout] test cmaf::tests::init_segment_video_lists_cmfc_and_av01_brands ... ok
[INFO] [stdout] test cmaf::tests::cmaf_video_muxer_emits_init_then_segment_files ... ok
[INFO] [stdout] test cmaf::tests::cmaf_video_muxer_two_writers_share_output_dir_with_distinct_indices ... ok
[INFO] [stdout] test cmaf::tests::init_segment_video_moov_contains_mvex_with_trex ... ok
[INFO] [stdout] test annexb::tests::tracked_avc_mixed_inline_sps_avcc_pps_only ... ok
[INFO] [stdout] test cmaf::tests::init_segment_video_stbl_has_empty_sample_tables ... ok
[INFO] [stdout] test cmaf::tests::cmaf_video_muxer_first_segment_index_offset_writes_correct_filename ... ok
[INFO] [stdout] test cmaf::tests::cmaf_h265_init_segment_is_hev1 ... ok
[INFO] [stdout] test cmaf::tests::moof_audio_does_not_emit_first_sample_flags ... ok
[INFO] [stdout] test cmaf::tests::moof_data_offset_patch_is_at_correct_position ... ok
[INFO] [stdout] test cmaf::tests::moof_video_three_samples_records_per_sample_dur_and_size ... ok
[INFO] [stdout] test cmaf::tests::cmaf_video_muxer_write_init_false_skips_init_file ... ok
[INFO] [stdout] test cmaf::tests::init_segment_audio_lists_cmfa_brand ... ok
[INFO] [stdout] test cmaf::tests::cmaf_video_muxer_rejects_segment_starting_on_non_keyframe ... ok
[INFO] [stdout] test cmaf::tests::mehd_v1_carries_u64_fragment_duration ... ok
[INFO] [stdout] test cmaf::tests::mfhd_layout_is_16_bytes_with_sequence_number ... ok
[INFO] [stdout] test cmaf::tests::cmaf_video_muxer_first_segment_index_zero_panics - should panic ... ok
[INFO] [stdout] test cmaf::tests::moof_video_one_keyframe_sample_round_trip ... ok
[INFO] [stdout] test cmaf::tests::sample_flags_pack_distinguishes_sync_from_delta ... ok
[INFO] [stdout] test demux::tests::av01_detector_returns_false_for_avc1_sample_entry ... ok
[INFO] [stdout] test demux::tests::detect_container_recognises_avi_riff_signature ... ok
[INFO] [stdout] test demux::tests::detect_container_recognises_mpeg_ts_sync_pattern ... ok
[INFO] [stdout] test demux::tests::detect_container_rejects_lone_0x47_byte ... ok
[INFO] [stdout] test demux::tests::mkv_annexb_guard_flags_avc_and_hevc ... ok
[INFO] [stdout] test demux::tests::mkv_annexb_guard_passes_self_contained_codecs ... ok
[INFO] [stdout] test demux::tests::prores_detector_finds_all_six_fourccs ... ok
[INFO] [stdout] test demux::tests::prores_detector_ignores_non_prores_fourccs ... ok
[INFO] [stdout] test cmaf::tests::cmaf_video_muxer_options_default_matches_legacy_new ... ok
[INFO] [stdout] test avi::tests::demux_minimal_xvid_avi_emits_samples ... ok
[INFO] [stdout] test cmaf::tests::tfhd_minimal_track_id_only_is_16_bytes ... ok
[INFO] [stdout] test cmaf::tests::mvex_wraps_mehd_and_one_or_more_trex_in_order ... ok
[INFO] [stdout] test cmaf::tests::trex_layout_is_32_bytes_with_track_id_and_flags ... ok
[INFO] [stdout] test cmaf::tests::tfhd_with_all_defaults_packs_in_spec_order ... ok
[INFO] [stdout] test cmaf::tests::tfdt_v1_carries_u64_decode_time ... ok
[INFO] [stdout] test demux::tests::parse_avcc_truncated_returns_partial ... ok
[INFO] [stdout] test cmaf::tests::tfhd_with_default_flags_only_packs_correct_bits ... ok
[INFO] [stdout] test demux::tests::av01_detector_ignores_av01_in_wrong_place ... ok
[INFO] [stdout] test demux::tests::parse_avcc_empty_record_returns_empty ... ok
[INFO] [stdout] test cmaf::tests::cmaf_video_muxer_offset_base_decode_time_propagates_to_tfdt ... ok
[INFO] [stdout] test demux::tests::read_id_vint_parses_matroska_ids ... ok
[INFO] [stdout] test demux::tests::parse_avcc_extracts_sps_and_pps ... ok
[INFO] [stdout] test demux::tests::prores_detector_returns_none_when_no_stsd ... ok
[INFO] [stdout] test demux::tests::av01_detector_finds_sample_entry_in_nested_stsd ... ok
[INFO] [stdout] test demux::tests::read_size_vint_8_byte_encoding ... ok
[INFO] [stdout] test hls::tests::master_playlist_emits_required_top_level_tags ... ok
[INFO] [stdout] test mux::tests::audio_ac3::ac3_sample_entry_size_and_fourcc ... ok
[INFO] [stdout] test hls::tests::master_playlist_omits_audio_when_video_only ... ok
[INFO] [stdout] test mux::tests::audio_ac3::dac3_box_3_byte_payload_layout ... ok
[INFO] [stdout] test hls::tests::write_hls_package_video_only_emits_no_audio_dir ... ok
[INFO] [stdout] test mux::tests::audio_ac3::dec3_box_5_byte_payload_layout ... ok
[INFO] [stdout] test mp4_sanitize::tests::inner_mp4a_inside_wave_is_not_treated_as_sample_entry ... ok
[INFO] [stdout] test mux::tests::audio_ac3::ec3_sample_entry_size_and_fourcc ... ok
[INFO] [stdout] test mp4_sanitize::tests::well_formed_file_passes_through_byte_identical ... ok
[INFO] [stdout] test mux::tests::audio_ac3::ac3_sync_to_dac3_to_sample_entry_roundtrip ... ok
[INFO] [stdout] test mux::tests::audio_ac3::stsd_dispatcher_routes_ac3_eac3 ... ok
[INFO] [stdout] test mux::tests::audio_ac3::with_audio_accepts_ac3_5_1_and_rejects_bad_shape ... ok
[INFO] [stdout] test mux::tests::audio_ac3::with_audio_accepts_eac3_5_1_and_rejects_short_dec3 ... ok
[INFO] [stdout] test mux::tests::audio_ac3::with_audio_rejects_ac3_more_than_6_channels ... ok
[INFO] [stdout] test mux::tests::audio_opus::chan_box_7_1_layout_and_size ... ok
[INFO] [stdout] test mux::tests::audio_opus::dops_box_11_byte_payload_layout ... ok
[INFO] [stdout] test mux::tests::audio_opus::chan_box_omitted_for_mono_and_stereo ... ok
[INFO] [stdout] test mux::tests::audio_opus::chan_box_omitted_for_unsupported_counts ... ok
[INFO] [stdout] test mux::tests::audio_opus::chan_absent_from_stereo_mp4a ... ok
[INFO] [stdout] test hls::tests::master_playlist_orders_variants_by_ascending_bandwidth ... ok
[INFO] [stdout] test hls::tests::media_playlist_includes_all_required_v7_tags ... ok
[INFO] [stdout] test demux::tests::read_size_vint_1_byte_encoding ... ok
[INFO] [stdout] test hls::tests::escape_attr_strips_disallowed_characters ... ok
[INFO] [stdout] test hls::tests::media_playlist_uses_real_segment_durations_not_nominal ... ok
[INFO] [stdout] test mux::tests::audio_opus::dops_box_5_1_hex_dump ... ok
[INFO] [stdout] test mux::tests::audio_opus::chan_box_5_1_layout_and_size ... ok
[INFO] [stdout] test mux::tests::audio_opus::dops_byte_order_flipped_from_opushead ... ok
[INFO] [stdout] test mux::tests::audio_opus::dops_box_5_1_payload_is_19_bytes_total_27 ... ok
[INFO] [stdout] test mux::tests::audio_opus::chan_nests_inside_mp4a_for_5_1 ... ok
[INFO] [stdout] test mux::tests::audio_opus::dops_box_7_1_payload_is_21_bytes_total_29 ... ok
[INFO] [stdout] test hls::tests::write_hls_package_emits_full_directory_tree ... ok
[INFO] [stdout] test mp4_sanitize::tests::over_reported_child_inside_mp4a_gets_clamped ... ok
[INFO] [stdout] test mp4_sanitize::tests::truncated_input_is_handled_without_panic ... ok
[INFO] [stdout] test mux::tests::audio_opus::stsd_dispatcher_routes_codec_to_correct_sample_entry ... ok
[INFO] [stdout] test mux::tests::audio_opus::opus_sample_entry_size_and_fourcc ... ok
[INFO] [stdout] test mux::tests::audio_opus::dops_handles_negative_output_gain ... ok
[INFO] [stdout] test mux::tests::audio_opus::with_audio_rejects_family_1_with_mapping_index_out_of_range ... ok
[INFO] [stdout] test mux::tests::audio_opus::with_audio_accepts_5_1_opus ... ok
[INFO] [stdout] test mux::tests::audio_opus::with_audio_rejects_9_channel_opus ... ok
[INFO] [stdout] test mux::tests::audio_opus::dops_preserves_arbitrary_preskip ... ok
[INFO] [stdout] test mux::tests::audio_opus::dops_nests_inside_opus_sample_entry ... ok
[INFO] [stdout] test mux::tests::audio_opus::with_audio_rejects_family_0_with_5_1_channels ... ok
[INFO] [stdout] test mux::tests::audio_opus::opus_sample_entry_5_1_size_and_dops_nesting ... ok
[INFO] [stdout] test mux::tests::audio_opus::opus_sample_entry_samplerate_is_48000_q16 ... ok
[INFO] [stdout] test mux::tests::audio_opus::with_audio_rejects_family_1_with_truncated_codec_private ... ok
[INFO] [stdout] test mux::tests::audio_opus::with_audio_rejects_family_1_with_coupled_exceeding_streams ... ok
[INFO] [stdout] test mux::tests::audio_opus::with_audio_rejects_family_1_with_zero_streams ... ok
[INFO] [stdout] test mux::tests::boxes::box_builder_sizes_correctly ... ok
[INFO] [stdout] test mux::tests::boxes::build_co64_emits_64bit_offsets ... ok
[INFO] [stdout] test mux::tests::boxes::build_co64_offsets_are_monotonic_and_be ... ok
[INFO] [stdout] test mux::tests::boxes::mux_stsc_all_under_spc_single_entry ... ok
[INFO] [stdout] test mux::tests::boxes::mux_stsc_emits_multiple_chunk_runs ... ok
[INFO] [stdout] test mux::tests::video::av01_sample_entry_includes_colr_nclx_box ... ok
[INFO] [stdout] test mux::tests::video::clli_box_4_byte_payload_layout ... ok
[INFO] [stdout] test mp4_sanitize::tests::sanitizer_is_idempotent ... ok
[INFO] [stdout] test mux::tests::video::colr_nclx_box_size_matches_layout ... ok
[INFO] [stdout] test mux::tests::video::colr_nclx_carries_hdr10_metadata ... ok
[INFO] [stdout] test mux::tests::boxes::compute_chunk_offsets_single_chunk ... ok
[INFO] [stdout] test mux::tests::video::colr_nclx_full_range_sets_high_bit ... ok
[INFO] [stdout] test mux::tests::boxes::compute_chunk_offsets_walks_sample_sizes ... ok
[INFO] [stdout] test mux::tests::video::mdcv_box_24_byte_payload_layout ... ok
[INFO] [stdout] test mux::tests::video::mdcv_omitted_when_none ... ok
[INFO] [stdout] test mux::tests::video::transfer_to_h273_emits_canonical_codes ... ok
[INFO] [stdout] test nal_mux::tests::dedups_repeated_param_sets ... ok
[INFO] [stdout] test mux::tests::boxes::ftyp_starts_with_size_and_type ... ok
[INFO] [stdout] test nal_mux::tests::h264_strips_sps_pps_keeps_slice ... ok
[INFO] [stdout] test nal_mux::tests::h265_captures_vps_sps_pps ... ok
[INFO] [stdout] test nal_mux::tests::preserves_slice_trailing_zero_bytes ... ok
[INFO] [stdout] test mux::tests::boxes::build_stco_emits_32bit_offsets ... ok
[INFO] [stdout] test nal_mux::tests::h265_splits_multi_picture_packet_without_aud ... ok
[INFO] [stdout] test mux::tests::boxes::leb128_roundtrip ... ok
[INFO] [stdout] test mux::tests::video::colr_handles_hlg_transfer_code_18 ... ok
[INFO] [stdout] test nal_mux::tests::inline_mode_keeps_param_sets_in_sample ... ok
[INFO] [stdout] test mux::tests::video::ftyp_lists_av01_and_iso6_and_mp42_brands ... ok
[INFO] [stdout] test nal_mux::tests::splits_multi_au_packet_by_aud ... ok
[INFO] [stdout] test nal_mux::tests::splits_3_and_4_byte_start_codes ... ok
[INFO] [stdout] test ts::tests::ac3_audio::dac3_body_synthesized_from_first_ts_frame_matches_sync_header ... ok
[INFO] [stdout] test ts::tests::ac3_audio::extract_ac3_frames_from_synthetic_ts_yields_passthrough_track ... ok
[INFO] [stdout] test ts::tests::ac3_audio::extract_eac3_frames_from_synthetic_ts_yields_passthrough_track ... ok
[INFO] [stdout] test ts::tests::adts_audio::adts_parser_decodes_canonical_lc_stereo_7byte_header ... ok
[INFO] [stdout] test mux::tests::boxes::moov_with_use_co64_false_emits_stco_not_co64 ... ok
[INFO] [stdout] test mux::tests::boxes::moov_with_use_co64_true_emits_co64_not_stco ... ok
[INFO] [stdout] test mux::tests::boxes::mux_stsc_last_chunk_under_spc_emits_tail_entry ... ok
[INFO] [stdout] test mux::tests::video::clli_omitted_when_none ... ok
[INFO] [stdout] test mux::tests::video::colr_bt2020_primaries_matrix ... ok
[INFO] [stdout] test mux::tests::video::colr_handles_pq_transfer_code_16 ... ok
[INFO] [stdout] test ts::tests::ac3_audio::extract_ac3_via_pes_private_with_dvb_registration ... ok
[INFO] [stdout] test mux::tests::video::av01_sample_entry_emits_mdcv_and_clli_in_order ... ok
[INFO] [stdout] test ts::tests::ac3_audio::pmt_walker_recognises_dvb_ac3_via_registration_descriptor ... ok
[INFO] [stdout] test ts::tests::ac3_audio::pmt_walker_recognises_dvb_eac3_via_registration_descriptor ... ok
[INFO] [stdout] test ts::tests::adts_audio::adts_parser_decodes_9byte_header_with_crc ... ok
[INFO] [stdout] test ts::tests::adts_audio::adts_parser_decodes_aac_profile_bits_full_range ... ok
[INFO] [stdout] test ts::tests::adts_audio::adts_parser_rejects_short_buffer ... ok
[INFO] [stdout] test mux::tests::video::colr_lives_inside_av01_sample_entry ... ok
[INFO] [stdout] test ts::tests::adts_audio::adts_strip_7byte_header_yields_payload_only ... ok
[INFO] [stdout] test ts::tests::adts_audio::demux_ts_emits_audio_none_when_no_aac_stream_in_pmt ... ok
[INFO] [stdout] test ts::tests::adts_audio::adts_parser_rejects_missing_sync ... ok
[INFO] [stdout] test ts::tests::adts_audio::adts_sample_rate_table_covers_documented_indices ... ok
[INFO] [stdout] test ts::tests::ac3_audio::pmt_walker_classifies_aac_ac3_eac3_stream_types ... ok
[INFO] [stdout] test ts::tests::adts_audio::synthesize_asc_lc_mono_44k ... ok
[INFO] [stdout] test ts::tests::adts_audio::synthesize_asc_main_aot_at_44k_5p1_rejected_at_channel_layer ... ok
[INFO] [stdout] test ts::tests::encrypted_guard::streaming_demuxer_drops_video_when_active_pid_is_scrambled ... ok
[INFO] [stdout] test ts::tests::adts_audio::demux_ts_yields_audio_track_when_pmt_advertises_aac ... ok
[INFO] [stdout] test ts::tests::framerate::estimate_frame_rate_rejects_out_of_range_values ... ok
[INFO] [stdout] test ts::tests::adts_audio::synthesize_asc_lc_stereo_48k_emits_0x1190 ... ok
[INFO] [stdout] test ts::tests::framerate::estimate_frame_rate_returns_none_when_all_ptses_equal ... ok
[INFO] [stdout] test ts::tests::multi_program::streaming_demuxer_select_program_rejects_unknown_number ... ok
[INFO] [stdout] test ts::tests::multi_program::streaming_demuxer_select_program_switches_active_streams ... ok
[INFO] [stdout] test ts::tests::packet_layout::detects_plain_ts_layout ... ok
[INFO] [stdout] test ts::tests::multi_program::streaming_demuxer_lists_all_pat_programs ... ok
[INFO] [stdout] test ts::tests::multi_program::streaming_demuxer_default_picks_first_program ... ok
[INFO] [stdout] test ts::tests::framerate::estimate_frame_rate_from_reordered_ptses_sorts_before_delta ... ok
[INFO] [stdout] test ts::tests::packet_layout::parses_minimal_pat_pmt_and_reassembles_one_sample ... ok
[INFO] [stdout] test ts::tests::packet_layout::rejects_file_with_no_sync ... ok
[INFO] [stdout] test ts::tests::framerate::estimate_frame_rate_from_single_outlier_delta_uses_median ... ok
[INFO] [stdout] test ts::tests::framerate::estimate_frame_rate_from_uniform_ptses_returns_exact_fps ... ok
[INFO] [stdout] test ts::tests::framerate::estimate_frame_rate_handles_29_97_ntsc ... ok
[INFO] [stdout] test ts::tests::framerate::estimate_frame_rate_returns_none_when_fewer_than_two ... ok
[INFO] [stdout] 
[INFO] [stdout] test result: ok. 207 passed; 0 failed; 0 ignored; 0 measured; 0 filtered out; finished in 0.03s
[INFO] [stdout] 
[INFO] [stderr]      Running tests/aac_extensions.rs (/opt/rustwide/target/release/deps/aac_extensions-dc6d6f72bae6b308)
[INFO] [stdout] 
[INFO] [stdout] running 6 tests
[INFO] [stdout] test effective_output_channels_ps_upmix ... ok
[INFO] [stdout] test he_aac_v1_explicit_5_1_passes_mux_gate ... ok
[INFO] [stdout] test he_aac_v2_mono_ps_passes_mux_gate_with_effective_stereo ... ok
[INFO] [stdout] test implicit_he_aac_upgrade_then_mux ... ok
[INFO] [stdout] test aac_7_1_emits_mpeg_7_1_c_chan_tag ... ok
[INFO] [stdout] test aac_5_1_demux_remux_byte_identical_samples_and_chan_box ... ok
[INFO] [stderr]      Running tests/ac3_eac3_mux.rs (/opt/rustwide/target/release/deps/ac3_eac3_mux-89d8d750cbf84a81)
[INFO] [stdout] 
[INFO] [stdout] test result: ok. 6 passed; 0 failed; 0 ignored; 0 measured; 0 filtered out; finished in 0.00s
[INFO] [stdout] 
[INFO] [stdout] 
[INFO] [stdout] running 14 tests
[INFO] [stdout] test ac3_with_audio_rejects_wrong_dac3_length ... ok
[INFO] [stdout] test dec3_canonical_5_1_384k_hex_dump ... ok
[INFO] [stdout] test ac3_sync_module_is_publicly_reachable ... ok
[INFO] [stdout] test ac3_with_audio_accepts_5_1 ... ok
[INFO] [stdout] test eac3_finalize_writes_ec_3_sample_entry_and_dec3 ... ok
[INFO] [stdout] test eac3_with_audio_rejects_short_dec3 ... ok
[INFO] [stdout] test dac3_canonical_5_1_384k_hex_dump ... ok
[INFO] [stdout] test ac3_with_audio_rejects_unsupported_sample_rate ... ok
[INFO] [stdout] test bit_layout_is_msb_first ... ok
[INFO] [stdout] test eac3_with_audio_accepts_5_1 ... ok
[INFO] [stdout] test sync_parser_recognises_canonical_5_1_ac3 ... ok
[INFO] [stdout] test sync_parser_rejects_bad_bytes ... ok
[INFO] [stdout] test ac3_mux_demux_roundtrip_preserves_samples ... ok
[INFO] [stdout] test ac3_finalize_writes_ac_3_sample_entry_and_dac3 ... ok
[INFO] [stdout] 
[INFO] [stdout] test result: ok. 14 passed; 0 failed; 0 ignored; 0 measured; 0 filtered out; finished in 0.01s
[INFO] [stdout] 
[INFO] [stderr]      Running tests/apple_compat.rs (/opt/rustwide/target/release/deps/apple_compat-1585cc9acbdb4fb2)
[INFO] [stdout] 
[INFO] [stdout] running 11 tests
[INFO] [stdout] test hdr_atoms_nest_inside_av01_after_colr ... ok
[INFO] [stdout] test mdat_largesize_header_layout_is_correct ... ok
[INFO] [stdout] test mdat_short_header_used_for_small_payloads ... ok
[INFO] [stdout] test faststart_moov_precedes_mdat ... ok
[INFO] [stdout] test mdat_largesize_offsets_account_for_16_byte_header ... ok
[INFO] [stdout] test output_includes_mdcv_atom_when_hdr_metadata_set ... ok
[INFO] [stdout] test output_ftyp_includes_av01_brand ... ok
[INFO] [stdout] test output_video_sample_entry_uses_av01_fourcc ... ok
[INFO] [stdout] test output_includes_clli_atom_when_hdr_metadata_set ... ok
[INFO] [stdout] test output_includes_colr_nclx_atom_with_default_bt709 ... ok
[INFO] [stdout] test hdr_atoms_absent_for_default_sdr_metadata ... ok
[INFO] [stdout] 
[INFO] [stdout] test result: ok. 11 passed; 0 failed; 0 ignored; 0 measured; 0 filtered out; finished in 0.01s
[INFO] [stdout] 
[INFO] [stderr]      Running tests/audio_mux.rs (/opt/rustwide/target/release/deps/audio_mux-fe8aa29343f01d90)
[INFO] [stdout] 
[INFO] [stdout] running 9 tests
[INFO] [stderr]      Running tests/hdr_extraction.rs (/opt/rustwide/target/release/deps/hdr_extraction-75d47e492841e782)
[INFO] [stdout] test audio_mux_bails_on_implicit_he_aac_signaling ... ok
[INFO] [stdout] test audio_mux_bails_on_non_aac_codec ... ok
[INFO] [stdout] test audio_mux_writes_mp4a_sample_entry ... ok
[INFO] [stdout] test audio_mux_interleaved_chunks_offsets_correct ... ok
[INFO] [stdout] test audio_mux_writes_esds_with_asc_verbatim ... ok
[INFO] [stdout] test audio_mux_bails_on_extended_channel_layout ... ok
[INFO] [stdout] test audio_mux_drops_empty_audio_track ... ok
[INFO] [stdout] test audio_mux_video_plus_audio_roundtrip ... ok
[INFO] [stdout] test audio_mux_esds_descriptor_length_encoding ... ok
[INFO] [stdout] 
[INFO] [stdout] test result: ok. 9 passed; 0 failed; 0 ignored; 0 measured; 0 filtered out; finished in 0.00s
[INFO] [stdout] 
[INFO] [stdout] 
[INFO] [stdout] running 6 tests
[INFO] [stdout] test mkv_mastering_metadata_and_cll_flow_to_unified_color_metadata ... ok
[INFO] [stdout] test mp4_clli_box_in_hvc1_sample_entry_extracts_to_color_metadata ... ok
[INFO] [stdout] test mp4_both_mdcv_and_clli_round_trip ... ok
[INFO] [stdout] test mp4_without_hdr_boxes_leaves_color_metadata_unset ... ok
[INFO] [stdout] test mp4_mdcv_box_in_hvc1_sample_entry_extracts_to_color_metadata ... ok
[INFO] [stdout] test real_hdr10_sample_round_trips_mdcv_clli ... ok
[INFO] [stdout] 
[INFO] [stdout] test result: ok. 6 passed; 0 failed; 0 ignored; 0 measured; 0 filtered out; finished in 0.01s
[INFO] [stdout] 
[INFO] [stderr]      Running tests/mkv_demux.rs (/opt/rustwide/target/release/deps/mkv_demux-d9e15e6f08008351)
[INFO] [stdout] 
[INFO] [stdout] running 7 tests
[INFO] [stdout] test mkv_bitrate_from_tag_or_computed ... ok
[INFO] [stdout] test mkv_avcc_to_annexb_first_sample_has_sps_pps ... ok
[INFO] [stdout] test mkv_default_duration_is_used_when_segment_duration_missing ... ok
[INFO] [stdout] test mkv_dispatch_routes_to_demux_mkv ... ok
[INFO] [stdout] test mkv_frame_rate_falls_back_to_30_when_both_durations_missing ... ok
[INFO] [stdout] test mkv_parses_colour_element ... ok
[INFO] [stdout] test mkv_hvcc_to_annexb_multi_array ... ok
[INFO] [stdout] 
[INFO] [stdout] test result: ok. 7 passed; 0 failed; 0 ignored; 0 measured; 0 filtered out; finished in 0.01s
[INFO] [stdout] 
[INFO] [stderr]      Running tests/mp4_avcc_pps.rs (/opt/rustwide/target/release/deps/mp4_avcc_pps-59a3d6322b25048f)
[INFO] [stdout] 
[INFO] [stdout] running 4 tests
[INFO] [stdout] test mp4_avcc_only_first_sample_idr_prepends_both ... ok
[INFO] [stderr]      Running tests/mux_boxes.rs (/opt/rustwide/target/release/deps/mux_boxes-ed0f3810b1f8cf30)
[INFO] [stdout] test mp4_exoplayer_sps_only_then_idr_pps_prepended_on_irap ... ok
[INFO] [stdout] test mp4_inline_sps_pps_idr_no_duplication ... ok
[INFO] [stdout] test mp4_exoplayer_h264_main_720p_first_irap_has_pps ... ok
[INFO] [stdout] 
[INFO] [stdout] test result: ok. 4 passed; 0 failed; 0 ignored; 0 measured; 0 filtered out; finished in 0.01s
[INFO] [stdout] 
[INFO] [stdout] 
[INFO] [stdout] running 5 tests
[INFO] [stdout] test mux_emits_co64_when_upper_bound_exceeds_u32 ... ok
[INFO] [stdout] test mux_stsc_chunks_fps_rounded_capped_120 ... ok
[INFO] [stdout] test mux_stsc_caps_samples_per_chunk_at_120 ... ok
[INFO] [stdout] test mux_emits_stco_when_under_u32 ... ok
[INFO] [stderr]      Running tests/opus_mux.rs (/opt/rustwide/target/release/deps/opus_mux-232f8ed409632bba)
[INFO] [stdout] test mux_stsc_last_partial_chunk_emits_tail_entry_real_muxer ... ok
[INFO] [stdout] 
[INFO] [stdout] test result: ok. 5 passed; 0 failed; 0 ignored; 0 measured; 0 filtered out; finished in 0.01s
[INFO] [stdout] 
[INFO] [stdout] 
[INFO] [stdout] running 10 tests
[INFO] [stdout] test opus_with_audio_rejects_channel_mapping_family_nonzero ... ok
[INFO] [stdout] test opus_with_audio_rejects_short_codec_private ... ok
[INFO] [stdout] test opus_with_audio_accepts_valid_stereo ... ok
[INFO] [stdout] test opus_dops_lives_inside_opus_sample_entry ... ok
[INFO] [stdout] test opus_with_audio_rejects_wrong_timescale ... ok
[INFO] [stdout] test opus_finalize_writes_opus_sample_entry_and_dops ... ok
[INFO] [stdout] test webm_opus_demux_extracts_codec_private_and_samples ... ok
[INFO] [stdout] test opus_mux_then_demux_preserves_codec_private_and_samples ... ok
[INFO] [stdout] test opus_mux_finalize_emits_av01_video_and_opus_audio_in_one_file ... ok
[INFO] [stdout] test webm_opus_demux_then_mux_preserves_byte_identity ... ok
[INFO] [stdout] 
[INFO] [stdout] test result: ok. 10 passed; 0 failed; 0 ignored; 0 measured; 0 filtered out; finished in 0.01s
[INFO] [stdout] 
[INFO] [stderr]      Running tests/streaming_demux.rs (/opt/rustwide/target/release/deps/streaming_demux-cb1a9d45660d7369)
[INFO] [stdout] 
[INFO] [stdout] running 12 tests
[INFO] [stdout] test avi_streaming_eof_returns_none_repeatedly ... ok
[INFO] [stdout] test avi_opendml_legacy_demux_dispatch_walks_both_movi_lists ... ok
[INFO] [stdout] test avi_streaming_matches_legacy_demux_byte_for_byte ... ok
[INFO] [stdout] test avi_streaming_no_internal_buffering_pull_one_sample_keeps_remainder ... ok
[INFO] [stdout] test avi_opendml_streaming_dispatch_walks_both_movi_lists ... ok
[INFO] [stdout] test mkv_streaming_matches_legacy_demux_when_real_media_present ... ok
[INFO] [stdout] test ts_streaming_handles_empty_packet_run_after_pmt_without_yielding ... ok
[INFO] [stdout] test mp4_streaming_matches_legacy_demux_when_real_media_present ... ok
[INFO] [stdout] test ts_streaming_matches_legacy_demux_byte_for_byte ... ok
[INFO] [stdout] test streaming_dispatcher_rejects_short_buffer ... ok
[INFO] [stderr]      Running tests/streaming_equality.rs (/opt/rustwide/target/release/deps/streaming_equality-e43a3395506661d3)
[INFO] [stdout] test streaming_dispatcher_rejects_unknown_container ... ok
[INFO] [stdout] test avi_streaming_total_frames_comes_from_avih_not_from_drained_samples ... ok
[INFO] [stdout] 
[INFO] [stdout] test result: ok. 12 passed; 0 failed; 0 ignored; 0 measured; 0 filtered out; finished in 0.01s
[INFO] [stdout] 
[INFO] [stdout] 
[INFO] [stdout] running 1 test
[INFO] [stderr]      Running tests/ts_avi_mov_demux.rs (/opt/rustwide/target/release/deps/ts_avi_mov_demux-de7b7726c20417d5)
[INFO] [stdout] test _streaming_equality_gate_status ... ok
[INFO] [stdout] 
[INFO] [stdout] test result: ok. 1 passed; 0 failed; 0 ignored; 0 measured; 0 filtered out; finished in 0.00s
[INFO] [stdout] 
[INFO] [stdout] 
[INFO] [stdout] running 9 tests
[INFO] [stdout] test dispatcher_routes_ts_with_ac3_audio_to_passthrough_track ... ok
[INFO] [stdout] test dispatcher_routes_ts_through_magic_byte_detection ... ok
[INFO] [stdout] test dispatcher_surfaces_aac_audio_track_from_ts ... ok
[INFO] [stdout] test create_decoder_accepts_prores_codec_label ... FAILED
[INFO] [stdout] test real_media_ts_with_aac_yields_audio_track ... ok
[INFO] [stdout] test dispatcher_routes_avi_xvid_to_mpeg4_codec ... ok
[INFO] [stdout] test dispatcher_rejects_non_ts_buffer_starting_with_0x47 ... ok
[INFO] [stdout] test avi_handles_divx_family_fourccs ... ok
[INFO] [stdout] test dispatcher_routes_avi_h264_to_h264_codec ... ok
[INFO] [stdout] 
[INFO] [stdout] failures:
[INFO] [stdout] 
[INFO] [stdout] ---- create_decoder_accepts_prores_codec_label stdout ----
[INFO] [stdout] 
[INFO] [stdout] thread 'create_decoder_accepts_prores_codec_label' (1723) panicked at tests/ts_avi_mov_demux.rs:615:10:
[INFO] [stdout] ProRes decoder must be wired in create_decoder dispatch: no GPU decoder available for codec 'prores' on this host (NVIDIA GPUs cover h264/h265/vp8/vp9/av1/mpeg2/mpeg4; Intel Arc/Meteor Lake+ covers h264/h265/vp9/av1). CPU decoders were removed per the GPU-only directive.
[INFO] [stdout] 
[INFO] [stdout] Stack backtrace:
[INFO] [stdout]    0: <anyhow::Error>::msg::<alloc::string::String>
[INFO] [stdout]    1: codec::decode::create_decoder_on
[INFO] [stdout]    2: <ts_avi_mov_demux::create_decoder_accepts_prores_codec_label::{closure#0} as core::ops::function::FnOnce<()>>::call_once
[INFO] [stdout]    3: test::__rust_begin_short_backtrace::<core::result::Result<(), alloc::string::String>, fn() -> core::result::Result<(), alloc::string::String>>
[INFO] [stdout]    4: test::run_test::{closure#0}
[INFO] [stdout]    5: std::sys::backtrace::__rust_begin_short_backtrace::<test::run_test::{closure#1}, ()>
[INFO] [stdout]    6: <std::thread::lifecycle::spawn_unchecked<test::run_test::{closure#1}, ()>::{closure#1} as core::ops::function::FnOnce<()>>::call_once::{shim:vtable#0}
[INFO] [stdout]    7: <std::sys::thread::unix::Thread>::new::thread_start
[INFO] [stdout]    8: <unknown>
[INFO] [stdout]    9: clone
[INFO] [stdout] stack backtrace:
[INFO] [stdout]    0:     0x5ea68ba8d611 - <<std[70759c8f55707aa4]::sys::backtrace::BacktraceLock>::print::DisplayBacktrace as core[df12db4294e9bfd3]::fmt::Display>::fmt
[INFO] [stdout]    1:     0x5ea68baa386a - core[df12db4294e9bfd3]::fmt::write
[INFO] [stdout]    2:     0x5ea68ba9234c - <alloc[2182bb758b4b3781]::vec::Vec<u8> as core[df12db4294e9bfd3]::io::write::Write>::write_fmt
[INFO] [stdout]    3:     0x5ea68ba68996 - std[70759c8f55707aa4]::panicking::default_hook::{closure#0}
[INFO] [stdout]    4:     0x5ea68ba85339 - std[70759c8f55707aa4]::panicking::default_hook
[INFO] [stdout]    5:     0x5ea68b9a9170 - test[9d35eded1c95d3be]::test_main_inner::<test[9d35eded1c95d3be]::test_main_static::{closure#0}>::{closure#0}
[INFO] [stdout]    6:     0x5ea68ba854f2 - std[70759c8f55707aa4]::panicking::panic_with_hook
[INFO] [stdout]    7:     0x5ea68ba68a42 - std[70759c8f55707aa4]::panicking::panic_handler::{closure#0}
[INFO] [stdout]    8:     0x5ea68ba60fd9 - std[70759c8f55707aa4]::sys::backtrace::__rust_end_short_backtrace::<std[70759c8f55707aa4]::panicking::panic_handler::{closure#0}, !>
[INFO] [stdout]    9:     0x5ea68ba6974d - __rustc[8fa7c3cbc660c2b3]::rust_begin_unwind
[INFO] [stdout]   10:     0x5ea68baa3fcc - core[df12db4294e9bfd3]::panicking::panic_fmt
[INFO] [stdout]   11:     0x5ea68baa3da2 - core[df12db4294e9bfd3]::result::unwrap_failed
[INFO] [stdout]   12:     0x5ea68b9975f9 - <ts_avi_mov_demux[ef9e30db01353f62]::create_decoder_accepts_prores_codec_label::{closure#0} as core[df12db4294e9bfd3]::ops::function::FnOnce<()>>::call_once
[INFO] [stdout]   13:     0x5ea68b99c45b - test[9d35eded1c95d3be]::__rust_begin_short_backtrace::<core[df12db4294e9bfd3]::result::Result<(), alloc[2182bb758b4b3781]::string::String>, fn() -> core[df12db4294e9bfd3]::result::Result<(), alloc[2182bb758b4b3781]::string::String>>
[INFO] [stdout]   14:     0x5ea68b9a9ac5 - test[9d35eded1c95d3be]::run_test::{closure#0}
[INFO] [stdout]   15:     0x5ea68b9a3384 - std[70759c8f55707aa4]::sys::backtrace::__rust_begin_short_backtrace::<test[9d35eded1c95d3be]::run_test::{closure#1}, ()>
[INFO] [stdout]   16:     0x5ea68b9acc22 - <std[70759c8f55707aa4]::thread::lifecycle::spawn_unchecked<test[9d35eded1c95d3be]::run_test::{closure#1}, ()>::{closure#1} as core[df12db4294e9bfd3]::ops::function::FnOnce<()>>::call_once::{shim:vtable#0}
[INFO] [stdout]   17:     0x5ea68ba8c829 - <std[70759c8f55707aa4]::sys::thread::unix::Thread>::new::thread_start
[INFO] [stdout]   18:     0x76783ac8ddfa - <unknown>
[INFO] [stdout]   19:     0x76783ad213d4 - clone
[INFO] [stdout]   20:                0x0 - <unknown>
[INFO] [stdout] 
[INFO] [stdout] 
[INFO] [stdout] failures:
[INFO] [stdout]     create_decoder_accepts_prores_codec_label
[INFO] [stdout] 
[INFO] [stdout] test result: FAILED. 8 passed; 1 failed; 0 ignored; 0 measured; 0 filtered out; finished in 0.01s
[INFO] [stdout] 
[INFO] [stderr] error: test failed, to rerun pass `--test ts_avi_mov_demux`
[INFO] running `Command { std: "docker" "inspect" "e43dea40509f0b768e3bd9109c87a8ceea3b84f62ea67405b461422dc8618974", kill_on_drop: false }`
[INFO] running `Command { std: "docker" "rm" "-f" "e43dea40509f0b768e3bd9109c87a8ceea3b84f62ea67405b461422dc8618974", kill_on_drop: false }`
[INFO] [stdout] e43dea40509f0b768e3bd9109c87a8ceea3b84f62ea67405b461422dc8618974
