[INFO] fetching crate river-core 0.1.22...
[INFO] testing river-core-0.1.22 against 1.99.0-beta.8+cargoflags=--release for beta-release-1.100-2
[INFO] extracting crate river-core 0.1.22 into /workspace/builds/worker-0-tc1/source
[INFO] started tweaking crates.io crate river-core 0.1.22
[INFO] removed 0 missing examples
[INFO] removed 0 missing tests
[INFO] finished tweaking crates.io crate river-core 0.1.22
[INFO] tweaked toml for crates.io crate river-core 0.1.22 written to /workspace/builds/worker-0-tc1/source/Cargo.toml
[INFO] validating manifest of crates.io crate river-core 0.1.22 on toolchain 1.99.0-beta.8
[INFO] running `Command { std: CARGO_HOME="/workspace/cargo-home" RUSTUP_HOME="/workspace/rustup-home" "/workspace/cargo-home/bin/cargo" "+1.99.0-beta.8" "metadata" "--manifest-path" "Cargo.toml" "--no-deps", kill_on_drop: false }`
[INFO] crate crates.io crate river-core 0.1.22 already has a lockfile, it will not be regenerated
[INFO] running `Command { std: CARGO_HOME="/workspace/cargo-home" RUSTUP_HOME="/workspace/rustup-home" "/workspace/cargo-home/bin/cargo" "+1.99.0-beta.8" "fetch" "--manifest-path" "Cargo.toml", kill_on_drop: false }`
[INFO] [stderr]     Updating crates.io index
[INFO] [stderr]  Downloading crates ...
[INFO] [stderr]   Downloaded time-macros v0.2.30
[INFO] [stderr]   Downloaded freenet-stdlib v0.8.5
[INFO] [stderr]   Downloaded freenet-macros v0.2.0
[INFO] [stderr]   Downloaded cmov v0.5.3
[INFO] [stderr]   Downloaded freenet-scaffold-macro v0.2.2
[INFO] [stderr]   Downloaded freenet-scaffold v0.2.2
[INFO] [stderr]   Downloaded flatbuffers v24.12.23
[INFO] [stderr]   Downloaded freenet-migrate-build v0.2.0
[INFO] running `Command { std: "docker" "create" "-v" "/var/lib/crater-agent-workspace/builds/worker-0-tc1/source:/opt/rustwide/workdir:ro,Z" "-v" "/var/lib/crater-agent-workspace/builds/worker-0-tc1/target:/opt/rustwide/target:rw,Z" "-v" "/var/lib/crater-agent-workspace/cargo-home:/opt/rustwide/cargo-home:ro,Z" "-v" "/var/lib/crater-agent-workspace/rustup-home:/opt/rustwide/rustup-home:ro,Z" "-m" "1610612736" "--network" "none" "ghcr.io/rust-lang/crates-build-env/linux@sha256:77db811e55d90add9212f6832c23229e3de5f1c1f9905e8cb07319ea15df73ac" "sleep" "infinity", kill_on_drop: false }`
[INFO] [stdout] a19d36b950a2af84876726d32dafab5f3dc81424a1c76aa9ee466cfcdd87aed7
[INFO] running `Command { std: "docker" "start" "a19d36b950a2af84876726d32dafab5f3dc81424a1c76aa9ee466cfcdd87aed7", kill_on_drop: false }`
[INFO] running `Command { std: "docker" "inspect" "a19d36b950a2af84876726d32dafab5f3dc81424a1c76aa9ee466cfcdd87aed7", kill_on_drop: false }`
[INFO] running `Command { std: "docker" "exec" "-e" "SOURCE_DIR=/opt/rustwide/workdir" "-e" "CARGO_HOME=/opt/rustwide/cargo-home" "-e" "RUSTUP_HOME=/opt/rustwide/rustup-home" "-e" "CARGO_TARGET_DIR=/opt/rustwide/target" "-w" "/opt/rustwide/workdir" "--user" "0:0" "a19d36b950a2af84876726d32dafab5f3dc81424a1c76aa9ee466cfcdd87aed7" "/opt/rustwide/cargo-home/bin/cargo" "+1.99.0-beta.8" "metadata" "--no-deps" "--format-version=1", kill_on_drop: false }`
[INFO] running `Command { std: "docker" "inspect" "a19d36b950a2af84876726d32dafab5f3dc81424a1c76aa9ee466cfcdd87aed7", kill_on_drop: false }`
[INFO] running `Command { std: "docker" "exec" "-e" "SOURCE_DIR=/opt/rustwide/workdir" "-e" "CARGO_HOME=/opt/rustwide/cargo-home" "-e" "RUSTUP_HOME=/opt/rustwide/rustup-home" "-e" "CARGO_TARGET_DIR=/opt/rustwide/target" "-e" "CARGO_INCREMENTAL=0" "-e" "RUST_BACKTRACE=full" "-e" "RUSTFLAGS=--cap-lints=warn" "-e" "RUSTDOCFLAGS=--cap-lints=warn" "-w" "/opt/rustwide/workdir" "--user" "0:0" "a19d36b950a2af84876726d32dafab5f3dc81424a1c76aa9ee466cfcdd87aed7" "/opt/rustwide/cargo-home/bin/cargo" "+1.99.0-beta.8" "build" "--frozen" "--message-format=json" "--release", kill_on_drop: false }`
[INFO] [stderr]    Compiling typenum v1.20.0
[INFO] [stderr]    Compiling semver v1.0.28
[INFO] [stderr]    Compiling winnow v0.7.15
[INFO] [stderr]    Compiling darling_core v0.23.0
[INFO] [stderr]    Compiling indexmap v2.14.0
[INFO] [stderr]    Compiling blake3 v1.8.5
[INFO] [stderr]    Compiling futures-sink v0.3.32
[INFO] [stderr]    Compiling futures-core v0.3.32
[INFO] [stderr]    Compiling cmov v0.5.3
[INFO] [stderr]    Compiling arrayvec v0.7.6
[INFO] [stderr]    Compiling serde v1.0.228
[INFO] [stderr]    Compiling cpufeatures v0.3.0
[INFO] [stderr]    Compiling constant_time_eq v0.4.2
[INFO] [stderr]    Compiling arrayref v0.3.9
[INFO] [stderr]    Compiling regex-automata v0.4.14
[INFO] [stderr]    Compiling futures-task v0.3.32
[INFO] [stderr]    Compiling bs58 v0.5.1
[INFO] [stderr]    Compiling tracing v0.1.44
[INFO] [stderr]    Compiling futures-channel v0.3.32
[INFO] [stderr]    Compiling futures-util v0.3.32
[INFO] [stderr]    Compiling curve25519-dalek-derive v0.1.1
[INFO] [stderr]    Compiling rustc_version v0.4.1
[INFO] [stderr]    Compiling ctutils v0.4.2
[INFO] [stderr]    Compiling zeroize v1.8.2
[INFO] [stderr]    Compiling futures-io v0.3.32
[INFO] [stderr]    Compiling signature v2.2.0
[INFO] [stderr]    Compiling freenet-stdlib v0.8.5
[INFO] [stderr]    Compiling ed25519 v2.2.3
[INFO] [stderr]    Compiling thiserror v2.0.18
[INFO] [stderr]    Compiling chrono v0.4.44
[INFO] [stderr]    Compiling bytes v1.11.1
[INFO] [stderr]    Compiling bincode v1.3.3
[INFO] [stderr]    Compiling freenet-scaffold-macro v0.2.2
[INFO] [stderr]    Compiling freenet-macros v0.2.0
[INFO] [stderr]    Compiling curve25519-dalek v4.1.3
[INFO] [stderr]    Compiling flatbuffers v24.12.23
[INFO] [stderr]    Compiling freenet-scaffold v0.2.2
[INFO] [stderr]    Compiling toml_datetime v0.6.11
[INFO] [stderr]    Compiling serde_spanned v0.6.9
[INFO] [stderr]    Compiling data-encoding v2.11.0
[INFO] [stderr]    Compiling generic-array v0.14.7
[INFO] [stderr]    Compiling hybrid-array v0.4.12
[INFO] [stderr]    Compiling toml_edit v0.22.27
[INFO] [stderr]    Compiling crypto-common v0.2.1
[INFO] [stderr]    Compiling block-buffer v0.12.0
[INFO] [stderr]    Compiling crypto-common v0.1.7
[INFO] [stderr]    Compiling block-buffer v0.10.4
[INFO] [stderr]    Compiling digest v0.10.7
[INFO] [stderr]    Compiling sha2 v0.10.9
[INFO] [stderr]    Compiling darling_macro v0.23.0
[INFO] [stderr]    Compiling darling v0.23.0
[INFO] [stderr]    Compiling serde_with_macros v3.20.0
[INFO] [stderr]    Compiling digest v0.11.3
[INFO] [stderr]    Compiling futures v0.3.32
[INFO] [stderr]    Compiling matchers v0.2.0
[INFO] [stderr]    Compiling tracing-subscriber v0.3.23
[INFO] [stderr]    Compiling serde_with v3.20.0
[INFO] [stderr]    Compiling ed25519-dalek v2.2.0
[INFO] [stderr]    Compiling toml v0.8.23
[INFO] [stderr]    Compiling freenet-migrate-build v0.2.0
[INFO] [stderr]    Compiling river-core v0.1.22 (/opt/rustwide/workdir)
[INFO] [stderr]     Finished `release` profile [optimized] target(s) in 48.77s
[INFO] running `Command { std: "docker" "inspect" "a19d36b950a2af84876726d32dafab5f3dc81424a1c76aa9ee466cfcdd87aed7", kill_on_drop: false }`
[INFO] running `Command { std: "docker" "exec" "-e" "SOURCE_DIR=/opt/rustwide/workdir" "-e" "CARGO_HOME=/opt/rustwide/cargo-home" "-e" "RUSTUP_HOME=/opt/rustwide/rustup-home" "-e" "CARGO_TARGET_DIR=/opt/rustwide/target" "-e" "CARGO_INCREMENTAL=0" "-e" "RUST_BACKTRACE=full" "-e" "RUSTFLAGS=--cap-lints=warn" "-e" "RUSTDOCFLAGS=--cap-lints=warn" "-w" "/opt/rustwide/workdir" "--user" "0:0" "a19d36b950a2af84876726d32dafab5f3dc81424a1c76aa9ee466cfcdd87aed7" "/opt/rustwide/cargo-home/bin/cargo" "+1.99.0-beta.8" "test" "--frozen" "--no-run" "--message-format=json" "--release", kill_on_drop: false }`
[INFO] [stderr]    Compiling libc v0.2.186
[INFO] [stderr]    Compiling syn v2.0.117
[INFO] [stderr]    Compiling curve25519-dalek v4.1.3
[INFO] [stderr]    Compiling crypto-common v0.1.7
[INFO] [stderr]    Compiling num-traits v0.2.19
[INFO] [stderr]    Compiling inout v0.1.4
[INFO] [stderr]    Compiling regex-automata v0.4.14
[INFO] [stderr]    Compiling opaque-debug v0.3.1
[INFO] [stderr]    Compiling indexmap v2.14.0
[INFO] [stderr]    Compiling bit-vec v0.8.0
[INFO] [stderr]    Compiling unarray v0.1.4
[INFO] [stderr]    Compiling digest v0.10.7
[INFO] [stderr]    Compiling universal-hash v0.5.1
[INFO] [stderr]    Compiling aead v0.5.2
[INFO] [stderr]    Compiling cipher v0.4.4
[INFO] [stderr]    Compiling polyval v0.6.2
[INFO] [stderr]    Compiling ghash v0.5.1
[INFO] [stderr]    Compiling ctr v0.9.2
[INFO] [stderr]    Compiling aes v0.8.4
[INFO] [stderr]    Compiling sha2 v0.10.9
[INFO] [stderr]    Compiling bit-set v0.8.0
[INFO] [stderr]    Compiling aes-gcm v0.10.3
[INFO] [stderr]    Compiling getrandom v0.2.17
[INFO] [stderr]    Compiling getrandom v0.3.4
[INFO] [stderr]    Compiling rand_core v0.6.4
[INFO] [stderr]    Compiling rand_core v0.9.5
[INFO] [stderr]    Compiling rand_xorshift v0.4.0
[INFO] [stderr]    Compiling rand v0.9.4
[INFO] [stderr]    Compiling matchers v0.2.0
[INFO] [stderr]    Compiling darling_core v0.23.0
[INFO] [stderr]    Compiling serde_derive v1.0.228
[INFO] [stderr]    Compiling zerocopy-derive v0.8.48
[INFO] [stderr]    Compiling zeroize_derive v1.4.3
[INFO] [stderr]    Compiling curve25519-dalek-derive v0.1.1
[INFO] [stderr]    Compiling tracing-attributes v0.1.31
[INFO] [stderr]    Compiling thiserror-impl v2.0.18
[INFO] [stderr]    Compiling freenet-macros v0.2.0
[INFO] [stderr]    Compiling freenet-scaffold-macro v0.2.2
[INFO] [stderr]    Compiling zeroize v1.8.2
[INFO] [stderr]    Compiling tracing v0.1.44
[INFO] [stderr]    Compiling tracing-subscriber v0.3.23
[INFO] [stderr]    Compiling thiserror v2.0.18
[INFO] [stderr]    Compiling zerocopy v0.8.48
[INFO] [stderr]    Compiling darling_macro v0.23.0
[INFO] [stderr]    Compiling darling v0.23.0
[INFO] [stderr]    Compiling serde_with_macros v3.20.0
[INFO] [stderr]    Compiling x25519-dalek v2.0.1
[INFO] [stderr]    Compiling serde v1.0.228
[INFO] [stderr]    Compiling serde_with v3.20.0
[INFO] [stderr]    Compiling toml_datetime v0.6.11
[INFO] [stderr]    Compiling serde_spanned v0.6.9
[INFO] [stderr]    Compiling toml_edit v0.22.27
[INFO] [stderr]    Compiling bincode v1.3.3
[INFO] [stderr]    Compiling bytes v1.11.1
[INFO] [stderr]    Compiling ed25519 v2.2.3
[INFO] [stderr]    Compiling chrono v0.4.44
[INFO] [stderr]    Compiling blake3 v1.8.5
[INFO] [stderr]    Compiling freenet-scaffold v0.2.2
[INFO] [stderr]    Compiling ed25519-dalek v2.2.0
[INFO] [stderr]    Compiling toml v0.8.23
[INFO] [stderr]    Compiling freenet-stdlib v0.8.5
[INFO] [stderr]    Compiling freenet-migrate-build v0.2.0
[INFO] [stderr]    Compiling river-core v0.1.22 (/opt/rustwide/workdir)
[INFO] [stderr]    Compiling ppv-lite86 v0.2.21
[INFO] [stderr]    Compiling half v2.7.1
[INFO] [stderr]    Compiling ciborium-ll v0.2.2
[INFO] [stderr]    Compiling ciborium v0.2.2
[INFO] [stderr]    Compiling rand_chacha v0.3.1
[INFO] [stderr]    Compiling rand_chacha v0.9.0
[INFO] [stderr]    Compiling rand v0.8.6
[INFO] [stderr]    Compiling proptest v1.11.0
[INFO] [stderr]     Finished `release` profile [optimized] target(s) in 2m 11s
[INFO] running `Command { std: "docker" "inspect" "a19d36b950a2af84876726d32dafab5f3dc81424a1c76aa9ee466cfcdd87aed7", kill_on_drop: false }`
[INFO] running `Command { std: "docker" "exec" "-e" "SOURCE_DIR=/opt/rustwide/workdir" "-e" "CARGO_HOME=/opt/rustwide/cargo-home" "-e" "RUSTUP_HOME=/opt/rustwide/rustup-home" "-e" "CARGO_TARGET_DIR=/opt/rustwide/target" "-e" "CARGO_INCREMENTAL=0" "-e" "RUST_BACKTRACE=full" "-e" "RUSTFLAGS=--cap-lints=warn" "-e" "RUSTDOCFLAGS=--cap-lints=warn" "-w" "/opt/rustwide/workdir" "--user" "0:0" "a19d36b950a2af84876726d32dafab5f3dc81424a1c76aa9ee466cfcdd87aed7" "/opt/rustwide/cargo-home/bin/cargo" "+1.99.0-beta.8" "test" "--frozen" "--release", kill_on_drop: false }`
[INFO] [stderr]     Finished `release` profile [optimized] target(s) in 0.26s
[INFO] [stderr]      Running unittests src/lib.rs (/opt/rustwide/target/release/deps/river_core-89cc8fa35eb3f0bb)
[INFO] [stdout] 
[INFO] [stdout] running 220 tests
[INFO] [stdout] test chat_delegate::tests::cas_store_request_cbor_round_trips ... ok
[INFO] [stdout] test chat_delegate::tests::get_versioned_response_round_trips ... ok
[INFO] [stdout] test chat_delegate::tests::is_thread_hidden_strictly_later_message_revives ... ok
[INFO] [stdout] test chat_delegate::tests::is_thread_hidden_is_scoped_per_peer ... ok
[INFO] [stdout] test chat_delegate::tests::is_thread_hidden_zero_max_zero_hidden_stays_hidden ... ok
[INFO] [stdout] test chat_delegate::tests::empty_outbound_dm_store_json_round_trips ... ok
[INFO] [stdout] test chat_delegate::tests::is_thread_hidden_is_scoped_per_room ... ok
[INFO] [stdout] test chat_delegate::tests::is_thread_hidden_equal_timestamp_stays_hidden ... ok
[INFO] [stdout] test chat_delegate::tests::outbound_dm_store_decodes_legacy_json_without_hidden_threads ... ok
[INFO] [stdout] test chat_delegate::tests::outbound_dm_store_with_hidden_threads_cbor_round_trips ... ok
[INFO] [stdout] test chat_delegate::tests::outbound_dm_store_with_hidden_threads_json_round_trips ... ok
[INFO] [stdout] test key_derivation::tests::derive_known_answer_v1_all_ff_seed ... ok
[INFO] [stdout] test key_derivation::tests::derive_is_deterministic ... ok
[INFO] [stdout] test key_derivation::tests::derive_locks_input_ordering ... ok
[INFO] [stdout] test chat_delegate::tests::get_versioned_request_cbor_round_trips ... ok
[INFO] [stdout] test chat_delegate::tests::outbound_dm_store_cbor_round_trips ... ok
[INFO] [stdout] test chat_delegate::tests::is_thread_hidden_returns_false_for_empty_list ... ok
[INFO] [stdout] test chat_delegate::tests::legacy_variants_still_round_trip_after_appending_cas ... ok
[INFO] [stdout] test chat_delegate::tests::cas_store_result_conflict_round_trips ... ok
[INFO] [stdout] test chat_delegate::tests::outbound_dm_store_decodes_legacy_cbor_without_hidden_threads ... ok
[INFO] [stdout] test chat_delegate::tests::cas_store_result_stored_round_trips ... ok
[INFO] [stdout] test key_derivation::tests::derive_separates_keys ... ok
[INFO] [stdout] test room_state::ban::tests::test_bans_delta ... ok
[INFO] [stdout] test room_state::configuration::tests::test_apply_delta_invalid_values ... ok
[INFO] [stdout] test room_state::ban::tests::test_bans_summarize ... ok
[INFO] [stdout] test room_state::configuration::tests::test_apply_delta_old_version ... ok
[INFO] [stdout] test chat_delegate::tests::outbound_dm_store_json_round_trips ... ok
[INFO] [stdout] test room_state::ban::tests::test_bans_apply_delta ... ok
[INFO] [stdout] test room_state::configuration::tests::test_delta_new_version ... ok
[INFO] [stdout] test room_state::configuration::tests::test_delta_older_version ... ok
[INFO] [stdout] test room_state::configuration::tests::test_summarize ... ok
[INFO] [stdout] test room_state::ban::tests::test_bans_verify ... ok
[INFO] [stdout] test room_state::configuration::tests::test_apply_delta_should_apply ... ok
[INFO] [stdout] test room_state::configuration::tests::test_verify ... ok
[INFO] [stdout] test room_state::configuration::tests::test_apply_delta_change_owner ... ok
[INFO] [stdout] test room_state::content::tests::test_decoded_content_display ... ok
[INFO] [stdout] test room_state::content::tests::test_delete_action_roundtrip ... ok
[INFO] [stdout] test room_state::content::tests::test_edit_action_roundtrip ... ok
[INFO] [stdout] test room_state::content::tests::legacy_array_payload_still_decodes ... ok
[INFO] [stdout] test room_state::content::tests::edit_action_does_not_cost_two_bytes_per_character ... ok
[INFO] [stdout] test room_state::content::tests::new_byte_string_payload_decodes_with_legacy_reader ... ok
[INFO] [stdout] test room_state::content::tests::legacy_decode_covers_every_action_kind ... ok
[INFO] [stdout] test key_derivation::tests::derive_known_answer_v1_zero_seed_zero_version ... ok
[INFO] [stdout] test key_derivation::tests::derive_separates_owners ... ok
[INFO] [stdout] test room_state::content::tests::test_remove_reaction_action_roundtrip ... ok
[INFO] [stdout] test room_state::content::tests::test_reply_content_roundtrip ... ok
[INFO] [stdout] test room_state::content::tests::frozen_pre_443_bytes_still_decode ... ok
[INFO] [stdout] test key_derivation::tests::derive_known_answer_v1_multi_byte_version ... ok
[INFO] [stdout] test room_state::configuration::tests::test_verify_fail ... ok
[INFO] [stdout] test room_state::content::tests::legacy_payload_with_lying_length_header_errors_not_panics ... ok
[INFO] [stdout] test room_state::dm_body::tests::encode_decode_invite_round_trip_no_personal_message ... ok
[INFO] [stdout] test room_state::dm_body::tests::encode_decode_invite_round_trip ... ok
[INFO] [stdout] test room_state::content::tests::legacy_payload_with_out_of_range_element_is_rejected ... ok
[INFO] [stdout] test room_state::dm_body::tests::encode_decode_text_round_trip ... ok
[INFO] [stdout] test room_state::content::tests::test_event_content_roundtrip ... ok
[INFO] [stdout] test room_state::dm_body::tests::encoding_is_deterministic_for_invite ... ok
[INFO] [stdout] test room_state::ban::tests::test_authorized_user_ban ... ok
[INFO] [stdout] test key_derivation::tests::derive_separates_versions ... ok
[INFO] [stdout] test room_state::content::tests::test_reaction_action_roundtrip ... ok
[INFO] [stdout] test room_state::content::tests::test_text_content_roundtrip ... ok
[INFO] [stdout] test room_state::dm_body::tests::encode_decode_text_empty_round_trip ... ok
[INFO] [stdout] test room_state::dm_body::tests::empty_bytes_decode_as_empty_text ... ok
[INFO] [stdout] test room_state::dm_body::tests::encoding_is_deterministic_for_text ... ok
[INFO] [stdout] test room_state::dm_body::tests::legacy_text_decodes_as_text ... ok
[INFO] [stdout] test room_state::dm_body::tests::legacy_multibyte_utf8_decodes_as_text ... ok
[INFO] [stdout] test room_state::dm_body::tests::legacy_plain_text_never_collides_with_magic ... ok
[INFO] [stdout] test room_state::dm_body::tests::legacy_text_with_invalid_utf8_decodes_lossily ... ok
[INFO] [stdout] test room_state::dm_body::tests::malformed_new_format_returns_err ... ok
[INFO] [stdout] test room_state::dm_body::tests::new_format_bytes_start_with_magic ... ok
[INFO] [stdout] test room_state::identity::tests::test_rejects_empty_token ... ok
[INFO] [stdout] test room_state::identity::tests::test_rejects_mismatched_key ... ok
[INFO] [stdout] test room_state::dm_body::tests::invite_with_large_payload_round_trips ... ok
[INFO] [stdout] test room_state::identity::tests::test_rejects_tampered_signature ... ok
[INFO] [stdout] test room_state::identity::tests::test_rejects_truncated_token ... ok
[INFO] [stdout] test room_state::identity::tests::test_backward_compat_no_room_name ... ok
[INFO] [stdout] test room_state::identity::tests::test_handles_whitespace_and_formatting ... ok
[INFO] [stdout] test room_state::identity::tests::test_owner_self_signed_roundtrip ... ok
[INFO] [stdout] test room_state::member::tests::a_record_sharing_an_id_with_a_verified_one_is_still_checked ... ok
[INFO] [stdout] test room_state::member::tests::a_member_record_carrying_the_owner_id_is_ignored ... ok
[INFO] [stdout] test room_state::identity::tests::test_imported_key_can_sign ... ok
[INFO] [stdout] test room_state::identity::tests::test_invitation_secrets_survive_roundtrip ... ok
[INFO] [stdout] test room_state::identity::tests::test_roundtrip_armored ... ok
[INFO] [stdout] test room_state::member::tests::downstream_members_of_a_cycle_terminates ... ok
[INFO] [stdout] test room_state::member::tests::test_invite_chain_ids ... ok
[INFO] [stdout] test room_state::member::tests::test_invite_chain_length ... ok
[INFO] [stdout] test room_state::member::tests::test_member_id ... ok
[INFO] [stdout] test room_state::member::tests::test_check_invite_chain ... ok
[INFO] [stdout] test room_state::member::tests::a_record_whose_chain_returns_to_its_own_id_is_rejected ... ok
[INFO] [stdout] test room_state::member::tests::test_authorized_member_validate ... ok
[INFO] [stdout] test room_state::member::tests::test_has_banned_members ... ok
[INFO] [stdout] test room_state::member::tests::a_members_delta_over_the_work_bound_is_rejected ... ok
[INFO] [stdout] test room_state::member::tests::downstream_members_of_an_acyclic_tree ... ok
[INFO] [stdout] test room_state::member::tests::test_authorized_member_new_mismatch - should panic ... ok
[INFO] [stdout] test room_state::identity::tests::test_self_nickname_survives_roundtrip_without_member_info ... ok
[INFO] [stdout] test room_state::content::tests::test_join_event_message_body ... ok
[INFO] [stdout] test room_state::identity::tests::test_roundtrip_with_invite_chain_and_member_info ... ok
[INFO] [stdout] test room_state::member::tests::test_verify_self_invited_member ... ok
[INFO] [stdout] test room_state::member::tests::test_verify_circular_invite_chain ... ok
[INFO] [stdout] test room_state::member::tests::test_room_owner_key_not_allowed_in_members ... ok
[INFO] [stdout] test room_state::member::tests::test_members_by_member_id ... ok
[INFO] [stdout] test room_state::member::tests::test_members_summarize ... ok
[INFO] [stdout] test room_state::member::tests::test_remove_banned_members ... ok
[INFO] [stdout] test room_state::member::tests::test_members_apply_delta_complex ... ok
[INFO] [stdout] test room_state::member::tests::test_members_verify_edge_cases ... ok
[INFO] [stdout] test room_state::member::tests::test_members_verify ... ok
[INFO] [stdout] test room_state::member::tests::test_members_apply_delta_simple ... ok
[INFO] [stdout] test room_state::member_info::tests::canonical_selects_by_digest_not_just_version ... ok
[INFO] [stdout] test room_state::member_info::tests::test_authorized_member_info_new_and_verify ... ok
[INFO] [stdout] test room_state::member::tests::test_remove_excess_members ... ok
[INFO] [stdout] test room_state::member::tests::test_remove_excess_members_edge_cases ... ok
[INFO] [stdout] test room_state::member_info::tests::apply_delta_dedups_preexisting_duplicates_to_canonical ... ok
[INFO] [stdout] test room_state::member::tests::test_members_delta ... ok
[INFO] [stdout] test room_state::member_info::tests::canonical_and_dedup_break_rank_ties_identically ... ok
[INFO] [stdout] test room_state::member_info::tests::canonical_and_dedup_to_canonical_pick_highest_rank ... ok
[INFO] [stdout] test room_state::member::tests::a_chain_in_one_delta_verifies_each_link_once ... ok
[INFO] [stdout] test room_state::member_info::tests::deputies_of_picks_highest_rank_record ... ok
[INFO] [stdout] test room_state::member_info::tests::duplicate_member_info_reads_canonicalize_to_highest_rank ... ok
[INFO] [stdout] test room_state::member_info::tests::empty_deputies_serializes_identically_to_legacy_member_info ... ok
[INFO] [stdout] test room_state::member_info::tests::outranks_keeps_the_incumbent_on_a_tie ... ok
[INFO] [stdout] test room_state::member_info::tests::sig_digest_golden_vector ... ok
[INFO] [stdout] test room_state::member_info::tests::test_apply_delta_with_removed_member_info ... ok
[INFO] [stdout] test room_state::message::measure_tests::measure_edit_matches_edit_body ... ok
[INFO] [stdout] test room_state::message::measure_tests::measure_reply_matches_reply_body ... ok
[INFO] [stdout] test room_state::member_info::tests::test_member_info_v1_apply_delta ... ok
[INFO] [stdout] test room_state::member_info::tests::test_member_info_v1_default ... ok
[INFO] [stdout] test room_state::member_info::tests::test_room_owner_member_info ... ok
[INFO] [stdout] test room_state::message::measure_tests::edit_cost_is_not_proportional_to_length ... ok
[INFO] [stdout] test room_state::member_info::tests::test_member_info_v1_verify ... ok
[INFO] [stdout] test room_state::member_info::tests::test_member_info_version_handling ... ok
[INFO] [stdout] test room_state::message::measure_tests::measure_text_matches_public_body ... ok
[INFO] [stdout] test room_state::member_info::tests::test_member_info_retention ... ok
[INFO] [stdout] test room_state::member_info::tests::test_member_info_v1_delta ... ok
[INFO] [stdout] test room_state::message::measure_tests::edit_overhead_over_send_is_a_small_constant ... ok
[INFO] [stdout] test room_state::message::measure_tests::raw_text_gate_undercounts_encoded_size ... ok
[INFO] [stdout] test room_state::message::tests::test_delete_action ... ok
[INFO] [stdout] test room_state::message::tests::test_message_author_preservation_across_users ... ok
[INFO] [stdout] test room_state::message::tests::legacy_encoded_actions_still_render_through_rebuild_actions_state ... ok
[INFO] [stdout] test room_state::message::tests::test_display_messages_filters_actions ... ok
[INFO] [stdout] test room_state::message::tests::a_same_millisecond_reaction_swap_converges_either_way ... ok
[INFO] [stdout] test room_state::message::tests::test_action_on_deleted_message_ignored ... ok
[INFO] [stdout] test room_state::member_info::tests::test_member_info_v1_delta_scenarios ... ok
[INFO] [stdout] test room_state::member_info::tests::test_member_info_v1_summarize ... ok
[INFO] [stdout] test room_state::message::tests::test_message_id ... ok
[INFO] [stdout] test room_state::message::tests::test_edit_action ... ok
[INFO] [stdout] test room_state::message::tests::test_authorized_message_new_and_validate ... ok
[INFO] [stdout] test room_state::message::tests::test_authorized_message_v1_debug ... ok
[INFO] [stdout] test room_state::message::tests::test_edit_by_non_author_ignored ... ok
[INFO] [stdout] test room_state::message::tests::test_messages_summarize ... ok
[INFO] [stdout] test room_state::message::tests::test_messages_v1_default ... ok
[INFO] [stdout] test room_state::message::tests::test_remove_reaction_action ... ok
[INFO] [stdout] test room_state::secret::tests::test_apply_delta_add_first_version ... ok
[INFO] [stdout] test room_state::message::tests::test_oversized_message_filtered_by_apply_delta ... ok
[INFO] [stdout] test room_state::secret::tests::test_apply_delta_rejects_duplicate_member_secret ... ok
[INFO] [stdout] test room_state::privacy::tests::test_privacy_mode_default ... ok
[INFO] [stdout] test room_state::privacy::tests::test_sealed_bytes_public ... ok
[INFO] [stdout] test room_state::secret::tests::test_apply_delta_prunes_removed_member_secrets ... ok
[INFO] [stdout] test room_state::message::tests::test_reaction_action ... ok
[INFO] [stdout] test room_state::message::tests::test_messages_delta ... ok
[INFO] [stdout] test room_state::message::tests::test_messages_apply_delta ... ok
[INFO] [stdout] test room_state::message::tests::test_messages_verify ... ok
[INFO] [stdout] test room_state::privacy::tests::test_sealed_bytes_private ... ok
[INFO] [stdout] test room_state::secret::tests::test_has_complete_distribution_incomplete ... ok
[INFO] [stdout] test room_state::secret::tests::test_apply_delta_rejects_nonexistent_current_version ... ok
[INFO] [stdout] test room_state::secret::tests::test_apply_delta_rejects_duplicate_version ... ok
[INFO] [stdout] test room_state::secret::tests::test_has_complete_distribution_empty ... ok
[INFO] [stdout] test room_state::secret::tests::test_room_secrets_v1_default ... ok
[INFO] [stdout] test room_state::secret::tests::test_delta_partial_update ... ok
[INFO] [stdout] test room_state::secret::tests::test_authorized_secret_version_record ... ok
[INFO] [stdout] test room_state::secret::tests::test_authorized_encrypted_secret_for_member ... ok
[INFO] [stdout] test room_state::secret::tests::test_apply_delta_rejects_secret_for_nonexistent_version ... ok
[INFO] [stdout] test room_state::secret::tests::test_apply_delta_skips_secret_for_nonexistent_member ... ok
[INFO] [stdout] test room_state::secret::tests::test_apply_delta_rejects_invalid_version_transition ... ok
[INFO] [stdout] test room_state::secret::tests::test_apply_delta_with_removed_member_secret ... ok
[INFO] [stdout] test room_state::secret::tests::test_delta_no_changes ... ok
[INFO] [stdout] test room_state::secret::tests::test_delta_new_version ... ok
[INFO] [stdout] test room_state::secret::tests::test_has_complete_distribution_complete ... ok
[INFO] [stdout] test room_state::secret::tests::test_verify_fails_with_nonzero_current_but_no_versions ... ok
[INFO] [stdout] test room_state::secret::tests::test_verify_valid_state_with_version ... ok
[INFO] [stdout] test room_state::secret::tests::test_summarize_empty_state ... ok
[INFO] [stdout] test room_state::secret::tests::test_summarize_with_data ... ok
[INFO] [stdout] test room_state::tests::post_apply_cleanup_dedups_member_info_to_canonical ... ok
[INFO] [stdout] test room_state::tests::over_cap_ban_does_not_one_shot_remove ... ok
[INFO] [stdout] test room_state::tests::test_invite_chain_preserved_for_active_member ... ok
[INFO] [stdout] test room_state::tests::cleanup_is_idempotent_over_cap_evicted_ban ... ok
[INFO] [stdout] test room_state::tests::field_declaration_order_puts_members_before_direct_messages ... ok
[INFO] [stdout] test room_state::tests::test_banner_exempt_from_inactivity_prune_so_ban_persists ... ok
[INFO] [stdout] test room_state::secret::tests::test_verify_fails_with_invalid_secret_signature ... ok
[INFO] [stdout] test room_state::secret::tests::test_verify_fails_with_invalid_version_signature ... ok
[INFO] [stdout] test room_state::secret::tests::test_verify_fails_with_mismatched_current_version ... ok
[INFO] [stdout] test room_state::tests::test_member_pruned_when_no_messages ... ok
[INFO] [stdout] test room_state::tests::test_member_info_cleaned_after_pruning ... ok
[INFO] [stdout] test room_state::tests::banned_member_reaction_removed_from_actions_state_cache ... ok
[INFO] [stdout] test room_state::tests::test_atomic_join_delta_applies_and_verifies ... ok
[INFO] [stdout] test room_state::tests::test_ban_race_with_encrypted_secret_converges_to_pruned ... ok
[INFO] [stdout] test room_state::tests::test_banned_member_with_encrypted_secret_is_still_pruned ... ok
[INFO] [stdout] test room_state::tests::test_state ... ok
[INFO] [stdout] test room_state::tests::test_state_with_none_deltas ... ok
[INFO] [stdout] test room_state::tests::post_apply_cleanup_is_idempotent_on_adversarial_states ... ok
[INFO] [stdout] test room_state::upgrade::tests::test_authorized_upgrade_new_and_validate ... ok
[INFO] [stdout] test room_state::tests::test_stale_secret_recipient_is_pruned_after_rotation ... ok
[INFO] [stdout] test room_state::upgrade::tests::test_optional_upgrade_summarize ... ok
[INFO] [stdout] test room_state::tests::test_member_with_encrypted_secret_survives_cleanup ... ok
[INFO] [stdout] test room_state::tests::test_member_with_join_event_not_pruned ... ok
[INFO] [stdout] test room_state::upgrade::tests::test_optional_upgrade_apply_delta ... ok
[INFO] [stdout] test room_state::secret::tests::test_verify_empty_state ... ok
[INFO] [stdout] test room_state::version::tests::test_version_serialization_roundtrip ... ok
[INFO] [stdout] test util::tests::test_sign_verify_struct ... ok
[INFO] [stdout] test room_state::version::tests::test_version_verify_accepts_current ... ok
[INFO] [stdout] test room_state::upgrade::tests::test_optional_upgrade_verify ... ok
[INFO] [stdout] test room_state::tests::test_member_re_added_with_message ... ok
[INFO] [stdout] test room_state::version::tests::test_version_verify_rejects_future ... ok
[INFO] [stdout] test room_state::version::tests::test_state_without_version_field_deserializes_with_default ... ok
[INFO] [stdout] test room_state::version::tests::test_state_with_version_field_roundtrips ... ok
[INFO] [stdout] test room_state::upgrade::tests::test_optional_upgrade_delta ... ok
[INFO] [stdout] test room_state::version::tests::test_version_verify_accepts_legacy ... ok
[INFO] [stdout] test room_state::version::tests::test_version_default_is_zero ... ok
[INFO] [stdout] test room_state::tests::test_upgrade_pointer_applies_as_delta ... ok
[INFO] [stdout] test room_state::tests::test_orphaned_ban_cleanup_after_cascade_removal ... ok
[INFO] [stdout] test room_state::member::tests::verify_checks_each_link_of_a_deep_chain_once ... ok
[INFO] [stdout] test room_state::member::tests::verify_matches_walking_every_chain ... ok
[INFO] [stdout] 
[INFO] [stdout] test result: ok. 220 passed; 0 failed; 0 ignored; 0 measured; 0 filtered out; finished in 0.49s
[INFO] [stdout] 
[INFO] [stdout] 
[INFO] [stdout] running 1 test
[INFO] [stderr]      Running tests/ban_purges_authored_content_test.rs (/opt/rustwide/target/release/deps/ban_purges_authored_content_test-05d461113737ac1f)
[INFO] [stdout] test owner_ban_purges_the_banned_members_messages_and_member_info ... ok
[INFO] [stdout] 
[INFO] [stdout] test result: ok. 1 passed; 0 failed; 0 ignored; 0 measured; 0 filtered out; finished in 0.00s
[INFO] [stdout] 
[INFO] [stderr]      Running tests/convergence_tests.rs (/opt/rustwide/target/release/deps/convergence_tests-77c7ec91a99dccbb)
[INFO] [stdout] 
[INFO] [stdout] running 34 tests
[INFO] [stdout] test lowering_max_recent_messages_converges_with_a_stale_peer ... ok
[INFO] [stdout] test test_member_interleaved_deltas_convergence ... ok
[INFO] [stdout] test test_member_delta_idempotency ... ok
[INFO] [stdout] test test_member_exactly_at_capacity ... ok
[INFO] [stdout] test test_member_removal_tiebreak_convergence ... ok
[INFO] [stdout] test test_merge_cascade_ban_cleanup ... ok
[INFO] [stdout] test test_member_permutation_convergence ... ok
[INFO] [stdout] test test_concurrent_adds_and_bans ... ok
[INFO] [stdout] test test_ban_excess_order_convergence ... ok
[INFO] [stdout] test test_merge_cascade_ban_commutativity ... ok
[INFO] [stdout] test test_full_state_merge_commutativity ... ok
[INFO] [stdout] test test_member_add_order_convergence ... ok
[INFO] [stdout] test test_merge_commutativity_with_owner_bans ... ok
[INFO] [stdout] test lowering_max_members_converges_with_a_stale_peer ... ok
[INFO] [stdout] test test_messages_all_identical_timestamps ... ok
[INFO] [stdout] test test_merge_with_bans_from_member_not_in_other_state ... ok
[INFO] [stdout] test test_message_delta_idempotency ... ok
[INFO] [stdout] test test_merge_owner_ban_across_diverged_states ... ok
[INFO] [stdout] test test_message_convergence_stress_100_messages ... ok
[INFO] [stdout] test test_deep_invite_chains ... ok
[INFO] [stdout] test test_message_prune_order_convergence ... ok
[INFO] [stdout] test test_member_convergence_stress_50_members ... ok
[INFO] [stdout] test test_member_one_over_capacity ... ok
[INFO] [stdout] test test_message_varying_limits_convergence ... ok
[INFO] [stdout] test test_regression_member_excess_removal_tiebreak ... ok
[INFO] [stdout] test test_regression_message_pruning_order ... ok
[INFO] [stdout] test test_regression_member_truncation_order_dependent ... ok
[INFO] [stdout] test test_ban_convergence_stress_same_timestamps ... ok
[INFO] [stdout] test test_random_operation_sequence_convergence ... ok
[INFO] [stdout] test test_regression_combined_scenario ... ok
[INFO] [stdout] test test_regression_ban_excess_identification ... ok
[INFO] [stdout] test lowering_max_recent_messages_from_above_the_work_bound_converges ... ok
[INFO] [stdout] test a_messages_delta_over_the_work_bound_is_rejected ... ok
[INFO] [stdout] test lowering_max_members_from_above_the_work_bound_converges ... ok
[INFO] [stdout] 
[INFO] [stdout] test result: ok. 34 passed; 0 failed; 0 ignored; 0 measured; 0 filtered out; finished in 0.36s
[INFO] [stdout] 
[INFO] [stderr]      Running tests/delegate_key_test.rs (/opt/rustwide/target/release/deps/delegate_key_test-7d439b291e6fb0c4)
[INFO] [stdout] 
[INFO] [stdout] running 1 test
[INFO] [stdout] test delegate_key_formula_matches_manual_blake3_computation ... ok
[INFO] [stdout] 
[INFO] [stdout] test result: ok. 1 passed; 0 failed; 0 ignored; 0 measured; 0 filtered out; finished in 0.00s
[INFO] [stdout] 
[INFO] [stderr]      Running tests/deputy_ban_test.rs (/opt/rustwide/target/release/deps/deputy_ban_test-d1012651b61a0a4d)
[INFO] [stdout] 
[INFO] [stdout] running 28 tests
[INFO] [stdout] test ban_and_revoke_converge_in_both_orders_via_merge ... ok
[INFO] [stdout] test deputy_ban_outside_subtree_is_inert ... ok
[INFO] [stdout] test deputy_can_ban_any_member_of_the_deputizers_subtree ... ok
[INFO] [stdout] test cap_eviction_reconciles_via_merge ... ok
[INFO] [stdout] test deputy_ban_of_subtree_root_cascades ... ok
[INFO] [stdout] test deputy_ban_within_subtree_is_enforced ... ok
[INFO] [stdout] test deputy_ban_via_ancestor_holds_when_target_also_deputizes_banner ... ok
[INFO] [stdout] test deputy_cannot_ban_their_deputizer ... ok
[INFO] [stdout] test deputy_cannot_ban_owner_and_room_survives ... ok
[INFO] [stdout] test banner_prunable_once_their_bans_are_gone ... ok
[INFO] [stdout] test global_mod_immune_to_self_immunization ... ok
[INFO] [stdout] test equal_version_member_info_diff_detected_by_anti_entropy ... ok
[INFO] [stdout] test owner_deputized_global_mod_can_ban_anyone_including_inviter ... ok
[INFO] [stdout] test forged_non_member_banner_bans_are_swept ... ok
[INFO] [stdout] test same_delta_replayed_deputy_forged_ban_is_inert_and_swept ... ok
[INFO] [stdout] test post_apply_cleanup_is_idempotent_for_garbage_sig_member_banner ... ok
[INFO] [stdout] test equal_version_member_info_resolves_deterministically_across_apply_order ... ok
[INFO] [stdout] test over_cap_deputies_delta_is_skipped_and_state_stays_valid ... ok
[INFO] [stdout] test too_many_deputies_is_rejected ... ok
[INFO] [stdout] test new_verify_accepts_legacy_state_with_nonmember_banner_bans ... ok
[INFO] [stdout] test inert_member_bans_evicted_before_enforcing_bans ... ok
[INFO] [stdout] test inert_member_ban_eviction_converges_across_delta_order ... ok
[INFO] [stdout] test stale_deputy_forged_ban_is_swept_and_not_enforcing ... ok
[INFO] [stdout] test strict_ancestor_immune_to_self_immunization ... ok
[INFO] [stdout] test garbage_sig_ban_from_present_member_rejected_by_verify ... ok
[INFO] [stdout] test revoking_deputy_unenforces_and_lww_defeats_stale_replay ... ok
[INFO] [stdout] test no_transitive_re_deputization ... ok
[INFO] [stdout] test subtree_deputy_ban_ignores_the_targets_own_deputies ... ok
[INFO] [stdout] 
[INFO] [stdout] test result: ok. 28 passed; 0 failed; 0 ignored; 0 measured; 0 filtered out; finished in 0.03s
[INFO] [stdout] 
[INFO] [stderr]      Running tests/direct_messages_test.rs (/opt/rustwide/target/release/deps/direct_messages_test-95a19666c2dcb59c)
[INFO] [stdout] 
[INFO] [stdout] running 46 tests
[INFO] [stdout] test direct_messages_wire_format_locked ... ok
[INFO] [stdout] test ban_then_existing_dm_state_still_verifies ... ok
[INFO] [stdout] test cleanup_retains_purge_envelope_when_recipient_has_no_other_activity ... ok
[INFO] [stdout] test apply_delta_silently_drops_non_member_sender ... ok
[INFO] [stdout] test json_round_trip_of_full_chat_room_state_preserves_dms ... ok
[INFO] [stdout] test apply_delta_silently_drops_self_dm ... ok
[INFO] [stdout] test ciphertext_size_cap_just_over_rejected ... ok
[INFO] [stdout] test json_round_trip_with_populated_purges_does_not_drop_fields ... ok
[INFO] [stdout] test apply_delta_commutativity_two_messages ... ok
[INFO] [stdout] test apply_delta_silently_drops_oversize_ciphertext ... ok
[INFO] [stdout] test apply_delta_idempotency ... ok
[INFO] [stdout] test ciphertext_size_cap_at_limit_accepted ... ok
[INFO] [stdout] test intra_delta_duplicate_signature_only_pushes_once ... ok
[INFO] [stdout] test duplicate_recipient_purges_envelope_rejected ... ok
[INFO] [stdout] test member_can_send_dm_to_owner ... ok
[INFO] [stdout] test non_recipient_signing_purges_rejected ... ok
[INFO] [stdout] test apply_delta_commutativity_message_then_purge_vs_purge_then_message ... ok
[INFO] [stdout] test owner_can_send_dm_to_member ... ok
[INFO] [stdout] test post_apply_cleanup_retains_dm_participants_as_members ... ok
[INFO] [stdout] test post_apply_cleanup_sweeps_banned_recipient_dms ... ok
[INFO] [stdout] test post_apply_cleanup_sweeps_banned_sender_dms ... ok
[INFO] [stdout] test apply_delta_evicts_the_oldest_to_admit_a_newer_message_at_the_pair_cap ... ok
[INFO] [stdout] test purge_advance_retroactively_drops_already_installed_message ... ok
[INFO] [stdout] test purge_envelope_monotonic_version_apply_delta ... ok
[INFO] [stdout] test json_round_trip_of_summary_does_not_drop_fields ... ok
[INFO] [stdout] test purge_envelope_same_version_different_content_silently_dropped ... ok
[INFO] [stdout] test purge_envelope_version_zero_rejected_in_verify ... ok
[INFO] [stdout] test purge_list_cap_just_over_rejected ... ok
[INFO] [stdout] test purge_envelope_version_zero_rejected_in_apply_delta ... ok
[INFO] [stdout] test recipient_not_member_rejected ... ok
[INFO] [stdout] test purge_version_bump_must_be_superset_silent_drop ... ok
[INFO] [stdout] test pruned_sender_dm_without_rejoin_bundle_is_silent_dropped ... ok
[INFO] [stdout] test recipient_purges_signature_failure_rejected ... ok
[INFO] [stdout] test self_dm_rejected_at_signing_time ... ok
[INFO] [stdout] test sender_not_member_rejected ... ok
[INFO] [stdout] test pruned_sender_can_dm_when_bundling_rejoin_delta ... ok
[INFO] [stdout] test cleanup_drops_purge_envelope_for_non_member ... ok
[INFO] [stdout] test future_skew_boundary ... ok
[INFO] [stdout] test round_trip_send_state_contains_and_serializes ... ok
[INFO] [stdout] test self_dm_rejected_in_verify ... ok
[INFO] [stdout] test signed_bytes_carry_domain_tag ... ok
[INFO] [stdout] test tombstone_blocks_remerge_of_purged_message ... ok
[INFO] [stdout] test sender_signature_failure_rejected ... ok
[INFO] [stdout] test serde_default_lets_pre230_state_decode ... ok
[INFO] [stdout] test per_pair_count_cap_at_limit_accepted ... ok
[INFO] [stdout] test per_pair_count_cap_just_over_rejected ... ok
[INFO] [stdout] 
[INFO] [stdout] test result: ok. 46 passed; 0 failed; 0 ignored; 0 measured; 0 filtered out; finished in 0.04s
[INFO] [stdout] 
[INFO] [stderr]      Running tests/dm_global_cap_test.rs (/opt/rustwide/target/release/deps/dm_global_cap_test-b44ac841aebc31ce)
[INFO] [stdout] 
[INFO] [stdout] running 25 tests
[INFO] [stdout] test legacy_configuration_bytes_still_verify_after_adding_the_field ... ok
[INFO] [stdout] test duplicate_entries_do_not_defeat_the_global_cap ... ok
[INFO] [stdout] test a_peer_below_the_global_cap_still_receives_older_dms ... ok
[INFO] [stdout] test global_horizon_is_independent_of_the_state_vec_order ... ok
[INFO] [stdout] test post_apply_cleanup_stays_idempotent_under_the_global_cap ... ok
[INFO] [stdout] test an_over_cap_state_converges_down_on_the_next_apply ... ok
[INFO] [stdout] test global_horizon_survives_the_cbor_round_trip_the_contract_does ... ok
[INFO] [stdout] test owner_set_cap_overrides_the_default ... ok
[INFO] [stdout] test global_cap_bounds_the_dm_pinned_member_set ... ok
[INFO] [stdout] test dm_gossip_from_a_lagging_peer_terminates_under_the_global_cap ... ok
[INFO] [stdout] test member_prune_reoffer_loop_mechanism_predates_the_dm_cap ... ok
[INFO] [stdout] test offset_windows_converge_and_go_quiet ... ok
[INFO] [stdout] test interleaved_windows_converge_so_the_horizon_cannot_be_over_stated ... ok
[INFO] [stdout] test zero_max_direct_messages_is_rejected_by_configuration_apply_delta ... ok
[INFO] [stdout] test apply_delta_is_idempotent_under_the_global_cap ... ok
[INFO] [stdout] test zero_global_cap_suppresses_the_delta_instead_of_looping ... ok
[INFO] [stdout] test asymmetric_caps_terminate_in_both_directions ... ok
[INFO] [stdout] test sender_does_not_offer_dms_the_receiver_would_globally_prune ... ok
[INFO] [stdout] test per_pair_cap_still_holds_under_a_generous_global_cap ... ok
[INFO] [stdout] test global_cap_bounds_the_whole_dm_set_keeping_the_newest ... ok
[INFO] [stdout] test global_trim_is_deterministic_across_arrival_orders ... ok
[INFO] [stdout] test unset_cap_falls_back_to_the_default_rather_than_being_unbounded ... ok
[INFO] [stdout] test verify_accepts_state_over_the_global_cap_so_the_migration_put_survives ... ok
[INFO] [stdout] test whole_state_gossip_under_the_cap_converges_and_stays_verifiable ... ok
[INFO] [stdout] test pair_trim_runs_before_the_global_trim_so_the_budget_is_not_wasted ... ok
[INFO] [stdout] 
[INFO] [stdout] test result: ok. 25 passed; 0 failed; 0 ignored; 0 measured; 0 filtered out; finished in 0.13s
[INFO] [stdout] 
[INFO] [stderr]      Running tests/dm_merge_law_test.rs (/opt/rustwide/target/release/deps/dm_merge_law_test-bf547ec425f16418)
[INFO] [stdout] 
[INFO] [stdout] running 10 tests
[INFO] [stdout] test dm_participants_are_still_exempt_from_inactivity_prune_when_both_are_live ... ok
[INFO] [stdout] test cleanup_is_a_fixpoint_after_the_trim_discards_a_members_only_dm ... ok
[INFO] [stdout] test dm_ban_derivation_must_apply_the_user_ban_cap ... ok
[INFO] [stdout] test none_delta_path_sweep_is_ban_aware ... ok
[INFO] [stdout] test deputy_ban_must_not_let_a_doomed_dm_evict_a_legitimate_one ... ok
[INFO] [stdout] test global_cap_must_not_evict_legitimate_dms_for_doomed_ones ... ok
[INFO] [stdout] test none_delta_path_sweeps_before_the_cap ... ok
[INFO] [stdout] test cleanup_is_idempotent_when_a_member_is_held_alive_only_by_a_doomed_dm ... ok
[INFO] [stderr]      Running tests/import_merge_test.rs (/opt/rustwide/target/release/deps/import_merge_test-01109fa843ec6f56)
[INFO] [stdout] test whole_state_merge_is_associative_for_the_671_shape ... ok
[INFO] [stdout] test whole_state_merge_is_commutative_for_the_671_shape ... ok
[INFO] [stdout] 
[INFO] [stdout] test result: ok. 10 passed; 0 failed; 0 ignored; 0 measured; 0 filtered out; finished in 0.02s
[INFO] [stdout] 
[INFO] [stdout] 
[INFO] [stdout] running 3 tests
[INFO] [stdout] test test_default_state_has_placeholder_owner ... ok
[INFO] [stderr]      Running tests/memberid_test.rs (/opt/rustwide/target/release/deps/memberid_test-4d80e536bcca3aea)
[INFO] [stdout] test test_wholesale_replacement_works_for_imported_rooms ... ok
[INFO] [stdout] test test_merge_fails_when_owner_member_id_differs ... ok
[INFO] [stdout] 
[INFO] [stdout] test result: ok. 3 passed; 0 failed; 0 ignored; 0 measured; 0 filtered out; finished in 0.00s
[INFO] [stdout] 
[INFO] [stdout] 
[INFO] [stdout] running 2 tests
[INFO] [stdout] test collision_tests::test_fasthash_properties ... ok
[INFO] [stdout] test collision_tests::test_memberid_collision_analysis ... ok
[INFO] [stdout] 
[INFO] [stdout] test result: ok. 2 passed; 0 failed; 0 ignored; 0 measured; 0 filtered out; finished in 0.33s
[INFO] [stdout] 
[INFO] [stdout] 
[INFO] [stderr]      Running tests/migration_test.rs (/opt/rustwide/target/release/deps/migration_test-92484a0fdde34047)
[INFO] [stdout] running 5 tests
[INFO] [stdout] test build_script_keeps_registry_fresh_and_missing_registry_fatal ... ok
[INFO] [stdout] test no_duplicate_code_hashes ... FAILED
[INFO] [stderr] error: test failed, to rerun pass `--test migration_test`
[INFO] [stdout] test delegate_key_is_blake3_of_code_hash ... FAILED
[INFO] [stdout] test all_entries_have_valid_hex ... FAILED
[INFO] [stdout] test no_duplicate_delegate_keys ... FAILED
[INFO] [stdout] 
[INFO] [stdout] failures:
[INFO] [stdout] 
[INFO] [stdout] ---- no_duplicate_code_hashes stdout ----
[INFO] [stdout] 
[INFO] [stdout] thread 'no_duplicate_code_hashes' (3633) panicked at tests/migration_test.rs:50:28:
[INFO] [stdout] legacy_delegates.toml not found in ["../legacy_delegates.toml", "legacy_delegates.toml"]
[INFO] [stdout] stack backtrace:
[INFO] [stdout]    0:     0x5ed122f3b8d1 - <<std[70759c8f55707aa4]::sys::backtrace::BacktraceLock>::print::DisplayBacktrace as core[df12db4294e9bfd3]::fmt::Display>::fmt
[INFO] [stdout]    1:     0x5ed122f503fa - core[df12db4294e9bfd3]::fmt::write
[INFO] [stdout]    2:     0x5ed122f3fd6c - <alloc[2182bb758b4b3781]::vec::Vec<u8> as core[df12db4294e9bfd3]::io::write::Write>::write_fmt
[INFO] [stdout]    3:     0x5ed122f17b56 - std[70759c8f55707aa4]::panicking::default_hook::{closure#0}
[INFO] [stdout]    4:     0x5ed122f33cc9 - std[70759c8f55707aa4]::panicking::default_hook
[INFO] [stdout]    5:     0x5ed122ecf7a0 - test[9d35eded1c95d3be]::test_main_inner::<test[9d35eded1c95d3be]::test_main_static::{closure#0}>::{closure#0}
[INFO] [stdout]    6:     0x5ed122f33e82 - std[70759c8f55707aa4]::panicking::panic_with_hook
[INFO] [stdout]    7:     0x5ed122f17c02 - std[70759c8f55707aa4]::panicking::panic_handler::{closure#0}
[INFO] [stdout]    8:     0x5ed122f107f9 - std[70759c8f55707aa4]::sys::backtrace::__rust_end_short_backtrace::<std[70759c8f55707aa4]::panicking::panic_handler::{closure#0}, !>
[INFO] [stdout]    9:     0x5ed122f187fd - __rustc[8fa7c3cbc660c2b3]::rust_begin_unwind
[INFO] [stdout]   10:     0x5ed122f50b2c - core[df12db4294e9bfd3]::panicking::panic_fmt
[INFO] [stdout]   11:     0x5ed122e829ca - migration_test[436e0d97c12707d6]::load_entries
[INFO] [stdout]   12:     0x5ed122e82abb - <migration_test[436e0d97c12707d6]::no_duplicate_code_hashes::{closure#0} as core[df12db4294e9bfd3]::ops::function::FnOnce<()>>::call_once
[INFO] [stdout]   13:     0x5ed122ec2a8b - test[9d35eded1c95d3be]::__rust_begin_short_backtrace::<core[df12db4294e9bfd3]::result::Result<(), alloc[2182bb758b4b3781]::string::String>, fn() -> core[df12db4294e9bfd3]::result::Result<(), alloc[2182bb758b4b3781]::string::String>>
[INFO] [stdout]   14:     0x5ed122ed00f5 - test[9d35eded1c95d3be]::run_test::{closure#0}
[INFO] [stdout]   15:     0x5ed122ec99b4 - std[70759c8f55707aa4]::sys::backtrace::__rust_begin_short_backtrace::<test[9d35eded1c95d3be]::run_test::{closure#1}, ()>
[INFO] [stdout]   16:     0x5ed122ed3252 - <std[70759c8f55707aa4]::thread::lifecycle::spawn_unchecked<test[9d35eded1c95d3be]::run_test::{closure#1}, ()>::{closure#1} as core[df12db4294e9bfd3]::ops::function::FnOnce<()>>::call_once::{shim:vtable#0}
[INFO] [stdout]   17:     0x5ed122f3ae39 - <std[70759c8f55707aa4]::sys::thread::unix::Thread>::new::thread_start
[INFO] [stdout]   18:     0x79660e5bcdfa - <unknown>
[INFO] [stdout]   19:     0x79660e6503d4 - clone
[INFO] [stdout]   20:                0x0 - <unknown>
[INFO] [stdout] 
[INFO] [stdout] ---- delegate_key_is_blake3_of_code_hash stdout ----
[INFO] [stdout] 
[INFO] [stdout] thread 'delegate_key_is_blake3_of_code_hash' (3632) panicked at tests/migration_test.rs:50:28:
[INFO] [stdout] legacy_delegates.toml not found in ["../legacy_delegates.toml", "legacy_delegates.toml"]
[INFO] [stdout] stack backtrace:
[INFO] [stdout]    0:     0x5ed122f3b8d1 - <<std[70759c8f55707aa4]::sys::backtrace::BacktraceLock>::print::DisplayBacktrace as core[df12db4294e9bfd3]::fmt::Display>::fmt
[INFO] [stdout]    1:     0x5ed122f503fa - core[df12db4294e9bfd3]::fmt::write
[INFO] [stdout]    2:     0x5ed122f3fd6c - <alloc[2182bb758b4b3781]::vec::Vec<u8> as core[df12db4294e9bfd3]::io::write::Write>::write_fmt
[INFO] [stdout]    3:     0x5ed122f17b56 - std[70759c8f55707aa4]::panicking::default_hook::{closure#0}
[INFO] [stdout]    4:     0x5ed122f33cc9 - std[70759c8f55707aa4]::panicking::default_hook
[INFO] [stdout]    5:     0x5ed122ecf7a0 - test[9d35eded1c95d3be]::test_main_inner::<test[9d35eded1c95d3be]::test_main_static::{closure#0}>::{closure#0}
[INFO] [stdout]    6:     0x5ed122f33e82 - std[70759c8f55707aa4]::panicking::panic_with_hook
[INFO] [stdout]    7:     0x5ed122f17c02 - std[70759c8f55707aa4]::panicking::panic_handler::{closure#0}
[INFO] [stdout]    8:     0x5ed122f107f9 - std[70759c8f55707aa4]::sys::backtrace::__rust_end_short_backtrace::<std[70759c8f55707aa4]::panicking::panic_handler::{closure#0}, !>
[INFO] [stdout]    9:     0x5ed122f187fd - __rustc[8fa7c3cbc660c2b3]::rust_begin_unwind
[INFO] [stdout]   10:     0x5ed122f50b2c - core[df12db4294e9bfd3]::panicking::panic_fmt
[INFO] [stdout]   11:     0x5ed122e829ca - migration_test[436e0d97c12707d6]::load_entries
[INFO] [stdout]   12:     0x5ed122e831c1 - <migration_test[436e0d97c12707d6]::delegate_key_is_blake3_of_code_hash::{closure#0} as core[df12db4294e9bfd3]::ops::function::FnOnce<()>>::call_once
[INFO] [stdout]   13:     0x5ed122ec2a8b - test[9d35eded1c95d3be]::__rust_begin_short_backtrace::<core[df12db4294e9bfd3]::result::Result<(), alloc[2182bb758b4b3781]::string::String>, fn() -> core[df12db4294e9bfd3]::result::Result<(), alloc[2182bb758b4b3781]::string::String>>
[INFO] [stdout]   14:     0x5ed122ed00f5 - test[9d35eded1c95d3be]::run_test::{closure#0}
[INFO] [stdout]   15:     0x5ed122ec99b4 - std[70759c8f55707aa4]::sys::backtrace::__rust_begin_short_backtrace::<test[9d35eded1c95d3be]::run_test::{closure#1}, ()>
[INFO] [stdout]   16:     0x5ed122ed3252 - <std[70759c8f55707aa4]::thread::lifecycle::spawn_unchecked<test[9d35eded1c95d3be]::run_test::{closure#1}, ()>::{closure#1} as core[df12db4294e9bfd3]::ops::function::FnOnce<()>>::call_once::{shim:vtable#0}
[INFO] [stdout]   17:     0x5ed122f3ae39 - <std[70759c8f55707aa4]::sys::thread::unix::Thread>::new::thread_start
[INFO] [stdout]   18:     0x79660e5bcdfa - <unknown>
[INFO] [stdout]   19:     0x79660e6503d4 - clone
[INFO] [stdout]   20:                0x0 - <unknown>
[INFO] [stdout] 
[INFO] [stdout] ---- all_entries_have_valid_hex stdout ----
[INFO] [stdout] 
[INFO] [stdout] thread 'all_entries_have_valid_hex' (3630) panicked at tests/migration_test.rs:50:28:
[INFO] [stdout] legacy_delegates.toml not found in ["../legacy_delegates.toml", "legacy_delegates.toml"]
[INFO] [stdout] stack backtrace:
[INFO] [stdout]    0:     0x5ed122f3b8d1 - <<std[70759c8f55707aa4]::sys::backtrace::BacktraceLock>::print::DisplayBacktrace as core[df12db4294e9bfd3]::fmt::Display>::fmt
[INFO] [stdout]    1:     0x5ed122f503fa - core[df12db4294e9bfd3]::fmt::write
[INFO] [stdout]    2:     0x5ed122f3fd6c - <alloc[2182bb758b4b3781]::vec::Vec<u8> as core[df12db4294e9bfd3]::io::write::Write>::write_fmt
[INFO] [stdout]    3:     0x5ed122f17b56 - std[70759c8f55707aa4]::panicking::default_hook::{closure#0}
[INFO] [stdout]    4:     0x5ed122f33cc9 - std[70759c8f55707aa4]::panicking::default_hook
[INFO] [stdout]    5:     0x5ed122ecf7a0 - test[9d35eded1c95d3be]::test_main_inner::<test[9d35eded1c95d3be]::test_main_static::{closure#0}>::{closure#0}
[INFO] [stdout]    6:     0x5ed122f33e82 - std[70759c8f55707aa4]::panicking::panic_with_hook
[INFO] [stdout]    7:     0x5ed122f17c02 - std[70759c8f55707aa4]::panicking::panic_handler::{closure#0}
[INFO] [stdout]    8:     0x5ed122f107f9 - std[70759c8f55707aa4]::sys::backtrace::__rust_end_short_backtrace::<std[70759c8f55707aa4]::panicking::panic_handler::{closure#0}, !>
[INFO] [stdout]    9:     0x5ed122f187fd - __rustc[8fa7c3cbc660c2b3]::rust_begin_unwind
[INFO] [stdout]   10:     0x5ed122f50b2c - core[df12db4294e9bfd3]::panicking::panic_fmt
[INFO] [stdout]   11:     0x5ed122e829ca - migration_test[436e0d97c12707d6]::load_entries
[INFO] [stdout]   12:     0x5ed122e82c71 - <migration_test[436e0d97c12707d6]::all_entries_have_valid_hex::{closure#0} as core[df12db4294e9bfd3]::ops::function::FnOnce<()>>::call_once
[INFO] [stdout]   13:     0x5ed122ec2a8b - test[9d35eded1c95d3be]::__rust_begin_short_backtrace::<core[df12db4294e9bfd3]::result::Result<(), alloc[2182bb758b4b3781]::string::String>, fn() -> core[df12db4294e9bfd3]::result::Result<(), alloc[2182bb758b4b3781]::string::String>>
[INFO] [stdout]   14:     0x5ed122ed00f5 - test[9d35eded1c95d3be]::run_test::{closure#0}
[INFO] [stdout]   15:     0x5ed122ec99b4 - std[70759c8f55707aa4]::sys::backtrace::__rust_begin_short_backtrace::<test[9d35eded1c95d3be]::run_test::{closure#1}, ()>
[INFO] [stdout]   16:     0x5ed122ed3252 - <std[70759c8f55707aa4]::thread::lifecycle::spawn_unchecked<test[9d35eded1c95d3be]::run_test::{closure#1}, ()>::{closure#1} as core[df12db4294e9bfd3]::ops::function::FnOnce<()>>::call_once::{shim:vtable#0}
[INFO] [stdout]   17:     0x5ed122f3ae39 - <std[70759c8f55707aa4]::sys::thread::unix::Thread>::new::thread_start
[INFO] [stdout]   18:     0x79660e5bcdfa - <unknown>
[INFO] [stdout]   19:     0x79660e6503d4 - clone
[INFO] [stdout]   20:                0x0 - <unknown>
[INFO] [stdout] 
[INFO] [stdout] ---- no_duplicate_delegate_keys stdout ----
[INFO] [stdout] 
[INFO] [stdout] thread 'no_duplicate_delegate_keys' (3634) panicked at tests/migration_test.rs:50:28:
[INFO] [stdout] legacy_delegates.toml not found in ["../legacy_delegates.toml", "legacy_delegates.toml"]
[INFO] [stdout] stack backtrace:
[INFO] [stdout]    0:     0x5ed122f3b8d1 - <<std[70759c8f55707aa4]::sys::backtrace::BacktraceLock>::print::DisplayBacktrace as core[df12db4294e9bfd3]::fmt::Display>::fmt
[INFO] [stdout]    1:     0x5ed122f503fa - core[df12db4294e9bfd3]::fmt::write
[INFO] [stdout]    2:     0x5ed122f3fd6c - <alloc[2182bb758b4b3781]::vec::Vec<u8> as core[df12db4294e9bfd3]::io::write::Write>::write_fmt
[INFO] [stdout]    3:     0x5ed122f17b56 - std[70759c8f55707aa4]::panicking::default_hook::{closure#0}
[INFO] [stdout]    4:     0x5ed122f33cc9 - std[70759c8f55707aa4]::panicking::default_hook
[INFO] [stdout]    5:     0x5ed122ecf7a0 - test[9d35eded1c95d3be]::test_main_inner::<test[9d35eded1c95d3be]::test_main_static::{closure#0}>::{closure#0}
[INFO] [stdout]    6:     0x5ed122f33e82 - std[70759c8f55707aa4]::panicking::panic_with_hook
[INFO] [stdout]    7:     0x5ed122f17c02 - std[70759c8f55707aa4]::panicking::panic_handler::{closure#0}
[INFO] [stdout]    8:     0x5ed122f107f9 - std[70759c8f55707aa4]::sys::backtrace::__rust_end_short_backtrace::<std[70759c8f55707aa4]::panicking::panic_handler::{closure#0}, !>
[INFO] [stdout]    9:     0x5ed122f187fd - __rustc[8fa7c3cbc660c2b3]::rust_begin_unwind
[INFO] [stdout]   10:     0x5ed122f50b2c - core[df12db4294e9bfd3]::panicking::panic_fmt
[INFO] [stdout]   11:     0x5ed122e829ca - migration_test[436e0d97c12707d6]::load_entries
[INFO] [stdout]   12:     0x5ed122e8300b - <migration_test[436e0d97c12707d6]::no_duplicate_delegate_keys::{closure#0} as core[df12db4294e9bfd3]::ops::function::FnOnce<()>>::call_once
[INFO] [stdout]   13:     0x5ed122ec2a8b - test[9d35eded1c95d3be]::__rust_begin_short_backtrace::<core[df12db4294e9bfd3]::result::Result<(), alloc[2182bb758b4b3781]::string::String>, fn() -> core[df12db4294e9bfd3]::result::Result<(), alloc[2182bb758b4b3781]::string::String>>
[INFO] [stdout]   14:     0x5ed122ed00f5 - test[9d35eded1c95d3be]::run_test::{closure#0}
[INFO] [stdout]   15:     0x5ed122ec99b4 - std[70759c8f55707aa4]::sys::backtrace::__rust_begin_short_backtrace::<test[9d35eded1c95d3be]::run_test::{closure#1}, ()>
[INFO] [stdout]   16:     0x5ed122ed3252 - <std[70759c8f55707aa4]::thread::lifecycle::spawn_unchecked<test[9d35eded1c95d3be]::run_test::{closure#1}, ()>::{closure#1} as core[df12db4294e9bfd3]::ops::function::FnOnce<()>>::call_once::{shim:vtable#0}
[INFO] [stdout]   17:     0x5ed122f3ae39 - <std[70759c8f55707aa4]::sys::thread::unix::Thread>::new::thread_start
[INFO] [stdout]   18:     0x79660e5bcdfa - <unknown>
[INFO] [stdout]   19:     0x79660e6503d4 - clone
[INFO] [stdout]   20:                0x0 - <unknown>
[INFO] [stdout] 
[INFO] [stdout] 
[INFO] [stdout] failures:
[INFO] [stdout]     all_entries_have_valid_hex
[INFO] [stdout]     delegate_key_is_blake3_of_code_hash
[INFO] [stdout]     no_duplicate_code_hashes
[INFO] [stdout]     no_duplicate_delegate_keys
[INFO] [stdout] 
[INFO] [stdout] test result: FAILED. 1 passed; 4 failed; 0 ignored; 0 measured; 0 filtered out; finished in 0.01s
[INFO] [stdout] 
[INFO] running `Command { std: "docker" "inspect" "a19d36b950a2af84876726d32dafab5f3dc81424a1c76aa9ee466cfcdd87aed7", kill_on_drop: false }`
[INFO] running `Command { std: "docker" "rm" "-f" "a19d36b950a2af84876726d32dafab5f3dc81424a1c76aa9ee466cfcdd87aed7", kill_on_drop: false }`
[INFO] [stdout] a19d36b950a2af84876726d32dafab5f3dc81424a1c76aa9ee466cfcdd87aed7
