[INFO] fetching crate ritk-nifti 0.2.0...
[INFO] testing ritk-nifti-0.2.0 against 1.100.0-beta.1+cargoflags=--release for beta-release-1.100-2
[INFO] extracting crate ritk-nifti 0.2.0 into /workspace/builds/worker-3-tc2/source
[INFO] started tweaking crates.io crate ritk-nifti 0.2.0
[INFO] finished tweaking crates.io crate ritk-nifti 0.2.0
[INFO] tweaked toml for crates.io crate ritk-nifti 0.2.0 written to /workspace/builds/worker-3-tc2/source/Cargo.toml
[INFO] validating manifest of crates.io crate ritk-nifti 0.2.0 on toolchain 1.100.0-beta.1
[INFO] running `Command { std: CARGO_HOME="/workspace/cargo-home" RUSTUP_HOME="/workspace/rustup-home" "/workspace/cargo-home/bin/cargo" "+1.100.0-beta.1" "metadata" "--manifest-path" "Cargo.toml" "--no-deps", kill_on_drop: false }`
[INFO] crate crates.io crate ritk-nifti 0.2.0 already has a lockfile, it will not be regenerated
[INFO] running `Command { std: CARGO_HOME="/workspace/cargo-home" RUSTUP_HOME="/workspace/rustup-home" "/workspace/cargo-home/bin/cargo" "+1.100.0-beta.1" "fetch" "--manifest-path" "Cargo.toml", kill_on_drop: false }`
[INFO] running `Command { std: "docker" "create" "-v" "/var/lib/crater-agent-workspace/builds/worker-3-tc2/source:/opt/rustwide/workdir:ro,Z" "-v" "/var/lib/crater-agent-workspace/builds/worker-3-tc2/target:/opt/rustwide/target:rw,Z" "-v" "/var/lib/crater-agent-workspace/cargo-home:/opt/rustwide/cargo-home:ro,Z" "-v" "/var/lib/crater-agent-workspace/rustup-home:/opt/rustwide/rustup-home:ro,Z" "-m" "1610612736" "--network" "none" "ghcr.io/rust-lang/crates-build-env/linux@sha256:77db811e55d90add9212f6832c23229e3de5f1c1f9905e8cb07319ea15df73ac" "sleep" "infinity", kill_on_drop: false }`
[INFO] [stdout] c741f83d7a9dbe60ad47897ec119cec26789569c43f68d5561bdf056347bcbc8
[INFO] running `Command { std: "docker" "start" "c741f83d7a9dbe60ad47897ec119cec26789569c43f68d5561bdf056347bcbc8", kill_on_drop: false }`
[INFO] running `Command { std: "docker" "inspect" "c741f83d7a9dbe60ad47897ec119cec26789569c43f68d5561bdf056347bcbc8", kill_on_drop: false }`
[INFO] running `Command { std: "docker" "exec" "-e" "SOURCE_DIR=/opt/rustwide/workdir" "-e" "CARGO_HOME=/opt/rustwide/cargo-home" "-e" "RUSTUP_HOME=/opt/rustwide/rustup-home" "-e" "CARGO_TARGET_DIR=/opt/rustwide/target" "-w" "/opt/rustwide/workdir" "--user" "0:0" "c741f83d7a9dbe60ad47897ec119cec26789569c43f68d5561bdf056347bcbc8" "/opt/rustwide/cargo-home/bin/cargo" "+1.100.0-beta.1" "metadata" "--no-deps" "--format-version=1", kill_on_drop: false }`
[INFO] running `Command { std: "docker" "inspect" "c741f83d7a9dbe60ad47897ec119cec26789569c43f68d5561bdf056347bcbc8", kill_on_drop: false }`
[INFO] running `Command { std: "docker" "exec" "-e" "SOURCE_DIR=/opt/rustwide/workdir" "-e" "CARGO_HOME=/opt/rustwide/cargo-home" "-e" "RUSTUP_HOME=/opt/rustwide/rustup-home" "-e" "CARGO_TARGET_DIR=/opt/rustwide/target" "-e" "CARGO_INCREMENTAL=0" "-e" "RUST_BACKTRACE=full" "-e" "RUSTFLAGS=--cap-lints=warn" "-e" "RUSTDOCFLAGS=--cap-lints=warn" "-w" "/opt/rustwide/workdir" "--user" "0:0" "c741f83d7a9dbe60ad47897ec119cec26789569c43f68d5561bdf056347bcbc8" "/opt/rustwide/cargo-home/bin/cargo" "+1.100.0-beta.1" "build" "--frozen" "--message-format=json" "--release", kill_on_drop: false }`
[INFO] [stderr]    Compiling simdutf8 v0.1.5
[INFO] [stderr]    Compiling libm v0.2.16
[INFO] [stderr]    Compiling mnemosyne-build-util v0.2.0
[INFO] [stderr]    Compiling melinoe v0.9.0
[INFO] [stderr]    Compiling mnemosyne-memory-core v0.2.0
[INFO] [stderr]    Compiling themis-topology v0.10.1
[INFO] [stderr]    Compiling miniz_oxide v0.8.9
[INFO] [stderr]    Compiling moirai-utils v0.5.0
[INFO] [stderr]    Compiling futures-core v0.3.34
[INFO] [stderr]    Compiling moirai-pal v0.5.0
[INFO] [stderr]    Compiling futures-sink v0.3.34
[INFO] [stderr]    Compiling syn v3.0.3
[INFO] [stderr]    Compiling num_cpus v1.17.0
[INFO] [stderr]    Compiling moirai-executor v0.5.0
[INFO] [stderr]    Compiling munge_macro v0.4.7
[INFO] [stderr]    Compiling moirai-async-macros v0.5.0
[INFO] [stderr]    Compiling futures-channel v0.3.34
[INFO] [stderr]    Compiling socket2 v0.5.10
[INFO] [stderr]    Compiling hermes-simd-macros v0.6.0
[INFO] [stderr]    Compiling chacha20 v0.10.1
[INFO] [stderr]    Compiling getrandom v0.4.3
[INFO] [stderr]    Compiling parking_lot_core v0.9.12
[INFO] [stderr]    Compiling apollo-fft-macros v0.2.0
[INFO] [stderr]    Compiling mnemosyne-prof v0.2.0
[INFO] [stderr]    Compiling mnemosyne-backend v0.5.0
[INFO] [stderr]    Compiling mnemosyne-local v0.4.0
[INFO] [stderr]    Compiling rustc-hash v2.1.3
[INFO] [stderr]    Compiling rand_core v0.9.5
[INFO] [stderr]    Compiling ppv-lite86 v0.2.21
[INFO] [stderr]    Compiling rand v0.10.2
[INFO] [stderr]    Compiling parking_lot v0.12.5
[INFO] [stderr]    Compiling tracing-attributes v0.1.31
[INFO] [stderr]    Compiling ritk-wgpu-compat v0.2.0
[INFO] [stderr]    Compiling munge v0.4.7
[INFO] [stderr]    Compiling rand_chacha v0.9.0
[INFO] [stderr]    Compiling backtrace v0.3.76
[INFO] [stderr]    Compiling flate2 v1.1.9
[INFO] [stderr]    Compiling rand v0.9.5
[INFO] [stderr]    Compiling tracing v0.1.44
[INFO] [stderr]    Compiling ptr_meta_derive v0.3.2
[INFO] [stderr]    Compiling bytecheck_derive v0.8.3
[INFO] [stderr]    Compiling rkyv_derive v0.8.18
[INFO] [stderr]    Compiling bytemuck_derive v1.12.0
[INFO] [stderr]    Compiling futures-macro v0.3.34
[INFO] [stderr]    Compiling thiserror-impl v2.0.20
[INFO] [stderr]    Compiling serde_derive v1.0.229
[INFO] [stderr]    Compiling ptr_meta v0.3.2
[INFO] [stderr]    Compiling rancor v0.1.3
[INFO] [stderr]    Compiling futures-util v0.3.34
[INFO] [stderr]    Compiling bytecheck v0.8.3
[INFO] [stderr]    Compiling thiserror v2.0.20
[INFO] [stderr]    Compiling rend v0.5.4
[INFO] [stderr]    Compiling bytemuck v1.25.2
[INFO] [stderr]    Compiling serde v1.0.229
[INFO] [stderr]    Compiling half v2.7.1
[INFO] [stderr]    Compiling futures-executor v0.3.34
[INFO] [stderr]    Compiling futures v0.3.34
[INFO] [stderr]    Compiling rkyv v0.8.18
[INFO] [stderr]    Compiling eunomia v0.8.0
[INFO] [stderr]    Compiling mnemosyne-arena v0.4.0
[INFO] [stderr]    Compiling aequitas v0.2.0
[INFO] [stderr]    Compiling mnemosyne-decay v0.3.0
[INFO] [stderr]    Compiling mnemosyne-heap v0.4.0
[INFO] [stderr]    Compiling mnemosyne-memory v0.7.0
[INFO] [stderr]    Compiling moirai-core v0.5.0
[INFO] [stderr]    Compiling hermes-simd-core v0.6.0
[INFO] [stderr]    Compiling leto v0.42.0
[INFO] [stderr]    Compiling moirai-scheduler v0.5.0
[INFO] [stderr]    Compiling moirai-sync v0.5.0
[INFO] [stderr]    Compiling moirai-transport v0.5.0
[INFO] [stderr]    Compiling apollo-leto-interop v0.18.0
[INFO] [stderr]    Compiling ritk-spatial v0.2.0
[INFO] [stderr]    Compiling hermes-simd-intrinsics v0.6.0
[INFO] [stderr]    Compiling moirai-parallel v0.5.0
[INFO] [stderr]    Compiling moirai-iter v0.5.0
[INFO] [stderr]    Compiling moirai-async v0.5.0
[INFO] [stderr]    Compiling hermes-simd-types v0.6.0
[INFO] [stderr]    Compiling hermes-simd v0.6.0
[INFO] [stderr]    Compiling moirai-runtime v0.5.0
[INFO] [stderr]    Compiling coeus-core v0.10.0
[INFO] [stderr]    Compiling leto-ops v0.42.0
[INFO] [stderr]    Compiling apollo-fft v0.26.0
[INFO] [stderr]    Compiling coeus-leto v0.10.0
[INFO] [stderr]    Compiling coeus-tensor v0.10.0
[INFO] [stderr]    Compiling coeus-sparse v0.10.0
[INFO] [stderr]    Compiling coeus-ops v0.10.0
[INFO] [stderr]    Compiling coeus-autograd v0.10.0
[INFO] [stderr]    Compiling coeus-nn v0.10.0
[INFO] [stderr]    Compiling coeus-optim v0.10.0
[INFO] [stderr]    Compiling ritk-image v0.3.0
[INFO] [stderr]    Compiling ritk-nifti v0.2.0 (/opt/rustwide/workdir)
[INFO] [stderr]     Finished `release` profile [optimized] target(s) in 2m 07s
[INFO] running `Command { std: "docker" "inspect" "c741f83d7a9dbe60ad47897ec119cec26789569c43f68d5561bdf056347bcbc8", kill_on_drop: false }`
[INFO] running `Command { std: "docker" "exec" "-e" "SOURCE_DIR=/opt/rustwide/workdir" "-e" "CARGO_HOME=/opt/rustwide/cargo-home" "-e" "RUSTUP_HOME=/opt/rustwide/rustup-home" "-e" "CARGO_TARGET_DIR=/opt/rustwide/target" "-e" "CARGO_INCREMENTAL=0" "-e" "RUST_BACKTRACE=full" "-e" "RUSTFLAGS=--cap-lints=warn" "-e" "RUSTDOCFLAGS=--cap-lints=warn" "-w" "/opt/rustwide/workdir" "--user" "0:0" "c741f83d7a9dbe60ad47897ec119cec26789569c43f68d5561bdf056347bcbc8" "/opt/rustwide/cargo-home/bin/cargo" "+1.100.0-beta.1" "test" "--frozen" "--no-run" "--message-format=json" "--release", kill_on_drop: false }`
[INFO] [stderr]    Compiling tempfile v3.27.0
[INFO] [stderr]    Compiling ritk-nifti v0.2.0 (/opt/rustwide/workdir)
[INFO] [stderr]     Finished `release` profile [optimized] target(s) in 6.15s
[INFO] running `Command { std: "docker" "inspect" "c741f83d7a9dbe60ad47897ec119cec26789569c43f68d5561bdf056347bcbc8", kill_on_drop: false }`
[INFO] running `Command { std: "docker" "exec" "-e" "SOURCE_DIR=/opt/rustwide/workdir" "-e" "CARGO_HOME=/opt/rustwide/cargo-home" "-e" "RUSTUP_HOME=/opt/rustwide/rustup-home" "-e" "CARGO_TARGET_DIR=/opt/rustwide/target" "-e" "CARGO_INCREMENTAL=0" "-e" "RUST_BACKTRACE=full" "-e" "RUSTFLAGS=--cap-lints=warn" "-e" "RUSTDOCFLAGS=--cap-lints=warn" "-w" "/opt/rustwide/workdir" "--user" "0:0" "c741f83d7a9dbe60ad47897ec119cec26789569c43f68d5561bdf056347bcbc8" "/opt/rustwide/cargo-home/bin/cargo" "+1.100.0-beta.1" "test" "--frozen" "--release", kill_on_drop: false }`
[INFO] [stderr]     Finished `release` profile [optimized] target(s) in 0.17s
[INFO] [stderr]      Running unittests src/lib.rs (/opt/rustwide/target/release/build/ritk-nifti/5b1379686bffba3d/out/ritk_nifti-5b1379686bffba3d)
[INFO] [stdout] 
[INFO] [stdout] running 49 tests
[INFO] [stdout] test header::types::tests::header_round_trip_preserves_nifti2_core_fields ... ok
[INFO] [stdout] test header::types::tests::header_round_trip_preserves_nifti1_core_fields ... ok
[INFO] [stdout] test shape::tests::checked_voxel_count_multiplies_dimensions ... ok
[INFO] [stdout] test spatial::tests::ras_affine_columns_are_reordered_into_internal_axes ... ok
[INFO] [stdout] test header::validate::tests::qfac_accepts_standard_values ... ok
[INFO] [stdout] test header::validate::tests::qform_quaternion_rejects_impossible_norm ... ok
[INFO] [stdout] test tests::read_nifti_rejects_zero_sform_column ... ok
[INFO] [stdout] test spatial::tests::non_finite_affine_entry_is_rejected ... ok
[INFO] [stdout] test tests::test_read_nifti_from_bytes_roundtrip ... ok
[INFO] [stdout] test shape::tests::checked_voxel_count_rejects_overflow ... ok
[INFO] [stdout] test header::validate::tests::checked_spatial_pixdim_rejects_zero ... ok
[INFO] [stdout] test tests::test_write_nifti2_from_bytes_roundtrip ... ok
[INFO] [stdout] test tests::test_read_nifti_invalid_file_error_leak ... ok
[INFO] [stdout] test tests::test_read_write_nifti_cycle ... ok
[INFO] [stdout] test tests::test_write_nifti_sets_sform_header_fields ... ok
[INFO] [stdout] test header::validate::tests::qfac_rejects_non_standard_value ... ok
[INFO] [stdout] test tests::test_read_nifti_error_leak ... ok
[INFO] [stdout] test tests::test_gzipped_nifti_roundtrip ... ok
[INFO] [stdout] test spatial::tests::zero_affine_column_is_rejected ... ok
[INFO] [stdout] test tests::tests_format_sources::analyze_style_header_is_not_imported_as_nifti ... ok
[INFO] [stdout] test tests::tests_format_sources::repository_nifti_fixture_sources_are_documented ... FAILED
[INFO] [stdout] test tests::tests_labels::write_nifti_labels_single_voxel_label_7_round_trips ... ok
[INFO] [stdout] test tests::tests_native::native_writer_round_trips_through_native_reader ... ok
[INFO] [stdout] test tests::tests_native::read_nifti_native_preserves_shape_and_voxels ... ok
[INFO] [stdout] test tests::tests_labels::write_nifti_labels_all_background_round_trips ... ok
[INFO] [stdout] test tests::test_oblique_nifti_round_trip_preserves_affine_and_voxels ... ok
[INFO] [stdout] test tests::tests_series::label_reader_rejects_a_series ... ok
[INFO] [stdout] test tests::tests_series::multi_volume_series_writes_a_rank_four_header ... ok
[INFO] [stdout] test spatial::tests::internal_metadata_columns_are_reordered_into_nifti_sform ... ok
[INFO] [stdout] test tests::tests_labels::write_nifti_labels_round_trip_preserves_all_voxels ... ok
[INFO] [stdout] test tests::tests_labels::write_nifti_labels_length_mismatch_returns_err ... ok
[INFO] [stdout] test tests::tests_series::rank_three_file_reads_as_a_one_volume_series ... ok
[INFO] [stdout] test tests::tests_format_sources::imports_sourced_repository_nifti1_gzip_fixture ... FAILED
[INFO] [stdout] test tests::tests_labels::write_nifti_labels_overflowing_shape_returns_err ... ok
[INFO] [stdout] test tests::tests_series::series_round_trips_through_gzip ... ok
[INFO] [stdout] test tests::read_nifti_from_bytes_accepts_int16_voxels ... ok
[INFO] [stdout] test tests::tests_series::series_round_trips_through_nifti1 ... ok
[INFO] [stdout] test tests::tests_series::single_volume_series_writes_a_rank_three_header ... ok
[INFO] [stdout] test tests::tests_format_sources::imports_generated_nifti2_gzip_fixture ... ok
[INFO] [stdout] test tests::tests_series::single_volume_reader_rejects_a_series_rather_than_returning_volume_zero ... ok
[INFO] [stdout] test tests::tests_series::series_round_trips_through_nifti2 ... ok
[INFO] [stdout] test tests::tests_labels::write_nifti2_labels_round_trip_preserves_header_and_voxels ... ok
[INFO] [stdout] test tests::tests_series::writer_rejects_an_empty_series ... ok
[INFO] [stdout] test tests::tests_series::writer_rejects_volumes_on_different_grids ... ok
[INFO] [stdout] test tests::tests_series::truncated_series_payload_is_rejected ... ok
[INFO] [stdout] test tests::tests_labels::write_nifti_labels_sform_encodes_origin_and_spacing ... ok
[INFO] [stdout] test tests::tests_series::writer_rejects_volumes_with_different_spacing ... ok
[INFO] [stdout] test tests::tests_format_sources::imports_generated_uint8_nifti1_fixture ... ok
[INFO] [stdout] test header::types::tests::nifti1_rejects_dimensions_above_u16 ... ok
[INFO] [stdout] 
[INFO] [stdout] failures:
[INFO] [stdout] 
[INFO] [stdout] ---- tests::tests_format_sources::repository_nifti_fixture_sources_are_documented stdout ----
[INFO] [stdout] 
[INFO] [stdout] thread 'tests::tests_format_sources::repository_nifti_fixture_sources_are_documented' (1748) panicked at src/tests/tests_format_sources.rs:29:9:
[INFO] [stdout] MNI152 atlas copy used as brain_fixed fixture path must exist: /opt/rustwide/workdir/../../test_data/registration/brain_fixed.nii.gz
[INFO] [stdout] stack backtrace:
[INFO] [stdout]    0:     0x5be6810f6571 - <<std[617be2ca0a6fd877]::sys::backtrace::BacktraceLock>::print::DisplayBacktrace as core[a373ad73a504971]::fmt::Display>::fmt
[INFO] [stdout]    1:     0x5be68110c6aa - core[a373ad73a504971]::fmt::write
[INFO] [stdout]    2:     0x5be6810faf0c - <alloc[2e1b2a31b91974c5]::vec::Vec<u8> as core[a373ad73a504971]::io::write::Write>::write_fmt
[INFO] [stdout]    3:     0x5be6810d0986 - std[617be2ca0a6fd877]::panicking::default_hook::{closure#0}
[INFO] [stdout]    4:     0x5be6810edd59 - std[617be2ca0a6fd877]::panicking::default_hook
[INFO] [stdout]    5:     0x5be68106d180 - test[aada8e7e76ba119b]::test_main_inner::{closure#0}
[INFO] [stdout]    6:     0x5be6810edf12 - std[617be2ca0a6fd877]::panicking::panic_with_hook
[INFO] [stdout]    7:     0x5be6810d0a32 - std[617be2ca0a6fd877]::panicking::panic_handler::{closure#0}
[INFO] [stdout]    8:     0x5be6810c8f09 - std[617be2ca0a6fd877]::sys::backtrace::__rust_end_short_backtrace::<std[617be2ca0a6fd877]::panicking::panic_handler::{closure#0}, !>
[INFO] [stdout]    9:     0x5be6810d174d - __rustc[ea4f61d10b84890b]::rust_begin_unwind
[INFO] [stdout]   10:     0x5be68110ce0c - core[a373ad73a504971]::panicking::panic_fmt
[INFO] [stdout]   11:     0x5be68104cb40 - <ritk_nifti[3ba4285294c38faa]::tests::tests_format_sources::repository_nifti_fixture_sources_are_documented::{closure#0} as core[a373ad73a504971]::ops::function::FnOnce<()>>::call_once
[INFO] [stdout]   12:     0x5be6810605cb - test[aada8e7e76ba119b]::__rust_begin_short_backtrace::<core[a373ad73a504971]::result::Result<(), alloc[2e1b2a31b91974c5]::string::String>, fn() -> core[a373ad73a504971]::result::Result<(), alloc[2e1b2a31b91974c5]::string::String>>
[INFO] [stdout]   13:     0x5be68106d7a5 - test[aada8e7e76ba119b]::run_test::{closure#0}
[INFO] [stdout]   14:     0x5be681067094 - std[617be2ca0a6fd877]::sys::backtrace::__rust_begin_short_backtrace::<test[aada8e7e76ba119b]::run_test::{closure#1}, ()>
[INFO] [stdout]   15:     0x5be681070832 - <std[617be2ca0a6fd877]::thread::lifecycle::spawn_unchecked<test[aada8e7e76ba119b]::run_test::{closure#1}, ()>::{closure#1} as core[a373ad73a504971]::ops::function::FnOnce<()>>::call_once::{shim:vtable#0}
[INFO] [stdout]   16:     0x5be6810f58af - <std[617be2ca0a6fd877]::sys::thread::unix::Thread>::new::thread_start
[INFO] [stdout]   17:     0x774229cd2dfa - <unknown>
[INFO] [stdout]   18:     0x774229d663d4 - clone
[INFO] [stdout]   19:                0x0 - <unknown>
[INFO] [stdout] 
[INFO] [stdout] ---- tests::tests_format_sources::imports_sourced_repository_nifti1_gzip_fixture stdout ----
[INFO] [stdout] Error: Failed to read NIfTI file
[INFO] [stdout] 
[INFO] [stdout] Stack backtrace:
[INFO] [stdout]    0: <anyhow::Error>::msg::<&str>
[INFO] [stdout]    1: ritk_nifti::reader::read_nifti::<coeus_core::backend::sequential::SequentialBackend, &std::path::PathBuf>
[INFO] [stdout]    2: <ritk_nifti::tests::tests_format_sources::imports_sourced_repository_nifti1_gzip_fixture::{closure#0} as core::ops::function::FnOnce<()>>::call_once
[INFO] [stdout]    3: test::__rust_begin_short_backtrace::<core::result::Result<(), alloc::string::String>, fn() -> core::result::Result<(), alloc::string::String>>
[INFO] [stdout]    4: test::run_test::{closure#0}
[INFO] [stdout]    5: std::sys::backtrace::__rust_begin_short_backtrace::<test::run_test::{closure#1}, ()>
[INFO] [stdout]    6: <std::thread::lifecycle::spawn_unchecked<test::run_test::{closure#1}, ()>::{closure#1} as core::ops::function::FnOnce<()>>::call_once::{shim:vtable#0}
[INFO] [stdout]    7: <std::sys::thread::unix::Thread>::new::thread_start
[INFO] [stdout]    8: <unknown>
[INFO] [stdout]    9: clone
[INFO] [stdout] 
[INFO] [stdout] 
[INFO] [stdout] failures:
[INFO] [stdout]     tests::tests_format_sources::imports_sourced_repository_nifti1_gzip_fixture
[INFO] [stdout]     tests::tests_format_sources::repository_nifti_fixture_sources_are_documented
[INFO] [stdout] 
[INFO] [stdout] test result: FAILED. 47 passed; 2 failed; 0 ignored; 0 measured; 0 filtered out; finished in 0.01s
[INFO] [stdout] 
[INFO] [stderr] error: test failed, to rerun pass `--lib`
[INFO] running `Command { std: "docker" "inspect" "c741f83d7a9dbe60ad47897ec119cec26789569c43f68d5561bdf056347bcbc8", kill_on_drop: false }`
[INFO] running `Command { std: "docker" "rm" "-f" "c741f83d7a9dbe60ad47897ec119cec26789569c43f68d5561bdf056347bcbc8", kill_on_drop: false }`
[INFO] [stdout] c741f83d7a9dbe60ad47897ec119cec26789569c43f68d5561bdf056347bcbc8
