[INFO] fetching crate rite 0.7.0...
[INFO] testing rite-0.7.0 against 1.100.0-beta.1+cargoflags=--release for beta-release-1.100-2
[INFO] extracting crate rite 0.7.0 into /workspace/builds/worker-4-tc2/source
[INFO] started tweaking crates.io crate rite 0.7.0
[INFO] removed 0 missing tests
[INFO] finished tweaking crates.io crate rite 0.7.0
[INFO] tweaked toml for crates.io crate rite 0.7.0 written to /workspace/builds/worker-4-tc2/source/Cargo.toml
[INFO] validating manifest of crates.io crate rite 0.7.0 on toolchain 1.100.0-beta.1
[INFO] running `Command { std: CARGO_HOME="/workspace/cargo-home" RUSTUP_HOME="/workspace/rustup-home" "/workspace/cargo-home/bin/cargo" "+1.100.0-beta.1" "metadata" "--manifest-path" "Cargo.toml" "--no-deps", kill_on_drop: false }`
[INFO] crate crates.io crate rite 0.7.0 already has a lockfile, it will not be regenerated
[INFO] running `Command { std: CARGO_HOME="/workspace/cargo-home" RUSTUP_HOME="/workspace/rustup-home" "/workspace/cargo-home/bin/cargo" "+1.100.0-beta.1" "fetch" "--manifest-path" "Cargo.toml", kill_on_drop: false }`
[INFO] running `Command { std: "docker" "create" "-v" "/var/lib/crater-agent-workspace/builds/worker-4-tc2/source:/opt/rustwide/workdir:ro,Z" "-v" "/var/lib/crater-agent-workspace/builds/worker-4-tc2/target:/opt/rustwide/target:rw,Z" "-v" "/var/lib/crater-agent-workspace/cargo-home:/opt/rustwide/cargo-home:ro,Z" "-v" "/var/lib/crater-agent-workspace/rustup-home:/opt/rustwide/rustup-home:ro,Z" "-m" "1610612736" "--network" "none" "ghcr.io/rust-lang/crates-build-env/linux@sha256:77db811e55d90add9212f6832c23229e3de5f1c1f9905e8cb07319ea15df73ac" "sleep" "infinity", kill_on_drop: false }`
[INFO] [stdout] 78c792704222106989ffb5fdbf5d5a3fe2095de024d7aa97703a7384b5993a2d
[INFO] running `Command { std: "docker" "start" "78c792704222106989ffb5fdbf5d5a3fe2095de024d7aa97703a7384b5993a2d", kill_on_drop: false }`
[INFO] running `Command { std: "docker" "inspect" "78c792704222106989ffb5fdbf5d5a3fe2095de024d7aa97703a7384b5993a2d", kill_on_drop: false }`
[INFO] running `Command { std: "docker" "exec" "-e" "SOURCE_DIR=/opt/rustwide/workdir" "-e" "CARGO_HOME=/opt/rustwide/cargo-home" "-e" "RUSTUP_HOME=/opt/rustwide/rustup-home" "-e" "CARGO_TARGET_DIR=/opt/rustwide/target" "-w" "/opt/rustwide/workdir" "--user" "0:0" "78c792704222106989ffb5fdbf5d5a3fe2095de024d7aa97703a7384b5993a2d" "/opt/rustwide/cargo-home/bin/cargo" "+1.100.0-beta.1" "metadata" "--no-deps" "--format-version=1", kill_on_drop: false }`
[INFO] running `Command { std: "docker" "inspect" "78c792704222106989ffb5fdbf5d5a3fe2095de024d7aa97703a7384b5993a2d", kill_on_drop: false }`
[INFO] running `Command { std: "docker" "exec" "-e" "SOURCE_DIR=/opt/rustwide/workdir" "-e" "CARGO_HOME=/opt/rustwide/cargo-home" "-e" "RUSTUP_HOME=/opt/rustwide/rustup-home" "-e" "CARGO_TARGET_DIR=/opt/rustwide/target" "-e" "CARGO_INCREMENTAL=0" "-e" "RUST_BACKTRACE=full" "-e" "RUSTFLAGS=--cap-lints=warn" "-e" "RUSTDOCFLAGS=--cap-lints=warn" "-w" "/opt/rustwide/workdir" "--user" "0:0" "78c792704222106989ffb5fdbf5d5a3fe2095de024d7aa97703a7384b5993a2d" "/opt/rustwide/cargo-home/bin/cargo" "+1.100.0-beta.1" "build" "--frozen" "--message-format=json" "--release", kill_on_drop: false }`
[INFO] [stderr]    Compiling const-oid v0.10.2
[INFO] [stderr]    Compiling syn v3.0.4
[INFO] [stderr]    Compiling signature v3.0.0
[INFO] [stderr]    Compiling bitflags v2.13.2
[INFO] [stderr]    Compiling der_derive v0.8.0
[INFO] [stderr]    Compiling cc v1.4.4
[INFO] [stderr]    Compiling serde_json v1.0.151
[INFO] [stderr]    Compiling indexmap v2.14.2
[INFO] [stderr]    Compiling itertools v0.14.0
[INFO] [stderr]    Compiling serde_core v1.0.229
[INFO] [stderr]    Compiling regex-lite v0.1.9
[INFO] [stderr]    Compiling mio v1.2.2
[INFO] [stderr]    Compiling serde v1.0.229
[INFO] [stderr]    Compiling hashbrown v0.15.5
[INFO] [stderr]    Compiling num-traits v0.2.19
[INFO] [stderr]    Compiling doc-comment v0.3.4
[INFO] [stderr]    Compiling rand v0.10.2
[INFO] [stderr]    Compiling rustix v1.1.4
[INFO] [stderr]    Compiling line-clipping v0.3.8
[INFO] [stderr]    Compiling crossbeam-channel v0.5.17
[INFO] [stderr]    Compiling hashlink v0.10.0
[INFO] [stderr]    Compiling signal-hook-mio v0.2.5
[INFO] [stderr]    Compiling openssl-macros v0.1.1
[INFO] [stderr]    Compiling secrecy v0.10.3
[INFO] [stderr]    Compiling rite-openssl v0.7.0
[INFO] [stderr]    Compiling base32ct v0.3.1
[INFO] [stderr]    Compiling yaml-rust2 v0.10.4
[INFO] [stderr]    Compiling memo-map v0.3.3
[INFO] [stderr]    Compiling sysinfo v0.39.6
[INFO] [stderr]    Compiling rtoolbox v0.0.6
[INFO] [stderr]    Compiling openssl-sys v0.9.117
[INFO] [stderr]    Compiling rpassword v7.5.4
[INFO] [stderr]    Compiling crossterm v0.29.0
[INFO] [stderr]    Compiling openssl v0.10.81
[INFO] [stderr]    Compiling unicode-truncate v2.0.1
[INFO] [stderr]    Compiling chrono v0.4.45
[INFO] [stderr]    Compiling digest v0.11.3
[INFO] [stderr]    Compiling der v0.8.1
[INFO] [stderr]    Compiling sha1 v0.11.0
[INFO] [stderr]    Compiling sha2 v0.11.0
[INFO] [stderr]    Compiling hmac v0.13.0
[INFO] [stderr]    Compiling hkdf v0.13.0
[INFO] [stderr]    Compiling darling_core v0.24.1
[INFO] [stderr]    Compiling thiserror-impl v2.0.20
[INFO] [stderr]    Compiling serde_derive v1.0.229
[INFO] [stderr]    Compiling clap_derive v4.6.4
[INFO] [stderr]    Compiling rite v0.7.0 (/opt/rustwide/workdir)
[INFO] [stderr]    Compiling spki v0.8.0
[INFO] [stderr]    Compiling x509-cert v0.3.0
[INFO] [stderr]    Compiling thiserror v2.0.20
[INFO] [stderr]    Compiling kasuari v0.4.12
[INFO] [stderr]    Compiling ratatui-core v0.1.2
[INFO] [stderr]    Compiling clap v4.6.6
[INFO] [stderr]    Compiling clap_complete v4.6.9
[INFO] [stderr]    Compiling darling_macro v0.24.1
[INFO] [stderr]    Compiling darling v0.24.1
[INFO] [stderr]    Compiling instability v0.3.13
[INFO] [stderr]    Compiling ratatui-crossterm v0.1.2
[INFO] [stderr]    Compiling ratatui-widgets v0.3.2
[INFO] [stderr]    Compiling minijinja v2.24.0
[INFO] [stderr]    Compiling marked-yaml v0.8.0
[INFO] [stderr]    Compiling ratatui v0.30.2
[INFO] [stderr]    Compiling rite-sdk v0.7.0
[INFO] [stderr]    Compiling rite-model v0.7.0
[INFO] [stderr]    Compiling rite-runtime v0.7.0
[INFO] [stderr]    Compiling rite-resolver v0.7.0
[INFO] [stderr]    Compiling rite-render v0.7.0
[INFO] [stderr]    Compiling rite-tui v0.7.0
[INFO] [stderr]    Compiling rite-stdlib v0.7.0
[INFO] [stderr]     Finished `release` profile [optimized] target(s) in 1m 47s
[INFO] running `Command { std: "docker" "inspect" "78c792704222106989ffb5fdbf5d5a3fe2095de024d7aa97703a7384b5993a2d", kill_on_drop: false }`
[INFO] running `Command { std: "docker" "exec" "-e" "SOURCE_DIR=/opt/rustwide/workdir" "-e" "CARGO_HOME=/opt/rustwide/cargo-home" "-e" "RUSTUP_HOME=/opt/rustwide/rustup-home" "-e" "CARGO_TARGET_DIR=/opt/rustwide/target" "-e" "CARGO_INCREMENTAL=0" "-e" "RUST_BACKTRACE=full" "-e" "RUSTFLAGS=--cap-lints=warn" "-e" "RUSTDOCFLAGS=--cap-lints=warn" "-w" "/opt/rustwide/workdir" "--user" "0:0" "78c792704222106989ffb5fdbf5d5a3fe2095de024d7aa97703a7384b5993a2d" "/opt/rustwide/cargo-home/bin/cargo" "+1.100.0-beta.1" "test" "--frozen" "--no-run" "--message-format=json" "--release", kill_on_drop: false }`
[INFO] [stderr]    Compiling rustix v1.1.4
[INFO] [stderr]    Compiling regex-syntax v0.8.11
[INFO] [stderr]    Compiling console v0.16.4
[INFO] [stderr]    Compiling predicates v3.1.4
[INFO] [stderr]    Compiling regex-automata v0.4.18
[INFO] [stderr]    Compiling crossterm v0.29.0
[INFO] [stderr]    Compiling tempfile v3.27.0
[INFO] [stderr]    Compiling ratatui-crossterm v0.1.2
[INFO] [stderr]    Compiling ratatui v0.30.2
[INFO] [stderr]    Compiling rite-tui v0.7.0
[INFO] [stderr]    Compiling bstr v1.13.1
[INFO] [stderr]    Compiling regex v1.13.1
[INFO] [stderr]    Compiling rite v0.7.0 (/opt/rustwide/workdir)
[INFO] [stderr]    Compiling insta v1.48.0
[INFO] [stderr]    Compiling assert_cmd v2.2.2
[INFO] [stderr]     Finished `release` profile [optimized] target(s) in 48.21s
[INFO] running `Command { std: "docker" "inspect" "78c792704222106989ffb5fdbf5d5a3fe2095de024d7aa97703a7384b5993a2d", kill_on_drop: false }`
[INFO] running `Command { std: "docker" "exec" "-e" "SOURCE_DIR=/opt/rustwide/workdir" "-e" "CARGO_HOME=/opt/rustwide/cargo-home" "-e" "RUSTUP_HOME=/opt/rustwide/rustup-home" "-e" "CARGO_TARGET_DIR=/opt/rustwide/target" "-e" "CARGO_INCREMENTAL=0" "-e" "RUST_BACKTRACE=full" "-e" "RUSTFLAGS=--cap-lints=warn" "-e" "RUSTDOCFLAGS=--cap-lints=warn" "-w" "/opt/rustwide/workdir" "--user" "0:0" "78c792704222106989ffb5fdbf5d5a3fe2095de024d7aa97703a7384b5993a2d" "/opt/rustwide/cargo-home/bin/cargo" "+1.100.0-beta.1" "test" "--frozen" "--release", kill_on_drop: false }`
[INFO] [stderr]     Finished `release` profile [optimized] target(s) in 0.25s
[INFO] [stderr]      Running unittests src/main.rs (/opt/rustwide/target/release/build/rite/677a2f69356e94ad/out/rite-677a2f69356e94ad)
[INFO] [stdout] 
[INFO] [stdout] running 72 tests
[INFO] [stdout] test common::tests::parse_key_value_empty_key_is_error ... ok
[INFO] [stdout] test common::tests::default_output_path_handles_plain_yaml_and_yml ... ok
[INFO] [stdout] test common::tests::parse_material_value_no_at_is_identifier ... ok
[INFO] [stdout] test common::tests::default_output_path_keeps_intermediate_dots ... ok
[INFO] [stdout] test common::tests::parse_key_value_no_equals_is_error ... ok
[INFO] [stdout] test common::tests::build_inputs_normalizes_cli_keys_to_lowercase ... ok
[INFO] [stdout] test console::tests::confirm_prompt_with_yes_default_and_empty_input ... ok
[INFO] [stdout] test console::tests::text_prompt_round_trip ... ok
[INFO] [stdout] test console::tests::continue_prompt_consumes_line_and_returns_acknowledge ... ok
[INFO] [stdout] test common::tests::parse_key_value_value_may_contain_equals ... ok
[INFO] [stdout] test common::tests::parse_key_value_splits_on_first_equals ... ok
[INFO] [stdout] test console::tests::renders_each_fact_kind_without_panicking ... ok
[INFO] [stdout] test common::tests::parse_material_value_at_prefix_is_file ... ok
[INFO] [stdout] test console::tests::await_prompt_drives_one_response_round_trip ... ok
[INFO] [stdout] test common::tests::default_output_path_strips_compound_rite_yaml ... ok
[INFO] [stdout] test bundle::create::tests::an_existing_output_directory_is_refused ... ok
[INFO] [stdout] test bundle::create::tests::a_tampered_artifact_is_refused ... ok
[INFO] [stdout] test bundle::disclose::tests::an_index_naming_another_fingerprint_is_refused ... ok
[INFO] [stdout] test bundle::create::tests::a_missing_artifact_is_left_out_and_said_so ... ok
[INFO] [stdout] test bundle::create::tests::bundles_the_transcript_definition_and_artifacts ... ok
[INFO] [stdout] test bundle::create::tests::a_different_definition_is_refused_and_nothing_is_left_behind ... ok
[INFO] [stdout] test headless::tests::confirm_default_yes ... ok
[INFO] [stdout] test headless::tests::confirm_explicit_no_default_honored ... ok
[INFO] [stdout] test headless::tests::continue_is_acknowledged ... ok
[INFO] [stderr] [ceremony] T
[INFO] [stdout] test bundle::disclose::tests::a_disclosed_artifact_the_bundle_lacks_is_named ... ok
[INFO] [stdout] test bundle::disclose::tests::discloses_under_the_transcript_fingerprint ... ok
[INFO] [stdout] test headless::tests::oversized_secret_prompt_fails_fast ... ok
[INFO] [stdout] test headless::tests::patterned_secret_prompt_fails_fast ... ok
[INFO] [stdout] test headless::tests::run_replies_to_each_prompt_and_completes ... ok
[INFO] [stdout] test headless::tests::secret_prompt_gets_placeholder ... ok
[INFO] [stdout] test headless::tests::unconstrained_text_prompt_gets_placeholder ... ok
[INFO] [stdout] test headless::tests::literal_returns_expected ... ok
[INFO] [stdout] test container_checks::tests::an_encrypt_is_checked_against_its_artifact_and_its_recipient ... ok
[INFO] [stdout] test headless::tests::validated_text_prompt_fails_fast ... ok
[INFO] [stdout] test run::tests::next_steps_name_the_run_and_the_ceremony ... ok
[INFO] [stdout] test run::tests::shell_arguments_are_quoted_when_needed ... ok
[INFO] [stdout] test tests::supports_top_level_version_flag ... ok
[INFO] [stdout] test verify::tests::a_backwards_timestamp_is_reported_with_its_line_number ... ok
[INFO] [stdout] test verify::tests::a_disclosure_that_withholds_what_is_above_its_threshold_passes ... ok
[INFO] [stdout] test verify::tests::a_file_outside_the_index_is_named_and_fails_nothing ... ok
[INFO] [stdout] test verify::tests::a_disclosure_holding_the_definition_fails ... ok
[INFO] [stdout] test verify::tests::a_line_disclosed_above_the_threshold_fails ... ok
[INFO] [stdout] test headless::tests::formatted_secret_prompt_gets_a_placeholder_of_that_format ... ok
[INFO] [stdout] test verify::tests::a_path_outside_the_bundle_fails ... ok
[INFO] [stdout] test verify::tests::a_listed_file_that_is_not_there_fails ... ok
[INFO] [stdout] test verify::tests::a_pre_1_0_transcript_from_another_release_is_flagged ... ok
[INFO] [stdout] test verify::tests::a_line_withheld_at_the_threshold_fails ... ok
[INFO] [stdout] test verify::tests::a_recorded_name_that_is_not_one_component_is_an_error ... ok
[INFO] [stdout] test verify::tests::an_artifact_under_another_name_fails ... ok
[INFO] [stdout] test verify::tests::an_index_listing_every_file_passes ... ok
[INFO] [stdout] test verify::tests::an_empty_file_list_fails_for_every_file_it_leaves_out ... ok
[INFO] [stdout] test verify::tests::an_unknown_fact_disclosed_above_the_threshold_fails ... ok
[INFO] [stdout] test verify::tests::artifact_with_matching_bytes_passes ... ok
[INFO] [stdout] test verify::tests::digest_comparison_tolerates_the_sha256_prefix ... ok
[INFO] [stdout] test verify::tests::empty_fact_list_raises_no_warning ... ok
[INFO] [stdout] test verify::tests::monotonic_timestamps_raise_no_warning ... ok
[INFO] [stdout] test verify::tests::opened_content_is_reported_unchecked ... ok
[INFO] [stdout] test verify::tests::artifact_absent_from_disk_is_reported_missing ... ok
[INFO] [stdout] test verify::tests::artifact_with_different_bytes_is_a_mismatch ... ok
[INFO] [stdout] test report::tests::a_disclosure_states_what_it_withholds ... ok
[INFO] [stdout] test container_checks::tests::a_wrapped_symmetric_key_traces_to_its_generate_step ... ok
[INFO] [stdout] test container_checks::tests::a_wrap_whose_artifact_agrees_with_the_record_is_checked ... ok
[INFO] [stdout] test container_checks::tests::a_recipient_nothing_corroborates_is_left_unclaimed ... ok
[INFO] [stdout] test container_checks::tests::a_record_naming_the_wrong_recipient_is_a_mismatch ... ok
[INFO] [stdout] test container_checks::tests::a_raw_mechanism_is_reported_as_recorded_not_as_unchecked ... ok
[INFO] [stdout] test container_checks::tests::a_wrap_without_its_artifact_is_unchecked_not_verified ... ok
[INFO] [stdout] test container_checks::tests::a_wrap_to_a_ceremony_key_is_traced_through_the_generate_step ... ok
[INFO] [stdout] test container_checks::tests::a_record_that_overstates_the_algorithms_is_a_mismatch ... ok
[INFO] [stdout] test container_checks::tests::a_transcript_alone_checks_no_wrap ... ok
[INFO] [stdout] test container_checks::tests::an_undeclared_recipient_is_reported_as_recorded_only ... ok
[INFO] [stdout] test container_checks::tests::a_wrap_to_an_imported_key_says_it_was_imported ... ok
[INFO] [stdout] test container_checks::tests::a_wrap_under_a_symmetric_key_traces_to_its_generate_step ... ok
[INFO] [stdout] 
[INFO] [stdout] test result: ok. 72 passed; 0 failed; 0 ignored; 0 measured; 0 filtered out; finished in 0.36s
[INFO] [stdout] 
[INFO] [stderr]      Running tests/examples.rs (/opt/rustwide/target/release/build/rite/a3db2535ced7443b/out/examples-a3db2535ced7443b)
[INFO] [stdout] 
[INFO] [stdout] running 2 tests
[INFO] [stdout] test examples_complete_dry_run ... FAILED
[INFO] [stdout] test examples_pass_check ... FAILED
[INFO] [stdout] 
[INFO] [stdout] failures:
[INFO] [stdout] 
[INFO] [stdout] ---- examples_complete_dry_run stdout ----
[INFO] [stdout] 
[INFO] [stdout] thread 'examples_complete_dry_run' (2316) panicked at tests/examples.rs:18:41:
[INFO] [stdout] examples dir is readable: Os { code: 2, kind: NotFound, message: "No such file or directory" }
[INFO] [stdout] stack backtrace:
[INFO] [stdout]    0:     0x60bc13dc3cf1 - <<std[617be2ca0a6fd877]::sys::backtrace::BacktraceLock>::print::DisplayBacktrace as core[a373ad73a504971]::fmt::Display>::fmt
[INFO] [stdout]    1:     0x60bc13dda81a - core[a373ad73a504971]::fmt::write
[INFO] [stdout]    2:     0x60bc13dc965c - <alloc[2e1b2a31b91974c5]::vec::Vec<u8> as core[a373ad73a504971]::io::write::Write>::write_fmt
[INFO] [stdout]    3:     0x60bc13d9dfe6 - std[617be2ca0a6fd877]::panicking::default_hook::{closure#0}
[INFO] [stdout]    4:     0x60bc13dbb9d9 - std[617be2ca0a6fd877]::panicking::default_hook
[INFO] [stdout]    5:     0x60bc13d4a810 - test[aada8e7e76ba119b]::test_main_inner::{closure#0}
[INFO] [stdout]    6:     0x60bc13dbbb92 - std[617be2ca0a6fd877]::panicking::panic_with_hook
[INFO] [stdout]    7:     0x60bc13d9e092 - std[617be2ca0a6fd877]::panicking::panic_handler::{closure#0}
[INFO] [stdout]    8:     0x60bc13d96be9 - std[617be2ca0a6fd877]::sys::backtrace::__rust_end_short_backtrace::<std[617be2ca0a6fd877]::panicking::panic_handler::{closure#0}, !>
[INFO] [stderr] error: test failed, to rerun pass `--test examples`
[INFO] [stdout]    9:     0x60bc13d9ec9d - __rustc[ea4f61d10b84890b]::rust_begin_unwind
[INFO] [stdout]   10:     0x60bc13ddafcc - core[a373ad73a504971]::panicking::panic_fmt
[INFO] [stdout]   11:     0x60bc13ddada2 - core[a373ad73a504971]::result::unwrap_failed
[INFO] [stdout]   12:     0x60bc13d3bd16 - examples[957050b95d14abef]::collect
[INFO] [stdout]   13:     0x60bc13d3b820 - examples[957050b95d14abef]::ceremonies
[INFO] [stdout]   14:     0x60bc13d3c17c - <examples[957050b95d14abef]::examples_complete_dry_run::{closure#0} as core[a373ad73a504971]::ops::function::FnOnce<()>>::call_once
[INFO] [stdout]   15:     0x60bc13d3dc5b - test[aada8e7e76ba119b]::__rust_begin_short_backtrace::<core[a373ad73a504971]::result::Result<(), alloc[2e1b2a31b91974c5]::string::String>, fn() -> core[a373ad73a504971]::result::Result<(), alloc[2e1b2a31b91974c5]::string::String>>
[INFO] [stdout]   16:     0x60bc13d4ae35 - test[aada8e7e76ba119b]::run_test::{closure#0}
[INFO] [stdout]   17:     0x60bc13d44724 - std[617be2ca0a6fd877]::sys::backtrace::__rust_begin_short_backtrace::<test[aada8e7e76ba119b]::run_test::{closure#1}, ()>
[INFO] [stdout]   18:     0x60bc13d4dec2 - <std[617be2ca0a6fd877]::thread::lifecycle::spawn_unchecked<test[aada8e7e76ba119b]::run_test::{closure#1}, ()>::{closure#1} as core[a373ad73a504971]::ops::function::FnOnce<()>>::call_once::{shim:vtable#0}
[INFO] [stdout]   19:     0x60bc13dc34cf - <std[617be2ca0a6fd877]::sys::thread::unix::Thread>::new::thread_start
[INFO] [stdout]   20:     0x7f48fee04dfa - <unknown>
[INFO] [stdout]   21:     0x7f48fee983d4 - clone
[INFO] [stdout]   22:                0x0 - <unknown>
[INFO] [stdout] 
[INFO] [stdout] ---- examples_pass_check stdout ----
[INFO] [stdout] 
[INFO] [stdout] thread 'examples_pass_check' (2317) panicked at tests/examples.rs:18:41:
[INFO] [stdout] examples dir is readable: Os { code: 2, kind: NotFound, message: "No such file or directory" }
[INFO] [stdout] stack backtrace:
[INFO] [stdout]    0:     0x60bc13dc3cf1 - <<std[617be2ca0a6fd877]::sys::backtrace::BacktraceLock>::print::DisplayBacktrace as core[a373ad73a504971]::fmt::Display>::fmt
[INFO] [stdout]    1:     0x60bc13dda81a - core[a373ad73a504971]::fmt::write
[INFO] [stdout]    2:     0x60bc13dc965c - <alloc[2e1b2a31b91974c5]::vec::Vec<u8> as core[a373ad73a504971]::io::write::Write>::write_fmt
[INFO] [stdout]    3:     0x60bc13d9dfe6 - std[617be2ca0a6fd877]::panicking::default_hook::{closure#0}
[INFO] [stdout]    4:     0x60bc13dbb9d9 - std[617be2ca0a6fd877]::panicking::default_hook
[INFO] [stdout]    5:     0x60bc13d4a810 - test[aada8e7e76ba119b]::test_main_inner::{closure#0}
[INFO] [stdout]    6:     0x60bc13dbbb92 - std[617be2ca0a6fd877]::panicking::panic_with_hook
[INFO] [stdout]    7:     0x60bc13d9e092 - std[617be2ca0a6fd877]::panicking::panic_handler::{closure#0}
[INFO] [stdout]    8:     0x60bc13d96be9 - std[617be2ca0a6fd877]::sys::backtrace::__rust_end_short_backtrace::<std[617be2ca0a6fd877]::panicking::panic_handler::{closure#0}, !>
[INFO] [stdout]    9:     0x60bc13d9ec9d - __rustc[ea4f61d10b84890b]::rust_begin_unwind
[INFO] [stdout]   10:     0x60bc13ddafcc - core[a373ad73a504971]::panicking::panic_fmt
[INFO] [stdout]   11:     0x60bc13ddada2 - core[a373ad73a504971]::result::unwrap_failed
[INFO] [stdout]   12:     0x60bc13d3bd16 - examples[957050b95d14abef]::collect
[INFO] [stdout]   13:     0x60bc13d3b820 - examples[957050b95d14abef]::ceremonies
[INFO] [stdout]   14:     0x60bc13d3bec0 - <examples[957050b95d14abef]::examples_pass_check::{closure#0} as core[a373ad73a504971]::ops::function::FnOnce<()>>::call_once
[INFO] [stdout]   15:     0x60bc13d3dc5b - test[aada8e7e76ba119b]::__rust_begin_short_backtrace::<core[a373ad73a504971]::result::Result<(), alloc[2e1b2a31b91974c5]::string::String>, fn() -> core[a373ad73a504971]::result::Result<(), alloc[2e1b2a31b91974c5]::string::String>>
[INFO] [stdout]   16:     0x60bc13d4ae35 - test[aada8e7e76ba119b]::run_test::{closure#0}
[INFO] [stdout]   17:     0x60bc13d44724 - std[617be2ca0a6fd877]::sys::backtrace::__rust_begin_short_backtrace::<test[aada8e7e76ba119b]::run_test::{closure#1}, ()>
[INFO] [stdout]   18:     0x60bc13d4dec2 - <std[617be2ca0a6fd877]::thread::lifecycle::spawn_unchecked<test[aada8e7e76ba119b]::run_test::{closure#1}, ()>::{closure#1} as core[a373ad73a504971]::ops::function::FnOnce<()>>::call_once::{shim:vtable#0}
[INFO] [stdout]   19:     0x60bc13dc34cf - <std[617be2ca0a6fd877]::sys::thread::unix::Thread>::new::thread_start
[INFO] [stdout]   20:     0x7f48fee04dfa - <unknown>
[INFO] [stdout]   21:     0x7f48fee983d4 - clone
[INFO] [stdout]   22:                0x0 - <unknown>
[INFO] [stdout] 
[INFO] [stdout] 
[INFO] [stdout] failures:
[INFO] [stdout]     examples_complete_dry_run
[INFO] [stdout]     examples_pass_check
[INFO] [stdout] 
[INFO] [stdout] test result: FAILED. 0 passed; 2 failed; 0 ignored; 0 measured; 0 filtered out; finished in 0.00s
[INFO] [stdout] 
[INFO] running `Command { std: "docker" "inspect" "78c792704222106989ffb5fdbf5d5a3fe2095de024d7aa97703a7384b5993a2d", kill_on_drop: false }`
[INFO] running `Command { std: "docker" "rm" "-f" "78c792704222106989ffb5fdbf5d5a3fe2095de024d7aa97703a7384b5993a2d", kill_on_drop: false }`
[INFO] [stdout] 78c792704222106989ffb5fdbf5d5a3fe2095de024d7aa97703a7384b5993a2d
