[INFO] fetching crate rite-openssl 0.7.0...
[INFO] testing rite-openssl-0.7.0 against 1.99.0-beta.8+cargoflags=--release for beta-release-1.100-2
[INFO] extracting crate rite-openssl 0.7.0 into /workspace/builds/worker-4-tc1/source
[INFO] started tweaking crates.io crate rite-openssl 0.7.0
[INFO] removed 0 missing tests
[INFO] finished tweaking crates.io crate rite-openssl 0.7.0
[INFO] tweaked toml for crates.io crate rite-openssl 0.7.0 written to /workspace/builds/worker-4-tc1/source/Cargo.toml
[INFO] validating manifest of crates.io crate rite-openssl 0.7.0 on toolchain 1.99.0-beta.8
[INFO] running `Command { std: CARGO_HOME="/workspace/cargo-home" RUSTUP_HOME="/workspace/rustup-home" "/workspace/cargo-home/bin/cargo" "+1.99.0-beta.8" "metadata" "--manifest-path" "Cargo.toml" "--no-deps", kill_on_drop: false }`
[INFO] crate crates.io crate rite-openssl 0.7.0 already has a lockfile, it will not be regenerated
[INFO] running `Command { std: CARGO_HOME="/workspace/cargo-home" RUSTUP_HOME="/workspace/rustup-home" "/workspace/cargo-home/bin/cargo" "+1.99.0-beta.8" "fetch" "--manifest-path" "Cargo.toml", kill_on_drop: false }`
[INFO] [stderr]     Updating crates.io index
[INFO] [stderr]  Downloading crates ...
[INFO] [stderr]   Downloaded der_derive v0.8.0
[INFO] [stderr]   Downloaded pem-rfc7468 v1.0.0
[INFO] [stderr]   Downloaded rite-sdk v0.7.0
[INFO] [stderr]   Downloaded x509-cert v0.3.0
[INFO] [stderr]   Downloaded openssl-src v300.6.1+3.6.3
[INFO] running `Command { std: "docker" "create" "-v" "/var/lib/crater-agent-workspace/builds/worker-4-tc1/source:/opt/rustwide/workdir:ro,Z" "-v" "/var/lib/crater-agent-workspace/builds/worker-4-tc1/target:/opt/rustwide/target:rw,Z" "-v" "/var/lib/crater-agent-workspace/cargo-home:/opt/rustwide/cargo-home:ro,Z" "-v" "/var/lib/crater-agent-workspace/rustup-home:/opt/rustwide/rustup-home:ro,Z" "-m" "1610612736" "--network" "none" "ghcr.io/rust-lang/crates-build-env/linux@sha256:77db811e55d90add9212f6832c23229e3de5f1c1f9905e8cb07319ea15df73ac" "sleep" "infinity", kill_on_drop: false }`
[INFO] [stdout] 8fc3e5ed417e59fa079d4c6d0c027f4fac19d249921c0fdeea4b6aa6e51c9ce2
[INFO] running `Command { std: "docker" "start" "8fc3e5ed417e59fa079d4c6d0c027f4fac19d249921c0fdeea4b6aa6e51c9ce2", kill_on_drop: false }`
[INFO] running `Command { std: "docker" "inspect" "8fc3e5ed417e59fa079d4c6d0c027f4fac19d249921c0fdeea4b6aa6e51c9ce2", kill_on_drop: false }`
[INFO] running `Command { std: "docker" "exec" "-e" "SOURCE_DIR=/opt/rustwide/workdir" "-e" "CARGO_HOME=/opt/rustwide/cargo-home" "-e" "RUSTUP_HOME=/opt/rustwide/rustup-home" "-e" "CARGO_TARGET_DIR=/opt/rustwide/target" "-w" "/opt/rustwide/workdir" "--user" "0:0" "8fc3e5ed417e59fa079d4c6d0c027f4fac19d249921c0fdeea4b6aa6e51c9ce2" "/opt/rustwide/cargo-home/bin/cargo" "+1.99.0-beta.8" "metadata" "--no-deps" "--format-version=1", kill_on_drop: false }`
[INFO] running `Command { std: "docker" "inspect" "8fc3e5ed417e59fa079d4c6d0c027f4fac19d249921c0fdeea4b6aa6e51c9ce2", kill_on_drop: false }`
[INFO] running `Command { std: "docker" "exec" "-e" "SOURCE_DIR=/opt/rustwide/workdir" "-e" "CARGO_HOME=/opt/rustwide/cargo-home" "-e" "RUSTUP_HOME=/opt/rustwide/rustup-home" "-e" "CARGO_TARGET_DIR=/opt/rustwide/target" "-e" "CARGO_INCREMENTAL=0" "-e" "RUST_BACKTRACE=full" "-e" "RUSTFLAGS=--cap-lints=warn" "-e" "RUSTDOCFLAGS=--cap-lints=warn" "-w" "/opt/rustwide/workdir" "--user" "0:0" "8fc3e5ed417e59fa079d4c6d0c027f4fac19d249921c0fdeea4b6aa6e51c9ce2" "/opt/rustwide/cargo-home/bin/cargo" "+1.99.0-beta.8" "build" "--frozen" "--message-format=json" "--release", kill_on_drop: false }`
[INFO] [stderr]    Compiling typenum v1.20.1
[INFO] [stderr]    Compiling base64ct v1.8.3
[INFO] [stderr]    Compiling const-oid v0.10.2
[INFO] [stderr]    Compiling flagset v0.4.7
[INFO] [stderr]    Compiling cc v1.4.4
[INFO] [stderr]    Compiling serde_json v1.0.151
[INFO] [stderr]    Compiling foreign-types-shared v0.1.1
[INFO] [stderr]    Compiling openssl v0.10.81
[INFO] [stderr]    Compiling signature v3.0.0
[INFO] [stderr]    Compiling syn v2.0.119
[INFO] [stderr]    Compiling syn v3.0.4
[INFO] [stderr]    Compiling bitflags v2.13.2
[INFO] [stderr]    Compiling rite-openssl v0.7.0 (/opt/rustwide/workdir)
[INFO] [stderr]    Compiling base16ct v1.0.0
[INFO] [stderr]    Compiling foreign-types v0.3.2
[INFO] [stderr]    Compiling pem-rfc7468 v1.0.0
[INFO] [stderr]    Compiling hybrid-array v0.4.14
[INFO] [stderr]    Compiling openssl-sys v0.9.117
[INFO] [stderr]    Compiling crypto-common v0.2.2
[INFO] [stderr]    Compiling block-buffer v0.12.1
[INFO] [stderr]    Compiling digest v0.11.3
[INFO] [stderr]    Compiling sha1 v0.11.0
[INFO] [stderr]    Compiling thiserror-impl v2.0.20
[INFO] [stderr]    Compiling serde_derive v1.0.229
[INFO] [stderr]    Compiling thiserror v2.0.20
[INFO] [stderr]    Compiling der_derive v0.8.0
[INFO] [stderr]    Compiling openssl-macros v0.1.1
[INFO] [stderr]    Compiling der v0.8.1
[INFO] [stderr]    Compiling serde v1.0.229
[INFO] [stderr]    Compiling spki v0.8.0
[INFO] [stderr]    Compiling x509-cert v0.3.0
[INFO] [stderr]    Compiling rite-sdk v0.7.0
[INFO] [stderr]     Finished `release` profile [optimized] target(s) in 33.02s
[INFO] running `Command { std: "docker" "inspect" "8fc3e5ed417e59fa079d4c6d0c027f4fac19d249921c0fdeea4b6aa6e51c9ce2", kill_on_drop: false }`
[INFO] running `Command { std: "docker" "exec" "-e" "SOURCE_DIR=/opt/rustwide/workdir" "-e" "CARGO_HOME=/opt/rustwide/cargo-home" "-e" "RUSTUP_HOME=/opt/rustwide/rustup-home" "-e" "CARGO_TARGET_DIR=/opt/rustwide/target" "-e" "CARGO_INCREMENTAL=0" "-e" "RUST_BACKTRACE=full" "-e" "RUSTFLAGS=--cap-lints=warn" "-e" "RUSTDOCFLAGS=--cap-lints=warn" "-w" "/opt/rustwide/workdir" "--user" "0:0" "8fc3e5ed417e59fa079d4c6d0c027f4fac19d249921c0fdeea4b6aa6e51c9ce2" "/opt/rustwide/cargo-home/bin/cargo" "+1.99.0-beta.8" "test" "--frozen" "--no-run" "--message-format=json" "--release", kill_on_drop: false }`
[INFO] [stderr]    Compiling bitflags v2.13.2
[INFO] [stderr]    Compiling getrandom v0.4.3
[INFO] [stderr]    Compiling fastrand v2.5.0
[INFO] [stderr]    Compiling rite-sdk v0.7.0
[INFO] [stderr]    Compiling openssl v0.10.81
[INFO] [stderr]    Compiling rustix v1.1.4
[INFO] [stderr]    Compiling tempfile v3.27.0
[INFO] [stderr]    Compiling rite-openssl v0.7.0 (/opt/rustwide/workdir)
[INFO] [stderr]     Finished `release` profile [optimized] target(s) in 15.44s
[INFO] running `Command { std: "docker" "inspect" "8fc3e5ed417e59fa079d4c6d0c027f4fac19d249921c0fdeea4b6aa6e51c9ce2", kill_on_drop: false }`
[INFO] running `Command { std: "docker" "exec" "-e" "SOURCE_DIR=/opt/rustwide/workdir" "-e" "CARGO_HOME=/opt/rustwide/cargo-home" "-e" "RUSTUP_HOME=/opt/rustwide/rustup-home" "-e" "CARGO_TARGET_DIR=/opt/rustwide/target" "-e" "CARGO_INCREMENTAL=0" "-e" "RUST_BACKTRACE=full" "-e" "RUSTFLAGS=--cap-lints=warn" "-e" "RUSTDOCFLAGS=--cap-lints=warn" "-w" "/opt/rustwide/workdir" "--user" "0:0" "8fc3e5ed417e59fa079d4c6d0c027f4fac19d249921c0fdeea4b6aa6e51c9ce2" "/opt/rustwide/cargo-home/bin/cargo" "+1.99.0-beta.8" "test" "--frozen" "--release", kill_on_drop: false }`
[INFO] [stderr]     Finished `release` profile [optimized] target(s) in 0.07s
[INFO] [stderr]      Running unittests src/lib.rs (/opt/rustwide/target/release/deps/rite_openssl-62b60444c6ed4922)
[INFO] [stdout] 
[INFO] [stdout] running 69 tests
[INFO] [stdout] test backend::tests::aes_gcm_matches_the_published_test_case ... ok
[INFO] [stdout] test backend::tests::a_key_check_value_matches_the_cmac_of_a_zero_block ... ok
[INFO] [stdout] test backend::tests::aes_kw_matches_the_rfc_3394_vectors ... ok
[INFO] [stdout] test backend::tests::a_frozen_kek_enveloped_container_still_opens ... ok
[INFO] [stdout] test backend::tests::a_declared_symmetric_key_round_trips ... ok
[INFO] [stdout] test backend::tests::aes_kw_refuses_a_payload_it_cannot_carry ... ok
[INFO] [stdout] test backend::tests::aes_kwp_matches_the_rfc_5649_vectors ... ok
[INFO] [stdout] test backend::tests::aes_kwp_refuses_a_tampered_blob ... ok
[INFO] [stdout] test backend::tests::a_raw_scheme_refuses_a_kek_of_the_other_size ... ok
[INFO] [stdout] test backend::tests::aes_gcm_refuses_a_tampered_blob ... ok
[INFO] [stdout] test backend::tests::a_symmetric_key_does_not_sign ... ok
[INFO] [stdout] test backend::tests::every_method_that_takes_a_key_id_refuses_one_that_names_nothing ... ok
[INFO] [stdout] test backend::tests::generate_random_returns_the_requested_length_and_differs_per_call ... ok
[INFO] [stdout] test backend::tests::a_cms_wrap_refuses_a_kek_of_the_other_size ... ok
[INFO] [stdout] test backend::tests::generates_an_ecdsa_p256_key ... ok
[INFO] [stdout] test backend::tests::a_symmetric_scheme_refuses_a_kek_of_the_wrong_size ... ok
[INFO] [stdout] test backend::tests::a_cms_wrap_needs_a_256_bit_symmetric_key ... ok
[INFO] [stdout] test backend::tests::a_cms_wrap_refuses_the_wrong_symmetric_key ... ok
[INFO] [stdout] test backend::tests::a_tampered_cms_wrap_is_refused_in_every_region ... ok
[INFO] [stdout] test backend::tests::a_symmetric_key_wraps_under_the_scheme_naming_its_size ... ok
[INFO] [stdout] test backend::tests::a_symmetric_kek_produces_a_readable_cms_wrap ... ok
[INFO] [stdout] test backend::tests::ml_dsa_generation_uses_a_fresh_seed ... ok
[INFO] [stdout] test backend::tests::ml_dsa_rejects_mismatched_parameter_set ... ok
[INFO] [stdout] test backend::tests::ml_dsa_seed_derivation_matches_known_answer ... ok
[INFO] [stdout] test backend::tests::ml_dsa_signing_is_hedged ... ok
[INFO] [stdout] test backend::tests::recovering_an_undeclared_symmetric_key_is_refused_by_name ... ok
[INFO] [stdout] test backend::tests::ml_dsa_generate_sign_and_verify_roundtrip ... ok
[INFO] [stdout] test backend::tests::refuses_post_quantum_material_that_is_not_the_declared_algorithm ... ok
[INFO] [stdout] test backend::tests::refuses_to_sign_with_a_key_that_has_no_sign_usage ... ok
[INFO] [stdout] test backend::tests::backend_free_verification_refuses_a_key_of_the_wrong_family ... ok
[INFO] [stdout] test backend::tests::refuses_a_passphrase_where_nothing_is_encrypted ... ok
[INFO] [stdout] test backend::tests::a_declaration_that_disagrees_with_the_bytes_fails ... ok
[INFO] [stdout] test backend::tests::rejects_a_signature_algorithm_the_key_cannot_perform ... ok
[INFO] [stdout] test backend::tests::generates_an_rsa_2048_key ... ok
[INFO] [stdout] test backend::tests::an_aes_scheme_refuses_a_keypair ... ok
[INFO] [stdout] test backend::tests::list_keys_reports_what_was_generated ... ok
[INFO] [stdout] test backend::tests::records_the_kem_algorithms_the_blob_carries ... FAILED
[INFO] [stdout] test backend::tests::delete_key_removes_it_from_the_listing ... ok
[INFO] [stdout] test backend::tests::the_fingerprint_names_the_backend_and_the_openssl_version ... ok
[INFO] [stdout] test backend::tests::refuses_a_recipient_that_cannot_encapsulate ... ok
[INFO] [stdout] test backend::tests::a_restored_key_takes_the_policy_the_step_declares ... ok
[INFO] [stdout] test backend::tests::rsa_aes_key_wrap_lays_the_two_parts_out_as_the_spec_says ... ok
[INFO] [stdout] test backend::tests::refuses_to_unwrap_under_a_key_with_no_unwrap_usage ... ok
[INFO] [stdout] test backend::tests::unwrap_refuses_a_kek_that_did_not_wrap_the_key ... ok
[INFO] [stdout] test backend::tests::signs_and_verifies_every_supported_algorithm ... ok
[INFO] [stdout] test backend::tests::verifies_through_the_backend_capability ... ok
[INFO] [stdout] test backend::tests::an_imported_key_signs_under_its_original_public_key ... ok
[INFO] [stdout] test backend::tests::wraps_an_ec_key_to_an_ec_kek ... ok
[INFO] [stdout] test backend::tests::wraps_an_ec_key_to_an_ec_public_key ... ok
[INFO] [stdout] test backend::tests::generates_an_rsa_4096_key ... ok
[INFO] [stdout] test backend::tests::refuses_to_wrap_under_a_key_with_no_wrap_usage ... ok
[INFO] [stdout] test backend::tests::wraps_and_unwraps_under_an_ml_kem_key ... FAILED
[INFO] [stdout] test content::tests::content_opens_under_the_key_that_sealed_it ... ok
[INFO] [stdout] test content::tests::each_seal_draws_its_own_nonce ... ok
[INFO] [stdout] test backend::tests::wraps_an_ec_key_to_an_rsa_kek ... ok
[INFO] [stdout] test backend::tests::the_description_matches_the_bytes_for_both_recipient_key_types ... ok
[INFO] [stdout] test backend::tests::wraps_an_rsa_key_to_an_ec_kek ... ok
[INFO] [stdout] test backend::tests::a_wrap_names_the_recipient_key_it_was_made_for ... ok
[INFO] [stdout] test backend::tests::wrap_to_public_addresses_a_recipient_by_its_spki ... ok
[INFO] [stdout] test backend::tests::opens_encrypted_pkcs8_der_with_the_passphrase ... ok
[INFO] [stdout] test backend::tests::rsa_oaep_names_its_ceiling_rather_than_truncating ... ok
[INFO] [stdout] test backend::tests::the_wrapped_payload_is_pkcs8 ... ok
[INFO] [stdout] test backend::tests::the_raw_schemes_round_trip_a_key ... ok
[INFO] [stdout] test backend::tests::unwrap_refuses_a_corrupted_container ... ok
[INFO] [stdout] test backend::tests::unwrap_recovers_the_algorithm_of_the_wrapped_key ... ok
[INFO] [stdout] test backend::tests::refuses_to_wrap_a_key_generated_as_non_extractable ... ok
[INFO] [stdout] test backend::tests::wrapping_then_unwrapping_an_rsa_key_round_trips ... ok
[INFO] [stdout] test backend::tests::signs_with_an_rsa_4096_key ... ok
[INFO] [stdout] test backend::tests::imports_every_algorithm_this_build_supports ... ok
[INFO] [stdout] 
[INFO] [stdout] failures:
[INFO] [stdout] 
[INFO] [stdout] ---- backend::tests::records_the_kem_algorithms_the_blob_carries stdout ----
[INFO] [stdout] 
[INFO] [stdout] thread 'backend::tests::records_the_kem_algorithms_the_blob_carries' (1000) panicked at src/backend.rs:3910:14:
[INFO] [stdout] called `Result::unwrap()` on an `Err` value: Other("CMS encrypt: error:03000096:digital envelope routines:evp_pkey_asym_cipher_init:operation not supported for this keytype:../crypto/evp/asymcipher.c:202:, error:17000074:CMS routines:ossl_cms_AuthEnvelopedData_init_bio:error setting recipientinfo:../crypto/cms/cms_env.c:1231:, error:17000068:CMS routines:CMS_final:cms lib:../crypto/cms/cms_smime.c:898:, error:1708002E:CMS routines:CMS_encrypt_ex:reason(524334):../crypto/cms/cms_smime.c:665:")
[INFO] [stdout] stack backtrace:
[INFO] [stdout]    0:     0x58d800f793f1 - <<std[70759c8f55707aa4]::sys::backtrace::BacktraceLock>::print::DisplayBacktrace as core[df12db4294e9bfd3]::fmt::Display>::fmt
[INFO] [stdout]    1:     0x58d800f8dfca - core[df12db4294e9bfd3]::fmt::write
[INFO] [stdout]    2:     0x58d800f7d8dc - <alloc[2182bb758b4b3781]::vec::Vec<u8> as core[df12db4294e9bfd3]::io::write::Write>::write_fmt
[INFO] [stdout]    3:     0x58d800f55856 - std[70759c8f55707aa4]::panicking::default_hook::{closure#0}
[INFO] [stdout]    4:     0x58d800f719d9 - std[70759c8f55707aa4]::panicking::default_hook
[INFO] [stdout]    5:     0x58d800efae60 - test[9d35eded1c95d3be]::test_main_inner::<test[9d35eded1c95d3be]::test_main_static::{closure#0}>::{closure#0}
[INFO] [stdout]    6:     0x58d800f71d02 - std[70759c8f55707aa4]::panicking::panic_with_hook
[INFO] [stdout]    7:     0x58d800f55902 - std[70759c8f55707aa4]::panicking::panic_handler::{closure#0}
[INFO] [stdout]    8:     0x58d800f4e689 - std[70759c8f55707aa4]::sys::backtrace::__rust_end_short_backtrace::<std[70759c8f55707aa4]::panicking::panic_handler::{closure#0}, !>
[INFO] [stdout]    9:     0x58d800f564fd - __rustc[8fa7c3cbc660c2b3]::rust_begin_unwind
[INFO] [stdout]   10:     0x58d800f8e6fc - core[df12db4294e9bfd3]::panicking::panic_fmt
[INFO] [stdout]   11:     0x58d800f8e4d2 - core[df12db4294e9bfd3]::result::unwrap_failed
[INFO] [stdout]   12:     0x58d800ecedd4 - rite_openssl[84cb22057c7df910]::backend::tests::records_the_kem_algorithms_the_blob_carries
[INFO] [stdout]   13:     0x58d800ee9469 - <rite_openssl[84cb22057c7df910]::backend::tests::records_the_kem_algorithms_the_blob_carries::{closure#0} as core[df12db4294e9bfd3]::ops::function::FnOnce<()>>::call_once
[INFO] [stdout]   14:     0x58d800eee14b - test[9d35eded1c95d3be]::__rust_begin_short_backtrace::<core[df12db4294e9bfd3]::result::Result<(), alloc[2182bb758b4b3781]::string::String>, fn() -> core[df12db4294e9bfd3]::result::Result<(), alloc[2182bb758b4b3781]::string::String>>
[INFO] [stdout]   15:     0x58d800efb7b5 - test[9d35eded1c95d3be]::run_test::{closure#0}
[INFO] [stdout]   16:     0x58d800ef5074 - std[70759c8f55707aa4]::sys::backtrace::__rust_begin_short_backtrace::<test[9d35eded1c95d3be]::run_test::{closure#1}, ()>
[INFO] [stdout]   17:     0x58d800efe912 - <std[70759c8f55707aa4]::thread::lifecycle::spawn_unchecked<test[9d35eded1c95d3be]::run_test::{closure#1}, ()>::{closure#1} as core[df12db4294e9bfd3]::ops::function::FnOnce<()>>::call_once::{shim:vtable#0}
[INFO] [stdout]   18:     0x58d800f78cb9 - <std[70759c8f55707aa4]::sys::thread::unix::Thread>::new::thread_start
[INFO] [stdout]   19:     0x744d419f3dfa - <unknown>
[INFO] [stdout]   20:     0x744d41a873d4 - clone
[INFO] [stdout]   21:                0x0 - <unknown>
[INFO] [stdout] 
[INFO] [stdout] ---- backend::tests::wraps_and_unwraps_under_an_ml_kem_key stdout ----
[INFO] [stdout] 
[INFO] [stdout] thread 'backend::tests::wraps_and_unwraps_under_an_ml_kem_key' (1028) panicked at src/backend.rs:3884:14:
[INFO] [stdout] called `Result::unwrap()` on an `Err` value: Other("CMS encrypt: error:03000096:digital envelope routines:evp_pkey_asym_cipher_init:operation not supported for this keytype:../crypto/evp/asymcipher.c:202:, error:17000074:CMS routines:ossl_cms_AuthEnvelopedData_init_bio:error setting recipientinfo:../crypto/cms/cms_env.c:1231:, error:17000068:CMS routines:CMS_final:cms lib:../crypto/cms/cms_smime.c:898:, error:1708002E:CMS routines:CMS_encrypt_ex:reason(524334):../crypto/cms/cms_smime.c:665:")
[INFO] [stdout] stack backtrace:
[INFO] [stdout]    0:     0x58d800f793f1 - <<std[70759c8f55707aa4]::sys::backtrace::BacktraceLock>::print::DisplayBacktrace as core[df12db4294e9bfd3]::fmt::Display>::fmt
[INFO] [stdout]    1:     0x58d800f8dfca - core[df12db4294e9bfd3]::fmt::write
[INFO] [stdout]    2:     0x58d800f7d8dc - <alloc[2182bb758b4b3781]::vec::Vec<u8> as core[df12db4294e9bfd3]::io::write::Write>::write_fmt
[INFO] [stdout]    3:     0x58d800f55856 - std[70759c8f55707aa4]::panicking::default_hook::{closure#0}
[INFO] [stdout]    4:     0x58d800f719d9 - std[70759c8f55707aa4]::panicking::default_hook
[INFO] [stdout]    5:     0x58d800efae60 - test[9d35eded1c95d3be]::test_main_inner::<test[9d35eded1c95d3be]::test_main_static::{closure#0}>::{closure#0}
[INFO] [stdout]    6:     0x58d800f71d02 - std[70759c8f55707aa4]::panicking::panic_with_hook
[INFO] [stdout]    7:     0x58d800f55902 - std[70759c8f55707aa4]::panicking::panic_handler::{closure#0}
[INFO] [stdout]    8:     0x58d800f4e689 - std[70759c8f55707aa4]::sys::backtrace::__rust_end_short_backtrace::<std[70759c8f55707aa4]::panicking::panic_handler::{closure#0}, !>
[INFO] [stdout]    9:     0x58d800f564fd - __rustc[8fa7c3cbc660c2b3]::rust_begin_unwind
[INFO] [stdout]   10:     0x58d800f8e6fc - core[df12db4294e9bfd3]::panicking::panic_fmt
[INFO] [stdout]   11:     0x58d800f8e4d2 - core[df12db4294e9bfd3]::result::unwrap_failed
[INFO] [stdout]   12:     0x58d800ec8184 - rite_openssl[84cb22057c7df910]::backend::tests::wraps_and_unwraps_under_an_ml_kem_key
[INFO] [stdout]   13:     0x58d800ee92e9 - <rite_openssl[84cb22057c7df910]::backend::tests::wraps_and_unwraps_under_an_ml_kem_key::{closure#0} as core[df12db4294e9bfd3]::ops::function::FnOnce<()>>::call_once
[INFO] [stdout]   14:     0x58d800eee14b - test[9d35eded1c95d3be]::__rust_begin_short_backtrace::<core[df12db4294e9bfd3]::result::Result<(), alloc[2182bb758b4b3781]::string::String>, fn() -> core[df12db4294e9bfd3]::result::Result<(), alloc[2182bb758b4b3781]::string::String>>
[INFO] [stdout]   15:     0x58d800efb7b5 - test[9d35eded1c95d3be]::run_test::{closure#0}
[INFO] [stdout]   16:     0x58d800ef5074 - std[70759c8f55707aa4]::sys::backtrace::__rust_begin_short_backtrace::<test[9d35eded1c95d3be]::run_test::{closure#1}, ()>
[INFO] [stdout]   17:     0x58d800efe912 - <std[70759c8f55707aa4]::thread::lifecycle::spawn_unchecked<test[9d35eded1c95d3be]::run_test::{closure#1}, ()>::{closure#1} as core[df12db4294e9bfd3]::ops::function::FnOnce<()>>::call_once::{shim:vtable#0}
[INFO] [stdout]   18:     0x58d800f78cb9 - <std[70759c8f55707aa4]::sys::thread::unix::Thread>::new::thread_start
[INFO] [stdout]   19:     0x744d419f3dfa - <unknown>
[INFO] [stdout]   20:     0x744d41a873d4 - clone
[INFO] [stdout]   21:                0x0 - <unknown>
[INFO] [stdout] 
[INFO] [stdout] 
[INFO] [stdout] failures:
[INFO] [stdout]     backend::tests::records_the_kem_algorithms_the_blob_carries
[INFO] [stdout]     backend::tests::wraps_and_unwraps_under_an_ml_kem_key
[INFO] [stdout] 
[INFO] [stdout] test result: FAILED. 67 passed; 2 failed; 0 ignored; 0 measured; 0 filtered out; finished in 2.27s
[INFO] [stdout] 
[INFO] [stderr] error: test failed, to rerun pass `--lib`
[INFO] running `Command { std: "docker" "inspect" "8fc3e5ed417e59fa079d4c6d0c027f4fac19d249921c0fdeea4b6aa6e51c9ce2", kill_on_drop: false }`
[INFO] running `Command { std: "docker" "rm" "-f" "8fc3e5ed417e59fa079d4c6d0c027f4fac19d249921c0fdeea4b6aa6e51c9ce2", kill_on_drop: false }`
[INFO] [stdout] 8fc3e5ed417e59fa079d4c6d0c027f4fac19d249921c0fdeea4b6aa6e51c9ce2
