[INFO] fetching crate rite-model 0.7.0...
[INFO] testing rite-model-0.7.0 against 1.100.0-beta.1+cargoflags=--release for beta-release-1.100-2
[INFO] extracting crate rite-model 0.7.0 into /workspace/builds/worker-2-tc2/source
[INFO] started tweaking crates.io crate rite-model 0.7.0
[INFO] finished tweaking crates.io crate rite-model 0.7.0
[INFO] tweaked toml for crates.io crate rite-model 0.7.0 written to /workspace/builds/worker-2-tc2/source/Cargo.toml
[INFO] validating manifest of crates.io crate rite-model 0.7.0 on toolchain 1.100.0-beta.1
[INFO] running `Command { std: CARGO_HOME="/workspace/cargo-home" RUSTUP_HOME="/workspace/rustup-home" "/workspace/cargo-home/bin/cargo" "+1.100.0-beta.1" "metadata" "--manifest-path" "Cargo.toml" "--no-deps", kill_on_drop: false }`
[INFO] crate crates.io crate rite-model 0.7.0 already has a lockfile, it will not be regenerated
[INFO] running `Command { std: CARGO_HOME="/workspace/cargo-home" RUSTUP_HOME="/workspace/rustup-home" "/workspace/cargo-home/bin/cargo" "+1.100.0-beta.1" "fetch" "--manifest-path" "Cargo.toml", kill_on_drop: false }`
[INFO] running `Command { std: "docker" "create" "-v" "/var/lib/crater-agent-workspace/builds/worker-2-tc2/source:/opt/rustwide/workdir:ro,Z" "-v" "/var/lib/crater-agent-workspace/builds/worker-2-tc2/target:/opt/rustwide/target:rw,Z" "-v" "/var/lib/crater-agent-workspace/cargo-home:/opt/rustwide/cargo-home:ro,Z" "-v" "/var/lib/crater-agent-workspace/rustup-home:/opt/rustwide/rustup-home:ro,Z" "-m" "1610612736" "--network" "none" "ghcr.io/rust-lang/crates-build-env/linux@sha256:77db811e55d90add9212f6832c23229e3de5f1c1f9905e8cb07319ea15df73ac" "sleep" "infinity", kill_on_drop: false }`
[INFO] [stdout] 3f371f141145b7e507cfab2f7a91d84cc821efec4aad79f4a9776e9f95f7af61
[INFO] running `Command { std: "docker" "start" "3f371f141145b7e507cfab2f7a91d84cc821efec4aad79f4a9776e9f95f7af61", kill_on_drop: false }`
[INFO] running `Command { std: "docker" "inspect" "3f371f141145b7e507cfab2f7a91d84cc821efec4aad79f4a9776e9f95f7af61", kill_on_drop: false }`
[INFO] running `Command { std: "docker" "exec" "-e" "SOURCE_DIR=/opt/rustwide/workdir" "-e" "CARGO_HOME=/opt/rustwide/cargo-home" "-e" "RUSTUP_HOME=/opt/rustwide/rustup-home" "-e" "CARGO_TARGET_DIR=/opt/rustwide/target" "-w" "/opt/rustwide/workdir" "--user" "0:0" "3f371f141145b7e507cfab2f7a91d84cc821efec4aad79f4a9776e9f95f7af61" "/opt/rustwide/cargo-home/bin/cargo" "+1.100.0-beta.1" "metadata" "--no-deps" "--format-version=1", kill_on_drop: false }`
[INFO] running `Command { std: "docker" "inspect" "3f371f141145b7e507cfab2f7a91d84cc821efec4aad79f4a9776e9f95f7af61", kill_on_drop: false }`
[INFO] running `Command { std: "docker" "exec" "-e" "SOURCE_DIR=/opt/rustwide/workdir" "-e" "CARGO_HOME=/opt/rustwide/cargo-home" "-e" "RUSTUP_HOME=/opt/rustwide/rustup-home" "-e" "CARGO_TARGET_DIR=/opt/rustwide/target" "-e" "CARGO_INCREMENTAL=0" "-e" "RUST_BACKTRACE=full" "-e" "RUSTFLAGS=--cap-lints=warn" "-e" "RUSTDOCFLAGS=--cap-lints=warn" "-w" "/opt/rustwide/workdir" "--user" "0:0" "3f371f141145b7e507cfab2f7a91d84cc821efec4aad79f4a9776e9f95f7af61" "/opt/rustwide/cargo-home/bin/cargo" "+1.100.0-beta.1" "build" "--frozen" "--message-format=json" "--release", kill_on_drop: false }`
[INFO] [stderr]    Compiling cpufeatures v0.3.1
[INFO] [stderr]    Compiling zeroize v1.9.0
[INFO] [stderr]    Compiling serde_json v1.0.151
[INFO] [stderr]    Compiling hybrid-array v0.4.14
[INFO] [stderr]    Compiling signature v3.0.0
[INFO] [stderr]    Compiling hashbrown v0.17.1
[INFO] [stderr]    Compiling regex-lite v0.1.9
[INFO] [stderr]    Compiling syn v3.0.4
[INFO] [stderr]    Compiling syn v2.0.119
[INFO] [stderr]    Compiling bitflags v2.13.2
[INFO] [stderr]    Compiling crypto-common v0.2.2
[INFO] [stderr]    Compiling block-buffer v0.12.1
[INFO] [stderr]    Compiling indexmap v2.14.2
[INFO] [stderr]    Compiling digest v0.11.3
[INFO] [stderr]    Compiling thiserror-impl v2.0.20
[INFO] [stderr]    Compiling serde_derive v1.0.229
[INFO] [stderr]    Compiling sha1 v0.11.0
[INFO] [stderr]    Compiling sha2 v0.11.0
[INFO] [stderr]    Compiling thiserror v2.0.20
[INFO] [stderr]    Compiling der_derive v0.8.0
[INFO] [stderr]    Compiling serde v1.0.229
[INFO] [stderr]    Compiling der v0.8.1
[INFO] [stderr]    Compiling spki v0.8.0
[INFO] [stderr]    Compiling x509-cert v0.3.0
[INFO] [stderr]    Compiling rite-sdk v0.7.0
[INFO] [stderr]    Compiling rite-model v0.7.0 (/opt/rustwide/workdir)
[INFO] [stderr]     Finished `release` profile [optimized] target(s) in 28.62s
[INFO] running `Command { std: "docker" "inspect" "3f371f141145b7e507cfab2f7a91d84cc821efec4aad79f4a9776e9f95f7af61", kill_on_drop: false }`
[INFO] running `Command { std: "docker" "exec" "-e" "SOURCE_DIR=/opt/rustwide/workdir" "-e" "CARGO_HOME=/opt/rustwide/cargo-home" "-e" "RUSTUP_HOME=/opt/rustwide/rustup-home" "-e" "CARGO_TARGET_DIR=/opt/rustwide/target" "-e" "CARGO_INCREMENTAL=0" "-e" "RUST_BACKTRACE=full" "-e" "RUSTFLAGS=--cap-lints=warn" "-e" "RUSTDOCFLAGS=--cap-lints=warn" "-w" "/opt/rustwide/workdir" "--user" "0:0" "3f371f141145b7e507cfab2f7a91d84cc821efec4aad79f4a9776e9f95f7af61" "/opt/rustwide/cargo-home/bin/cargo" "+1.100.0-beta.1" "test" "--frozen" "--no-run" "--message-format=json" "--release", kill_on_drop: false }`
[INFO] [stderr]    Compiling serde_json v1.0.151
[INFO] [stderr]    Compiling ref-cast v1.0.27
[INFO] [stderr]    Compiling getrandom v0.3.4
[INFO] [stderr]    Compiling ahash v0.8.12
[INFO] [stderr]    Compiling foldhash v0.2.0
[INFO] [stderr]    Compiling regex-syntax v0.8.11
[INFO] [stderr]    Compiling ref-cast-impl v1.0.27
[INFO] [stderr]    Compiling allocator-api2 v0.2.21
[INFO] [stderr]    Compiling zerocopy v0.8.56
[INFO] [stderr]    Compiling serde v1.0.229
[INFO] [stderr]    Compiling num-integer v0.1.47
[INFO] [stderr]    Compiling num-complex v0.4.6
[INFO] [stderr]    Compiling smallvec v1.15.2
[INFO] [stderr]    Compiling bit-vec v0.8.0
[INFO] [stderr]    Compiling unicode-general-category v1.1.0
[INFO] [stderr]    Compiling borrow-or-share v0.2.4
[INFO] [stderr]    Compiling strum_macros v0.28.0
[INFO] [stderr]    Compiling bitflags v2.13.2
[INFO] [stderr]    Compiling bit-set v0.8.0
[INFO] [stderr]    Compiling serde_derive_internals v0.30.0
[INFO] [stderr]    Compiling outref v0.5.2
[INFO] [stderr]    Compiling vsimd v0.8.0
[INFO] [stderr]    Compiling num-cmp v0.1.0
[INFO] [stderr]    Compiling parking_lot_core v0.9.12
[INFO] [stderr]    Compiling num-bigint v0.4.8
[INFO] [stderr]    Compiling hashbrown v0.17.1
[INFO] [stderr]    Compiling num-iter v0.1.46
[INFO] [stderr]    Compiling micromap v0.3.0
[INFO] [stderr]    Compiling bytecount v0.6.9
[INFO] [stderr]    Compiling data-encoding v2.11.1
[INFO] [stderr]    Compiling parking_lot v0.12.5
[INFO] [stderr]    Compiling dyn-clone v1.0.20
[INFO] [stderr]    Compiling schemars_derive v1.2.2
[INFO] [stderr]    Compiling uuid-simd v0.8.0
[INFO] [stderr]    Compiling fluent-uri v0.4.1
[INFO] [stderr]    Compiling email_address v0.2.9
[INFO] [stderr]    Compiling indexmap v2.14.2
[INFO] [stderr]    Compiling rite-sdk v0.7.0
[INFO] [stderr]    Compiling num-rational v0.4.2
[INFO] [stderr]    Compiling schemars v1.2.2
[INFO] [stderr]    Compiling strum v0.28.0
[INFO] [stderr]    Compiling num v0.4.3
[INFO] [stderr]    Compiling fraction v0.17.0
[INFO] [stderr]    Compiling regex-automata v0.4.18
[INFO] [stderr]    Compiling jsonschema-regex v0.57.0
[INFO] [stderr]    Compiling rite-model v0.7.0 (/opt/rustwide/workdir)
[INFO] [stderr]    Compiling jsonschema-value v0.57.0
[INFO] [stderr]    Compiling referencing v0.57.0
[INFO] [stderr]    Compiling fancy-regex v0.19.2
[INFO] [stderr]    Compiling regex v1.13.1
[INFO] [stderr]    Compiling jsonschema v0.57.0
[INFO] [stderr]     Finished `release` profile [optimized] target(s) in 1m 30s
[INFO] running `Command { std: "docker" "inspect" "3f371f141145b7e507cfab2f7a91d84cc821efec4aad79f4a9776e9f95f7af61", kill_on_drop: false }`
[INFO] running `Command { std: "docker" "exec" "-e" "SOURCE_DIR=/opt/rustwide/workdir" "-e" "CARGO_HOME=/opt/rustwide/cargo-home" "-e" "RUSTUP_HOME=/opt/rustwide/rustup-home" "-e" "CARGO_TARGET_DIR=/opt/rustwide/target" "-e" "CARGO_INCREMENTAL=0" "-e" "RUST_BACKTRACE=full" "-e" "RUSTFLAGS=--cap-lints=warn" "-e" "RUSTDOCFLAGS=--cap-lints=warn" "-w" "/opt/rustwide/workdir" "--user" "0:0" "3f371f141145b7e507cfab2f7a91d84cc821efec4aad79f4a9776e9f95f7af61" "/opt/rustwide/cargo-home/bin/cargo" "+1.100.0-beta.1" "test" "--frozen" "--release", kill_on_drop: false }`
[INFO] [stderr]     Finished `release` profile [optimized] target(s) in 0.14s
[INFO] [stderr]      Running unittests src/lib.rs (/opt/rustwide/target/release/build/rite-model/f230f700d9fc6026/out/rite_model-f230f700d9fc6026)
[INFO] [stdout] 
[INFO] [stdout] running 163 tests
[INFO] [stdout] test bundle::tests::a_disclosure_writes_its_threshold_beside_its_kind ... ok
[INFO] [stdout] test bundle::tests::index_wire_shape ... ok
[INFO] [stdout] test bundle::tests::artifact_paths_stay_in_the_artifacts_directory ... ok
[INFO] [stdout] test canonical::tests::members_are_ordered_by_utf16_code_units ... ok
[INFO] [stdout] test bundle::tests::a_disclosure_without_a_threshold_does_not_parse ... ok
[INFO] [stdout] test commitment::tests::construction_vectors ... ok
[INFO] [stdout] test canonical::tests::strings_use_the_rfc_escapes ... ok
[INFO] [stdout] test canonical::tests::nesting_and_literals ... ok
[INFO] [stdout] test commitment::tests::the_salt_and_the_fact_both_change_the_leaf ... ok
[INFO] [stdout] test digest::tests::bytes_round_trip ... ok
[INFO] [stdout] test commitment::tests::member_order_does_not_change_the_leaf ... ok
[INFO] [stdout] test digest::tests::deserialize_validates ... ok
[INFO] [stdout] test canonical::tests::floats_and_large_integers_are_refused ... ok
[INFO] [stdout] test commitment::tests::every_committed_input_changes_the_node ... ok
[INFO] [stdout] test expression::tests::ceremony_examples::crypto_artifact_with_property ... ok
[INFO] [stdout] test canonical::tests::check_numbers_walks_nested_values ... ok
[INFO] [stdout] test expression::tests::ceremony_examples::find_embedded_expressions ... ok
[INFO] [stdout] test expression::tests::expr_value_tests::parse_array_with_expressions ... ok
[INFO] [stdout] test expression::tests::ceremony_examples::hsm_public_key_fingerprint ... ok
[INFO] [stdout] test expression::tests::ceremony_examples::dnssec_hash_verification ... ok
[INFO] [stdout] test expression::tests::expr_value_tests::parse_deeply_nested_value_is_truncated_not_crashed ... ok
[INFO] [stdout] test expression::tests::ceremony_examples::dnssec_oral_readback ... ok
[INFO] [stdout] test expression::tests::ceremony_examples::role_reference_parses ... ok
[INFO] [stdout] test expression::tests::ceremony_examples::find_multiple_embedded_params ... ok
[INFO] [stdout] test expression::tests::ceremony_examples::hsm_artifact_reference ... ok
[INFO] [stdout] test expression::tests::expr_value_tests::parse_literal_string ... ok
[INFO] [stdout] test digest::tests::digest_of_known_bytes ... ok
[INFO] [stdout] test expression::tests::ceremony_examples::dnssec_param_reference ... ok
[INFO] [stdout] test expression::tests::expr_value_tests::parse_literal_float ... ok
[INFO] [stdout] test digest::tests::parse_rejects_other_forms ... ok
[INFO] [stdout] test expression::tests::expr_value_tests::parse_literal_integer ... ok
[INFO] [stdout] test expression::tests::expr_value_tests::parse_simple_reference ... ok
[INFO] [stdout] test expression::tests::expr_value_tests::parse_literal_null ... ok
[INFO] [stdout] test expression::tests::expr_value_tests::parse_multiple_expressions_in_string ... ok
[INFO] [stdout] test expression::literal_projection_tests::a_deferred_element_discards_the_whole_array ... ok
[INFO] [stdout] test expression::literal_projection_tests::a_fully_deferred_block_yields_nothing ... ok
[INFO] [stdout] test expression::tests::expr_value_tests::parse_interpolated_string ... ok
[INFO] [stdout] test expression::tests::expr_value_tests::parse_literal_boolean ... ok
[INFO] [stdout] test expression::tests::invalid_expressions::a_failing_argument_names_its_position_and_its_own_cause ... ok
[INFO] [stdout] test expression::tests::find_expressions_in_string ... ok
[INFO] [stdout] test expression::tests::invalid_expressions::a_lone_quote_is_an_unterminated_string ... ok
[INFO] [stdout] test expression::tests::invalid_expressions::a_namespace_nothing_like_a_known_one_gets_no_suggestion ... ok
[INFO] [stdout] test digest::tests::parse_accepts_the_written_form ... ok
[INFO] [stdout] test expression::tests::expr_value_tests::parse_object_with_expressions ... ok
[INFO] [stdout] test expression::tests::expr_value_tests::parse_single_expression ... ok
[INFO] [stdout] test expression::tests::invalid_expressions::a_bare_name_is_told_to_use_the_wrapper ... ok
[INFO] [stdout] test expression::literal_projection_tests::drops_an_interpolated_field ... ok
[INFO] [stdout] test expression::literal_projection_tests::keeps_literal_fields_and_drops_deferred_ones ... ok
[INFO] [stdout] test expression::tests::invalid_expressions::all_lists_every_namespace ... ok
[INFO] [stdout] test expression::tests::find_multiple_expressions ... ok
[INFO] [stdout] test expression::tests::invalid_expressions::a_namespace_one_or_two_edits_away_is_suggested ... ok
[INFO] [stdout] test expression::tests::invalid_expressions::a_pipeline_with_nothing_before_the_pipe_is_not_an_empty_expression ... ok
[INFO] [stdout] test expression::tests::invalid_expressions::a_quote_opens_a_string_even_when_it_holds_a_parenthesis ... ok
[INFO] [stdout] test expression::tests::invalid_expressions::a_valid_expression_yields_nothing ... ok
[INFO] [stdout] test expression::tests::invalid_expressions::an_unclosed_expression_is_reported_to_the_end_of_the_string ... ok
[INFO] [stdout] test expression::tests::invalid_expressions::every_occurrence_in_one_string_is_reported ... ok
[INFO] [stdout] test expression::tests::expr_value_tests::parse_moderately_nested_value_is_preserved ... ok
[INFO] [stdout] test expression::tests::invalid_expressions::parses_every_accepted_form ... ok
[INFO] [stdout] test expression::tests::parse_pipeline_with_function_args ... ok
[INFO] [stdout] test expression::tests::parse_invalid_expression ... ok
[INFO] [stdout] test ir::ids::tests::ids_display_nicely ... ok
[INFO] [stdout] test expression::tests::parse_simple_reference ... ok
[INFO] [stdout] test expression::tests::invalid_expressions::an_unknown_namespace_is_reported_with_its_range ... ok
[INFO] [stdout] test expression::tests::invalid_expressions::the_material_namespace_names_the_artifact_form ... ok
[INFO] [stdout] test expression::tests::invalid_expressions::the_shape_a_source_is_read_as_comes_from_its_first_characters ... ok
[INFO] [stdout] test expression::tests::value_as_bytes ... ok
[INFO] [stdout] test expression::tests::invalid_expressions::each_shape_of_mistake_gets_its_own_reason ... ok
[INFO] [stdout] test expression::tests::value_debug_does_not_print_bytes ... ok
[INFO] [stdout] test expression::tests::parse_complex_pipeline ... ok
[INFO] [stdout] test expression::tests::value_type_names ... ok
[INFO] [stdout] test ir::ids::tests::ids_are_type_safe ... ok
[INFO] [stdout] test ir::ids::tests::ids_work_as_hash_keys ... ok
[INFO] [stdout] test params::tests::a_non_string_value_is_rejected_whatever_it_would_have_meant ... ok
[INFO] [stdout] test ir::tests::symbol_table_from_iterator ... ok
[INFO] [stdout] test expression::tests::parse_multi_stage_pipeline ... ok
[INFO] [stdout] test expression::tests::parse_param_reference ... ok
[INFO] [stdout] test expression::tests::parse_simple_pipeline ... ok
[INFO] [stdout] test expression::tests::parse_reference_with_property ... ok
[INFO] [stdout] test params::tests::accepts_the_pkcs11_usages ... ok
[INFO] [stdout] test ir::tests::symbol_table_basic_operations ... ok
[INFO] [stdout] test params::tests::an_absent_field_is_deferred_not_missing ... ok
[INFO] [stdout] test params::tests::rejects_a_fingerprint_that_is_not_lowercase ... ok
[INFO] [stdout] test params::tests::rejects_a_scheme_encrypt_data_does_not_write ... ok
[INFO] [stdout] test params::tests::rejects_a_value_outside_the_vocabulary ... ok
[INFO] [stdout] test safe_path::tests::confine_normalizes_like_path_clean ... ok
[INFO] [stdout] test safe_path::tests::rejects_absolute_component ... ok
[INFO] [stdout] test params::tests::rejects_an_unwrap_algorithm_outside_the_vocabulary ... ok
[INFO] [stdout] test params::tests::split_secret_counts_are_bounded_by_the_scheme ... ok
[INFO] [stdout] test params::tests::rejects_an_entry_shape_outside_the_vocabulary ... ok
[INFO] [stdout] test safe_path::tests::rejects_control_characters ... ok
[INFO] [stdout] test params::tests::rejects_an_entry_shape_that_is_two_rules ... ok
[INFO] [stdout] test params::tests::accepts_the_vocabulary ... ok
[INFO] [stdout] test safe_path::tests::confine_allows_subpaths ... ok
[INFO] [stdout] test safe_path::tests::rejects_overlong_names ... ok
[INFO] [stdout] test params::tests::an_entry_shape_becomes_one_rule ... ok
[INFO] [stdout] test params::tests::expect_key_takes_a_fingerprint_or_a_check_value ... ok
[INFO] [stdout] test params::tests::rejects_a_wrapping_scheme_outside_the_vocabulary ... ok
[INFO] [stdout] test safe_path::tests::accepts_plain_names ... ok
[INFO] [stdout] test safe_path::tests::rejects_windows_illegal_characters ... ok
[INFO] [stdout] test safe_path::tests::rejects_windows_reserved_device_names ... ok
[INFO] [stdout] test safe_path::tests::safe_join_confines_to_base ... ok
[INFO] [stdout] test params::tests::rejects_an_unknown_key_usage ... ok
[INFO] [stdout] test safe_path::tests::confine_rejects_escapes_absolute_and_empty ... ok
[INFO] [stdout] test safe_path::tests::rejects_separators_and_traversal_in_components ... ok
[INFO] [stdout] test safe_path::tests::rejects_trailing_dot_or_space ... ok
[INFO] [stdout] test schema::tests::descriptions_hold_no_rust_syntax ... ok
[INFO] [stdout] test transcript::schema_snapshot_tests::a_level_is_named_or_numbered_and_must_be_declared ... ok
[INFO] [stdout] test schema::tests::every_line_of_the_demo_transcripts_matches ... FAILED
[INFO] [stdout] test schema::tests::committed_schemas_are_the_generated_ones ... FAILED
[INFO] [stdout] test schema::tests::the_schema_lists_every_fact_type ... ok
[INFO] [stdout] test schema::tests::bundle_indexes_match ... ok
[INFO] [stdout] test schema::tests::the_demo_bundle_indexes_match ... FAILED
[INFO] [stdout] test transcript::schema_snapshot_tests::header ... ok
[INFO] [stdout] test transcript::schema_snapshot_tests::entropy_seeded ... ok
[INFO] [stdout] test transcript::schema_snapshot_tests::backend_operation ... ok
[INFO] [stdout] test transcript::schema_snapshot_tests::entropy_drawn ... ok
[INFO] [stdout] test transcript::schema_snapshot_tests::entropy_contributed ... ok
[INFO] [stdout] test transcript::schema_snapshot_tests::backend_bound ... ok
[INFO] [stdout] test transcript::schema_snapshot_tests::ceremony_completed ... ok
[INFO] [stdout] test schema::tests::a_withheld_line_matches_and_a_mixed_one_does_not ... ok
[INFO] [stdout] test transcript::schema_snapshot_tests::act_started ... ok
[INFO] [stdout] test transcript::schema_snapshot_tests::artifact_written_secret_has_no_digest ... ok
[INFO] [stdout] test schema::tests::integers_beyond_the_canonical_range_do_not_match ... ok
[INFO] [stdout] test transcript::schema_snapshot_tests::ceremony_failed ... ok
[INFO] [stdout] test transcript::schema_snapshot_tests::deviation_recorded ... ok
[INFO] [stdout] test transcript::schema_snapshot_tests::attestation_recorded ... ok
[INFO] [stdout] test transcript::schema_snapshot_tests::artifact_written ... ok
[INFO] [stdout] test transcript::schema_snapshot_tests::prompt_answered_text_nonempty ... ok
[INFO] [stdout] test transcript::schema_snapshot_tests::role_assigned ... ok
[INFO] [stdout] test transcript::schema_snapshot_tests::prompt_answered_confirm_bool ... ok
[INFO] [stdout] test transcript::schema_snapshot_tests::ceremony_started ... ok
[INFO] [stdout] test transcript::schema_snapshot_tests::levels_are_ordered_integers ... ok
[INFO] [stdout] test transcript::schema_snapshot_tests::parameter_bound ... ok
[INFO] [stdout] test transcript::schema_snapshot_tests::step_attempt_failed ... ok
[INFO] [stdout] test transcript::schema_snapshot_tests::prompt_answered_text_predefined ... ok
[INFO] [stdout] test transcript::schema_snapshot_tests::machine_info_recorded ... ok
[INFO] [stdout] test transcript::schema_snapshot_tests::prompt_answered_literal_text ... ok
[INFO] [stdout] test transcript::schema_snapshot_tests::prompt_answered_continue_acknowledged ... ok
[INFO] [stdout] test transcript::schema_snapshot_tests::material_digest ... ok
[INFO] [stdout] test transcript::schema_snapshot_tests::material_loaded ... ok
[INFO] [stdout] test transcript::schema_snapshot_tests::prompt_answered_secret_redacted ... ok
[INFO] [stdout] test transcript::schema_snapshot_tests::prompt_answered_text_regex ... ok
[INFO] [stdout] test transcript::validator_tests::a_pattern_must_match_the_whole_value ... ok
[INFO] [stdout] test transcript::validator_tests::a_refusal_names_the_rule_and_not_the_value ... ok
[INFO] [stdout] test transcript::validator_tests::a_text_format_checks_characters_and_length ... ok
[INFO] [stdout] test transcript::validator_tests::a_hint_reads_as_a_person_would_say_it ... ok
[INFO] [stdout] test transcript::schema_snapshot_tests::step_started ... ok
[INFO] [stdout] test transcript::schema_snapshot_tests::step_completed_completed ... ok
[INFO] [stdout] test transcript::schema_snapshot_tests::wrap_recipient_recorded ... ok
[INFO] [stdout] test transcript::validator_tests::a_placeholder_satisfies_its_own_format ... ok
[INFO] [stdout] test transcript::schema_snapshot_tests::role_declared ... ok
[INFO] [stdout] test types::tests::action_type_serde_roundtrip ... ok
[INFO] [stdout] test transcript::validator_tests::an_encoding_decodes_and_counts_bytes ... ok
[INFO] [stdout] test types::tests::role_type_extracts_prefix ... ok
[INFO] [stdout] test types::tests::every_required_field_is_also_a_known_field ... ok
[INFO] [stdout] test types::tests::action_type_display_matches_serde ... ok
[INFO] [stdout] test types::tests::all_lists_every_action_type ... ok
[INFO] [stdout] test types::tests::parameter_type_serde_roundtrip ... ok
[INFO] [stdout] test types::tests::derive_role_name_title_cases ... ok
[INFO] [stdout] test types::tests::output_type_serde_roundtrip ... ok
[INFO] [stdout] test types::tests::derive_step_name_title_cases ... ok
[INFO] [stdout] test types::tests::duty_type_custom_has_no_built_in_prose ... ok
[INFO] [stdout] test types::tests::duty_type_serde_roundtrip ... ok
[INFO] [stdout] 
[INFO] [stdout] failures:
[INFO] [stdout] 
[INFO] [stdout] ---- schema::tests::every_line_of_the_demo_transcripts_matches stdout ----
[INFO] [stdout] 
[INFO] [stdout] thread 'schema::tests::every_line_of_the_demo_transcripts_matches' (1752) panicked at src/schema/mod.rs:336:59:
[INFO] [stdout] /opt/rustwide/workdir/../../docs/demo/demo-bundle/transcript.jsonl: No such file or directory (os error 2)
[INFO] [stdout] stack backtrace:
[INFO] [stdout]    0:     0x5b76418d3341 - <<std[617be2ca0a6fd877]::sys::backtrace::BacktraceLock>::print::DisplayBacktrace as core[a373ad73a504971]::fmt::Display>::fmt
[INFO] [stdout]    1:     0x5b76418ea8ca - core[a373ad73a504971]::fmt::write
[INFO] [stdout]    2:     0x5b76418d762c - <alloc[2e1b2a31b91974c5]::vec::Vec<u8> as core[a373ad73a504971]::io::write::Write>::write_fmt
[INFO] [stdout]    3:     0x5b76418ae846 - std[617be2ca0a6fd877]::panicking::default_hook::{closure#0}
[INFO] [stdout]    4:     0x5b76418cb479 - std[617be2ca0a6fd877]::panicking::default_hook
[INFO] [stdout]    5:     0x5b7641837da0 - test[aada8e7e76ba119b]::test_main_inner::{closure#0}
[INFO] [stdout]    6:     0x5b76418cb632 - std[617be2ca0a6fd877]::panicking::panic_with_hook
[INFO] [stdout]    7:     0x5b76418ae8f2 - std[617be2ca0a6fd877]::panicking::panic_handler::{closure#0}
[INFO] [stdout]    8:     0x5b76418a7329 - std[617be2ca0a6fd877]::sys::backtrace::__rust_end_short_backtrace::<std[617be2ca0a6fd877]::panicking::panic_handler::{closure#0}, !>
[INFO] [stdout]    9:     0x5b76418af4fd - __rustc[ea4f61d10b84890b]::rust_begin_unwind
[INFO] [stdout]   10:     0x5b76418eb0ac - core[a373ad73a504971]::panicking::panic_fmt
[INFO] [stdout]   11:     0x5b7641582d29 - rite_model[cfee124f066ba18f]::schema::tests::demo_file::{closure#0}
[INFO] [stdout]   12:     0x5b764158431a - rite_model[cfee124f066ba18f]::schema::tests::demo_file
[INFO] [stdout]   13:     0x5b7641588756 - <rite_model[cfee124f066ba18f]::schema::tests::every_line_of_the_demo_transcripts_matches::{closure#0} as core[a373ad73a504971]::ops::function::FnOnce<()>>::call_once
[INFO] [stdout]   14:     0x5b764182b1eb - test[aada8e7e76ba119b]::__rust_begin_short_backtrace::<core[a373ad73a504971]::result::Result<(), alloc[2e1b2a31b91974c5]::string::String>, fn() -> core[a373ad73a504971]::result::Result<(), alloc[2e1b2a31b91974c5]::string::String>>
[INFO] [stdout]   15:     0x5b76418383c5 - test[aada8e7e76ba119b]::run_test::{closure#0}
[INFO] [stdout]   16:     0x5b7641831cb4 - std[617be2ca0a6fd877]::sys::backtrace::__rust_begin_short_backtrace::<test[aada8e7e76ba119b]::run_test::{closure#1}, ()>
[INFO] [stdout]   17:     0x5b764183b452 - <std[617be2ca0a6fd877]::thread::lifecycle::spawn_unchecked<test[aada8e7e76ba119b]::run_test::{closure#1}, ()>::{closure#1} as core[a373ad73a504971]::ops::function::FnOnce<()>>::call_once::{shim:vtable#0}
[INFO] [stdout]   18:     0x5b76418d265f - <std[617be2ca0a6fd877]::sys::thread::unix::Thread>::new::thread_start
[INFO] [stdout]   19:     0x718e9b492dfa - <unknown>
[INFO] [stdout]   20:     0x718e9b5263d4 - clone
[INFO] [stdout]   21:                0x0 - <unknown>
[INFO] [stdout] 
[INFO] [stdout] ---- schema::tests::committed_schemas_are_the_generated_ones stdout ----
[INFO] [stdout] 
[INFO] [stdout] thread 'schema::tests::committed_schemas_are_the_generated_ones' (1750) panicked at src/schema/mod.rs:254:5:
[INFO] [stdout] docs/schema/transcript.schema.json is not the generated schema; run `RITE_UPDATE_SCHEMA=1 cargo test -p rite-model schema` and commit the result
[INFO] [stdout] stack backtrace:
[INFO] [stdout]    0:     0x5b76418d3341 - <<std[617be2ca0a6fd877]::sys::backtrace::BacktraceLock>::print::DisplayBacktrace as core[a373ad73a504971]::fmt::Display>::fmt
[INFO] [stdout]    1:     0x5b76418ea8ca - core[a373ad73a504971]::fmt::write
[INFO] [stdout]    2:     0x5b76418d762c - <alloc[2e1b2a31b91974c5]::vec::Vec<u8> as core[a373ad73a504971]::io::write::Write>::write_fmt
[INFO] [stdout]    3:     0x5b76418ae846 - std[617be2ca0a6fd877]::panicking::default_hook::{closure#0}
[INFO] [stdout]    4:     0x5b76418cb479 - std[617be2ca0a6fd877]::panicking::default_hook
[INFO] [stdout]    5:     0x5b7641837da0 - test[aada8e7e76ba119b]::test_main_inner::{closure#0}
[INFO] [stdout]    6:     0x5b76418cb632 - std[617be2ca0a6fd877]::panicking::panic_with_hook
[INFO] [stdout]    7:     0x5b76418ae8f2 - std[617be2ca0a6fd877]::panicking::panic_handler::{closure#0}
[INFO] [stdout]    8:     0x5b76418a7329 - std[617be2ca0a6fd877]::sys::backtrace::__rust_end_short_backtrace::<std[617be2ca0a6fd877]::panicking::panic_handler::{closure#0}, !>
[INFO] [stdout]    9:     0x5b76418af4fd - __rustc[ea4f61d10b84890b]::rust_begin_unwind
[INFO] [stdout]   10:     0x5b76418eb0ac - core[a373ad73a504971]::panicking::panic_fmt
[INFO] [stdout]   11:     0x5b764154ebd9 - rite_model[cfee124f066ba18f]::schema::check_committed
[INFO] [stdout]   12:     0x5b764158863b - <rite_model[cfee124f066ba18f]::schema::tests::committed_schemas_are_the_generated_ones::{closure#0} as core[a373ad73a504971]::ops::function::FnOnce<()>>::call_once
[INFO] [stdout]   13:     0x5b764182b1eb - test[aada8e7e76ba119b]::__rust_begin_short_backtrace::<core[a373ad73a504971]::result::Result<(), alloc[2e1b2a31b91974c5]::string::String>, fn() -> core[a373ad73a504971]::result::Result<(), alloc[2e1b2a31b91974c5]::string::String>>
[INFO] [stdout]   14:     0x5b76418383c5 - test[aada8e7e76ba119b]::run_test::{closure#0}
[INFO] [stdout]   15:     0x5b7641831cb4 - std[617be2ca0a6fd877]::sys::backtrace::__rust_begin_short_backtrace::<test[aada8e7e76ba119b]::run_test::{closure#1}, ()>
[INFO] [stdout]   16:     0x5b764183b452 - <std[617be2ca0a6fd877]::thread::lifecycle::spawn_unchecked<test[aada8e7e76ba119b]::run_test::{closure#1}, ()>::{closure#1} as core[a373ad73a504971]::ops::function::FnOnce<()>>::call_once::{shim:vtable#0}
[INFO] [stdout]   17:     0x5b76418d265f - <std[617be2ca0a6fd877]::sys::thread::unix::Thread>::new::thread_start
[INFO] [stdout]   18:     0x718e9b492dfa - <unknown>
[INFO] [stdout]   19:     0x718e9b5263d4 - clone
[INFO] [stdout]   20:                0x0 - <unknown>
[INFO] [stdout] 
[INFO] [stdout] ---- schema::tests::the_demo_bundle_indexes_match stdout ----
[INFO] [stdout] 
[INFO] [stdout] thread 'schema::tests::the_demo_bundle_indexes_match' (1754) panicked at src/schema/mod.rs:336:59:
[INFO] [stdout] /opt/rustwide/workdir/../../docs/demo/demo-bundle/bundle.json: No such file or directory (os error 2)
[INFO] [stdout] stack backtrace:
[INFO] [stdout]    0:     0x5b76418d3341 - <<std[617be2ca0a6fd877]::sys::backtrace::BacktraceLock>::print::DisplayBacktrace as core[a373ad73a504971]::fmt::Display>::fmt
[INFO] [stdout]    1:     0x5b76418ea8ca - core[a373ad73a504971]::fmt::write
[INFO] [stdout]    2:     0x5b76418d762c - <alloc[2e1b2a31b91974c5]::vec::Vec<u8> as core[a373ad73a504971]::io::write::Write>::write_fmt
[INFO] [stdout]    3:     0x5b76418ae846 - std[617be2ca0a6fd877]::panicking::default_hook::{closure#0}
[INFO] [stdout]    4:     0x5b76418cb479 - std[617be2ca0a6fd877]::panicking::default_hook
[INFO] [stdout]    5:     0x5b7641837da0 - test[aada8e7e76ba119b]::test_main_inner::{closure#0}
[INFO] [stdout]    6:     0x5b76418cb632 - std[617be2ca0a6fd877]::panicking::panic_with_hook
[INFO] [stdout]    7:     0x5b76418ae8f2 - std[617be2ca0a6fd877]::panicking::panic_handler::{closure#0}
[INFO] [stdout]    8:     0x5b76418a7329 - std[617be2ca0a6fd877]::sys::backtrace::__rust_end_short_backtrace::<std[617be2ca0a6fd877]::panicking::panic_handler::{closure#0}, !>
[INFO] [stdout]    9:     0x5b76418af4fd - __rustc[ea4f61d10b84890b]::rust_begin_unwind
[INFO] [stdout]   10:     0x5b76418eb0ac - core[a373ad73a504971]::panicking::panic_fmt
[INFO] [stdout]   11:     0x5b7641582d29 - rite_model[cfee124f066ba18f]::schema::tests::demo_file::{closure#0}
[INFO] [stdout]   12:     0x5b764158431a - rite_model[cfee124f066ba18f]::schema::tests::demo_file
[INFO] [stdout]   13:     0x5b764158705a - <rite_model[cfee124f066ba18f]::schema::tests::the_demo_bundle_indexes_match::{closure#0} as core[a373ad73a504971]::ops::function::FnOnce<()>>::call_once
[INFO] [stdout]   14:     0x5b764182b1eb - test[aada8e7e76ba119b]::__rust_begin_short_backtrace::<core[a373ad73a504971]::result::Result<(), alloc[2e1b2a31b91974c5]::string::String>, fn() -> core[a373ad73a504971]::result::Result<(), alloc[2e1b2a31b91974c5]::string::String>>
[INFO] [stdout]   15:     0x5b76418383c5 - test[aada8e7e76ba119b]::run_test::{closure#0}
[INFO] [stdout]   16:     0x5b7641831cb4 - std[617be2ca0a6fd877]::sys::backtrace::__rust_begin_short_backtrace::<test[aada8e7e76ba119b]::run_test::{closure#1}, ()>
[INFO] [stdout]   17:     0x5b764183b452 - <std[617be2ca0a6fd877]::thread::lifecycle::spawn_unchecked<test[aada8e7e76ba119b]::run_test::{closure#1}, ()>::{closure#1} as core[a373ad73a504971]::ops::function::FnOnce<()>>::call_once::{shim:vtable#0}
[INFO] [stdout]   18:     0x5b76418d265f - <std[617be2ca0a6fd877]::sys::thread::unix::Thread>::new::thread_start
[INFO] [stdout]   19:     0x718e9b492dfa - <unknown>
[INFO] [stdout]   20:     0x718e9b5263d4 - clone
[INFO] [stdout]   21:                0x0 - <unknown>
[INFO] [stdout] 
[INFO] [stdout] 
[INFO] [stdout] failures:
[INFO] [stdout]     schema::tests::committed_schemas_are_the_generated_ones
[INFO] [stdout]     schema::tests::every_line_of_the_demo_transcripts_matches
[INFO] [stdout]     schema::tests::the_demo_bundle_indexes_match
[INFO] [stdout] 
[INFO] [stdout] test result: FAILED. 160 passed; 3 failed; 0 ignored; 0 measured; 0 filtered out; finished in 0.05s
[INFO] [stdout] 
[INFO] [stderr] error: test failed, to rerun pass `--lib`
[INFO] running `Command { std: "docker" "inspect" "3f371f141145b7e507cfab2f7a91d84cc821efec4aad79f4a9776e9f95f7af61", kill_on_drop: false }`
[INFO] running `Command { std: "docker" "rm" "-f" "3f371f141145b7e507cfab2f7a91d84cc821efec4aad79f4a9776e9f95f7af61", kill_on_drop: false }`
[INFO] [stdout] 3f371f141145b7e507cfab2f7a91d84cc821efec4aad79f4a9776e9f95f7af61
