[INFO] fetching crate ristretto_resolver 0.34.0...
[INFO] testing ristretto_resolver-0.34.0 against 1.100.0-beta.1+cargoflags=--release for beta-release-1.100-2
[INFO] extracting crate ristretto_resolver 0.34.0 into /workspace/builds/worker-3-tc2/source
[INFO] started tweaking crates.io crate ristretto_resolver 0.34.0
[INFO] removed 0 missing tests
[INFO] finished tweaking crates.io crate ristretto_resolver 0.34.0
[INFO] tweaked toml for crates.io crate ristretto_resolver 0.34.0 written to /workspace/builds/worker-3-tc2/source/Cargo.toml
[INFO] validating manifest of crates.io crate ristretto_resolver 0.34.0 on toolchain 1.100.0-beta.1
[INFO] running `Command { std: CARGO_HOME="/workspace/cargo-home" RUSTUP_HOME="/workspace/rustup-home" "/workspace/cargo-home/bin/cargo" "+1.100.0-beta.1" "metadata" "--manifest-path" "Cargo.toml" "--no-deps", kill_on_drop: false }`
[INFO] crate crates.io crate ristretto_resolver 0.34.0 already has a lockfile, it will not be regenerated
[INFO] running `Command { std: CARGO_HOME="/workspace/cargo-home" RUSTUP_HOME="/workspace/rustup-home" "/workspace/cargo-home/bin/cargo" "+1.100.0-beta.1" "fetch" "--manifest-path" "Cargo.toml", kill_on_drop: false }`
[INFO] running `Command { std: "docker" "create" "-v" "/var/lib/crater-agent-workspace/builds/worker-3-tc2/source:/opt/rustwide/workdir:ro,Z" "-v" "/var/lib/crater-agent-workspace/builds/worker-3-tc2/target:/opt/rustwide/target:rw,Z" "-v" "/var/lib/crater-agent-workspace/cargo-home:/opt/rustwide/cargo-home:ro,Z" "-v" "/var/lib/crater-agent-workspace/rustup-home:/opt/rustwide/rustup-home:ro,Z" "-m" "1610612736" "--network" "none" "ghcr.io/rust-lang/crates-build-env/linux@sha256:77db811e55d90add9212f6832c23229e3de5f1c1f9905e8cb07319ea15df73ac" "sleep" "infinity", kill_on_drop: false }`
[INFO] [stdout] 9a341140709e61348256c8e7fd52a833e1fae2c5bb79217ba137ab35886976c2
[INFO] running `Command { std: "docker" "start" "9a341140709e61348256c8e7fd52a833e1fae2c5bb79217ba137ab35886976c2", kill_on_drop: false }`
[INFO] running `Command { std: "docker" "inspect" "9a341140709e61348256c8e7fd52a833e1fae2c5bb79217ba137ab35886976c2", kill_on_drop: false }`
[INFO] running `Command { std: "docker" "exec" "-e" "SOURCE_DIR=/opt/rustwide/workdir" "-e" "CARGO_HOME=/opt/rustwide/cargo-home" "-e" "RUSTUP_HOME=/opt/rustwide/rustup-home" "-e" "CARGO_TARGET_DIR=/opt/rustwide/target" "-w" "/opt/rustwide/workdir" "--user" "0:0" "9a341140709e61348256c8e7fd52a833e1fae2c5bb79217ba137ab35886976c2" "/opt/rustwide/cargo-home/bin/cargo" "+1.100.0-beta.1" "metadata" "--no-deps" "--format-version=1", kill_on_drop: false }`
[INFO] running `Command { std: "docker" "inspect" "9a341140709e61348256c8e7fd52a833e1fae2c5bb79217ba137ab35886976c2", kill_on_drop: false }`
[INFO] running `Command { std: "docker" "exec" "-e" "SOURCE_DIR=/opt/rustwide/workdir" "-e" "CARGO_HOME=/opt/rustwide/cargo-home" "-e" "RUSTUP_HOME=/opt/rustwide/rustup-home" "-e" "CARGO_TARGET_DIR=/opt/rustwide/target" "-e" "CARGO_INCREMENTAL=0" "-e" "RUST_BACKTRACE=full" "-e" "RUSTFLAGS=--cap-lints=warn" "-e" "RUSTDOCFLAGS=--cap-lints=warn" "-w" "/opt/rustwide/workdir" "--user" "0:0" "9a341140709e61348256c8e7fd52a833e1fae2c5bb79217ba137ab35886976c2" "/opt/rustwide/cargo-home/bin/cargo" "+1.100.0-beta.1" "build" "--frozen" "--message-format=json" "--release", kill_on_drop: false }`
[INFO] [stderr]    Compiling smallvec v1.16.2
[INFO] [stderr]    Compiling typenum v1.20.1
[INFO] [stderr]    Compiling syn v3.0.6
[INFO] [stderr]    Compiling rustls-pki-types v1.15.1
[INFO] [stderr]    Compiling rustls v0.23.45
[INFO] [stderr]    Compiling futures-util v0.3.34
[INFO] [stderr]    Compiling indexmap v2.14.2
[INFO] [stderr]    Compiling futures-channel v0.3.34
[INFO] [stderr]    Compiling aho-corasick v1.1.5
[INFO] [stderr]    Compiling cpufeatures v0.3.1
[INFO] [stderr]    Compiling regex-syntax v0.8.11
[INFO] [stderr]    Compiling bit-vec v0.8.0
[INFO] [stderr]    Compiling bit-set v0.8.0
[INFO] [stderr]    Compiling rustls-webpki v0.103.15
[INFO] [stderr]    Compiling rustls-native-certs v0.8.4
[INFO] [stderr]    Compiling hybrid-array v0.4.15
[INFO] [stderr]    Compiling block-buffer v0.12.1
[INFO] [stderr]    Compiling crypto-common v0.2.2
[INFO] [stderr]    Compiling regex-automata v0.4.18
[INFO] [stderr]    Compiling digest v0.11.3
[INFO] [stderr]    Compiling md-5 v0.11.0
[INFO] [stderr]    Compiling sha1 v0.11.0
[INFO] [stderr]    Compiling sha2 v0.11.0
[INFO] [stderr]    Compiling synstructure v0.14.0
[INFO] [stderr]    Compiling zerofrom-derive v0.1.8
[INFO] [stderr]    Compiling yoke-derive v0.8.3
[INFO] [stderr]    Compiling zerovec-derive v0.11.6
[INFO] [stderr]    Compiling displaydoc v0.2.7
[INFO] [stderr]    Compiling tokio-macros v2.7.2
[INFO] [stderr]    Compiling serde_derive v1.0.229
[INFO] [stderr]    Compiling thiserror-impl v2.0.21
[INFO] [stderr]    Compiling tokio v1.53.1
[INFO] [stderr]    Compiling thiserror v2.0.21
[INFO] [stderr]    Compiling zerofrom v0.1.8
[INFO] [stderr]    Compiling yoke v0.8.3
[INFO] [stderr]    Compiling zerovec v0.11.8
[INFO] [stderr]    Compiling zerotrie v0.2.5
[INFO] [stderr]    Compiling rustls-platform-verifier v0.7.1
[INFO] [stderr]    Compiling fancy-regex v0.19.2
[INFO] [stderr]    Compiling tinystr v0.8.4
[INFO] [stderr]    Compiling potential_utf v0.1.6
[INFO] [stderr]    Compiling icu_locale_core v2.3.0
[INFO] [stderr]    Compiling icu_collections v2.3.0
[INFO] [stderr]    Compiling serde v1.0.229
[INFO] [stderr]    Compiling quick-xml v0.42.0
[INFO] [stderr]    Compiling icu_provider v2.3.1
[INFO] [stderr]    Compiling icu_properties v2.3.0
[INFO] [stderr]    Compiling icu_normalizer v2.3.0
[INFO] [stderr]    Compiling tokio-util v0.7.19
[INFO] [stderr]    Compiling tokio-rustls v0.26.5
[INFO] [stderr]    Compiling tower v0.5.3
[INFO] [stderr]    Compiling idna_adapter v1.2.2
[INFO] [stderr]    Compiling idna v1.1.0
[INFO] [stderr]    Compiling ristretto_pom v0.34.0
[INFO] [stderr]    Compiling url v2.5.8
[INFO] [stderr]    Compiling h2 v0.4.19
[INFO] [stderr]    Compiling tower-http v0.6.11
[INFO] [stderr]    Compiling hyper v1.11.1
[INFO] [stderr]    Compiling hyper-util v0.1.21
[INFO] [stderr]    Compiling hyper-rustls v0.27.10
[INFO] [stderr]    Compiling reqwest v0.13.5
[INFO] [stderr]    Compiling ristretto_resolver v0.34.0 (/opt/rustwide/workdir)
[INFO] [stderr]     Finished `release` profile [optimized] target(s) in 1m 56s
[INFO] running `Command { std: "docker" "inspect" "9a341140709e61348256c8e7fd52a833e1fae2c5bb79217ba137ab35886976c2", kill_on_drop: false }`
[INFO] running `Command { std: "docker" "exec" "-e" "SOURCE_DIR=/opt/rustwide/workdir" "-e" "CARGO_HOME=/opt/rustwide/cargo-home" "-e" "RUSTUP_HOME=/opt/rustwide/rustup-home" "-e" "CARGO_TARGET_DIR=/opt/rustwide/target" "-e" "CARGO_INCREMENTAL=0" "-e" "RUST_BACKTRACE=full" "-e" "RUSTFLAGS=--cap-lints=warn" "-e" "RUSTDOCFLAGS=--cap-lints=warn" "-w" "/opt/rustwide/workdir" "--user" "0:0" "9a341140709e61348256c8e7fd52a833e1fae2c5bb79217ba137ab35886976c2" "/opt/rustwide/cargo-home/bin/cargo" "+1.100.0-beta.1" "test" "--frozen" "--no-run" "--message-format=json" "--release", kill_on_drop: false }`
[INFO] [stderr]    Compiling tokio v1.53.1
[INFO] [stderr]    Compiling serde_json v1.0.151
[INFO] [stderr]    Compiling getrandom v0.4.3
[INFO] [stderr]    Compiling tempfile v3.27.0
[INFO] [stderr]    Compiling tokio-util v0.7.19
[INFO] [stderr]    Compiling tokio-rustls v0.26.5
[INFO] [stderr]    Compiling tower v0.5.3
[INFO] [stderr]    Compiling tower-http v0.6.11
[INFO] [stderr]    Compiling h2 v0.4.19
[INFO] [stderr]    Compiling hyper v1.11.1
[INFO] [stderr]    Compiling hyper-util v0.1.21
[INFO] [stderr]    Compiling hyper-rustls v0.27.10
[INFO] [stderr]    Compiling reqwest v0.13.5
[INFO] [stderr]    Compiling ristretto_resolver v0.34.0 (/opt/rustwide/workdir)
[INFO] [stderr]     Finished `release` profile [optimized] target(s) in 2m 06s
[INFO] running `Command { std: "docker" "inspect" "9a341140709e61348256c8e7fd52a833e1fae2c5bb79217ba137ab35886976c2", kill_on_drop: false }`
[INFO] running `Command { std: "docker" "exec" "-e" "SOURCE_DIR=/opt/rustwide/workdir" "-e" "CARGO_HOME=/opt/rustwide/cargo-home" "-e" "RUSTUP_HOME=/opt/rustwide/rustup-home" "-e" "CARGO_TARGET_DIR=/opt/rustwide/target" "-e" "CARGO_INCREMENTAL=0" "-e" "RUST_BACKTRACE=full" "-e" "RUSTFLAGS=--cap-lints=warn" "-e" "RUSTDOCFLAGS=--cap-lints=warn" "-w" "/opt/rustwide/workdir" "--user" "0:0" "9a341140709e61348256c8e7fd52a833e1fae2c5bb79217ba137ab35886976c2" "/opt/rustwide/cargo-home/bin/cargo" "+1.100.0-beta.1" "test" "--frozen" "--release", kill_on_drop: false }`
[INFO] [stderr]     Finished `release` profile [optimized] target(s) in 0.25s
[INFO] [stdout] 
[INFO] [stderr]      Running unittests src/lib.rs (/opt/rustwide/target/release/build/ristretto_resolver/64d649e1af3f29e1/out/ristretto_resolver-64d649e1af3f29e1)
[INFO] [stdout] running 66 tests
[INFO] [stdout] test cache::tests::metadata_cache_repository_ids_are_collision_free ... ok
[INFO] [stdout] test coordinate::tests::builds_all_repository_paths_and_display_forms ... ok
[INFO] [stdout] test coordinate::tests::coordinate_round_trip ... ok
[INFO] [stdout] test coordinate::tests::rejects_malformed_coordinate_forms_and_components ... ok
[INFO] [stdout] test coordinate::tests::rejects_unsafe_paths ... ok
[INFO] [stdout] test coordinate::tests::serde_rejects_coordinates_that_bypass_constructors ... ok
[INFO] [stdout] test condition::tests::covers_maven_condition_value_function_and_parser_edge_paths ... ok
[INFO] [stdout] test condition::tests::interpolates_condition_paths_with_all_property_sources ... ok
[INFO] [stdout] test condition::tests::evaluates_maven_condition_functions_and_comparisons ... ok
[INFO] [stdout] test graph::tests::inspects_and_reattaches_resolution_graphs ... ok
[INFO] [stdout] test context::tests::constructs_host_and_explicit_activation_contexts ... ok
[INFO] [stdout] test metadata::tests::merges_duplicate_versions_and_selects_newest_snapshot_entry ... ok
[INFO] [stdout] test metadata::tests::special_selectors_honor_repository_markers ... ok
[INFO] [stdout] test metadata::tests::validates_metadata_coordinates_and_snapshot_fallbacks ... ok
[INFO] [stdout] test metadata::tests::parses_version_and_snapshot_metadata ... ok
[INFO] [stdout] test metadata::tests::merges_provenance_policies_and_selector_fallbacks ... ok
[INFO] [stdout] test override_rule::tests::narrows_override_matchers_by_extension_and_classifier ... ok
[INFO] [stdout] test repository::tests::applies_mirror_patterns ... ok
[INFO] [stdout] test condition::tests::evaluates_exists_missing_and_rejects_invalid_expressions ... ok
[INFO] [stdout] test error::tests::converts_reqwest_errors_without_urls ... FAILED
[INFO] [stdout] test cache::tests::handles_tracking_and_atomic_write_edge_paths ... ok
[INFO] [stdout] test repository::tests::normalizes_and_joins_repository_url ... ok
[INFO] [stdout] test repository::tests::rejects_credentials_embedded_in_urls ... ok
[INFO] [stdout] test repository::tests::rejects_escaping_resource_paths ... ok
[INFO] [stdout] test repository::tests::update_and_repository_policies_cover_release_and_snapshot_paths ... ok
[INFO] [stdout] test repository::tests::validates_every_resource_url_component_and_mirror_kind ... ok
[INFO] [stdout] test resolver::checksum_tests::covers_imported_bom_exclusion_boundary ... ok
[INFO] [stdout] test repository::tests::secrets_and_authentication_debug_output_are_redacted ... ok
[INFO] [stdout] test repository::tests::rejects_invalid_repository_and_proxy_configuration ... ok
[INFO] [stdout] test repository::tests::rejects_resource_urls_outside_repository ... ok
[INFO] [stdout] test resolver::checksum_tests::covers_pom_repository_conversion_and_builder_validation ... ok
[INFO] [stdout] test resolver::checksum_tests::covers_os_jdk_scope_override_and_checksum_helpers ... ok
[INFO] [stdout] test graph::tests::rejects_tampered_resolution_locks ... ok
[INFO] [stdout] test resolver::checksum_tests::covers_raw_coordinates_and_dependency_merge_precedence ... ok
[INFO] [stdout] test resolver::checksum_tests::covers_version_selection_repository_boundaries ... ok
[INFO] [stdout] test resolver::checksum_tests::exact_mirror_precedes_an_earlier_wildcard_and_preserves_policies ... ok
[INFO] [stdout] test resolver::checksum_tests::parses_common_checksum_sidecar_formats ... ok
[INFO] [stdout] test resolver::checksum_tests::covers_local_system_and_artifact_selection_boundaries ... ok
[INFO] [stdout] test resolver::checksum_tests::covers_request_builder_classpath_and_artifact_type_boundaries ... ok
[INFO] [stdout] test transport::tests::non_proxy_host_patterns_are_case_insensitive_globs ... ok
[INFO] [stdout] test transport::tests::configures_explicit_tls_trust ... ok
[INFO] [stdout] test resolver::checksum_tests::covers_interpolation_and_activation_boundaries ... ok
[INFO] [stdout] test resolver::checksum_tests::covers_graph_resolution_policy_boundaries ... ok
[INFO] [stdout] test destination::tests::rejects_symlink_escapes_and_symlink_targets ... ok
[INFO] [stdout] test destination::tests::rejects_invalid_artifacts_and_commit_destination_errors ... ok
[INFO] [stdout] test version::tests::follows_maven_comparable_version_reference_vectors ... ok
[INFO] [stdout] test version::tests::covers_internal_comparison_item_combinations ... ok
[INFO] [stdout] test version::tests::orders_common_versions ... ok
[INFO] [stdout] test version::tests::parses_union_ranges ... ok
[INFO] [stdout] test transport::tests::reads_file_transport_resources_and_helpers ... ok
[INFO] [stdout] test transport::tests::reports_file_transport_permission_errors ... FAILED
[INFO] [stdout] test transport::tests::rejects_file_repository_symlinks_that_escape_the_root ... ok
[INFO] [stdout] test version::tests::propagates_formatter_failures ... ok
[INFO] [stdout] test destination::tests::commits_aborts_and_rejects_closed_file_transactions ... ok
[INFO] [stdout] test version::tests::follows_maven_separator_and_alias_ordering ... ok
[INFO] [stdout] test version::tests::rejects_malformed_range_unions ... ok
[INFO] [stdout] test version::tests::covers_selectors_ranges_and_version_parser_edges ... ok
[INFO] [stdout] test cache::tests::stores_reads_and_isolates_cached_resources ... ok
[INFO] [stdout] test destination::tests::handles_file_collisions_and_permission_failures ... FAILED
[INFO] [stdout] test cache::tests::applies_metadata_staleness_and_cache_transactions ... ok
[INFO] [stdout] test cache::tests::handles_atomic_write_collisions_and_permission_failures ... FAILED
[INFO] [stdout] test resolver::checksum_tests::covers_metadata_and_materialization_failure_boundaries ... ok
[INFO] [stdout] test transport::tests::applies_and_bypasses_http_proxies ... ok
[INFO] [stdout] test resolver::checksum_tests::covers_effective_model_failure_boundaries ... ok
[INFO] [stdout] test transport::tests::performs_http_requests_with_every_authentication_kind ... ok
[INFO] [stdout] test transport::tests::handles_http_statuses_invalid_headers_and_cross_origin_redirects ... ok
[INFO] [stdout] 
[INFO] [stdout] failures:
[INFO] [stdout] 
[INFO] [stdout] ---- error::tests::converts_reqwest_errors_without_urls stdout ----
[INFO] [stdout] 
[INFO] [stdout] thread 'error::tests::converts_reqwest_errors_without_urls' (1752) panicked at /opt/rustwide/cargo-home/registry/src/index.crates.io-1949cf8c6b5b557f/reqwest-0.13.5/src/async_impl/client.rs:2501:5:
[INFO] [stdout] No rustls crypto provider is configured. When using the `rustls-no-provider` feature you must install a crypto provider before building a Client. For example: `rustls::crypto::aws_lc_rs::default_provider().install_default().unwrap();` See https://docs.rs/rustls/latest/rustls/#cryptography-providers for details.
[INFO] [stdout] stack backtrace:
[INFO] [stdout]    0:     0x5e3044a3f271 - <<std[617be2ca0a6fd877]::sys::backtrace::BacktraceLock>::print::DisplayBacktrace as core[a373ad73a504971]::fmt::Display>::fmt
[INFO] [stdout]    1:     0x5e3044a588aa - core[a373ad73a504971]::fmt::write
[INFO] [stdout]    2:     0x5e3044a445cc - <alloc[2e1b2a31b91974c5]::vec::Vec<u8> as core[a373ad73a504971]::io::write::Write>::write_fmt
[INFO] [stdout]    3:     0x5e3044a16bf6 - std[617be2ca0a6fd877]::panicking::default_hook::{closure#0}
[INFO] [stdout]    4:     0x5e3044a35329 - std[617be2ca0a6fd877]::panicking::default_hook
[INFO] [stdout]    5:     0x5e304466fb70 - test[aada8e7e76ba119b]::test_main_inner::{closure#0}
[INFO] [stdout]    6:     0x5e3044a35652 - std[617be2ca0a6fd877]::panicking::panic_with_hook
[INFO] [stdout]    7:     0x5e3044a16cd4 - std[617be2ca0a6fd877]::panicking::panic_handler::{closure#0}
[INFO] [stdout]    8:     0x5e3044a0f4c9 - std[617be2ca0a6fd877]::sys::backtrace::__rust_end_short_backtrace::<std[617be2ca0a6fd877]::panicking::panic_handler::{closure#0}, !>
[INFO] [stdout]    9:     0x5e3044a17d3d - __rustc[ea4f61d10b84890b]::rust_begin_unwind
[INFO] [stdout]   10:     0x5e3044a5908c - core[a373ad73a504971]::panicking::panic_fmt
[INFO] [stdout]   11:     0x5e30446ee33e - <reqwest[39002d1bcbbfd3eb]::async_impl::client::ClientBuilder>::build
[INFO] [stdout]   12:     0x5e30446f115f - <reqwest[39002d1bcbbfd3eb]::async_impl::client::Client as core[a373ad73a504971]::default::Default>::default
[INFO] [stdout]   13:     0x5e30445dfa15 - <ristretto_resolver[a7f3af58b942efe0]::error::tests::converts_reqwest_errors_without_urls::{closure#0} as core[a373ad73a504971]::ops::function::FnOnce<()>>::call_once
[INFO] [stdout]   14:     0x5e3044662fbb - test[aada8e7e76ba119b]::__rust_begin_short_backtrace::<core[a373ad73a504971]::result::Result<(), alloc[2e1b2a31b91974c5]::string::String>, fn() -> core[a373ad73a504971]::result::Result<(), alloc[2e1b2a31b91974c5]::string::String>>
[INFO] [stdout]   15:     0x5e3044670195 - test[aada8e7e76ba119b]::run_test::{closure#0}
[INFO] [stdout]   16:     0x5e3044669a84 - std[617be2ca0a6fd877]::sys::backtrace::__rust_begin_short_backtrace::<test[aada8e7e76ba119b]::run_test::{closure#1}, ()>
[INFO] [stdout]   17:     0x5e3044673222 - <std[617be2ca0a6fd877]::thread::lifecycle::spawn_unchecked<test[aada8e7e76ba119b]::run_test::{closure#1}, ()>::{closure#1} as core[a373ad73a504971]::ops::function::FnOnce<()>>::call_once::{shim:vtable#0}
[INFO] [stdout]   18:     0x5e3044a3decf - <std[617be2ca0a6fd877]::sys::thread::unix::Thread>::new::thread_start
[INFO] [stdout]   19:     0x7ea15c0e0dfa - <unknown>
[INFO] [stdout]   20:     0x7ea15c1743d4 - clone
[INFO] [stdout]   21:                0x0 - <unknown>
[INFO] [stdout] 
[INFO] [stdout] ---- transport::tests::reports_file_transport_permission_errors stdout ----
[INFO] [stdout] 
[INFO] [stdout] thread 'transport::tests::reports_file_transport_permission_errors' (1832) panicked at src/transport.rs:920:9:
[INFO] [stdout] assertion failed: transport_error.is_err()
[INFO] [stdout] stack backtrace:
[INFO] [stdout]    0:     0x5e3044a3f271 - <<std[617be2ca0a6fd877]::sys::backtrace::BacktraceLock>::print::DisplayBacktrace as core[a373ad73a504971]::fmt::Display>::fmt
[INFO] [stdout]    1:     0x5e3044a588aa - core[a373ad73a504971]::fmt::write
[INFO] [stdout]    2:     0x5e3044a445cc - <alloc[2e1b2a31b91974c5]::vec::Vec<u8> as core[a373ad73a504971]::io::write::Write>::write_fmt
[INFO] [stdout]    3:     0x5e3044a16bf6 - std[617be2ca0a6fd877]::panicking::default_hook::{closure#0}
[INFO] [stdout]    4:     0x5e3044a35329 - std[617be2ca0a6fd877]::panicking::default_hook
[INFO] [stdout]    5:     0x5e304466fb70 - test[aada8e7e76ba119b]::test_main_inner::{closure#0}
[INFO] [stdout]    6:     0x5e3044a35652 - std[617be2ca0a6fd877]::panicking::panic_with_hook
[INFO] [stdout]    7:     0x5e3044a16cd4 - std[617be2ca0a6fd877]::panicking::panic_handler::{closure#0}
[INFO] [stdout]    8:     0x5e3044a0f4c9 - std[617be2ca0a6fd877]::sys::backtrace::__rust_end_short_backtrace::<std[617be2ca0a6fd877]::panicking::panic_handler::{closure#0}, !>
[INFO] [stdout]    9:     0x5e3044a17d3d - __rustc[ea4f61d10b84890b]::rust_begin_unwind
[INFO] [stdout]   10:     0x5e3044a5908c - core[a373ad73a504971]::panicking::panic_fmt
[INFO] [stdout]   11:     0x5e3044a59052 - core[a373ad73a504971]::panicking::panic
[INFO] [stdout]   12:     0x5e30445f504d - ristretto_resolver[a7f3af58b942efe0]::transport::tests::reports_file_transport_permission_errors::{closure#0}
[INFO] [stdout]   13:     0x5e3044565e8b - <tokio[8a560ab1878c0fde]::runtime::scheduler::current_thread::CurrentThread>::block_on::<core[a373ad73a504971]::pin::Pin<&mut dyn core[a373ad73a504971]::future::future::Future<Output = ()>>>
[INFO] [stdout]   14:     0x5e304457cae2 - <tokio[8a560ab1878c0fde]::runtime::runtime::Runtime>::block_on::<core[a373ad73a504971]::pin::Pin<&mut dyn core[a373ad73a504971]::future::future::Future<Output = ()>>>
[INFO] [stdout]   15:     0x5e30446085de - <ristretto_resolver[a7f3af58b942efe0]::transport::tests::reports_file_transport_permission_errors::{closure#0} as core[a373ad73a504971]::ops::function::FnOnce<()>>::call_once
[INFO] [stdout]   16:     0x5e3044662fbb - test[aada8e7e76ba119b]::__rust_begin_short_backtrace::<core[a373ad73a504971]::result::Result<(), alloc[2e1b2a31b91974c5]::string::String>, fn() -> core[a373ad73a504971]::result::Result<(), alloc[2e1b2a31b91974c5]::string::String>>
[INFO] [stdout]   17:     0x5e3044670195 - test[aada8e7e76ba119b]::run_test::{closure#0}
[INFO] [stdout]   18:     0x5e3044669a84 - std[617be2ca0a6fd877]::sys::backtrace::__rust_begin_short_backtrace::<test[aada8e7e76ba119b]::run_test::{closure#1}, ()>
[INFO] [stdout]   19:     0x5e3044673222 - <std[617be2ca0a6fd877]::thread::lifecycle::spawn_unchecked<test[aada8e7e76ba119b]::run_test::{closure#1}, ()>::{closure#1} as core[a373ad73a504971]::ops::function::FnOnce<()>>::call_once::{shim:vtable#0}
[INFO] [stdout]   20:     0x5e3044a3decf - <std[617be2ca0a6fd877]::sys::thread::unix::Thread>::new::thread_start
[INFO] [stdout]   21:     0x7ea15c0e0dfa - <unknown>
[INFO] [stdout]   22:     0x7ea15c1743d4 - clone
[INFO] [stdout]   23:                0x0 - <unknown>
[INFO] [stdout] 
[INFO] [stdout] ---- destination::tests::handles_file_collisions_and_permission_failures stdout ----
[INFO] [stdout] 
[INFO] [stdout] thread 'destination::tests::handles_file_collisions_and_permission_failures' (1748) panicked at src/destination.rs:548:9:
[INFO] [stdout] assertion failed: open_error.is_err()
[INFO] [stdout] stack backtrace:
[INFO] [stdout]    0:     0x5e3044a3f271 - <<std[617be2ca0a6fd877]::sys::backtrace::BacktraceLock>::print::DisplayBacktrace as core[a373ad73a504971]::fmt::Display>::fmt
[INFO] [stdout]    1:     0x5e3044a588aa - core[a373ad73a504971]::fmt::write
[INFO] [stdout]    2:     0x5e3044a445cc - <alloc[2e1b2a31b91974c5]::vec::Vec<u8> as core[a373ad73a504971]::io::write::Write>::write_fmt
[INFO] [stdout]    3:     0x5e3044a16bf6 - std[617be2ca0a6fd877]::panicking::default_hook::{closure#0}
[INFO] [stdout]    4:     0x5e3044a35329 - std[617be2ca0a6fd877]::panicking::default_hook
[INFO] [stdout]    5:     0x5e304466fb70 - test[aada8e7e76ba119b]::test_main_inner::{closure#0}
[INFO] [stdout]    6:     0x5e3044a35652 - std[617be2ca0a6fd877]::panicking::panic_with_hook
[INFO] [stdout]    7:     0x5e3044a16cd4 - std[617be2ca0a6fd877]::panicking::panic_handler::{closure#0}
[INFO] [stdout]    8:     0x5e3044a0f4c9 - std[617be2ca0a6fd877]::sys::backtrace::__rust_end_short_backtrace::<std[617be2ca0a6fd877]::panicking::panic_handler::{closure#0}, !>
[INFO] [stdout]    9:     0x5e3044a17d3d - __rustc[ea4f61d10b84890b]::rust_begin_unwind
[INFO] [stdout]   10:     0x5e3044a5908c - core[a373ad73a504971]::panicking::panic_fmt
[INFO] [stdout]   11:     0x5e3044a59052 - core[a373ad73a504971]::panicking::panic
[INFO] [stdout]   12:     0x5e304464d3e5 - ristretto_resolver[a7f3af58b942efe0]::destination::tests::handles_file_collisions_and_permission_failures::{closure#0}
[INFO] [stdout]   13:     0x5e3044565e8b - <tokio[8a560ab1878c0fde]::runtime::scheduler::current_thread::CurrentThread>::block_on::<core[a373ad73a504971]::pin::Pin<&mut dyn core[a373ad73a504971]::future::future::Future<Output = ()>>>
[INFO] [stdout]   14:     0x5e304457cae2 - <tokio[8a560ab1878c0fde]::runtime::runtime::Runtime>::block_on::<core[a373ad73a504971]::pin::Pin<&mut dyn core[a373ad73a504971]::future::future::Future<Output = ()>>>
[INFO] [stdout]   15:     0x5e30446586be - <ristretto_resolver[a7f3af58b942efe0]::destination::tests::handles_file_collisions_and_permission_failures::{closure#0} as core[a373ad73a504971]::ops::function::FnOnce<()>>::call_once
[INFO] [stdout]   16:     0x5e3044662fbb - test[aada8e7e76ba119b]::__rust_begin_short_backtrace::<core[a373ad73a504971]::result::Result<(), alloc[2e1b2a31b91974c5]::string::String>, fn() -> core[a373ad73a504971]::result::Result<(), alloc[2e1b2a31b91974c5]::string::String>>
[INFO] [stdout]   17:     0x5e3044670195 - test[aada8e7e76ba119b]::run_test::{closure#0}
[INFO] [stdout]   18:     0x5e3044669a84 - std[617be2ca0a6fd877]::sys::backtrace::__rust_begin_short_backtrace::<test[aada8e7e76ba119b]::run_test::{closure#1}, ()>
[INFO] [stdout]   19:     0x5e3044673222 - <std[617be2ca0a6fd877]::thread::lifecycle::spawn_unchecked<test[aada8e7e76ba119b]::run_test::{closure#1}, ()>::{closure#1} as core[a373ad73a504971]::ops::function::FnOnce<()>>::call_once::{shim:vtable#0}
[INFO] [stdout]   20:     0x5e3044a3decf - <std[617be2ca0a6fd877]::sys::thread::unix::Thread>::new::thread_start
[INFO] [stdout]   21:     0x7ea15c0e0dfa - <unknown>
[INFO] [stdout]   22:     0x7ea15c1743d4 - clone
[INFO] [stdout]   23:                0x0 - <unknown>
[INFO] [stdout] 
[INFO] [stdout] ---- cache::tests::handles_atomic_write_collisions_and_permission_failures stdout ----
[INFO] [stdout] 
[INFO] [stdout] thread 'cache::tests::handles_atomic_write_collisions_and_permission_failures' (1727) panicked at src/cache.rs:466:9:
[INFO] [stdout] assertion failed: error.is_err()
[INFO] [stdout] stack backtrace:
[INFO] [stdout]    0:     0x5e3044a3f271 - <<std[617be2ca0a6fd877]::sys::backtrace::BacktraceLock>::print::DisplayBacktrace as core[a373ad73a504971]::fmt::Display>::fmt
[INFO] [stdout]    1:     0x5e3044a588aa - core[a373ad73a504971]::fmt::write
[INFO] [stdout]    2:     0x5e3044a445cc - <alloc[2e1b2a31b91974c5]::vec::Vec<u8> as core[a373ad73a504971]::io::write::Write>::write_fmt
[INFO] [stdout]    3:     0x5e3044a16bf6 - std[617be2ca0a6fd877]::panicking::default_hook::{closure#0}
[INFO] [stdout]    4:     0x5e3044a35329 - std[617be2ca0a6fd877]::panicking::default_hook
[INFO] [stdout]    5:     0x5e304466fb70 - test[aada8e7e76ba119b]::test_main_inner::{closure#0}
[INFO] [stdout]    6:     0x5e3044a35652 - std[617be2ca0a6fd877]::panicking::panic_with_hook
[INFO] [stdout]    7:     0x5e3044a16cd4 - std[617be2ca0a6fd877]::panicking::panic_handler::{closure#0}
[INFO] [stdout]    8:     0x5e3044a0f4c9 - std[617be2ca0a6fd877]::sys::backtrace::__rust_end_short_backtrace::<std[617be2ca0a6fd877]::panicking::panic_handler::{closure#0}, !>
[INFO] [stdout]    9:     0x5e3044a17d3d - __rustc[ea4f61d10b84890b]::rust_begin_unwind
[INFO] [stdout]   10:     0x5e3044a5908c - core[a373ad73a504971]::panicking::panic_fmt
[INFO] [stdout]   11:     0x5e3044a59052 - core[a373ad73a504971]::panicking::panic
[INFO] [stdout]   12:     0x5e304461f2f3 - ristretto_resolver[a7f3af58b942efe0]::cache::tests::handles_atomic_write_collisions_and_permission_failures::{closure#0}
[INFO] [stdout]   13:     0x5e3044565e8b - <tokio[8a560ab1878c0fde]::runtime::scheduler::current_thread::CurrentThread>::block_on::<core[a373ad73a504971]::pin::Pin<&mut dyn core[a373ad73a504971]::future::future::Future<Output = ()>>>
[INFO] [stdout]   14:     0x5e304457cae2 - <tokio[8a560ab1878c0fde]::runtime::runtime::Runtime>::block_on::<core[a373ad73a504971]::pin::Pin<&mut dyn core[a373ad73a504971]::future::future::Future<Output = ()>>>
[INFO] [stdout]   15:     0x5e3044622c8e - <ristretto_resolver[a7f3af58b942efe0]::cache::tests::handles_atomic_write_collisions_and_permission_failures::{closure#0} as core[a373ad73a504971]::ops::function::FnOnce<()>>::call_once
[INFO] [stdout]   16:     0x5e3044662fbb - test[aada8e7e76ba119b]::__rust_begin_short_backtrace::<core[a373ad73a504971]::result::Result<(), alloc[2e1b2a31b91974c5]::string::String>, fn() -> core[a373ad73a504971]::result::Result<(), alloc[2e1b2a31b91974c5]::string::String>>
[INFO] [stdout]   17:     0x5e3044670195 - test[aada8e7e76ba119b]::run_test::{closure#0}
[INFO] [stdout]   18:     0x5e3044669a84 - std[617be2ca0a6fd877]::sys::backtrace::__rust_begin_short_backtrace::<test[aada8e7e76ba119b]::run_test::{closure#1}, ()>
[INFO] [stdout]   19:     0x5e3044673222 - <std[617be2ca0a6fd877]::thread::lifecycle::spawn_unchecked<test[aada8e7e76ba119b]::run_test::{closure#1}, ()>::{closure#1} as core[a373ad73a504971]::ops::function::FnOnce<()>>::call_once::{shim:vtable#0}
[INFO] [stdout]   20:     0x5e3044a3decf - <std[617be2ca0a6fd877]::sys::thread::unix::Thread>::new::thread_start
[INFO] [stdout]   21:     0x7ea15c0e0dfa - <unknown>
[INFO] [stdout]   22:     0x7ea15c1743d4 - clone
[INFO] [stdout]   23:                0x0 - <unknown>
[INFO] [stdout] 
[INFO] [stdout] 
[INFO] [stdout] failures:
[INFO] [stdout]     cache::tests::handles_atomic_write_collisions_and_permission_failures
[INFO] [stdout]     destination::tests::handles_file_collisions_and_permission_failures
[INFO] [stdout]     error::tests::converts_reqwest_errors_without_urls
[INFO] [stdout]     transport::tests::reports_file_transport_permission_errors
[INFO] [stdout] 
[INFO] [stdout] test result: FAILED. 62 passed; 4 failed; 0 ignored; 0 measured; 0 filtered out; finished in 0.38s
[INFO] [stdout] 
[INFO] [stderr] error: test failed, to rerun pass `--lib`
[INFO] running `Command { std: "docker" "inspect" "9a341140709e61348256c8e7fd52a833e1fae2c5bb79217ba137ab35886976c2", kill_on_drop: false }`
[INFO] running `Command { std: "docker" "rm" "-f" "9a341140709e61348256c8e7fd52a833e1fae2c5bb79217ba137ab35886976c2", kill_on_drop: false }`
[INFO] [stdout] 9a341140709e61348256c8e7fd52a833e1fae2c5bb79217ba137ab35886976c2
