[INFO] fetching crate risearch 3.0.0-alpha.4...
[INFO] testing risearch-3.0.0-alpha.4 against 1.99.0-beta.8+cargoflags=--release for beta-release-1.100-2
[INFO] extracting crate risearch 3.0.0-alpha.4 into /workspace/builds/worker-1-tc1/source
[INFO] started tweaking crates.io crate risearch 3.0.0-alpha.4
[INFO] finished tweaking crates.io crate risearch 3.0.0-alpha.4
[INFO] tweaked toml for crates.io crate risearch 3.0.0-alpha.4 written to /workspace/builds/worker-1-tc1/source/Cargo.toml
[INFO] validating manifest of crates.io crate risearch 3.0.0-alpha.4 on toolchain 1.99.0-beta.8
[INFO] running `Command { std: CARGO_HOME="/workspace/cargo-home" RUSTUP_HOME="/workspace/rustup-home" "/workspace/cargo-home/bin/cargo" "+1.99.0-beta.8" "metadata" "--manifest-path" "Cargo.toml" "--no-deps", kill_on_drop: false }`
[INFO] crate crates.io crate risearch 3.0.0-alpha.4 already has a lockfile, it will not be regenerated
[INFO] running `Command { std: CARGO_HOME="/workspace/cargo-home" RUSTUP_HOME="/workspace/rustup-home" "/workspace/cargo-home/bin/cargo" "+1.99.0-beta.8" "fetch" "--manifest-path" "Cargo.toml", kill_on_drop: false }`
[INFO] [stderr]     Updating crates.io index
[INFO] [stderr]  Downloading crates ...
[INFO] [stderr]   Downloaded find-msvc-tools v0.1.12
[INFO] [stderr]   Downloaded bytecheck_derive v0.8.3
[INFO] [stderr]   Downloaded rend v0.5.4
[INFO] [stderr]   Downloaded bytecheck v0.8.3
[INFO] [stderr]   Downloaded zstd-safe v7.3.0
[INFO] [stderr]   Downloaded wasm-bindgen-shared v0.2.128
[INFO] [stderr]   Downloaded mimalloc v0.1.52
[INFO] [stderr]   Downloaded munge_macro v0.4.7
[INFO] [stderr]   Downloaded munge v0.4.7
[INFO] [stderr]   Downloaded rancor v0.1.3
[INFO] [stderr]   Downloaded openmp-sys v1.3.0
[INFO] [stderr]   Downloaded env_filter v2.0.0
[INFO] [stderr]   Downloaded wasm-bindgen-macro v0.2.128
[INFO] [stderr]   Downloaded ptr_meta v0.3.2
[INFO] [stderr]   Downloaded ptr_meta_derive v0.3.2
[INFO] [stderr]   Downloaded env_logger v0.11.11
[INFO] [stderr]   Downloaded page_size v0.6.0
[INFO] [stderr]   Downloaded alloca v0.4.0
[INFO] [stderr]   Downloaded rkyv_derive v0.8.18
[INFO] [stderr]   Downloaded buffer-redux v1.1.0
[INFO] [stderr]   Downloaded criterion-plot v0.8.2
[INFO] [stderr]   Downloaded bzip2 v0.6.1
[INFO] [stderr]   Downloaded fs-err v3.3.1
[INFO] [stderr]   Downloaded futures-timer v3.0.4
[INFO] [stderr]   Downloaded tinyvec v1.13.2
[INFO] [stderr]   Downloaded liblzma v0.3.6
[INFO] [stderr]   Downloaded libsais v0.2.0
[INFO] [stderr]   Downloaded portable-atomic-util v0.2.8
[INFO] [stderr]   Downloaded clap_derive v4.6.7
[INFO] [stderr]   Downloaded rstest v0.27.0
[INFO] [stderr]   Downloaded libbz2-rs-sys v0.2.5
[INFO] [stderr]   Downloaded cc v1.4.5
[INFO] [stderr]   Downloaded rstest_macros v0.27.0
[INFO] [stderr]   Downloaded toml_edit v0.25.15+spec-1.1.0
[INFO] [stderr]   Downloaded uuid v1.26.1
[INFO] [stderr]   Downloaded wasm-bindgen v0.2.128
[INFO] [stderr]   Downloaded wasm-bindgen-macro-support v0.2.128
[INFO] [stderr]   Downloaded js-sys v0.3.105
[INFO] [stderr]   Downloaded criterion v0.8.2
[INFO] [stderr]   Downloaded zerocopy-derive v0.8.57
[INFO] [stderr]   Downloaded libsais-sys v0.2.0
[INFO] [stderr]   Downloaded rkyv v0.8.18
[INFO] [stderr]   Downloaded syn v3.0.5
[INFO] [stderr]   Downloaded zerocopy v0.8.57
[INFO] [stderr]   Downloaded needletail v0.7.3
[INFO] [stderr]   Downloaded libmimalloc-sys v0.1.49
[INFO] [stderr]   Downloaded web-sys v0.3.105
[INFO] [stderr]   Downloaded zstd-sys v2.1.0+zstd.1.5.7
[INFO] [stderr]   Downloaded libz-sys v1.1.29
[INFO] [stderr]   Downloaded liblzma-sys v0.3.13
[INFO] running `Command { std: "docker" "create" "-v" "/var/lib/crater-agent-workspace/builds/worker-1-tc1/source:/opt/rustwide/workdir:ro,Z" "-v" "/var/lib/crater-agent-workspace/builds/worker-1-tc1/target:/opt/rustwide/target:rw,Z" "-v" "/var/lib/crater-agent-workspace/cargo-home:/opt/rustwide/cargo-home:ro,Z" "-v" "/var/lib/crater-agent-workspace/rustup-home:/opt/rustwide/rustup-home:ro,Z" "-m" "1610612736" "--network" "none" "ghcr.io/rust-lang/crates-build-env/linux@sha256:77db811e55d90add9212f6832c23229e3de5f1c1f9905e8cb07319ea15df73ac" "sleep" "infinity", kill_on_drop: false }`
[INFO] [stdout] 0176d51ce5cafb3f8ecb9aa306ce6ca511ed190a32567d6377c47957044ac2e2
[INFO] running `Command { std: "docker" "start" "0176d51ce5cafb3f8ecb9aa306ce6ca511ed190a32567d6377c47957044ac2e2", kill_on_drop: false }`
[INFO] running `Command { std: "docker" "inspect" "0176d51ce5cafb3f8ecb9aa306ce6ca511ed190a32567d6377c47957044ac2e2", kill_on_drop: false }`
[INFO] running `Command { std: "docker" "exec" "-e" "SOURCE_DIR=/opt/rustwide/workdir" "-e" "CARGO_HOME=/opt/rustwide/cargo-home" "-e" "RUSTUP_HOME=/opt/rustwide/rustup-home" "-e" "CARGO_TARGET_DIR=/opt/rustwide/target" "-w" "/opt/rustwide/workdir" "--user" "0:0" "0176d51ce5cafb3f8ecb9aa306ce6ca511ed190a32567d6377c47957044ac2e2" "/opt/rustwide/cargo-home/bin/cargo" "+1.99.0-beta.8" "metadata" "--no-deps" "--format-version=1", kill_on_drop: false }`
[INFO] running `Command { std: "docker" "inspect" "0176d51ce5cafb3f8ecb9aa306ce6ca511ed190a32567d6377c47957044ac2e2", kill_on_drop: false }`
[INFO] running `Command { std: "docker" "exec" "-e" "SOURCE_DIR=/opt/rustwide/workdir" "-e" "CARGO_HOME=/opt/rustwide/cargo-home" "-e" "RUSTUP_HOME=/opt/rustwide/rustup-home" "-e" "CARGO_TARGET_DIR=/opt/rustwide/target" "-e" "CARGO_INCREMENTAL=0" "-e" "RUST_BACKTRACE=full" "-e" "RUSTFLAGS=--cap-lints=warn" "-e" "RUSTDOCFLAGS=--cap-lints=warn" "-w" "/opt/rustwide/workdir" "--user" "0:0" "0176d51ce5cafb3f8ecb9aa306ce6ca511ed190a32567d6377c47957044ac2e2" "/opt/rustwide/cargo-home/bin/cargo" "+1.99.0-beta.8" "build" "--frozen" "--message-format=json" "--release", kill_on_drop: false }`
[INFO] [stderr]    Compiling libc v0.2.189
[INFO] [stderr]    Compiling find-msvc-tools v0.1.12
[INFO] [stderr]    Compiling shlex v2.0.1
[INFO] [stderr]    Compiling proc-macro2 v1.0.107
[INFO] [stderr]    Compiling unicode-ident v1.0.24
[INFO] [stderr]    Compiling quote v1.0.47
[INFO] [stderr]    Compiling pkg-config v0.3.34
[INFO] [stderr]    Compiling autocfg v1.5.1
[INFO] [stderr]    Compiling memchr v2.8.3
[INFO] [stderr]    Compiling crossbeam-utils v0.8.23
[INFO] [stderr]    Compiling vcpkg v0.2.15
[INFO] [stderr]    Compiling crossbeam-epoch v0.9.21
[INFO] [stderr]    Compiling zstd-safe v7.3.0
[INFO] [stderr]    Compiling crossbeam-deque v0.8.8
[INFO] [stderr]    Compiling crc32fast v1.5.1
[INFO] [stderr]    Compiling anstyle v1.0.14
[INFO] [stderr]    Compiling regex-syntax v0.8.11
[INFO] [stderr]    Compiling aho-corasick v1.1.5
[INFO] [stderr]    Compiling syn v3.0.5
[INFO] [stderr]    Compiling syn v2.0.119
[INFO] [stderr]    Compiling num-traits v0.2.19
[INFO] [stderr]    Compiling simd-adler32 v0.3.10
[INFO] [stderr]    Compiling adler2 v2.0.1
[INFO] [stderr]    Compiling utf8parse v0.2.2
[INFO] [stderr]    Compiling simdutf8 v0.1.5
[INFO] [stderr]    Compiling jobserver v0.1.35
[INFO] [stderr]    Compiling cfg-if v1.0.4
[INFO] [stderr]    Compiling rayon-core v1.13.0
[INFO] [stderr]    Compiling anstyle-parse v1.0.0
[INFO] [stderr]    Compiling cc v1.4.5
[INFO] [stderr]    Compiling miniz_oxide v0.9.1
[INFO] [stderr]    Compiling regex-automata v0.4.18
[INFO] [stderr]    Compiling fs-err v3.3.1
[INFO] [stderr]    Compiling log v0.4.34
[INFO] [stderr]    Compiling jiff-core v0.1.1
[INFO] [stderr]    Compiling anyhow v1.0.104
[INFO] [stderr]    Compiling zstd-sys v2.1.0+zstd.1.5.7
[INFO] [stderr]    Compiling liblzma-sys v0.3.13
[INFO] [stderr]    Compiling libz-sys v1.1.29
[INFO] [stderr]    Compiling libmimalloc-sys v0.1.49
[INFO] [stderr]    Compiling libsais-sys v0.2.0
[INFO] [stderr]    Compiling is_terminal_polyfill v1.70.2
[INFO] [stderr]    Compiling anstyle-query v1.1.5
[INFO] [stderr]    Compiling clap_lex v1.1.0
[INFO] [stderr]    Compiling thiserror v2.0.21
[INFO] [stderr]    Compiling colorchoice v1.0.5
[INFO] [stderr]    Compiling heck v0.5.0
[INFO] [stderr]    Compiling either v1.18.0
[INFO] [stderr]    Compiling munge_macro v0.4.7
[INFO] [stderr]    Compiling libbz2-rs-sys v0.2.5
[INFO] [stderr]    Compiling anstream v1.0.0
[INFO] [stderr]    Compiling regex v1.13.1
[INFO] [stderr]    Compiling ptr_meta_derive v0.3.2
[INFO] [stderr]    Compiling bytecheck_derive v0.8.3
[INFO] [stderr]    Compiling ptr_meta v0.3.2
[INFO] [stderr]    Compiling rancor v0.1.3
[INFO] [stderr]    Compiling bzip2 v0.6.1
[INFO] [stderr]    Compiling bytecheck v0.8.3
[INFO] [stderr]    Compiling env_filter v2.0.0
[INFO] [stderr]    Compiling rend v0.5.4
[INFO] [stderr]    Compiling clap_derive v4.6.7
[INFO] [stderr]    Compiling thiserror-impl v2.0.21
[INFO] [stderr]    Compiling rkyv_derive v0.8.18
[INFO] [stderr]    Compiling munge v0.4.7
[INFO] [stderr]    Compiling clap_builder v4.6.7
[INFO] [stderr]    Compiling liblzma v0.3.6
[INFO] [stderr]    Compiling flate2 v1.1.10
[INFO] [stderr]    Compiling jiff v0.2.37
[INFO] [stderr]    Compiling buffer-redux v1.1.0
[INFO] [stderr]    Compiling risearch v3.0.0-alpha.4 (/opt/rustwide/workdir)
[INFO] [stderr]    Compiling bytecount v0.6.9
[INFO] [stderr]    Compiling hashbrown v0.17.1
[INFO] [stderr]    Compiling bytemuck v1.25.2
[INFO] [stderr]    Compiling clap v4.6.7
[INFO] [stderr]    Compiling mimalloc v0.1.52
[INFO] [stderr]    Compiling rayon v1.12.0
[INFO] [stderr]    Compiling rkyv v0.8.18
[INFO] [stderr]    Compiling memmap2 v0.9.11
[INFO] [stderr]    Compiling itoa v1.0.18
[INFO] [stderr]    Compiling env_logger v0.11.11
[INFO] [stderr]    Compiling libsais v0.2.0
[INFO] [stderr]    Compiling zstd v0.13.3
[INFO] [stderr]    Compiling needletail v0.7.3
[INFO] [stderr]     Finished `release` profile [optimized] target(s) in 3m 12s
[INFO] running `Command { std: "docker" "inspect" "0176d51ce5cafb3f8ecb9aa306ce6ca511ed190a32567d6377c47957044ac2e2", kill_on_drop: false }`
[INFO] running `Command { std: "docker" "exec" "-e" "SOURCE_DIR=/opt/rustwide/workdir" "-e" "CARGO_HOME=/opt/rustwide/cargo-home" "-e" "RUSTUP_HOME=/opt/rustwide/rustup-home" "-e" "CARGO_TARGET_DIR=/opt/rustwide/target" "-e" "CARGO_INCREMENTAL=0" "-e" "RUST_BACKTRACE=full" "-e" "RUSTFLAGS=--cap-lints=warn" "-e" "RUSTDOCFLAGS=--cap-lints=warn" "-w" "/opt/rustwide/workdir" "--user" "0:0" "0176d51ce5cafb3f8ecb9aa306ce6ca511ed190a32567d6377c47957044ac2e2" "/opt/rustwide/cargo-home/bin/cargo" "+1.99.0-beta.8" "test" "--frozen" "--no-run" "--message-format=json" "--release", kill_on_drop: false }`
[INFO] [stderr]    Compiling regex-syntax v0.8.11
[INFO] [stderr]    Compiling zerocopy v0.8.57
[INFO] [stderr]    Compiling syn v2.0.119
[INFO] [stderr]    Compiling serde_core v1.0.229
[INFO] [stderr]    Compiling getrandom v0.3.4
[INFO] [stderr]    Compiling either v1.18.0
[INFO] [stderr]    Compiling memchr v2.8.3
[INFO] [stderr]    Compiling semver v1.0.28
[INFO] [stderr]    Compiling rustix v1.1.4
[INFO] [stderr]    Compiling winnow v1.0.4
[INFO] [stderr]    Compiling equivalent v1.0.2
[INFO] [stderr]    Compiling zmij v1.0.23
[INFO] [stderr]    Compiling hashbrown v0.17.1
[INFO] [stderr]    Compiling serde v1.0.229
[INFO] [stderr]    Compiling getrandom v0.4.3
[INFO] [stderr]    Compiling aho-corasick v1.1.5
[INFO] [stderr]    Compiling rand_core v0.9.5
[INFO] [stderr]    Compiling rustc_version v0.4.1
[INFO] [stderr]    Compiling serde_derive v1.0.229
[INFO] [stderr]    Compiling indexmap v2.14.2
[INFO] [stderr]    Compiling toml_parser v1.1.3+spec-1.1.0
[INFO] [stderr]    Compiling toml_datetime v1.1.1+spec-1.1.0
[INFO] [stderr]    Compiling serde_json v1.0.151
[INFO] [stderr]    Compiling linux-raw-sys v0.12.1
[INFO] [stderr]    Compiling regex-automata v0.4.18
[INFO] [stderr]    Compiling bitflags v2.13.2
[INFO] [stderr]    Compiling toml_edit v0.25.15+spec-1.1.0
[INFO] [stderr]    Compiling rstest_macros v0.27.0
[INFO] [stderr]    Compiling alloca v0.4.0
[INFO] [stderr]    Compiling wait-timeout v0.2.1
[INFO] [stderr]    Compiling once_cell v1.21.4
[INFO] [stderr]    Compiling fastrand v2.5.0
[INFO] [stderr]    Compiling ciborium-io v0.2.2
[INFO] [stderr]    Compiling predicates-core v1.0.10
[INFO] [stderr]    Compiling plotters-backend v0.3.7
[INFO] [stderr]    Compiling plotters-svg v0.3.7
[INFO] [stderr]    Compiling tempfile v3.27.0
[INFO] [stderr]    Compiling rayon v1.12.0
[INFO] [stderr]    Compiling proc-macro-crate v3.5.0
[INFO] [stderr]    Compiling itertools v0.13.0
[INFO] [stderr]    Compiling float-cmp v0.10.0
[INFO] [stderr]    Compiling futures-core v0.3.34
[INFO] [stderr]    Compiling normalize-line-endings v0.3.0
[INFO] [stderr]    Compiling assert_cmd v2.2.2
[INFO] [stderr]    Compiling termtree v0.5.1
[INFO] [stderr]    Compiling quick-error v1.2.3
[INFO] [stderr]    Compiling cfg-if v1.0.4
[INFO] [stderr]    Compiling bit-vec v0.8.0
[INFO] [stderr]    Compiling futures-task v0.3.34
[INFO] [stderr]    Compiling relative-path v1.9.3
[INFO] [stderr]    Compiling cast v0.3.0
[INFO] [stderr]    Compiling glob v0.3.4
[INFO] [stderr]    Compiling zerocopy-derive v0.8.57
[INFO] [stderr]    Compiling regex v1.13.1
[INFO] [stderr]    Compiling munge_macro v0.4.7
[INFO] [stderr]    Compiling munge v0.4.7
[INFO] [stderr]    Compiling env_filter v2.0.0
[INFO] [stderr]    Compiling same-file v1.0.6
[INFO] [stderr]    Compiling fnv v1.0.7
[INFO] [stderr]    Compiling difflib v0.4.0
[INFO] [stderr]    Compiling pin-project-lite v0.2.17
[INFO] [stderr]    Compiling futures-util v0.3.34
[INFO] [stderr]    Compiling criterion-plot v0.8.2
[INFO] [stderr]    Compiling predicates v3.1.4
[INFO] [stderr]    Compiling env_logger v0.11.11
[INFO] [stderr]    Compiling rusty-fork v0.3.1
[INFO] [stderr]    Compiling walkdir v2.5.0
[INFO] [stderr]    Compiling rkyv v0.8.18
[INFO] [stderr]    Compiling bstr v1.13.1
[INFO] [stderr]    Compiling bit-set v0.8.0
[INFO] [stderr]    Compiling predicates-tree v1.0.13
[INFO] [stderr]    Compiling libsais v0.2.0
[INFO] [stderr]    Compiling tinytemplate v1.2.1
[INFO] [stderr]    Compiling plotters v0.3.7
[INFO] [stderr]    Compiling rand v0.9.5
[INFO] [stderr]    Compiling rand_xorshift v0.4.0
[INFO] [stderr]    Compiling page_size v0.6.0
[INFO] [stderr]    Compiling oorandom v11.1.5
[INFO] [stderr]    Compiling unarray v0.1.4
[INFO] [stderr]    Compiling futures-timer v3.0.4
[INFO] [stderr]    Compiling yansi v1.0.1
[INFO] [stderr]    Compiling anes v0.1.6
[INFO] [stderr]    Compiling diff v0.1.13
[INFO] [stderr]    Compiling pretty_assertions v1.4.1
[INFO] [stderr]    Compiling approx v0.5.1
[INFO] [stderr]    Compiling rstest v0.27.0
[INFO] [stderr]    Compiling risearch v3.0.0-alpha.4 (/opt/rustwide/workdir)
[INFO] [stderr]    Compiling half v2.7.1
[INFO] [stderr]    Compiling ppv-lite86 v0.2.21
[INFO] [stderr]    Compiling ciborium-ll v0.2.2
[INFO] [stderr]    Compiling rand_chacha v0.9.0
[INFO] [stderr]    Compiling ciborium v0.2.2
[INFO] [stderr]    Compiling proptest v1.11.0
[INFO] [stderr]    Compiling criterion v0.8.2
[INFO] [stderr]     Finished `release` profile [optimized] target(s) in 2m 47s
[INFO] running `Command { std: "docker" "inspect" "0176d51ce5cafb3f8ecb9aa306ce6ca511ed190a32567d6377c47957044ac2e2", kill_on_drop: false }`
[INFO] running `Command { std: "docker" "exec" "-e" "SOURCE_DIR=/opt/rustwide/workdir" "-e" "CARGO_HOME=/opt/rustwide/cargo-home" "-e" "RUSTUP_HOME=/opt/rustwide/rustup-home" "-e" "CARGO_TARGET_DIR=/opt/rustwide/target" "-e" "CARGO_INCREMENTAL=0" "-e" "RUST_BACKTRACE=full" "-e" "RUSTFLAGS=--cap-lints=warn" "-e" "RUSTDOCFLAGS=--cap-lints=warn" "-w" "/opt/rustwide/workdir" "--user" "0:0" "0176d51ce5cafb3f8ecb9aa306ce6ca511ed190a32567d6377c47957044ac2e2" "/opt/rustwide/cargo-home/bin/cargo" "+1.99.0-beta.8" "test" "--frozen" "--release", kill_on_drop: false }`
[INFO] [stderr]     Finished `release` profile [optimized] target(s) in 0.28s
[INFO] [stderr]      Running unittests src/lib.rs (/opt/rustwide/target/release/deps/risearch-d7699c2cdfdade0d)
[INFO] [stdout] 
[INFO] [stdout] running 711 tests
[INFO] [stdout] test alignment::tests::columns_mark_the_unconsumed_input_with_gap ... ok
[INFO] [stdout] test config::spec_tests::tests::defaults_are_the_canonical_frontend_defaults ... ok
[INFO] [stdout] test adapter::gotoh::tests::scoring_tensor_and_every_adapter_lane_have_independent_expectations ... ok
[INFO] [stdout] test alignment::tests::every_column_classifies_gaps_first_then_by_pair_type ... ok
[INFO] [stdout] test config::spec_tests::tests::extension_validation_accepts_only_the_documented_sentinel_and_range ... ok
[INFO] [stdout] test config::spec_tests::tests::interval_only ... ok
[INFO] [stdout] test alignment::tests::class_codes_and_connectors_are_literal ... ok
[INFO] [stdout] test config::spec_tests::tests::length_exceeds_interval_rejected ... ok
[INFO] [stdout] test config::spec_tests::tests::length_only ... ok
[INFO] [stdout] test config::spec_tests::tests::negative_interval ... ok
[INFO] [stdout] test config::spec_tests::tests::interval_with_length ... ok
[INFO] [stdout] test config::spec_tests::tests::only_minimal_skips_alignment ... ok
[INFO] [stdout] test config::spec_tests::tests::interval_with_length_zero_uses_full_interval ... ok
[INFO] [stdout] test config::spec_tests::tests::score_validation_does_not_depend_on_clap ... ok
[INFO] [stdout] test config::spec_tests::tests::length_exceeding_interval_is_rejected_before_any_query ... ok
[INFO] [stdout] test config::spec_tests::tests::query_independent_seed_invariants_are_validated ... ok
[INFO] [stdout] test config::spec_tests::tests::single_position_interval_is_valid ... ok
[INFO] [stdout] test dp::gotoh::tests::is_transition_rejects_invalid_pred_with_coincidental_arithmetic ... ok
[INFO] [stdout] test dp::gotoh::tests::is_transition_accepts_valid_pred_with_matching_arithmetic ... ok
[INFO] [stdout] test dp::gotoh::tests::is_transition_rejects_invalid_pred_with_mismatched_arithmetic ... ok
[INFO] [stdout] test dp::gotoh::tests::is_transition_rejects_valid_pred_with_mismatched_arithmetic ... ok
[INFO] [stdout] test config::spec_tests::tests::interval_outside_the_query_is_rejected ... ok
[INFO] [stdout] test dp::tests::best_score_keeps_the_first_endpoint_of_an_equal_score ... ok
[INFO] [stdout] test config::spec_tests::tests::length_zero_invalid ... ok
[INFO] [stdout] test dsm::model::tests::runtime_table_and_ungapped_score_use_physical_target_order ... ok
[INFO] [stdout] test dsm::parse::tests::parses_cells_and_derives_initiation_offset ... ok
[INFO] [stdout] test dsm::parse::tests::rejects_malformed_input ... ok
[INFO] [stdout] test dsm::model::tests::anchor_penalty_uses_physical_wc_wobble_and_mismatch_pairs ... ok
[INFO] [stdout] test dsm::tests::gg_cc_stack_is_strongest ... ok
[INFO] [stdout] test dsm::tests::bundled_model_tables_are_bitwise_stable ... ok
[INFO] [stdout] test dsm::tests::bundled_models_have_explicit_stack_and_initiation_energies ... ok
[INFO] [stdout] test dsm::tests::energy_conversion_roundtrips ... ok
[INFO] [stdout] test dsm::tests::temperature_interpolation_uses_bracketing_integer_scores ... ok
[INFO] [stdout] test config::spec_tests::tests::mixed_sign_interval_rejected ... ok
[INFO] [stdout] test dsm::tests::transpose_swaps_both_pairs ... ok
[INFO] [stdout] test dsm::tests::interpolation_rounds_exact_half_away_from_zero ... ok
[INFO] [stdout] test dsm::tests::pairing_policy_uses_physical_duplex_bases ... ok
[INFO] [stdout] test dsm::tests::score_returns_nonzero_for_valid_pairs ... ok
[INFO] [stdout] test dsm::tests::user_tsv_path_loads_as_matrix ... ok
[INFO] [stdout] test index::archive::tests::a_header_sized_file_clears_the_size_check ... ok
[INFO] [stdout] test index::archive::tests::a_valid_index_opens ... ok
[INFO] [stdout] test index::archive::tests::open_rejects_a_payload_that_is_not_an_archive ... ok
[INFO] [stdout] test index::archive::tests::open_rejects_blocks_that_do_not_cover_the_sequence ... ok
[INFO] [stdout] test index::archive::tests::open_rejects_a_declared_length_that_does_not_match ... ok
[INFO] [stdout] test index::archive::tests::open_rejects_file_shorter_than_the_header ... ok
[INFO] [stdout] test index::archive::tests::open_rejects_a_headerless_legacy_archive ... ok
[INFO] [stdout] test index::archive::tests::open_rejects_invalid_base_rank ... ok
[INFO] [stdout] test index::archive::tests::open_rejects_missing_separator_gap ... ok
[INFO] [stdout] test index::archive::tests::open_rejects_a_foreign_magic ... ok
[INFO] [stdout] test index::archive::tests::open_rejects_sequence_sa_length_mismatch ... ok
[INFO] [stdout] test index::archive::tests::open_rejects_a_length_that_overruns_the_sequence ... ok
[INFO] [stdout] test index::archive::tests::open_rejects_older_versions ... ok
[INFO] [stdout] test index::store::tests::map_seed_pos_resolves_the_target_block ... ok
[INFO] [stdout] test index::store::tests::target_view_maps_positions_in_both_strands ... ok
[INFO] [stdout] test index::view::tests::map_target_range_matches_independent_coordinate_oracle ... ok
[INFO] [stdout] test index::archive::tests::open_tolerates_out_of_range_suffix_position ... ok
[INFO] [stdout] test output::format::tests::binding_site_writes_physical_five_prime_then_three_prime_flank ... ok
[INFO] [stdout] test output::format::tests::cigar_rows_carry_the_pairing_symbol_string ... ok
[INFO] [stdout] test output::writer::tests::multifile_paths_keep_colliding_sanitized_names_distinct ... ok
[INFO] [stdout] test output::writer::tests::sanitize_replaces_unsafe_chars ... ok
[INFO] [stdout] test output::writer::tests::sanitize_suffixes_windows_reserved_names ... ok
[INFO] [stdout] test output::writer::tests::unique_stem_avoids_collisions ... ok
[INFO] [stdout] test output::format::tests::detailed_rows_preserve_asymmetry_gaps_wobble_and_trailing_space ... ok
[INFO] [stdout] test registry::tests::build_rejects_duplicate_ids_across_inputs ... ok
[INFO] [stdout] test registry::tests::build_rejects_no_queries ... ok
[INFO] [stdout] test registry::tests::has_n_any_is_false_without_an_n ... ok
[INFO] [stdout] test registry::tests::query_registry_exposes_the_loaded_queries ... ok
[INFO] [stdout] test registry::tests::seed_sequence_matches_interval_slice ... ok
[INFO] [stdout] test registry::tests::seed_sequence_tracks_only_valid_interval_starts ... ok
[INFO] [stdout] test registry::tests::seeds_spanning_an_n_are_rejected ... ok
[INFO] [stdout] test search::extension::tests::anchored_duplexes_have_explicit_columns_and_energy ... ok
[INFO] [stdout] test search::extension::tests::fill_walks_query_and_physical_target_together ... ok
[INFO] [stdout] test search::extension::tests::flank_extents_match_traceback_consumption ... ok
[INFO] [stdout] test search::extension::tests::penalty_changes_the_selected_endpoint_on_both_flanks ... ok
[INFO] [stdout] test search::extension::tests::traceback_resolves_correct_base_pairs ... ok
[INFO] [stdout] test search::extension::tests::unlimited_extension_matches_a_window_fixed_to_the_query_flank ... ok
[INFO] [stdout] test search::extension::tests::unlimited_window_follows_the_query_not_the_target ... ok
[INFO] [stdout] test search::extension::tests::zero_cap_window_scores_the_anchor_column ... ok
[INFO] [stdout] test search::metamorphic_tests::query_partitioning_preserves_named_hits ... FAILED
[INFO] [stdout] test search::metamorphic_tests::record_grouping_preserves_named_hits::group_size_1_1 ... FAILED
[INFO] [stdout] test registry::tests::build_preserves_record_order ... ok
[INFO] [stdout] test search::metamorphic_tests::record_grouping_preserves_named_hits::group_size_2_4 ... FAILED
[INFO] [stdout] test search::metamorphic_tests::record_grouping_preserves_named_hits::group_size_3_7 ... FAILED
[INFO] [stdout] test search::metamorphic_tests::stricter_cutoff_returns_exactly_the_eligible_hits::quantile_1_0_1 ... FAILED
[INFO] [stdout] test search::metamorphic_tests::stricter_cutoff_returns_exactly_the_eligible_hits::quantile_2_0_5 ... FAILED
[INFO] [stdout] test index::store::tests::global_offsets_delimit_target_blocks ... ok
[INFO] [stdout] test index::store::tests::roundtrip_build_open_target_view ... ok
[INFO] [stdout] test search::tests::dedup_result_is_deterministic ... FAILED
[INFO] [stdout] test search::tests::compressed_output_decodes_to_the_plain_rows_including_empty_results ... FAILED
[INFO] [stdout] test search::metamorphic_tests::stricter_cutoff_returns_exactly_the_eligible_hits::quantile_3_0_9 ... FAILED
[INFO] [stdout] test search::tests::map_target_range_matches_independent_coordinate_oracle ... ok
[INFO] [stdout] test search::tests::dedup_keeps_one_min_energy_row_per_box ... FAILED
[INFO] [stdout] test search::tests::planted_duplexes_with_varying_target_lengths ... ok
[INFO] [stdout] test search::tests::rejected_config_leaves_no_multifile_directory ... FAILED
[INFO] [stdout] test search::tests::no_hits_against_non_matching_target ... FAILED
[INFO] [stdout] test search::tests::run_search_validates_configs_constructed_without_clap ... FAILED
[INFO] [stdout] test search::tests::text_output_emits_one_line_per_hit ... FAILED
[INFO] [stdout] test search::tests::streaming_consumes_each_query_once_with_matching_hit_indices ... FAILED
[INFO] [stdout] test search::tests::unlimited_extends_past_the_exact_seed_to_the_query_end ... ok
[INFO] [stdout] test search::tests::unlimited_rejects_a_query_longer_than_the_ceiling ... ok
[INFO] [stdout] test dp::reference_tests::boundary_dimensions_and_extreme_scores_match_wide_reference ... ok
[INFO] [stdout] test seed::engine::tests::collect_maps_seed_interval_back_to_full_query_coordinates ... ok
[INFO] [stdout] test seed::engine::tests::collect_preserves_same_block_coordinates_on_both_strands ... ok
[INFO] [stdout] test seed::parallel_sa::tests::lower_bound_matches_a_linear_scan_above_the_cutoff ... ok
[INFO] [stdout] test seed::parallel_sa::tests::partition_splits_by_base ... ok
[INFO] [stdout] test seed::parallel_sa::tests::pruning_never_discards_an_emittable_descendant ... ok
[INFO] [stdout] test seed::parallel_sa::tests::pruning_predicates_respect_the_suffix_and_mismatch_bounds ... ok
[INFO] [stdout] test seed::parallel_sa::tests::singleton_handoff_does_not_double_emit ... ok
[INFO] [stdout] test seed::parallel_sa::tests::terminal_gap_stops_descent_at_sequence_end ... ok
[INFO] [stdout] test search::tests::zero_hit_run_writes_empty_file_but_no_multifile_entry ... FAILED
[INFO] [stdout] test search::tests::planted_duplexes_land_at_known_fasta_positions ... ok
[INFO] [stdout] test seed::reference_tests::complementary_runs_and_ambiguity_match_enumeration::case_1_unrestricted::seed_length_1_1::max_mismatches_1_0::seed_wobble_1_false::no_max_prune_1_false ... ok
[INFO] [stdout] test seed::reference_tests::complementary_runs_and_ambiguity_match_enumeration::case_1_unrestricted::seed_length_1_1::max_mismatches_1_0::seed_wobble_2_true::no_max_prune_1_false ... ok
[INFO] [stdout] test seed::reference_tests::complementary_runs_and_ambiguity_match_enumeration::case_1_unrestricted::seed_length_1_1::max_mismatches_1_0::seed_wobble_2_true::no_max_prune_2_true ... ok
[INFO] [stdout] test search::tests::multifile_writes_each_querys_rows_to_its_own_file ... ok
[INFO] [stdout] test seed::reference_tests::complementary_runs_and_ambiguity_match_enumeration::case_1_unrestricted::seed_length_1_1::max_mismatches_2_1::seed_wobble_1_false::no_max_prune_1_false ... ok
[INFO] [stdout] test seed::reference_tests::complementary_runs_and_ambiguity_match_enumeration::case_1_unrestricted::seed_length_1_1::max_mismatches_2_1::seed_wobble_1_false::no_max_prune_2_true ... ok
[INFO] [stdout] test seed::reference_tests::complementary_runs_and_ambiguity_match_enumeration::case_1_unrestricted::seed_length_1_1::max_mismatches_1_0::seed_wobble_1_false::no_max_prune_2_true ... ok
[INFO] [stdout] test seed::reference_tests::complementary_runs_and_ambiguity_match_enumeration::case_1_unrestricted::seed_length_1_1::max_mismatches_2_1::seed_wobble_2_true::no_max_prune_1_false ... ok
[INFO] [stdout] test seed::reference_tests::complementary_runs_and_ambiguity_match_enumeration::case_1_unrestricted::seed_length_1_1::max_mismatches_3_2::seed_wobble_1_false::no_max_prune_1_false ... ok
[INFO] [stdout] test seed::reference_tests::complementary_runs_and_ambiguity_match_enumeration::case_1_unrestricted::seed_length_1_1::max_mismatches_3_2::seed_wobble_1_false::no_max_prune_2_true ... ok
[INFO] [stdout] test seed::reference_tests::complementary_runs_and_ambiguity_match_enumeration::case_1_unrestricted::seed_length_1_1::max_mismatches_3_2::seed_wobble_2_true::no_max_prune_1_false ... ok
[INFO] [stdout] test seed::reference_tests::complementary_runs_and_ambiguity_match_enumeration::case_1_unrestricted::seed_length_1_1::max_mismatches_4_3::seed_wobble_1_false::no_max_prune_2_true ... ok
[INFO] [stdout] test seed::reference_tests::complementary_runs_and_ambiguity_match_enumeration::case_1_unrestricted::seed_length_1_1::max_mismatches_4_3::seed_wobble_1_false::no_max_prune_1_false ... ok
[INFO] [stdout] test seed::reference_tests::complementary_runs_and_ambiguity_match_enumeration::case_1_unrestricted::seed_length_1_1::max_mismatches_3_2::seed_wobble_2_true::no_max_prune_2_true ... ok
[INFO] [stdout] test seed::reference_tests::complementary_runs_and_ambiguity_match_enumeration::case_1_unrestricted::seed_length_1_1::max_mismatches_5_4::seed_wobble_1_false::no_max_prune_1_false ... ok
[INFO] [stdout] test seed::reference_tests::complementary_runs_and_ambiguity_match_enumeration::case_1_unrestricted::seed_length_1_1::max_mismatches_4_3::seed_wobble_2_true::no_max_prune_2_true ... ok
[INFO] [stdout] test seed::reference_tests::complementary_runs_and_ambiguity_match_enumeration::case_1_unrestricted::seed_length_1_1::max_mismatches_2_1::seed_wobble_2_true::no_max_prune_2_true ... ok
[INFO] [stdout] test seed::reference_tests::complementary_runs_and_ambiguity_match_enumeration::case_1_unrestricted::seed_length_1_1::max_mismatches_4_3::seed_wobble_2_true::no_max_prune_1_false ... ok
[INFO] [stdout] test seed::reference_tests::complementary_runs_and_ambiguity_match_enumeration::case_1_unrestricted::seed_length_1_1::max_mismatches_5_4::seed_wobble_2_true::no_max_prune_1_false ... ok
[INFO] [stdout] test seed::reference_tests::complementary_runs_and_ambiguity_match_enumeration::case_1_unrestricted::seed_length_1_1::max_mismatches_5_4::seed_wobble_2_true::no_max_prune_2_true ... ok
[INFO] [stdout] test seed::reference_tests::complementary_runs_and_ambiguity_match_enumeration::case_1_unrestricted::seed_length_2_2::max_mismatches_1_0::seed_wobble_1_false::no_max_prune_1_false ... ok
[INFO] [stdout] test seed::reference_tests::complementary_runs_and_ambiguity_match_enumeration::case_1_unrestricted::seed_length_1_1::max_mismatches_5_4::seed_wobble_1_false::no_max_prune_2_true ... ok
[INFO] [stdout] test seed::reference_tests::complementary_runs_and_ambiguity_match_enumeration::case_1_unrestricted::seed_length_2_2::max_mismatches_1_0::seed_wobble_2_true::no_max_prune_2_true ... ok
[INFO] [stdout] test seed::reference_tests::complementary_runs_and_ambiguity_match_enumeration::case_1_unrestricted::seed_length_2_2::max_mismatches_2_1::seed_wobble_1_false::no_max_prune_1_false ... ok
[INFO] [stdout] test seed::reference_tests::complementary_runs_and_ambiguity_match_enumeration::case_1_unrestricted::seed_length_2_2::max_mismatches_1_0::seed_wobble_1_false::no_max_prune_2_true ... ok
[INFO] [stdout] test search::tests::unlimited_accepts_a_query_of_exactly_the_ceiling ... ok
[INFO] [stdout] test seed::reference_tests::complementary_runs_and_ambiguity_match_enumeration::case_1_unrestricted::seed_length_2_2::max_mismatches_1_0::seed_wobble_2_true::no_max_prune_1_false ... ok
[INFO] [stdout] test seed::reference_tests::complementary_runs_and_ambiguity_match_enumeration::case_1_unrestricted::seed_length_2_2::max_mismatches_3_2::seed_wobble_1_false::no_max_prune_2_true ... ok
[INFO] [stdout] test seed::reference_tests::complementary_runs_and_ambiguity_match_enumeration::case_1_unrestricted::seed_length_2_2::max_mismatches_3_2::seed_wobble_1_false::no_max_prune_1_false ... ok
[INFO] [stdout] test seed::reference_tests::complementary_runs_and_ambiguity_match_enumeration::case_1_unrestricted::seed_length_2_2::max_mismatches_2_1::seed_wobble_2_true::no_max_prune_2_true ... ok
[INFO] [stdout] test seed::reference_tests::complementary_runs_and_ambiguity_match_enumeration::case_1_unrestricted::seed_length_2_2::max_mismatches_3_2::seed_wobble_2_true::no_max_prune_2_true ... ok
[INFO] [stdout] test seed::reference_tests::complementary_runs_and_ambiguity_match_enumeration::case_1_unrestricted::seed_length_2_2::max_mismatches_4_3::seed_wobble_1_false::no_max_prune_2_true ... ok
[INFO] [stdout] test seed::reference_tests::complementary_runs_and_ambiguity_match_enumeration::case_1_unrestricted::seed_length_2_2::max_mismatches_4_3::seed_wobble_1_false::no_max_prune_1_false ... ok
[INFO] [stdout] test seed::reference_tests::complementary_runs_and_ambiguity_match_enumeration::case_1_unrestricted::seed_length_2_2::max_mismatches_4_3::seed_wobble_2_true::no_max_prune_2_true ... ok
[INFO] [stdout] test seed::reference_tests::complementary_runs_and_ambiguity_match_enumeration::case_1_unrestricted::seed_length_2_2::max_mismatches_4_3::seed_wobble_2_true::no_max_prune_1_false ... ok
[INFO] [stdout] test seed::reference_tests::complementary_runs_and_ambiguity_match_enumeration::case_1_unrestricted::seed_length_2_2::max_mismatches_3_2::seed_wobble_2_true::no_max_prune_1_false ... ok
[INFO] [stdout] test seed::reference_tests::complementary_runs_and_ambiguity_match_enumeration::case_1_unrestricted::seed_length_2_2::max_mismatches_5_4::seed_wobble_1_false::no_max_prune_1_false ... ok
[INFO] [stdout] test seed::reference_tests::complementary_runs_and_ambiguity_match_enumeration::case_1_unrestricted::seed_length_2_2::max_mismatches_5_4::seed_wobble_1_false::no_max_prune_2_true ... ok
[INFO] [stdout] test seed::reference_tests::complementary_runs_and_ambiguity_match_enumeration::case_1_unrestricted::seed_length_2_2::max_mismatches_2_1::seed_wobble_2_true::no_max_prune_1_false ... ok
[INFO] [stdout] test seed::reference_tests::complementary_runs_and_ambiguity_match_enumeration::case_1_unrestricted::seed_length_3_4::max_mismatches_1_0::seed_wobble_1_false::no_max_prune_1_false ... ok
[INFO] [stdout] test seed::reference_tests::complementary_runs_and_ambiguity_match_enumeration::case_1_unrestricted::seed_length_2_2::max_mismatches_5_4::seed_wobble_2_true::no_max_prune_1_false ... ok
[INFO] [stdout] test seed::reference_tests::complementary_runs_and_ambiguity_match_enumeration::case_1_unrestricted::seed_length_3_4::max_mismatches_1_0::seed_wobble_2_true::no_max_prune_1_false ... ok
[INFO] [stdout] test seed::reference_tests::complementary_runs_and_ambiguity_match_enumeration::case_1_unrestricted::seed_length_2_2::max_mismatches_5_4::seed_wobble_2_true::no_max_prune_2_true ... ok
[INFO] [stdout] test seed::reference_tests::complementary_runs_and_ambiguity_match_enumeration::case_1_unrestricted::seed_length_3_4::max_mismatches_1_0::seed_wobble_1_false::no_max_prune_2_true ... ok
[INFO] [stdout] test seed::reference_tests::complementary_runs_and_ambiguity_match_enumeration::case_1_unrestricted::seed_length_3_4::max_mismatches_1_0::seed_wobble_2_true::no_max_prune_2_true ... ok
[INFO] [stdout] test seed::reference_tests::complementary_runs_and_ambiguity_match_enumeration::case_1_unrestricted::seed_length_3_4::max_mismatches_2_1::seed_wobble_1_false::no_max_prune_1_false ... ok
[INFO] [stdout] test seed::reference_tests::complementary_runs_and_ambiguity_match_enumeration::case_1_unrestricted::seed_length_3_4::max_mismatches_3_2::seed_wobble_1_false::no_max_prune_1_false ... ok
[INFO] [stdout] test seed::reference_tests::complementary_runs_and_ambiguity_match_enumeration::case_1_unrestricted::seed_length_3_4::max_mismatches_3_2::seed_wobble_1_false::no_max_prune_2_true ... ok
[INFO] [stdout] test seed::reference_tests::complementary_runs_and_ambiguity_match_enumeration::case_1_unrestricted::seed_length_3_4::max_mismatches_3_2::seed_wobble_2_true::no_max_prune_1_false ... ok
[INFO] [stdout] test seed::reference_tests::complementary_runs_and_ambiguity_match_enumeration::case_1_unrestricted::seed_length_3_4::max_mismatches_3_2::seed_wobble_2_true::no_max_prune_2_true ... ok
[INFO] [stdout] test seed::reference_tests::complementary_runs_and_ambiguity_match_enumeration::case_1_unrestricted::seed_length_3_4::max_mismatches_4_3::seed_wobble_1_false::no_max_prune_1_false ... ok
[INFO] [stdout] test seed::reference_tests::complementary_runs_and_ambiguity_match_enumeration::case_1_unrestricted::seed_length_3_4::max_mismatches_4_3::seed_wobble_1_false::no_max_prune_2_true ... ok
[INFO] [stdout] test seed::reference_tests::complementary_runs_and_ambiguity_match_enumeration::case_1_unrestricted::seed_length_3_4::max_mismatches_4_3::seed_wobble_2_true::no_max_prune_1_false ... ok
[INFO] [stdout] test seed::reference_tests::complementary_runs_and_ambiguity_match_enumeration::case_1_unrestricted::seed_length_3_4::max_mismatches_4_3::seed_wobble_2_true::no_max_prune_2_true ... ok
[INFO] [stdout] test seed::reference_tests::complementary_runs_and_ambiguity_match_enumeration::case_1_unrestricted::seed_length_2_2::max_mismatches_2_1::seed_wobble_1_false::no_max_prune_2_true ... ok
[INFO] [stdout] test seed::reference_tests::complementary_runs_and_ambiguity_match_enumeration::case_1_unrestricted::seed_length_3_4::max_mismatches_5_4::seed_wobble_1_false::no_max_prune_1_false ... ok
[INFO] [stdout] test seed::reference_tests::complementary_runs_and_ambiguity_match_enumeration::case_1_unrestricted::seed_length_3_4::max_mismatches_2_1::seed_wobble_2_true::no_max_prune_1_false ... ok
[INFO] [stdout] test seed::reference_tests::complementary_runs_and_ambiguity_match_enumeration::case_1_unrestricted::seed_length_3_4::max_mismatches_5_4::seed_wobble_2_true::no_max_prune_2_true ... ok
[INFO] [stdout] test seed::reference_tests::complementary_runs_and_ambiguity_match_enumeration::case_1_unrestricted::seed_length_3_4::max_mismatches_5_4::seed_wobble_2_true::no_max_prune_1_false ... ok
[INFO] [stdout] test seed::reference_tests::complementary_runs_and_ambiguity_match_enumeration::case_1_unrestricted::seed_length_3_4::max_mismatches_2_1::seed_wobble_1_false::no_max_prune_2_true ... ok
[INFO] [stdout] test seed::reference_tests::complementary_runs_and_ambiguity_match_enumeration::case_1_unrestricted::seed_length_3_4::max_mismatches_2_1::seed_wobble_2_true::no_max_prune_2_true ... ok
[INFO] [stdout] test seed::reference_tests::complementary_runs_and_ambiguity_match_enumeration::case_1_unrestricted::seed_length_4_8::max_mismatches_1_0::seed_wobble_1_false::no_max_prune_1_false ... ok
[INFO] [stdout] test seed::reference_tests::complementary_runs_and_ambiguity_match_enumeration::case_1_unrestricted::seed_length_4_8::max_mismatches_2_1::seed_wobble_1_false::no_max_prune_1_false ... ok
[INFO] [stdout] test seed::reference_tests::complementary_runs_and_ambiguity_match_enumeration::case_1_unrestricted::seed_length_3_4::max_mismatches_5_4::seed_wobble_1_false::no_max_prune_2_true ... ok
[INFO] [stdout] test seed::reference_tests::complementary_runs_and_ambiguity_match_enumeration::case_1_unrestricted::seed_length_4_8::max_mismatches_2_1::seed_wobble_1_false::no_max_prune_2_true ... ok
[INFO] [stdout] test seed::reference_tests::complementary_runs_and_ambiguity_match_enumeration::case_1_unrestricted::seed_length_4_8::max_mismatches_1_0::seed_wobble_2_true::no_max_prune_2_true ... ok
[INFO] [stdout] test seed::reference_tests::complementary_runs_and_ambiguity_match_enumeration::case_1_unrestricted::seed_length_4_8::max_mismatches_1_0::seed_wobble_1_false::no_max_prune_2_true ... ok
[INFO] [stdout] test seed::reference_tests::complementary_runs_and_ambiguity_match_enumeration::case_1_unrestricted::seed_length_4_8::max_mismatches_1_0::seed_wobble_2_true::no_max_prune_1_false ... ok
[INFO] [stdout] test seed::reference_tests::complementary_runs_and_ambiguity_match_enumeration::case_1_unrestricted::seed_length_4_8::max_mismatches_3_2::seed_wobble_2_true::no_max_prune_1_false ... ok
[INFO] [stdout] test seed::reference_tests::complementary_runs_and_ambiguity_match_enumeration::case_1_unrestricted::seed_length_4_8::max_mismatches_2_1::seed_wobble_2_true::no_max_prune_1_false ... ok
[INFO] [stdout] test seed::reference_tests::complementary_runs_and_ambiguity_match_enumeration::case_1_unrestricted::seed_length_4_8::max_mismatches_4_3::seed_wobble_1_false::no_max_prune_1_false ... ok
[INFO] [stdout] test seed::reference_tests::complementary_runs_and_ambiguity_match_enumeration::case_1_unrestricted::seed_length_4_8::max_mismatches_3_2::seed_wobble_1_false::no_max_prune_2_true ... ok
[INFO] [stdout] test seed::reference_tests::complementary_runs_and_ambiguity_match_enumeration::case_1_unrestricted::seed_length_4_8::max_mismatches_3_2::seed_wobble_1_false::no_max_prune_1_false ... ok
[INFO] [stdout] test seed::reference_tests::complementary_runs_and_ambiguity_match_enumeration::case_1_unrestricted::seed_length_4_8::max_mismatches_4_3::seed_wobble_1_false::no_max_prune_2_true ... ok
[INFO] [stdout] test seed::reference_tests::complementary_runs_and_ambiguity_match_enumeration::case_1_unrestricted::seed_length_4_8::max_mismatches_3_2::seed_wobble_2_true::no_max_prune_2_true ... ok
[INFO] [stdout] test seed::reference_tests::complementary_runs_and_ambiguity_match_enumeration::case_1_unrestricted::seed_length_4_8::max_mismatches_4_3::seed_wobble_2_true::no_max_prune_1_false ... ok
[INFO] [stdout] test seed::reference_tests::complementary_runs_and_ambiguity_match_enumeration::case_1_unrestricted::seed_length_4_8::max_mismatches_4_3::seed_wobble_2_true::no_max_prune_2_true ... ok
[INFO] [stdout] test seed::reference_tests::complementary_runs_and_ambiguity_match_enumeration::case_1_unrestricted::seed_length_4_8::max_mismatches_5_4::seed_wobble_1_false::no_max_prune_1_false ... ok
[INFO] [stdout] test seed::reference_tests::complementary_runs_and_ambiguity_match_enumeration::case_1_unrestricted::seed_length_4_8::max_mismatches_5_4::seed_wobble_2_true::no_max_prune_1_false ... ok
[INFO] [stdout] test seed::reference_tests::complementary_runs_and_ambiguity_match_enumeration::case_1_unrestricted::seed_length_4_8::max_mismatches_5_4::seed_wobble_2_true::no_max_prune_2_true ... ok
[INFO] [stdout] test seed::reference_tests::complementary_runs_and_ambiguity_match_enumeration::case_1_unrestricted::seed_length_4_8::max_mismatches_2_1::seed_wobble_2_true::no_max_prune_2_true ... ok
[INFO] [stdout] test seed::reference_tests::complementary_runs_and_ambiguity_match_enumeration::case_2_both_flanks::seed_length_1_1::max_mismatches_1_0::seed_wobble_1_false::no_max_prune_1_false ... ok
[INFO] [stdout] test seed::reference_tests::complementary_runs_and_ambiguity_match_enumeration::case_1_unrestricted::seed_length_4_8::max_mismatches_5_4::seed_wobble_1_false::no_max_prune_2_true ... ok
[INFO] [stdout] test seed::reference_tests::complementary_runs_and_ambiguity_match_enumeration::case_2_both_flanks::seed_length_1_1::max_mismatches_1_0::seed_wobble_1_false::no_max_prune_2_true ... ok
[INFO] [stdout] test seed::reference_tests::complementary_runs_and_ambiguity_match_enumeration::case_2_both_flanks::seed_length_1_1::max_mismatches_2_1::seed_wobble_1_false::no_max_prune_2_true ... ok
[INFO] [stdout] test seed::reference_tests::complementary_runs_and_ambiguity_match_enumeration::case_2_both_flanks::seed_length_1_1::max_mismatches_2_1::seed_wobble_1_false::no_max_prune_1_false ... ok
[INFO] [stdout] test seed::reference_tests::complementary_runs_and_ambiguity_match_enumeration::case_2_both_flanks::seed_length_1_1::max_mismatches_1_0::seed_wobble_2_true::no_max_prune_1_false ... ok
[INFO] [stdout] test seed::reference_tests::complementary_runs_and_ambiguity_match_enumeration::case_2_both_flanks::seed_length_1_1::max_mismatches_1_0::seed_wobble_2_true::no_max_prune_2_true ... ok
[INFO] [stdout] test seed::reference_tests::complementary_runs_and_ambiguity_match_enumeration::case_2_both_flanks::seed_length_1_1::max_mismatches_3_2::seed_wobble_1_false::no_max_prune_1_false ... ok
[INFO] [stdout] test seed::reference_tests::complementary_runs_and_ambiguity_match_enumeration::case_2_both_flanks::seed_length_1_1::max_mismatches_2_1::seed_wobble_2_true::no_max_prune_1_false ... ok
[INFO] [stdout] test seed::reference_tests::complementary_runs_and_ambiguity_match_enumeration::case_2_both_flanks::seed_length_1_1::max_mismatches_2_1::seed_wobble_2_true::no_max_prune_2_true ... ok
[INFO] [stdout] test seed::reference_tests::complementary_runs_and_ambiguity_match_enumeration::case_2_both_flanks::seed_length_1_1::max_mismatches_3_2::seed_wobble_1_false::no_max_prune_2_true ... ok
[INFO] [stdout] test seed::reference_tests::complementary_runs_and_ambiguity_match_enumeration::case_2_both_flanks::seed_length_1_1::max_mismatches_4_3::seed_wobble_1_false::no_max_prune_2_true ... ok
[INFO] [stdout] test seed::reference_tests::complementary_runs_and_ambiguity_match_enumeration::case_2_both_flanks::seed_length_1_1::max_mismatches_3_2::seed_wobble_2_true::no_max_prune_1_false ... ok
[INFO] [stdout] test seed::reference_tests::complementary_runs_and_ambiguity_match_enumeration::case_2_both_flanks::seed_length_1_1::max_mismatches_4_3::seed_wobble_1_false::no_max_prune_1_false ... ok
[INFO] [stdout] test seed::reference_tests::complementary_runs_and_ambiguity_match_enumeration::case_2_both_flanks::seed_length_1_1::max_mismatches_3_2::seed_wobble_2_true::no_max_prune_2_true ... ok
[INFO] [stdout] test seed::reference_tests::complementary_runs_and_ambiguity_match_enumeration::case_2_both_flanks::seed_length_1_1::max_mismatches_4_3::seed_wobble_2_true::no_max_prune_2_true ... ok
[INFO] [stdout] test seed::reference_tests::complementary_runs_and_ambiguity_match_enumeration::case_2_both_flanks::seed_length_1_1::max_mismatches_5_4::seed_wobble_1_false::no_max_prune_1_false ... ok
[INFO] [stdout] test seed::reference_tests::complementary_runs_and_ambiguity_match_enumeration::case_2_both_flanks::seed_length_1_1::max_mismatches_4_3::seed_wobble_2_true::no_max_prune_1_false ... ok
[INFO] [stdout] test seed::reference_tests::complementary_runs_and_ambiguity_match_enumeration::case_2_both_flanks::seed_length_1_1::max_mismatches_5_4::seed_wobble_2_true::no_max_prune_1_false ... ok
[INFO] [stdout] test seed::reference_tests::complementary_runs_and_ambiguity_match_enumeration::case_2_both_flanks::seed_length_1_1::max_mismatches_5_4::seed_wobble_2_true::no_max_prune_2_true ... ok
[INFO] [stdout] test seed::reference_tests::complementary_runs_and_ambiguity_match_enumeration::case_2_both_flanks::seed_length_1_1::max_mismatches_5_4::seed_wobble_1_false::no_max_prune_2_true ... ok
[INFO] [stdout] test seed::reference_tests::complementary_runs_and_ambiguity_match_enumeration::case_2_both_flanks::seed_length_2_2::max_mismatches_1_0::seed_wobble_1_false::no_max_prune_1_false ... ok
[INFO] [stdout] test seed::reference_tests::complementary_runs_and_ambiguity_match_enumeration::case_2_both_flanks::seed_length_2_2::max_mismatches_1_0::seed_wobble_2_true::no_max_prune_1_false ... ok
[INFO] [stdout] test seed::reference_tests::complementary_runs_and_ambiguity_match_enumeration::case_2_both_flanks::seed_length_2_2::max_mismatches_1_0::seed_wobble_1_false::no_max_prune_2_true ... ok
[INFO] [stdout] test seed::reference_tests::complementary_runs_and_ambiguity_match_enumeration::case_2_both_flanks::seed_length_2_2::max_mismatches_2_1::seed_wobble_2_true::no_max_prune_1_false ... ok
[INFO] [stdout] test seed::reference_tests::complementary_runs_and_ambiguity_match_enumeration::case_2_both_flanks::seed_length_2_2::max_mismatches_1_0::seed_wobble_2_true::no_max_prune_2_true ... ok
[INFO] [stdout] test seed::reference_tests::complementary_runs_and_ambiguity_match_enumeration::case_2_both_flanks::seed_length_2_2::max_mismatches_2_1::seed_wobble_2_true::no_max_prune_2_true ... ok
[INFO] [stdout] test seed::reference_tests::complementary_runs_and_ambiguity_match_enumeration::case_2_both_flanks::seed_length_2_2::max_mismatches_3_2::seed_wobble_1_false::no_max_prune_2_true ... ok
[INFO] [stdout] test seed::reference_tests::complementary_runs_and_ambiguity_match_enumeration::case_2_both_flanks::seed_length_2_2::max_mismatches_3_2::seed_wobble_2_true::no_max_prune_1_false ... ok
[INFO] [stdout] test seed::reference_tests::complementary_runs_and_ambiguity_match_enumeration::case_2_both_flanks::seed_length_2_2::max_mismatches_2_1::seed_wobble_1_false::no_max_prune_2_true ... ok
[INFO] [stdout] test seed::reference_tests::complementary_runs_and_ambiguity_match_enumeration::case_2_both_flanks::seed_length_2_2::max_mismatches_3_2::seed_wobble_1_false::no_max_prune_1_false ... ok
[INFO] [stdout] test seed::reference_tests::complementary_runs_and_ambiguity_match_enumeration::case_2_both_flanks::seed_length_2_2::max_mismatches_4_3::seed_wobble_1_false::no_max_prune_1_false ... ok
[INFO] [stdout] test seed::reference_tests::complementary_runs_and_ambiguity_match_enumeration::case_2_both_flanks::seed_length_2_2::max_mismatches_2_1::seed_wobble_1_false::no_max_prune_1_false ... ok
[INFO] [stdout] test seed::reference_tests::complementary_runs_and_ambiguity_match_enumeration::case_2_both_flanks::seed_length_2_2::max_mismatches_3_2::seed_wobble_2_true::no_max_prune_2_true ... ok
[INFO] [stdout] test seed::reference_tests::complementary_runs_and_ambiguity_match_enumeration::case_2_both_flanks::seed_length_2_2::max_mismatches_4_3::seed_wobble_1_false::no_max_prune_2_true ... ok
[INFO] [stdout] test seed::reference_tests::complementary_runs_and_ambiguity_match_enumeration::case_2_both_flanks::seed_length_2_2::max_mismatches_4_3::seed_wobble_2_true::no_max_prune_1_false ... ok
[INFO] [stdout] test seed::reference_tests::complementary_runs_and_ambiguity_match_enumeration::case_2_both_flanks::seed_length_2_2::max_mismatches_5_4::seed_wobble_2_true::no_max_prune_2_true ... ok
[INFO] [stdout] test seed::reference_tests::complementary_runs_and_ambiguity_match_enumeration::case_2_both_flanks::seed_length_2_2::max_mismatches_5_4::seed_wobble_1_false::no_max_prune_1_false ... ok
[INFO] [stdout] test seed::reference_tests::complementary_runs_and_ambiguity_match_enumeration::case_2_both_flanks::seed_length_2_2::max_mismatches_5_4::seed_wobble_2_true::no_max_prune_1_false ... ok
[INFO] [stdout] test seed::reference_tests::complementary_runs_and_ambiguity_match_enumeration::case_2_both_flanks::seed_length_2_2::max_mismatches_4_3::seed_wobble_2_true::no_max_prune_2_true ... ok
[INFO] [stdout] test seed::reference_tests::complementary_runs_and_ambiguity_match_enumeration::case_2_both_flanks::seed_length_2_2::max_mismatches_5_4::seed_wobble_1_false::no_max_prune_2_true ... ok
[INFO] [stdout] test seed::reference_tests::complementary_runs_and_ambiguity_match_enumeration::case_2_both_flanks::seed_length_3_4::max_mismatches_1_0::seed_wobble_1_false::no_max_prune_2_true ... ok
[INFO] [stdout] test seed::reference_tests::complementary_runs_and_ambiguity_match_enumeration::case_2_both_flanks::seed_length_3_4::max_mismatches_1_0::seed_wobble_2_true::no_max_prune_2_true ... ok
[INFO] [stdout] test seed::reference_tests::complementary_runs_and_ambiguity_match_enumeration::case_2_both_flanks::seed_length_3_4::max_mismatches_1_0::seed_wobble_1_false::no_max_prune_1_false ... ok
[INFO] [stdout] test seed::reference_tests::complementary_runs_and_ambiguity_match_enumeration::case_2_both_flanks::seed_length_3_4::max_mismatches_2_1::seed_wobble_1_false::no_max_prune_1_false ... ok
[INFO] [stdout] test seed::reference_tests::complementary_runs_and_ambiguity_match_enumeration::case_2_both_flanks::seed_length_3_4::max_mismatches_2_1::seed_wobble_1_false::no_max_prune_2_true ... ok
[INFO] [stdout] test seed::reference_tests::complementary_runs_and_ambiguity_match_enumeration::case_2_both_flanks::seed_length_3_4::max_mismatches_3_2::seed_wobble_1_false::no_max_prune_1_false ... ok
[INFO] [stdout] test seed::reference_tests::complementary_runs_and_ambiguity_match_enumeration::case_2_both_flanks::seed_length_3_4::max_mismatches_2_1::seed_wobble_2_true::no_max_prune_2_true ... ok
[INFO] [stdout] test seed::reference_tests::complementary_runs_and_ambiguity_match_enumeration::case_2_both_flanks::seed_length_3_4::max_mismatches_3_2::seed_wobble_1_false::no_max_prune_2_true ... ok
[INFO] [stdout] test seed::reference_tests::complementary_runs_and_ambiguity_match_enumeration::case_2_both_flanks::seed_length_3_4::max_mismatches_4_3::seed_wobble_1_false::no_max_prune_1_false ... ok
[INFO] [stdout] test seed::reference_tests::complementary_runs_and_ambiguity_match_enumeration::case_2_both_flanks::seed_length_3_4::max_mismatches_3_2::seed_wobble_2_true::no_max_prune_2_true ... ok
[INFO] [stdout] test seed::reference_tests::complementary_runs_and_ambiguity_match_enumeration::case_2_both_flanks::seed_length_3_4::max_mismatches_3_2::seed_wobble_2_true::no_max_prune_1_false ... ok
[INFO] [stdout] test seed::reference_tests::complementary_runs_and_ambiguity_match_enumeration::case_2_both_flanks::seed_length_3_4::max_mismatches_2_1::seed_wobble_2_true::no_max_prune_1_false ... ok
[INFO] [stdout] test seed::reference_tests::complementary_runs_and_ambiguity_match_enumeration::case_2_both_flanks::seed_length_3_4::max_mismatches_1_0::seed_wobble_2_true::no_max_prune_1_false ... ok
[INFO] [stdout] test seed::reference_tests::complementary_runs_and_ambiguity_match_enumeration::case_2_both_flanks::seed_length_3_4::max_mismatches_5_4::seed_wobble_1_false::no_max_prune_2_true ... ok
[INFO] [stdout] test seed::reference_tests::complementary_runs_and_ambiguity_match_enumeration::case_2_both_flanks::seed_length_3_4::max_mismatches_5_4::seed_wobble_1_false::no_max_prune_1_false ... ok
[INFO] [stdout] test seed::reference_tests::complementary_runs_and_ambiguity_match_enumeration::case_2_both_flanks::seed_length_3_4::max_mismatches_4_3::seed_wobble_2_true::no_max_prune_2_true ... ok
[INFO] [stdout] test seed::reference_tests::complementary_runs_and_ambiguity_match_enumeration::case_2_both_flanks::seed_length_3_4::max_mismatches_4_3::seed_wobble_2_true::no_max_prune_1_false ... ok
[INFO] [stdout] test seed::reference_tests::complementary_runs_and_ambiguity_match_enumeration::case_2_both_flanks::seed_length_3_4::max_mismatches_4_3::seed_wobble_1_false::no_max_prune_2_true ... ok
[INFO] [stdout] test seed::reference_tests::complementary_runs_and_ambiguity_match_enumeration::case_2_both_flanks::seed_length_3_4::max_mismatches_5_4::seed_wobble_2_true::no_max_prune_1_false ... ok
[INFO] [stdout] test seed::reference_tests::complementary_runs_and_ambiguity_match_enumeration::case_2_both_flanks::seed_length_3_4::max_mismatches_5_4::seed_wobble_2_true::no_max_prune_2_true ... ok
[INFO] [stdout] test seed::reference_tests::complementary_runs_and_ambiguity_match_enumeration::case_2_both_flanks::seed_length_4_8::max_mismatches_1_0::seed_wobble_1_false::no_max_prune_1_false ... ok
[INFO] [stdout] test seed::reference_tests::complementary_runs_and_ambiguity_match_enumeration::case_2_both_flanks::seed_length_4_8::max_mismatches_2_1::seed_wobble_1_false::no_max_prune_1_false ... ok
[INFO] [stdout] test seed::reference_tests::complementary_runs_and_ambiguity_match_enumeration::case_2_both_flanks::seed_length_4_8::max_mismatches_1_0::seed_wobble_2_true::no_max_prune_2_true ... ok
[INFO] [stdout] test seed::reference_tests::complementary_runs_and_ambiguity_match_enumeration::case_2_both_flanks::seed_length_4_8::max_mismatches_1_0::seed_wobble_1_false::no_max_prune_2_true ... ok
[INFO] [stdout] test seed::reference_tests::complementary_runs_and_ambiguity_match_enumeration::case_2_both_flanks::seed_length_4_8::max_mismatches_2_1::seed_wobble_1_false::no_max_prune_2_true ... ok
[INFO] [stdout] test seed::reference_tests::complementary_runs_and_ambiguity_match_enumeration::case_2_both_flanks::seed_length_4_8::max_mismatches_3_2::seed_wobble_1_false::no_max_prune_1_false ... ok
[INFO] [stdout] test seed::reference_tests::complementary_runs_and_ambiguity_match_enumeration::case_2_both_flanks::seed_length_4_8::max_mismatches_2_1::seed_wobble_2_true::no_max_prune_2_true ... ok
[INFO] [stdout] test seed::reference_tests::complementary_runs_and_ambiguity_match_enumeration::case_2_both_flanks::seed_length_4_8::max_mismatches_2_1::seed_wobble_2_true::no_max_prune_1_false ... ok
[INFO] [stdout] test seed::reference_tests::complementary_runs_and_ambiguity_match_enumeration::case_2_both_flanks::seed_length_4_8::max_mismatches_1_0::seed_wobble_2_true::no_max_prune_1_false ... ok
[INFO] [stdout] test search::tests::generated::random_configs_do_not_panic ... ok
[INFO] [stdout] test seed::reference_tests::complementary_runs_and_ambiguity_match_enumeration::case_2_both_flanks::seed_length_4_8::max_mismatches_4_3::seed_wobble_1_false::no_max_prune_1_false ... ok
[INFO] [stdout] test seed::reference_tests::complementary_runs_and_ambiguity_match_enumeration::case_2_both_flanks::seed_length_4_8::max_mismatches_3_2::seed_wobble_2_true::no_max_prune_2_true ... ok
[INFO] [stdout] test seed::reference_tests::complementary_runs_and_ambiguity_match_enumeration::case_2_both_flanks::seed_length_4_8::max_mismatches_4_3::seed_wobble_1_false::no_max_prune_2_true ... ok
[INFO] [stdout] test seed::reference_tests::complementary_runs_and_ambiguity_match_enumeration::case_2_both_flanks::seed_length_4_8::max_mismatches_3_2::seed_wobble_2_true::no_max_prune_1_false ... ok
[INFO] [stdout] test seed::reference_tests::complementary_runs_and_ambiguity_match_enumeration::case_2_both_flanks::seed_length_4_8::max_mismatches_3_2::seed_wobble_1_false::no_max_prune_2_true ... ok
[INFO] [stdout] test seed::reference_tests::complementary_runs_and_ambiguity_match_enumeration::case_2_both_flanks::seed_length_4_8::max_mismatches_4_3::seed_wobble_2_true::no_max_prune_2_true ... ok
[INFO] [stdout] test seed::reference_tests::complementary_runs_and_ambiguity_match_enumeration::case_2_both_flanks::seed_length_4_8::max_mismatches_5_4::seed_wobble_1_false::no_max_prune_1_false ... ok
[INFO] [stdout] test seed::reference_tests::complementary_runs_and_ambiguity_match_enumeration::case_2_both_flanks::seed_length_4_8::max_mismatches_5_4::seed_wobble_1_false::no_max_prune_2_true ... ok
[INFO] [stdout] test seed::reference_tests::complementary_runs_and_ambiguity_match_enumeration::case_3_suffix_only::seed_length_1_1::max_mismatches_1_0::seed_wobble_1_false::no_max_prune_1_false ... ok
[INFO] [stdout] test seed::reference_tests::complementary_runs_and_ambiguity_match_enumeration::case_3_suffix_only::seed_length_1_1::max_mismatches_1_0::seed_wobble_2_true::no_max_prune_1_false ... ok
[INFO] [stdout] test seed::reference_tests::complementary_runs_and_ambiguity_match_enumeration::case_2_both_flanks::seed_length_4_8::max_mismatches_5_4::seed_wobble_2_true::no_max_prune_2_true ... ok
[INFO] [stdout] test seed::reference_tests::complementary_runs_and_ambiguity_match_enumeration::case_2_both_flanks::seed_length_4_8::max_mismatches_5_4::seed_wobble_2_true::no_max_prune_1_false ... ok
[INFO] [stdout] test seed::reference_tests::complementary_runs_and_ambiguity_match_enumeration::case_3_suffix_only::seed_length_1_1::max_mismatches_1_0::seed_wobble_2_true::no_max_prune_2_true ... ok
[INFO] [stdout] test seed::reference_tests::complementary_runs_and_ambiguity_match_enumeration::case_3_suffix_only::seed_length_1_1::max_mismatches_2_1::seed_wobble_1_false::no_max_prune_1_false ... ok
[INFO] [stdout] test seed::reference_tests::complementary_runs_and_ambiguity_match_enumeration::case_3_suffix_only::seed_length_1_1::max_mismatches_3_2::seed_wobble_1_false::no_max_prune_1_false ... ok
[INFO] [stdout] test seed::reference_tests::complementary_runs_and_ambiguity_match_enumeration::case_3_suffix_only::seed_length_1_1::max_mismatches_2_1::seed_wobble_2_true::no_max_prune_1_false ... ok
[INFO] [stdout] test seed::reference_tests::complementary_runs_and_ambiguity_match_enumeration::case_3_suffix_only::seed_length_1_1::max_mismatches_2_1::seed_wobble_2_true::no_max_prune_2_true ... ok
[INFO] [stdout] test seed::reference_tests::complementary_runs_and_ambiguity_match_enumeration::case_3_suffix_only::seed_length_1_1::max_mismatches_1_0::seed_wobble_1_false::no_max_prune_2_true ... ok
[INFO] [stdout] test seed::reference_tests::complementary_runs_and_ambiguity_match_enumeration::case_3_suffix_only::seed_length_1_1::max_mismatches_2_1::seed_wobble_1_false::no_max_prune_2_true ... ok
[INFO] [stdout] test seed::reference_tests::complementary_runs_and_ambiguity_match_enumeration::case_2_both_flanks::seed_length_4_8::max_mismatches_4_3::seed_wobble_2_true::no_max_prune_1_false ... ok
[INFO] [stdout] test seed::reference_tests::complementary_runs_and_ambiguity_match_enumeration::case_3_suffix_only::seed_length_1_1::max_mismatches_3_2::seed_wobble_1_false::no_max_prune_2_true ... ok
[INFO] [stdout] test seed::reference_tests::complementary_runs_and_ambiguity_match_enumeration::case_3_suffix_only::seed_length_1_1::max_mismatches_3_2::seed_wobble_2_true::no_max_prune_1_false ... ok
[INFO] [stdout] test seed::reference_tests::complementary_runs_and_ambiguity_match_enumeration::case_3_suffix_only::seed_length_1_1::max_mismatches_3_2::seed_wobble_2_true::no_max_prune_2_true ... ok
[INFO] [stdout] test seed::reference_tests::complementary_runs_and_ambiguity_match_enumeration::case_3_suffix_only::seed_length_1_1::max_mismatches_4_3::seed_wobble_1_false::no_max_prune_2_true ... ok
[INFO] [stdout] test seed::reference_tests::complementary_runs_and_ambiguity_match_enumeration::case_3_suffix_only::seed_length_1_1::max_mismatches_4_3::seed_wobble_2_true::no_max_prune_1_false ... ok
[INFO] [stdout] test seed::reference_tests::complementary_runs_and_ambiguity_match_enumeration::case_3_suffix_only::seed_length_1_1::max_mismatches_4_3::seed_wobble_2_true::no_max_prune_2_true ... ok
[INFO] [stdout] test seed::reference_tests::complementary_runs_and_ambiguity_match_enumeration::case_3_suffix_only::seed_length_1_1::max_mismatches_5_4::seed_wobble_1_false::no_max_prune_1_false ... ok
[INFO] [stdout] test seed::reference_tests::complementary_runs_and_ambiguity_match_enumeration::case_3_suffix_only::seed_length_1_1::max_mismatches_4_3::seed_wobble_1_false::no_max_prune_1_false ... ok
[INFO] [stdout] test seed::reference_tests::complementary_runs_and_ambiguity_match_enumeration::case_3_suffix_only::seed_length_1_1::max_mismatches_5_4::seed_wobble_2_true::no_max_prune_1_false ... ok
[INFO] [stdout] test seed::reference_tests::complementary_runs_and_ambiguity_match_enumeration::case_3_suffix_only::seed_length_1_1::max_mismatches_5_4::seed_wobble_2_true::no_max_prune_2_true ... ok
[INFO] [stdout] test seed::reference_tests::complementary_runs_and_ambiguity_match_enumeration::case_3_suffix_only::seed_length_2_2::max_mismatches_1_0::seed_wobble_1_false::no_max_prune_1_false ... ok
[INFO] [stdout] test seed::reference_tests::complementary_runs_and_ambiguity_match_enumeration::case_3_suffix_only::seed_length_2_2::max_mismatches_2_1::seed_wobble_1_false::no_max_prune_1_false ... ok
[INFO] [stdout] test seed::reference_tests::complementary_runs_and_ambiguity_match_enumeration::case_3_suffix_only::seed_length_1_1::max_mismatches_5_4::seed_wobble_1_false::no_max_prune_2_true ... ok
[INFO] [stdout] test seed::reference_tests::complementary_runs_and_ambiguity_match_enumeration::case_3_suffix_only::seed_length_2_2::max_mismatches_2_1::seed_wobble_2_true::no_max_prune_2_true ... ok
[INFO] [stdout] test seed::reference_tests::complementary_runs_and_ambiguity_match_enumeration::case_3_suffix_only::seed_length_2_2::max_mismatches_2_1::seed_wobble_2_true::no_max_prune_1_false ... ok
[INFO] [stdout] test seed::reference_tests::complementary_runs_and_ambiguity_match_enumeration::case_3_suffix_only::seed_length_2_2::max_mismatches_2_1::seed_wobble_1_false::no_max_prune_2_true ... ok
[INFO] [stdout] test seed::reference_tests::complementary_runs_and_ambiguity_match_enumeration::case_3_suffix_only::seed_length_2_2::max_mismatches_3_2::seed_wobble_2_true::no_max_prune_1_false ... ok
[INFO] [stdout] test seed::reference_tests::complementary_runs_and_ambiguity_match_enumeration::case_3_suffix_only::seed_length_2_2::max_mismatches_1_0::seed_wobble_2_true::no_max_prune_2_true ... ok
[INFO] [stdout] test seed::reference_tests::complementary_runs_and_ambiguity_match_enumeration::case_3_suffix_only::seed_length_2_2::max_mismatches_3_2::seed_wobble_1_false::no_max_prune_2_true ... ok
[INFO] [stdout] test seed::reference_tests::complementary_runs_and_ambiguity_match_enumeration::case_3_suffix_only::seed_length_2_2::max_mismatches_1_0::seed_wobble_2_true::no_max_prune_1_false ... ok
[INFO] [stdout] test seed::reference_tests::complementary_runs_and_ambiguity_match_enumeration::case_3_suffix_only::seed_length_2_2::max_mismatches_3_2::seed_wobble_1_false::no_max_prune_1_false ... ok
[INFO] [stdout] test seed::reference_tests::complementary_runs_and_ambiguity_match_enumeration::case_3_suffix_only::seed_length_2_2::max_mismatches_1_0::seed_wobble_1_false::no_max_prune_2_true ... ok
[INFO] [stdout] test seed::reference_tests::complementary_runs_and_ambiguity_match_enumeration::case_3_suffix_only::seed_length_2_2::max_mismatches_4_3::seed_wobble_2_true::no_max_prune_1_false ... ok
[INFO] [stdout] test seed::reference_tests::complementary_runs_and_ambiguity_match_enumeration::case_3_suffix_only::seed_length_2_2::max_mismatches_4_3::seed_wobble_1_false::no_max_prune_2_true ... ok
[INFO] [stdout] test seed::reference_tests::complementary_runs_and_ambiguity_match_enumeration::case_3_suffix_only::seed_length_2_2::max_mismatches_4_3::seed_wobble_1_false::no_max_prune_1_false ... ok
[INFO] [stdout] test seed::reference_tests::complementary_runs_and_ambiguity_match_enumeration::case_3_suffix_only::seed_length_2_2::max_mismatches_3_2::seed_wobble_2_true::no_max_prune_2_true ... ok
[INFO] [stdout] test seed::reference_tests::complementary_runs_and_ambiguity_match_enumeration::case_3_suffix_only::seed_length_2_2::max_mismatches_5_4::seed_wobble_2_true::no_max_prune_1_false ... ok
[INFO] [stdout] test seed::reference_tests::complementary_runs_and_ambiguity_match_enumeration::case_3_suffix_only::seed_length_2_2::max_mismatches_5_4::seed_wobble_1_false::no_max_prune_2_true ... ok
[INFO] [stdout] test seed::reference_tests::complementary_runs_and_ambiguity_match_enumeration::case_3_suffix_only::seed_length_2_2::max_mismatches_5_4::seed_wobble_2_true::no_max_prune_2_true ... ok
[INFO] [stdout] test seed::reference_tests::complementary_runs_and_ambiguity_match_enumeration::case_3_suffix_only::seed_length_3_4::max_mismatches_1_0::seed_wobble_1_false::no_max_prune_2_true ... ok
[INFO] [stdout] test seed::reference_tests::complementary_runs_and_ambiguity_match_enumeration::case_3_suffix_only::seed_length_3_4::max_mismatches_1_0::seed_wobble_1_false::no_max_prune_1_false ... ok
[INFO] [stdout] test seed::reference_tests::complementary_runs_and_ambiguity_match_enumeration::case_3_suffix_only::seed_length_2_2::max_mismatches_4_3::seed_wobble_2_true::no_max_prune_2_true ... ok
[INFO] [stdout] test seed::reference_tests::complementary_runs_and_ambiguity_match_enumeration::case_3_suffix_only::seed_length_3_4::max_mismatches_2_1::seed_wobble_1_false::no_max_prune_1_false ... ok
[INFO] [stdout] test seed::reference_tests::complementary_runs_and_ambiguity_match_enumeration::case_3_suffix_only::seed_length_3_4::max_mismatches_1_0::seed_wobble_2_true::no_max_prune_2_true ... ok
[INFO] [stdout] test seed::reference_tests::complementary_runs_and_ambiguity_match_enumeration::case_3_suffix_only::seed_length_3_4::max_mismatches_1_0::seed_wobble_2_true::no_max_prune_1_false ... ok
[INFO] [stdout] test seed::reference_tests::complementary_runs_and_ambiguity_match_enumeration::case_3_suffix_only::seed_length_2_2::max_mismatches_5_4::seed_wobble_1_false::no_max_prune_1_false ... ok
[INFO] [stdout] test seed::reference_tests::complementary_runs_and_ambiguity_match_enumeration::case_3_suffix_only::seed_length_3_4::max_mismatches_3_2::seed_wobble_1_false::no_max_prune_2_true ... ok
[INFO] [stdout] test seed::reference_tests::complementary_runs_and_ambiguity_match_enumeration::case_3_suffix_only::seed_length_3_4::max_mismatches_3_2::seed_wobble_2_true::no_max_prune_1_false ... ok
[INFO] [stdout] test seed::reference_tests::complementary_runs_and_ambiguity_match_enumeration::case_3_suffix_only::seed_length_3_4::max_mismatches_4_3::seed_wobble_1_false::no_max_prune_1_false ... ok
[INFO] [stdout] test seed::reference_tests::complementary_runs_and_ambiguity_match_enumeration::case_3_suffix_only::seed_length_3_4::max_mismatches_3_2::seed_wobble_2_true::no_max_prune_2_true ... ok
[INFO] [stdout] test seed::reference_tests::complementary_runs_and_ambiguity_match_enumeration::case_3_suffix_only::seed_length_3_4::max_mismatches_2_1::seed_wobble_1_false::no_max_prune_2_true ... ok
[INFO] [stdout] test seed::reference_tests::complementary_runs_and_ambiguity_match_enumeration::case_3_suffix_only::seed_length_3_4::max_mismatches_4_3::seed_wobble_2_true::no_max_prune_1_false ... ok
[INFO] [stdout] test seed::reference_tests::complementary_runs_and_ambiguity_match_enumeration::case_3_suffix_only::seed_length_3_4::max_mismatches_2_1::seed_wobble_2_true::no_max_prune_1_false ... ok
[INFO] [stdout] test seed::reference_tests::complementary_runs_and_ambiguity_match_enumeration::case_3_suffix_only::seed_length_3_4::max_mismatches_2_1::seed_wobble_2_true::no_max_prune_2_true ... ok
[INFO] [stdout] test seed::reference_tests::complementary_runs_and_ambiguity_match_enumeration::case_3_suffix_only::seed_length_3_4::max_mismatches_3_2::seed_wobble_1_false::no_max_prune_1_false ... ok
[INFO] [stdout] test seed::reference_tests::complementary_runs_and_ambiguity_match_enumeration::case_3_suffix_only::seed_length_3_4::max_mismatches_5_4::seed_wobble_1_false::no_max_prune_2_true ... ok
[INFO] [stdout] test seed::reference_tests::complementary_runs_and_ambiguity_match_enumeration::case_3_suffix_only::seed_length_3_4::max_mismatches_5_4::seed_wobble_1_false::no_max_prune_1_false ... ok
[INFO] [stdout] test seed::reference_tests::complementary_runs_and_ambiguity_match_enumeration::case_3_suffix_only::seed_length_3_4::max_mismatches_4_3::seed_wobble_2_true::no_max_prune_2_true ... ok
[INFO] [stdout] test seed::reference_tests::complementary_runs_and_ambiguity_match_enumeration::case_3_suffix_only::seed_length_3_4::max_mismatches_4_3::seed_wobble_1_false::no_max_prune_2_true ... ok
[INFO] [stdout] test seed::reference_tests::complementary_runs_and_ambiguity_match_enumeration::case_3_suffix_only::seed_length_3_4::max_mismatches_5_4::seed_wobble_2_true::no_max_prune_2_true ... ok
[INFO] [stdout] test seed::reference_tests::complementary_runs_and_ambiguity_match_enumeration::case_3_suffix_only::seed_length_4_8::max_mismatches_1_0::seed_wobble_2_true::no_max_prune_1_false ... ok
[INFO] [stdout] test seed::reference_tests::complementary_runs_and_ambiguity_match_enumeration::case_3_suffix_only::seed_length_4_8::max_mismatches_1_0::seed_wobble_2_true::no_max_prune_2_true ... ok
[INFO] [stdout] test seed::reference_tests::complementary_runs_and_ambiguity_match_enumeration::case_3_suffix_only::seed_length_4_8::max_mismatches_2_1::seed_wobble_2_true::no_max_prune_1_false ... ok
[INFO] [stdout] test seed::reference_tests::complementary_runs_and_ambiguity_match_enumeration::case_3_suffix_only::seed_length_4_8::max_mismatches_2_1::seed_wobble_1_false::no_max_prune_1_false ... ok
[INFO] [stdout] test seed::reference_tests::complementary_runs_and_ambiguity_match_enumeration::case_3_suffix_only::seed_length_4_8::max_mismatches_2_1::seed_wobble_1_false::no_max_prune_2_true ... ok
[INFO] [stdout] test seed::reference_tests::complementary_runs_and_ambiguity_match_enumeration::case_3_suffix_only::seed_length_4_8::max_mismatches_1_0::seed_wobble_1_false::no_max_prune_2_true ... ok
[INFO] [stdout] test seed::reference_tests::complementary_runs_and_ambiguity_match_enumeration::case_3_suffix_only::seed_length_4_8::max_mismatches_3_2::seed_wobble_1_false::no_max_prune_2_true ... ok
[INFO] [stdout] test seed::reference_tests::complementary_runs_and_ambiguity_match_enumeration::case_3_suffix_only::seed_length_4_8::max_mismatches_3_2::seed_wobble_1_false::no_max_prune_1_false ... ok
[INFO] [stdout] test seed::reference_tests::complementary_runs_and_ambiguity_match_enumeration::case_3_suffix_only::seed_length_4_8::max_mismatches_1_0::seed_wobble_1_false::no_max_prune_1_false ... ok
[INFO] [stdout] test seed::reference_tests::complementary_runs_and_ambiguity_match_enumeration::case_3_suffix_only::seed_length_4_8::max_mismatches_2_1::seed_wobble_2_true::no_max_prune_2_true ... ok
[INFO] [stdout] test seed::reference_tests::complementary_runs_and_ambiguity_match_enumeration::case_3_suffix_only::seed_length_4_8::max_mismatches_4_3::seed_wobble_2_true::no_max_prune_1_false ... ok
[INFO] [stdout] test seed::reference_tests::complementary_runs_and_ambiguity_match_enumeration::case_3_suffix_only::seed_length_4_8::max_mismatches_4_3::seed_wobble_1_false::no_max_prune_2_true ... ok
[INFO] [stdout] test seed::reference_tests::complementary_runs_and_ambiguity_match_enumeration::case_3_suffix_only::seed_length_3_4::max_mismatches_5_4::seed_wobble_2_true::no_max_prune_1_false ... ok
[INFO] [stdout] test seed::reference_tests::complementary_runs_and_ambiguity_match_enumeration::case_3_suffix_only::seed_length_4_8::max_mismatches_3_2::seed_wobble_2_true::no_max_prune_2_true ... ok
[INFO] [stdout] test seed::reference_tests::complementary_runs_and_ambiguity_match_enumeration::case_3_suffix_only::seed_length_4_8::max_mismatches_5_4::seed_wobble_1_false::no_max_prune_2_true ... ok
[INFO] [stdout] test seed::reference_tests::complementary_runs_and_ambiguity_match_enumeration::case_3_suffix_only::seed_length_4_8::max_mismatches_4_3::seed_wobble_2_true::no_max_prune_2_true ... ok
[INFO] [stdout] test seed::reference_tests::complementary_runs_and_ambiguity_match_enumeration::case_4_prefix_only::seed_length_1_1::max_mismatches_1_0::seed_wobble_1_false::no_max_prune_1_false ... ok
[INFO] [stdout] test seed::reference_tests::complementary_runs_and_ambiguity_match_enumeration::case_3_suffix_only::seed_length_4_8::max_mismatches_5_4::seed_wobble_2_true::no_max_prune_1_false ... ok
[INFO] [stdout] test seed::reference_tests::complementary_runs_and_ambiguity_match_enumeration::case_3_suffix_only::seed_length_4_8::max_mismatches_4_3::seed_wobble_1_false::no_max_prune_1_false ... ok
[INFO] [stdout] test seed::reference_tests::complementary_runs_and_ambiguity_match_enumeration::case_3_suffix_only::seed_length_4_8::max_mismatches_5_4::seed_wobble_2_true::no_max_prune_2_true ... ok
[INFO] [stdout] test seed::reference_tests::complementary_runs_and_ambiguity_match_enumeration::case_3_suffix_only::seed_length_4_8::max_mismatches_5_4::seed_wobble_1_false::no_max_prune_1_false ... ok
[INFO] [stdout] test seed::reference_tests::complementary_runs_and_ambiguity_match_enumeration::case_4_prefix_only::seed_length_1_1::max_mismatches_2_1::seed_wobble_1_false::no_max_prune_1_false ... ok
[INFO] [stdout] test seed::reference_tests::complementary_runs_and_ambiguity_match_enumeration::case_4_prefix_only::seed_length_1_1::max_mismatches_1_0::seed_wobble_2_true::no_max_prune_2_true ... ok
[INFO] [stdout] test seed::reference_tests::complementary_runs_and_ambiguity_match_enumeration::case_4_prefix_only::seed_length_1_1::max_mismatches_2_1::seed_wobble_1_false::no_max_prune_2_true ... ok
[INFO] [stdout] test seed::reference_tests::complementary_runs_and_ambiguity_match_enumeration::case_3_suffix_only::seed_length_4_8::max_mismatches_3_2::seed_wobble_2_true::no_max_prune_1_false ... ok
[INFO] [stdout] test seed::reference_tests::complementary_runs_and_ambiguity_match_enumeration::case_4_prefix_only::seed_length_1_1::max_mismatches_1_0::seed_wobble_2_true::no_max_prune_1_false ... ok
[INFO] [stdout] test seed::reference_tests::complementary_runs_and_ambiguity_match_enumeration::case_4_prefix_only::seed_length_1_1::max_mismatches_3_2::seed_wobble_1_false::no_max_prune_1_false ... ok
[INFO] [stdout] test seed::reference_tests::complementary_runs_and_ambiguity_match_enumeration::case_4_prefix_only::seed_length_1_1::max_mismatches_3_2::seed_wobble_1_false::no_max_prune_2_true ... ok
[INFO] [stdout] test seed::reference_tests::complementary_runs_and_ambiguity_match_enumeration::case_4_prefix_only::seed_length_1_1::max_mismatches_2_1::seed_wobble_2_true::no_max_prune_2_true ... ok
[INFO] [stdout] test seed::reference_tests::complementary_runs_and_ambiguity_match_enumeration::case_4_prefix_only::seed_length_1_1::max_mismatches_2_1::seed_wobble_2_true::no_max_prune_1_false ... ok
[INFO] [stdout] test seed::reference_tests::complementary_runs_and_ambiguity_match_enumeration::case_4_prefix_only::seed_length_1_1::max_mismatches_3_2::seed_wobble_2_true::no_max_prune_1_false ... ok
[INFO] [stdout] test seed::reference_tests::complementary_runs_and_ambiguity_match_enumeration::case_4_prefix_only::seed_length_1_1::max_mismatches_4_3::seed_wobble_1_false::no_max_prune_2_true ... ok
[INFO] [stdout] test seed::reference_tests::complementary_runs_and_ambiguity_match_enumeration::case_4_prefix_only::seed_length_1_1::max_mismatches_4_3::seed_wobble_1_false::no_max_prune_1_false ... ok
[INFO] [stdout] test seed::reference_tests::complementary_runs_and_ambiguity_match_enumeration::case_4_prefix_only::seed_length_1_1::max_mismatches_4_3::seed_wobble_2_true::no_max_prune_2_true ... ok
[INFO] [stdout] test seed::reference_tests::complementary_runs_and_ambiguity_match_enumeration::case_4_prefix_only::seed_length_1_1::max_mismatches_4_3::seed_wobble_2_true::no_max_prune_1_false ... ok
[INFO] [stdout] test seed::reference_tests::complementary_runs_and_ambiguity_match_enumeration::case_4_prefix_only::seed_length_1_1::max_mismatches_5_4::seed_wobble_1_false::no_max_prune_1_false ... ok
[INFO] [stdout] test seed::reference_tests::complementary_runs_and_ambiguity_match_enumeration::case_4_prefix_only::seed_length_1_1::max_mismatches_3_2::seed_wobble_2_true::no_max_prune_2_true ... ok
[INFO] [stdout] test seed::reference_tests::complementary_runs_and_ambiguity_match_enumeration::case_4_prefix_only::seed_length_2_2::max_mismatches_1_0::seed_wobble_1_false::no_max_prune_2_true ... ok
[INFO] [stdout] test seed::reference_tests::complementary_runs_and_ambiguity_match_enumeration::case_4_prefix_only::seed_length_2_2::max_mismatches_1_0::seed_wobble_1_false::no_max_prune_1_false ... ok
[INFO] [stdout] test seed::reference_tests::complementary_runs_and_ambiguity_match_enumeration::case_4_prefix_only::seed_length_1_1::max_mismatches_5_4::seed_wobble_2_true::no_max_prune_2_true ... ok
[INFO] [stdout] test seed::reference_tests::complementary_runs_and_ambiguity_match_enumeration::case_4_prefix_only::seed_length_1_1::max_mismatches_5_4::seed_wobble_2_true::no_max_prune_1_false ... ok
[INFO] [stdout] test seed::reference_tests::complementary_runs_and_ambiguity_match_enumeration::case_4_prefix_only::seed_length_1_1::max_mismatches_5_4::seed_wobble_1_false::no_max_prune_2_true ... ok
[INFO] [stdout] test seed::reference_tests::complementary_runs_and_ambiguity_match_enumeration::case_4_prefix_only::seed_length_2_2::max_mismatches_1_0::seed_wobble_2_true::no_max_prune_1_false ... ok
[INFO] [stdout] test seed::reference_tests::complementary_runs_and_ambiguity_match_enumeration::case_4_prefix_only::seed_length_2_2::max_mismatches_2_1::seed_wobble_1_false::no_max_prune_1_false ... ok
[INFO] [stdout] test seed::reference_tests::complementary_runs_and_ambiguity_match_enumeration::case_4_prefix_only::seed_length_2_2::max_mismatches_1_0::seed_wobble_2_true::no_max_prune_2_true ... ok
[INFO] [stdout] test seed::reference_tests::complementary_runs_and_ambiguity_match_enumeration::case_4_prefix_only::seed_length_2_2::max_mismatches_2_1::seed_wobble_2_true::no_max_prune_2_true ... ok
[INFO] [stdout] test seed::reference_tests::complementary_runs_and_ambiguity_match_enumeration::case_4_prefix_only::seed_length_2_2::max_mismatches_2_1::seed_wobble_2_true::no_max_prune_1_false ... ok
[INFO] [stdout] test seed::reference_tests::complementary_runs_and_ambiguity_match_enumeration::case_4_prefix_only::seed_length_2_2::max_mismatches_2_1::seed_wobble_1_false::no_max_prune_2_true ... ok
[INFO] [stdout] test seed::reference_tests::complementary_runs_and_ambiguity_match_enumeration::case_4_prefix_only::seed_length_2_2::max_mismatches_4_3::seed_wobble_1_false::no_max_prune_1_false ... ok
[INFO] [stdout] test seed::reference_tests::complementary_runs_and_ambiguity_match_enumeration::case_4_prefix_only::seed_length_2_2::max_mismatches_3_2::seed_wobble_2_true::no_max_prune_2_true ... ok
[INFO] [stdout] test seed::reference_tests::complementary_runs_and_ambiguity_match_enumeration::case_4_prefix_only::seed_length_2_2::max_mismatches_3_2::seed_wobble_2_true::no_max_prune_1_false ... ok
[INFO] [stdout] test seed::reference_tests::complementary_runs_and_ambiguity_match_enumeration::case_4_prefix_only::seed_length_2_2::max_mismatches_4_3::seed_wobble_1_false::no_max_prune_2_true ... ok
[INFO] [stdout] test seed::reference_tests::complementary_runs_and_ambiguity_match_enumeration::case_4_prefix_only::seed_length_2_2::max_mismatches_4_3::seed_wobble_2_true::no_max_prune_1_false ... ok
[INFO] [stdout] test seed::reference_tests::complementary_runs_and_ambiguity_match_enumeration::case_4_prefix_only::seed_length_2_2::max_mismatches_3_2::seed_wobble_1_false::no_max_prune_2_true ... ok
[INFO] [stdout] test seed::reference_tests::complementary_runs_and_ambiguity_match_enumeration::case_4_prefix_only::seed_length_2_2::max_mismatches_5_4::seed_wobble_1_false::no_max_prune_2_true ... ok
[INFO] [stdout] test seed::reference_tests::complementary_runs_and_ambiguity_match_enumeration::case_4_prefix_only::seed_length_2_2::max_mismatches_5_4::seed_wobble_2_true::no_max_prune_2_true ... ok
[INFO] [stdout] test seed::reference_tests::complementary_runs_and_ambiguity_match_enumeration::case_4_prefix_only::seed_length_2_2::max_mismatches_5_4::seed_wobble_1_false::no_max_prune_1_false ... ok
[INFO] [stdout] test seed::reference_tests::complementary_runs_and_ambiguity_match_enumeration::case_4_prefix_only::seed_length_3_4::max_mismatches_1_0::seed_wobble_1_false::no_max_prune_1_false ... ok
[INFO] [stdout] test seed::reference_tests::complementary_runs_and_ambiguity_match_enumeration::case_4_prefix_only::seed_length_3_4::max_mismatches_1_0::seed_wobble_1_false::no_max_prune_2_true ... ok
[INFO] [stdout] test seed::reference_tests::complementary_runs_and_ambiguity_match_enumeration::case_4_prefix_only::seed_length_3_4::max_mismatches_1_0::seed_wobble_2_true::no_max_prune_1_false ... ok
[INFO] [stdout] test seed::reference_tests::complementary_runs_and_ambiguity_match_enumeration::case_4_prefix_only::seed_length_3_4::max_mismatches_2_1::seed_wobble_1_false::no_max_prune_1_false ... ok
[INFO] [stdout] test seed::reference_tests::complementary_runs_and_ambiguity_match_enumeration::case_4_prefix_only::seed_length_3_4::max_mismatches_1_0::seed_wobble_2_true::no_max_prune_2_true ... ok
[INFO] [stdout] test seed::reference_tests::complementary_runs_and_ambiguity_match_enumeration::case_4_prefix_only::seed_length_3_4::max_mismatches_2_1::seed_wobble_2_true::no_max_prune_1_false ... ok
[INFO] [stdout] test seed::reference_tests::complementary_runs_and_ambiguity_match_enumeration::case_4_prefix_only::seed_length_3_4::max_mismatches_2_1::seed_wobble_1_false::no_max_prune_2_true ... ok
[INFO] [stdout] test seed::reference_tests::complementary_runs_and_ambiguity_match_enumeration::case_4_prefix_only::seed_length_3_4::max_mismatches_2_1::seed_wobble_2_true::no_max_prune_2_true ... ok
[INFO] [stdout] test seed::reference_tests::complementary_runs_and_ambiguity_match_enumeration::case_4_prefix_only::seed_length_3_4::max_mismatches_3_2::seed_wobble_1_false::no_max_prune_1_false ... ok
[INFO] [stdout] test seed::reference_tests::complementary_runs_and_ambiguity_match_enumeration::case_4_prefix_only::seed_length_1_1::max_mismatches_1_0::seed_wobble_1_false::no_max_prune_2_true ... ok
[INFO] [stdout] test seed::reference_tests::complementary_runs_and_ambiguity_match_enumeration::case_4_prefix_only::seed_length_2_2::max_mismatches_5_4::seed_wobble_2_true::no_max_prune_1_false ... ok
[INFO] [stdout] test seed::reference_tests::complementary_runs_and_ambiguity_match_enumeration::case_4_prefix_only::seed_length_2_2::max_mismatches_3_2::seed_wobble_1_false::no_max_prune_1_false ... ok
[INFO] [stdout] test seed::reference_tests::complementary_runs_and_ambiguity_match_enumeration::case_4_prefix_only::seed_length_2_2::max_mismatches_4_3::seed_wobble_2_true::no_max_prune_2_true ... ok
[INFO] [stdout] test seed::reference_tests::complementary_runs_and_ambiguity_match_enumeration::case_4_prefix_only::seed_length_3_4::max_mismatches_4_3::seed_wobble_1_false::no_max_prune_2_true ... ok
[INFO] [stdout] test seed::reference_tests::complementary_runs_and_ambiguity_match_enumeration::case_4_prefix_only::seed_length_3_4::max_mismatches_4_3::seed_wobble_1_false::no_max_prune_1_false ... ok
[INFO] [stdout] test seed::reference_tests::complementary_runs_and_ambiguity_match_enumeration::case_4_prefix_only::seed_length_3_4::max_mismatches_3_2::seed_wobble_2_true::no_max_prune_2_true ... ok
[INFO] [stdout] test seed::reference_tests::complementary_runs_and_ambiguity_match_enumeration::case_4_prefix_only::seed_length_3_4::max_mismatches_3_2::seed_wobble_2_true::no_max_prune_1_false ... ok
[INFO] [stdout] test seed::reference_tests::complementary_runs_and_ambiguity_match_enumeration::case_4_prefix_only::seed_length_3_4::max_mismatches_3_2::seed_wobble_1_false::no_max_prune_2_true ... ok
[INFO] [stdout] test seed::reference_tests::complementary_runs_and_ambiguity_match_enumeration::case_4_prefix_only::seed_length_3_4::max_mismatches_5_4::seed_wobble_1_false::no_max_prune_1_false ... ok
[INFO] [stdout] test seed::reference_tests::complementary_runs_and_ambiguity_match_enumeration::case_4_prefix_only::seed_length_3_4::max_mismatches_4_3::seed_wobble_2_true::no_max_prune_1_false ... ok
[INFO] [stdout] test seed::reference_tests::complementary_runs_and_ambiguity_match_enumeration::case_4_prefix_only::seed_length_3_4::max_mismatches_5_4::seed_wobble_2_true::no_max_prune_2_true ... ok
[INFO] [stdout] test seed::reference_tests::complementary_runs_and_ambiguity_match_enumeration::case_4_prefix_only::seed_length_3_4::max_mismatches_5_4::seed_wobble_2_true::no_max_prune_1_false ... ok
[INFO] [stdout] test seed::reference_tests::complementary_runs_and_ambiguity_match_enumeration::case_4_prefix_only::seed_length_3_4::max_mismatches_4_3::seed_wobble_2_true::no_max_prune_2_true ... ok
[INFO] [stdout] test seed::reference_tests::complementary_runs_and_ambiguity_match_enumeration::case_4_prefix_only::seed_length_4_8::max_mismatches_1_0::seed_wobble_1_false::no_max_prune_2_true ... ok
[INFO] [stdout] test seed::reference_tests::complementary_runs_and_ambiguity_match_enumeration::case_4_prefix_only::seed_length_4_8::max_mismatches_2_1::seed_wobble_1_false::no_max_prune_1_false ... ok
[INFO] [stdout] test seed::reference_tests::complementary_runs_and_ambiguity_match_enumeration::case_4_prefix_only::seed_length_4_8::max_mismatches_1_0::seed_wobble_1_false::no_max_prune_1_false ... ok
[INFO] [stdout] test seed::reference_tests::complementary_runs_and_ambiguity_match_enumeration::case_4_prefix_only::seed_length_4_8::max_mismatches_1_0::seed_wobble_2_true::no_max_prune_2_true ... ok
[INFO] [stdout] test seed::reference_tests::complementary_runs_and_ambiguity_match_enumeration::case_4_prefix_only::seed_length_4_8::max_mismatches_1_0::seed_wobble_2_true::no_max_prune_1_false ... ok
[INFO] [stdout] test seed::reference_tests::complementary_runs_and_ambiguity_match_enumeration::case_4_prefix_only::seed_length_3_4::max_mismatches_5_4::seed_wobble_1_false::no_max_prune_2_true ... ok
[INFO] [stdout] test seed::reference_tests::complementary_runs_and_ambiguity_match_enumeration::case_4_prefix_only::seed_length_4_8::max_mismatches_3_2::seed_wobble_1_false::no_max_prune_2_true ... ok
[INFO] [stdout] test seed::reference_tests::complementary_runs_and_ambiguity_match_enumeration::case_4_prefix_only::seed_length_4_8::max_mismatches_2_1::seed_wobble_1_false::no_max_prune_2_true ... ok
[INFO] [stdout] test seed::reference_tests::complementary_runs_and_ambiguity_match_enumeration::case_4_prefix_only::seed_length_4_8::max_mismatches_2_1::seed_wobble_2_true::no_max_prune_2_true ... ok
[INFO] [stdout] test seed::reference_tests::complementary_runs_and_ambiguity_match_enumeration::case_4_prefix_only::seed_length_4_8::max_mismatches_2_1::seed_wobble_2_true::no_max_prune_1_false ... ok
[INFO] [stdout] test seed::reference_tests::complementary_runs_and_ambiguity_match_enumeration::case_4_prefix_only::seed_length_4_8::max_mismatches_3_2::seed_wobble_1_false::no_max_prune_1_false ... ok
[INFO] [stdout] test seed::reference_tests::complementary_runs_and_ambiguity_match_enumeration::case_4_prefix_only::seed_length_4_8::max_mismatches_4_3::seed_wobble_1_false::no_max_prune_1_false ... ok
[INFO] [stdout] test seed::reference_tests::complementary_runs_and_ambiguity_match_enumeration::case_4_prefix_only::seed_length_4_8::max_mismatches_3_2::seed_wobble_2_true::no_max_prune_2_true ... ok
[INFO] [stdout] test seed::reference_tests::complementary_runs_and_ambiguity_match_enumeration::case_4_prefix_only::seed_length_4_8::max_mismatches_4_3::seed_wobble_2_true::no_max_prune_1_false ... ok
[INFO] [stdout] test seed::reference_tests::complementary_runs_and_ambiguity_match_enumeration::case_4_prefix_only::seed_length_4_8::max_mismatches_5_4::seed_wobble_2_true::no_max_prune_1_false ... ok
[INFO] [stdout] test seed::reference_tests::complementary_runs_and_ambiguity_match_enumeration::case_4_prefix_only::seed_length_4_8::max_mismatches_4_3::seed_wobble_2_true::no_max_prune_2_true ... ok
[INFO] [stdout] test seed::reference_tests::complementary_runs_and_ambiguity_match_enumeration::case_4_prefix_only::seed_length_4_8::max_mismatches_5_4::seed_wobble_1_false::no_max_prune_1_false ... ok
[INFO] [stdout] test seed::reference_tests::complementary_runs_and_ambiguity_match_enumeration::case_4_prefix_only::seed_length_4_8::max_mismatches_5_4::seed_wobble_1_false::no_max_prune_2_true ... ok
[INFO] [stdout] test seed::reference_tests::mismatch_candidates_exclude_a_complete_perfect_subseed ... ok
[INFO] [stdout] test seed::reference_tests::complementary_runs_and_ambiguity_match_enumeration::case_4_prefix_only::seed_length_4_8::max_mismatches_5_4::seed_wobble_2_true::no_max_prune_2_true ... ok
[INFO] [stdout] test seed::reference_tests::complementary_runs_and_ambiguity_match_enumeration::case_4_prefix_only::seed_length_4_8::max_mismatches_4_3::seed_wobble_1_false::no_max_prune_2_true ... ok
[INFO] [stdout] test seed::reference_tests::complementary_runs_and_ambiguity_match_enumeration::case_4_prefix_only::seed_length_4_8::max_mismatches_3_2::seed_wobble_2_true::no_max_prune_1_false ... ok
[INFO] [stdout] test seed::reference_tests::interval_edges_repeats_and_mismatch_runs_match_enumeration ... ok
[INFO] [stdout] test dp::reference_tests::generated::generated_tables_and_reused_grids ... ok
[INFO] [stdout] test seed::reference_tests::generated::randomized_seeding_matches_brute_force_oracle ... ok
[INFO] [stdout] test seed::reference_tests::production_seeding_matches_brute_force_oracle::case_1_unrestricted::max_mismatches_1_0::seed_length_2_2::seed_wobble_1_false::no_max_prune_2_true ... ok
[INFO] [stdout] test seed::reference_tests::production_seeding_matches_brute_force_oracle::case_1_unrestricted::max_mismatches_1_0::seed_length_2_2::seed_wobble_1_false::no_max_prune_1_false ... ok
[INFO] [stdout] test seed::reference_tests::production_seeding_matches_brute_force_oracle::case_1_unrestricted::max_mismatches_1_0::seed_length_1_1::seed_wobble_2_true::no_max_prune_1_false ... ok
[INFO] [stdout] test seed::reference_tests::production_seeding_matches_brute_force_oracle::case_1_unrestricted::max_mismatches_1_0::seed_length_3_3::seed_wobble_1_false::no_max_prune_1_false ... ok
[INFO] [stdout] test seed::reference_tests::production_seeding_matches_brute_force_oracle::case_1_unrestricted::max_mismatches_1_0::seed_length_2_2::seed_wobble_2_true::no_max_prune_1_false ... ok
[INFO] [stdout] test seed::reference_tests::production_seeding_matches_brute_force_oracle::case_1_unrestricted::max_mismatches_1_0::seed_length_3_3::seed_wobble_1_false::no_max_prune_2_true ... ok
[INFO] [stdout] test seed::reference_tests::production_seeding_matches_brute_force_oracle::case_1_unrestricted::max_mismatches_1_0::seed_length_2_2::seed_wobble_2_true::no_max_prune_2_true ... ok
[INFO] [stdout] test seed::reference_tests::production_seeding_matches_brute_force_oracle::case_1_unrestricted::max_mismatches_1_0::seed_length_3_3::seed_wobble_2_true::no_max_prune_2_true ... ok
[INFO] [stdout] test seed::reference_tests::production_seeding_matches_brute_force_oracle::case_1_unrestricted::max_mismatches_1_0::seed_length_1_1::seed_wobble_1_false::no_max_prune_2_true ... ok
[INFO] [stdout] test seed::reference_tests::production_seeding_matches_brute_force_oracle::case_1_unrestricted::max_mismatches_1_0::seed_length_1_1::seed_wobble_2_true::no_max_prune_2_true ... ok
[INFO] [stdout] test seed::reference_tests::production_seeding_matches_brute_force_oracle::case_1_unrestricted::max_mismatches_1_0::seed_length_3_3::seed_wobble_2_true::no_max_prune_1_false ... ok
[INFO] [stdout] test seed::reference_tests::production_seeding_matches_brute_force_oracle::case_1_unrestricted::max_mismatches_1_0::seed_length_1_1::seed_wobble_1_false::no_max_prune_1_false ... ok
[INFO] [stdout] test seed::reference_tests::production_seeding_matches_brute_force_oracle::case_1_unrestricted::max_mismatches_2_1::seed_length_2_2::seed_wobble_1_false::no_max_prune_1_false ... ok
[INFO] [stdout] test seed::reference_tests::production_seeding_matches_brute_force_oracle::case_1_unrestricted::max_mismatches_2_1::seed_length_2_2::seed_wobble_1_false::no_max_prune_2_true ... ok
[INFO] [stdout] test seed::reference_tests::production_seeding_matches_brute_force_oracle::case_1_unrestricted::max_mismatches_2_1::seed_length_1_1::seed_wobble_2_true::no_max_prune_1_false ... ok
[INFO] [stdout] test seed::reference_tests::production_seeding_matches_brute_force_oracle::case_1_unrestricted::max_mismatches_2_1::seed_length_3_3::seed_wobble_1_false::no_max_prune_1_false ... ok
[INFO] [stdout] test seed::reference_tests::production_seeding_matches_brute_force_oracle::case_1_unrestricted::max_mismatches_2_1::seed_length_3_3::seed_wobble_1_false::no_max_prune_2_true ... ok
[INFO] [stdout] test seed::reference_tests::production_seeding_matches_brute_force_oracle::case_1_unrestricted::max_mismatches_2_1::seed_length_3_3::seed_wobble_2_true::no_max_prune_1_false ... ok
[INFO] [stdout] test seed::reference_tests::production_seeding_matches_brute_force_oracle::case_1_unrestricted::max_mismatches_2_1::seed_length_2_2::seed_wobble_2_true::no_max_prune_1_false ... ok
[INFO] [stdout] test seed::reference_tests::production_seeding_matches_brute_force_oracle::case_1_unrestricted::max_mismatches_2_1::seed_length_1_1::seed_wobble_2_true::no_max_prune_2_true ... ok
[INFO] [stdout] test seed::reference_tests::production_seeding_matches_brute_force_oracle::case_1_unrestricted::max_mismatches_2_1::seed_length_3_3::seed_wobble_2_true::no_max_prune_2_true ... ok
[INFO] [stdout] test seed::reference_tests::production_seeding_matches_brute_force_oracle::case_1_unrestricted::max_mismatches_2_1::seed_length_1_1::seed_wobble_1_false::no_max_prune_1_false ... ok
[INFO] [stdout] test seed::reference_tests::production_seeding_matches_brute_force_oracle::case_1_unrestricted::max_mismatches_2_1::seed_length_1_1::seed_wobble_1_false::no_max_prune_2_true ... ok
[INFO] [stdout] test seed::reference_tests::production_seeding_matches_brute_force_oracle::case_1_unrestricted::max_mismatches_2_1::seed_length_2_2::seed_wobble_2_true::no_max_prune_2_true ... ok
[INFO] [stdout] test seed::reference_tests::production_seeding_matches_brute_force_oracle::case_1_unrestricted::max_mismatches_3_2::seed_length_2_2::seed_wobble_1_false::no_max_prune_2_true ... ok
[INFO] [stdout] test seed::reference_tests::production_seeding_matches_brute_force_oracle::case_1_unrestricted::max_mismatches_3_2::seed_length_2_2::seed_wobble_1_false::no_max_prune_1_false ... ok
[INFO] [stdout] test seed::reference_tests::production_seeding_matches_brute_force_oracle::case_1_unrestricted::max_mismatches_3_2::seed_length_3_3::seed_wobble_1_false::no_max_prune_1_false ... ok
[INFO] [stdout] test seed::reference_tests::production_seeding_matches_brute_force_oracle::case_1_unrestricted::max_mismatches_3_2::seed_length_1_1::seed_wobble_1_false::no_max_prune_1_false ... ok
[INFO] [stdout] test seed::reference_tests::production_seeding_matches_brute_force_oracle::case_1_unrestricted::max_mismatches_3_2::seed_length_3_3::seed_wobble_1_false::no_max_prune_2_true ... ok
[INFO] [stdout] test seed::reference_tests::production_seeding_matches_brute_force_oracle::case_1_unrestricted::max_mismatches_3_2::seed_length_2_2::seed_wobble_2_true::no_max_prune_1_false ... ok
[INFO] [stdout] test seed::reference_tests::production_seeding_matches_brute_force_oracle::case_1_unrestricted::max_mismatches_3_2::seed_length_2_2::seed_wobble_2_true::no_max_prune_2_true ... ok
[INFO] [stdout] test seed::reference_tests::production_seeding_matches_brute_force_oracle::case_1_unrestricted::max_mismatches_3_2::seed_length_3_3::seed_wobble_2_true::no_max_prune_2_true ... ok
[INFO] [stdout] test seed::reference_tests::production_seeding_matches_brute_force_oracle::case_1_unrestricted::max_mismatches_3_2::seed_length_3_3::seed_wobble_2_true::no_max_prune_1_false ... ok
[INFO] [stdout] test seed::reference_tests::production_seeding_matches_brute_force_oracle::case_1_unrestricted::max_mismatches_3_2::seed_length_1_1::seed_wobble_2_true::no_max_prune_1_false ... ok
[INFO] [stdout] test seed::reference_tests::production_seeding_matches_brute_force_oracle::case_1_unrestricted::max_mismatches_3_2::seed_length_1_1::seed_wobble_2_true::no_max_prune_2_true ... ok
[INFO] [stdout] test seed::reference_tests::production_seeding_matches_brute_force_oracle::case_1_unrestricted::max_mismatches_3_2::seed_length_1_1::seed_wobble_1_false::no_max_prune_2_true ... ok
[INFO] [stdout] test seed::reference_tests::production_seeding_matches_brute_force_oracle::case_1_unrestricted::max_mismatches_4_3::seed_length_2_2::seed_wobble_1_false::no_max_prune_2_true ... ok
[INFO] [stdout] test seed::reference_tests::production_seeding_matches_brute_force_oracle::case_1_unrestricted::max_mismatches_4_3::seed_length_2_2::seed_wobble_2_true::no_max_prune_1_false ... ok
[INFO] [stdout] test seed::reference_tests::production_seeding_matches_brute_force_oracle::case_1_unrestricted::max_mismatches_4_3::seed_length_2_2::seed_wobble_1_false::no_max_prune_1_false ... ok
[INFO] [stdout] test seed::reference_tests::production_seeding_matches_brute_force_oracle::case_1_unrestricted::max_mismatches_4_3::seed_length_3_3::seed_wobble_1_false::no_max_prune_1_false ... ok
[INFO] [stdout] test seed::reference_tests::production_seeding_matches_brute_force_oracle::case_1_unrestricted::max_mismatches_4_3::seed_length_1_1::seed_wobble_2_true::no_max_prune_1_false ... ok
[INFO] [stdout] test seed::reference_tests::production_seeding_matches_brute_force_oracle::case_1_unrestricted::max_mismatches_4_3::seed_length_3_3::seed_wobble_1_false::no_max_prune_2_true ... ok
[INFO] [stdout] test seed::reference_tests::production_seeding_matches_brute_force_oracle::case_1_unrestricted::max_mismatches_4_3::seed_length_1_1::seed_wobble_1_false::no_max_prune_2_true ... ok
[INFO] [stdout] test seed::reference_tests::production_seeding_matches_brute_force_oracle::case_1_unrestricted::max_mismatches_4_3::seed_length_3_3::seed_wobble_2_true::no_max_prune_1_false ... ok
[INFO] [stdout] test seed::reference_tests::production_seeding_matches_brute_force_oracle::case_1_unrestricted::max_mismatches_4_3::seed_length_1_1::seed_wobble_1_false::no_max_prune_1_false ... ok
[INFO] [stdout] test seed::reference_tests::production_seeding_matches_brute_force_oracle::case_1_unrestricted::max_mismatches_4_3::seed_length_2_2::seed_wobble_2_true::no_max_prune_2_true ... ok
[INFO] [stdout] test seed::reference_tests::production_seeding_matches_brute_force_oracle::case_1_unrestricted::max_mismatches_4_3::seed_length_3_3::seed_wobble_2_true::no_max_prune_2_true ... ok
[INFO] [stdout] test seed::reference_tests::production_seeding_matches_brute_force_oracle::case_1_unrestricted::max_mismatches_4_3::seed_length_1_1::seed_wobble_2_true::no_max_prune_2_true ... ok
[INFO] [stdout] test seed::reference_tests::production_seeding_matches_brute_force_oracle::case_1_unrestricted::max_mismatches_5_4::seed_length_1_1::seed_wobble_1_false::no_max_prune_1_false ... ok
[INFO] [stdout] test seed::reference_tests::production_seeding_matches_brute_force_oracle::case_1_unrestricted::max_mismatches_5_4::seed_length_2_2::seed_wobble_2_true::no_max_prune_1_false ... ok
[INFO] [stdout] test seed::reference_tests::production_seeding_matches_brute_force_oracle::case_1_unrestricted::max_mismatches_5_4::seed_length_1_1::seed_wobble_2_true::no_max_prune_2_true ... ok
[INFO] [stdout] test seed::reference_tests::production_seeding_matches_brute_force_oracle::case_1_unrestricted::max_mismatches_5_4::seed_length_1_1::seed_wobble_1_false::no_max_prune_2_true ... ok
[INFO] [stdout] test seed::reference_tests::production_seeding_matches_brute_force_oracle::case_1_unrestricted::max_mismatches_5_4::seed_length_3_3::seed_wobble_1_false::no_max_prune_1_false ... ok
[INFO] [stdout] test seed::reference_tests::production_seeding_matches_brute_force_oracle::case_1_unrestricted::max_mismatches_5_4::seed_length_3_3::seed_wobble_1_false::no_max_prune_2_true ... ok
[INFO] [stdout] test seed::reference_tests::production_seeding_matches_brute_force_oracle::case_1_unrestricted::max_mismatches_5_4::seed_length_2_2::seed_wobble_1_false::no_max_prune_2_true ... ok
[INFO] [stdout] test seed::reference_tests::production_seeding_matches_brute_force_oracle::case_1_unrestricted::max_mismatches_5_4::seed_length_2_2::seed_wobble_1_false::no_max_prune_1_false ... ok
[INFO] [stdout] test seed::reference_tests::production_seeding_matches_brute_force_oracle::case_1_unrestricted::max_mismatches_5_4::seed_length_2_2::seed_wobble_2_true::no_max_prune_2_true ... ok
[INFO] [stdout] test seed::reference_tests::production_seeding_matches_brute_force_oracle::case_1_unrestricted::max_mismatches_5_4::seed_length_3_3::seed_wobble_2_true::no_max_prune_2_true ... ok
[INFO] [stdout] test seed::reference_tests::production_seeding_matches_brute_force_oracle::case_1_unrestricted::max_mismatches_5_4::seed_length_3_3::seed_wobble_2_true::no_max_prune_1_false ... ok
[INFO] [stdout] test seed::reference_tests::production_seeding_matches_brute_force_oracle::case_2_both_flanks::max_mismatches_1_0::seed_length_1_1::seed_wobble_1_false::no_max_prune_1_false ... ok
[INFO] [stdout] test seed::reference_tests::production_seeding_matches_brute_force_oracle::case_2_both_flanks::max_mismatches_1_0::seed_length_2_2::seed_wobble_1_false::no_max_prune_1_false ... ok
[INFO] [stdout] test seed::reference_tests::production_seeding_matches_brute_force_oracle::case_2_both_flanks::max_mismatches_1_0::seed_length_2_2::seed_wobble_1_false::no_max_prune_2_true ... ok
[INFO] [stdout] test seed::reference_tests::production_seeding_matches_brute_force_oracle::case_2_both_flanks::max_mismatches_1_0::seed_length_3_3::seed_wobble_1_false::no_max_prune_1_false ... ok
[INFO] [stdout] test seed::reference_tests::production_seeding_matches_brute_force_oracle::case_2_both_flanks::max_mismatches_1_0::seed_length_3_3::seed_wobble_1_false::no_max_prune_2_true ... ok
[INFO] [stdout] test seed::reference_tests::production_seeding_matches_brute_force_oracle::case_2_both_flanks::max_mismatches_1_0::seed_length_3_3::seed_wobble_2_true::no_max_prune_1_false ... ok
[INFO] [stdout] test seed::reference_tests::production_seeding_matches_brute_force_oracle::case_1_unrestricted::max_mismatches_5_4::seed_length_1_1::seed_wobble_2_true::no_max_prune_1_false ... ok
[INFO] [stdout] test seed::reference_tests::production_seeding_matches_brute_force_oracle::case_2_both_flanks::max_mismatches_1_0::seed_length_3_3::seed_wobble_2_true::no_max_prune_2_true ... ok
[INFO] [stdout] test seed::reference_tests::production_seeding_matches_brute_force_oracle::case_2_both_flanks::max_mismatches_1_0::seed_length_2_2::seed_wobble_2_true::no_max_prune_2_true ... ok
[INFO] [stdout] test seed::reference_tests::production_seeding_matches_brute_force_oracle::case_2_both_flanks::max_mismatches_1_0::seed_length_2_2::seed_wobble_2_true::no_max_prune_1_false ... ok
[INFO] [stdout] test seed::reference_tests::production_seeding_matches_brute_force_oracle::case_2_both_flanks::max_mismatches_1_0::seed_length_1_1::seed_wobble_1_false::no_max_prune_2_true ... ok
[INFO] [stdout] test seed::reference_tests::production_seeding_matches_brute_force_oracle::case_2_both_flanks::max_mismatches_2_1::seed_length_1_1::seed_wobble_1_false::no_max_prune_1_false ... ok
[INFO] [stdout] test seed::reference_tests::production_seeding_matches_brute_force_oracle::case_2_both_flanks::max_mismatches_1_0::seed_length_1_1::seed_wobble_2_true::no_max_prune_1_false ... ok
[INFO] [stdout] test seed::reference_tests::production_seeding_matches_brute_force_oracle::case_2_both_flanks::max_mismatches_2_1::seed_length_2_2::seed_wobble_1_false::no_max_prune_2_true ... ok
[INFO] [stdout] test seed::reference_tests::production_seeding_matches_brute_force_oracle::case_2_both_flanks::max_mismatches_2_1::seed_length_1_1::seed_wobble_2_true::no_max_prune_1_false ... ok
[INFO] [stdout] test seed::reference_tests::production_seeding_matches_brute_force_oracle::case_2_both_flanks::max_mismatches_2_1::seed_length_2_2::seed_wobble_2_true::no_max_prune_1_false ... ok
[INFO] [stdout] test seed::reference_tests::production_seeding_matches_brute_force_oracle::case_2_both_flanks::max_mismatches_2_1::seed_length_2_2::seed_wobble_1_false::no_max_prune_1_false ... ok
[INFO] [stdout] test seed::reference_tests::production_seeding_matches_brute_force_oracle::case_2_both_flanks::max_mismatches_2_1::seed_length_1_1::seed_wobble_1_false::no_max_prune_2_true ... ok
[INFO] [stdout] test seed::reference_tests::production_seeding_matches_brute_force_oracle::case_2_both_flanks::max_mismatches_2_1::seed_length_2_2::seed_wobble_2_true::no_max_prune_2_true ... ok
[INFO] [stdout] test seed::reference_tests::production_seeding_matches_brute_force_oracle::case_2_both_flanks::max_mismatches_1_0::seed_length_1_1::seed_wobble_2_true::no_max_prune_2_true ... ok
[INFO] [stdout] test seed::reference_tests::production_seeding_matches_brute_force_oracle::case_2_both_flanks::max_mismatches_2_1::seed_length_3_3::seed_wobble_1_false::no_max_prune_1_false ... ok
[INFO] [stdout] test seed::reference_tests::production_seeding_matches_brute_force_oracle::case_2_both_flanks::max_mismatches_2_1::seed_length_3_3::seed_wobble_1_false::no_max_prune_2_true ... ok
[INFO] [stdout] test seed::reference_tests::production_seeding_matches_brute_force_oracle::case_2_both_flanks::max_mismatches_2_1::seed_length_3_3::seed_wobble_2_true::no_max_prune_2_true ... ok
[INFO] [stdout] test seed::reference_tests::production_seeding_matches_brute_force_oracle::case_2_both_flanks::max_mismatches_2_1::seed_length_3_3::seed_wobble_2_true::no_max_prune_1_false ... ok
[INFO] [stdout] test seed::reference_tests::production_seeding_matches_brute_force_oracle::case_2_both_flanks::max_mismatches_3_2::seed_length_2_2::seed_wobble_1_false::no_max_prune_1_false ... ok
[INFO] [stdout] test seed::reference_tests::production_seeding_matches_brute_force_oracle::case_2_both_flanks::max_mismatches_3_2::seed_length_1_1::seed_wobble_1_false::no_max_prune_2_true ... ok
[INFO] [stdout] test seed::reference_tests::production_seeding_matches_brute_force_oracle::case_2_both_flanks::max_mismatches_3_2::seed_length_2_2::seed_wobble_1_false::no_max_prune_2_true ... ok
[INFO] [stdout] test seed::reference_tests::production_seeding_matches_brute_force_oracle::case_2_both_flanks::max_mismatches_3_2::seed_length_2_2::seed_wobble_2_true::no_max_prune_1_false ... ok
[INFO] [stdout] test seed::reference_tests::production_seeding_matches_brute_force_oracle::case_2_both_flanks::max_mismatches_3_2::seed_length_2_2::seed_wobble_2_true::no_max_prune_2_true ... ok
[INFO] [stdout] test seed::reference_tests::production_seeding_matches_brute_force_oracle::case_2_both_flanks::max_mismatches_3_2::seed_length_3_3::seed_wobble_1_false::no_max_prune_2_true ... ok
[INFO] [stdout] test seed::reference_tests::production_seeding_matches_brute_force_oracle::case_2_both_flanks::max_mismatches_2_1::seed_length_1_1::seed_wobble_2_true::no_max_prune_2_true ... ok
[INFO] [stdout] test seed::reference_tests::production_seeding_matches_brute_force_oracle::case_2_both_flanks::max_mismatches_3_2::seed_length_3_3::seed_wobble_1_false::no_max_prune_1_false ... ok
[INFO] [stdout] test seed::reference_tests::production_seeding_matches_brute_force_oracle::case_2_both_flanks::max_mismatches_3_2::seed_length_1_1::seed_wobble_2_true::no_max_prune_1_false ... ok
[INFO] [stdout] test seed::reference_tests::production_seeding_matches_brute_force_oracle::case_2_both_flanks::max_mismatches_3_2::seed_length_3_3::seed_wobble_2_true::no_max_prune_1_false ... ok
[INFO] [stdout] test seed::reference_tests::production_seeding_matches_brute_force_oracle::case_2_both_flanks::max_mismatches_3_2::seed_length_3_3::seed_wobble_2_true::no_max_prune_2_true ... ok
[INFO] [stdout] test seed::reference_tests::production_seeding_matches_brute_force_oracle::case_2_both_flanks::max_mismatches_3_2::seed_length_1_1::seed_wobble_1_false::no_max_prune_1_false ... ok
[INFO] [stdout] test seed::reference_tests::production_seeding_matches_brute_force_oracle::case_2_both_flanks::max_mismatches_4_3::seed_length_2_2::seed_wobble_1_false::no_max_prune_1_false ... ok
[INFO] [stdout] test seed::reference_tests::production_seeding_matches_brute_force_oracle::case_2_both_flanks::max_mismatches_4_3::seed_length_1_1::seed_wobble_1_false::no_max_prune_1_false ... ok
[INFO] [stdout] test seed::reference_tests::production_seeding_matches_brute_force_oracle::case_2_both_flanks::max_mismatches_4_3::seed_length_2_2::seed_wobble_1_false::no_max_prune_2_true ... ok
[INFO] [stdout] test seed::reference_tests::production_seeding_matches_brute_force_oracle::case_2_both_flanks::max_mismatches_4_3::seed_length_1_1::seed_wobble_2_true::no_max_prune_2_true ... ok
[INFO] [stdout] test seed::reference_tests::production_seeding_matches_brute_force_oracle::case_2_both_flanks::max_mismatches_4_3::seed_length_3_3::seed_wobble_1_false::no_max_prune_1_false ... ok
[INFO] [stdout] test seed::reference_tests::production_seeding_matches_brute_force_oracle::case_2_both_flanks::max_mismatches_4_3::seed_length_1_1::seed_wobble_1_false::no_max_prune_2_true ... ok
[INFO] [stdout] test seed::reference_tests::production_seeding_matches_brute_force_oracle::case_2_both_flanks::max_mismatches_4_3::seed_length_2_2::seed_wobble_2_true::no_max_prune_1_false ... ok
[INFO] [stdout] test seed::reference_tests::production_seeding_matches_brute_force_oracle::case_2_both_flanks::max_mismatches_3_2::seed_length_1_1::seed_wobble_2_true::no_max_prune_2_true ... ok
[INFO] [stdout] test seed::reference_tests::production_seeding_matches_brute_force_oracle::case_2_both_flanks::max_mismatches_4_3::seed_length_2_2::seed_wobble_2_true::no_max_prune_2_true ... ok
[INFO] [stdout] test seed::reference_tests::production_seeding_matches_brute_force_oracle::case_2_both_flanks::max_mismatches_4_3::seed_length_3_3::seed_wobble_1_false::no_max_prune_2_true ... ok
[INFO] [stdout] test seed::reference_tests::production_seeding_matches_brute_force_oracle::case_2_both_flanks::max_mismatches_4_3::seed_length_3_3::seed_wobble_2_true::no_max_prune_1_false ... ok
[INFO] [stdout] test seed::reference_tests::production_seeding_matches_brute_force_oracle::case_2_both_flanks::max_mismatches_4_3::seed_length_3_3::seed_wobble_2_true::no_max_prune_2_true ... ok
[INFO] [stdout] test seed::reference_tests::production_seeding_matches_brute_force_oracle::case_2_both_flanks::max_mismatches_4_3::seed_length_1_1::seed_wobble_2_true::no_max_prune_1_false ... ok
[INFO] [stdout] test seed::reference_tests::production_seeding_matches_brute_force_oracle::case_2_both_flanks::max_mismatches_5_4::seed_length_1_1::seed_wobble_2_true::no_max_prune_2_true ... ok
[INFO] [stdout] test seed::reference_tests::production_seeding_matches_brute_force_oracle::case_2_both_flanks::max_mismatches_5_4::seed_length_2_2::seed_wobble_1_false::no_max_prune_1_false ... ok
[INFO] [stdout] test seed::reference_tests::production_seeding_matches_brute_force_oracle::case_2_both_flanks::max_mismatches_5_4::seed_length_2_2::seed_wobble_1_false::no_max_prune_2_true ... ok
[INFO] [stdout] test seed::reference_tests::production_seeding_matches_brute_force_oracle::case_2_both_flanks::max_mismatches_5_4::seed_length_2_2::seed_wobble_2_true::no_max_prune_1_false ... ok
[INFO] [stdout] test seed::reference_tests::production_seeding_matches_brute_force_oracle::case_2_both_flanks::max_mismatches_5_4::seed_length_3_3::seed_wobble_2_true::no_max_prune_1_false ... ok
[INFO] [stdout] test seed::reference_tests::production_seeding_matches_brute_force_oracle::case_2_both_flanks::max_mismatches_5_4::seed_length_3_3::seed_wobble_1_false::no_max_prune_1_false ... ok
[INFO] [stdout] test seed::reference_tests::production_seeding_matches_brute_force_oracle::case_2_both_flanks::max_mismatches_5_4::seed_length_3_3::seed_wobble_1_false::no_max_prune_2_true ... ok
[INFO] [stdout] test seed::reference_tests::production_seeding_matches_brute_force_oracle::case_2_both_flanks::max_mismatches_5_4::seed_length_3_3::seed_wobble_2_true::no_max_prune_2_true ... ok
[INFO] [stdout] test seed::reference_tests::production_seeding_matches_brute_force_oracle::case_2_both_flanks::max_mismatches_5_4::seed_length_1_1::seed_wobble_1_false::no_max_prune_1_false ... ok
[INFO] [stdout] test seed::reference_tests::production_seeding_matches_brute_force_oracle::case_2_both_flanks::max_mismatches_5_4::seed_length_1_1::seed_wobble_1_false::no_max_prune_2_true ... ok
[INFO] [stdout] test seed::reference_tests::production_seeding_matches_brute_force_oracle::case_2_both_flanks::max_mismatches_5_4::seed_length_2_2::seed_wobble_2_true::no_max_prune_2_true ... ok
[INFO] [stdout] test seed::reference_tests::production_seeding_matches_brute_force_oracle::case_3_suffix_only::max_mismatches_1_0::seed_length_1_1::seed_wobble_1_false::no_max_prune_1_false ... ok
[INFO] [stdout] test seed::reference_tests::production_seeding_matches_brute_force_oracle::case_3_suffix_only::max_mismatches_1_0::seed_length_1_1::seed_wobble_1_false::no_max_prune_2_true ... ok
[INFO] [stdout] test seed::reference_tests::production_seeding_matches_brute_force_oracle::case_3_suffix_only::max_mismatches_1_0::seed_length_2_2::seed_wobble_1_false::no_max_prune_1_false ... ok
[INFO] [stdout] test seed::reference_tests::production_seeding_matches_brute_force_oracle::case_2_both_flanks::max_mismatches_5_4::seed_length_1_1::seed_wobble_2_true::no_max_prune_1_false ... ok
[INFO] [stdout] test seed::reference_tests::production_seeding_matches_brute_force_oracle::case_3_suffix_only::max_mismatches_1_0::seed_length_3_3::seed_wobble_1_false::no_max_prune_1_false ... ok
[INFO] [stdout] test seed::reference_tests::production_seeding_matches_brute_force_oracle::case_3_suffix_only::max_mismatches_1_0::seed_length_3_3::seed_wobble_1_false::no_max_prune_2_true ... ok
[INFO] [stdout] test seed::reference_tests::production_seeding_matches_brute_force_oracle::case_3_suffix_only::max_mismatches_1_0::seed_length_2_2::seed_wobble_2_true::no_max_prune_2_true ... ok
[INFO] [stdout] test seed::reference_tests::production_seeding_matches_brute_force_oracle::case_3_suffix_only::max_mismatches_1_0::seed_length_2_2::seed_wobble_2_true::no_max_prune_1_false ... ok
[INFO] [stdout] test seed::reference_tests::production_seeding_matches_brute_force_oracle::case_3_suffix_only::max_mismatches_1_0::seed_length_2_2::seed_wobble_1_false::no_max_prune_2_true ... ok
[INFO] [stdout] test seed::reference_tests::production_seeding_matches_brute_force_oracle::case_3_suffix_only::max_mismatches_1_0::seed_length_3_3::seed_wobble_2_true::no_max_prune_2_true ... ok
[INFO] [stdout] test seed::reference_tests::production_seeding_matches_brute_force_oracle::case_3_suffix_only::max_mismatches_1_0::seed_length_3_3::seed_wobble_2_true::no_max_prune_1_false ... ok
[INFO] [stdout] test seed::reference_tests::production_seeding_matches_brute_force_oracle::case_3_suffix_only::max_mismatches_1_0::seed_length_1_1::seed_wobble_2_true::no_max_prune_1_false ... ok
[INFO] [stdout] test seed::reference_tests::production_seeding_matches_brute_force_oracle::case_3_suffix_only::max_mismatches_1_0::seed_length_1_1::seed_wobble_2_true::no_max_prune_2_true ... ok
[INFO] [stdout] test seed::reference_tests::production_seeding_matches_brute_force_oracle::case_3_suffix_only::max_mismatches_2_1::seed_length_2_2::seed_wobble_1_false::no_max_prune_2_true ... ok
[INFO] [stdout] test seed::reference_tests::production_seeding_matches_brute_force_oracle::case_3_suffix_only::max_mismatches_2_1::seed_length_1_1::seed_wobble_2_true::no_max_prune_1_false ... ok
[INFO] [stdout] test seed::reference_tests::production_seeding_matches_brute_force_oracle::case_3_suffix_only::max_mismatches_2_1::seed_length_3_3::seed_wobble_1_false::no_max_prune_1_false ... ok
[INFO] [stdout] test seed::reference_tests::production_seeding_matches_brute_force_oracle::case_3_suffix_only::max_mismatches_2_1::seed_length_2_2::seed_wobble_2_true::no_max_prune_1_false ... ok
[INFO] [stdout] test seed::reference_tests::production_seeding_matches_brute_force_oracle::case_3_suffix_only::max_mismatches_2_1::seed_length_2_2::seed_wobble_2_true::no_max_prune_2_true ... ok
[INFO] [stdout] test seed::reference_tests::production_seeding_matches_brute_force_oracle::case_3_suffix_only::max_mismatches_2_1::seed_length_2_2::seed_wobble_1_false::no_max_prune_1_false ... ok
[INFO] [stdout] test seed::reference_tests::production_seeding_matches_brute_force_oracle::case_3_suffix_only::max_mismatches_2_1::seed_length_1_1::seed_wobble_1_false::no_max_prune_1_false ... ok
[INFO] [stdout] test seed::reference_tests::production_seeding_matches_brute_force_oracle::case_3_suffix_only::max_mismatches_2_1::seed_length_3_3::seed_wobble_2_true::no_max_prune_2_true ... ok
[INFO] [stdout] test seed::reference_tests::production_seeding_matches_brute_force_oracle::case_3_suffix_only::max_mismatches_2_1::seed_length_3_3::seed_wobble_2_true::no_max_prune_1_false ... ok
[INFO] [stdout] test seed::reference_tests::production_seeding_matches_brute_force_oracle::case_3_suffix_only::max_mismatches_2_1::seed_length_3_3::seed_wobble_1_false::no_max_prune_2_true ... ok
[INFO] [stdout] test seed::reference_tests::production_seeding_matches_brute_force_oracle::case_3_suffix_only::max_mismatches_3_2::seed_length_1_1::seed_wobble_2_true::no_max_prune_1_false ... ok
[INFO] [stdout] test seed::reference_tests::production_seeding_matches_brute_force_oracle::case_3_suffix_only::max_mismatches_2_1::seed_length_1_1::seed_wobble_1_false::no_max_prune_2_true ... ok
[INFO] [stdout] test seed::reference_tests::production_seeding_matches_brute_force_oracle::case_3_suffix_only::max_mismatches_3_2::seed_length_2_2::seed_wobble_1_false::no_max_prune_2_true ... ok
[INFO] [stdout] test seed::reference_tests::production_seeding_matches_brute_force_oracle::case_3_suffix_only::max_mismatches_3_2::seed_length_1_1::seed_wobble_2_true::no_max_prune_2_true ... ok
[INFO] [stdout] test seed::reference_tests::production_seeding_matches_brute_force_oracle::case_3_suffix_only::max_mismatches_2_1::seed_length_1_1::seed_wobble_2_true::no_max_prune_2_true ... ok
[INFO] [stdout] test seed::reference_tests::production_seeding_matches_brute_force_oracle::case_3_suffix_only::max_mismatches_3_2::seed_length_3_3::seed_wobble_1_false::no_max_prune_2_true ... ok
[INFO] [stdout] test seed::reference_tests::production_seeding_matches_brute_force_oracle::case_3_suffix_only::max_mismatches_3_2::seed_length_3_3::seed_wobble_1_false::no_max_prune_1_false ... ok
[INFO] [stdout] test seed::reference_tests::production_seeding_matches_brute_force_oracle::case_3_suffix_only::max_mismatches_3_2::seed_length_3_3::seed_wobble_2_true::no_max_prune_2_true ... ok
[INFO] [stdout] test seed::reference_tests::production_seeding_matches_brute_force_oracle::case_3_suffix_only::max_mismatches_3_2::seed_length_2_2::seed_wobble_1_false::no_max_prune_1_false ... ok
[INFO] [stdout] test seed::reference_tests::production_seeding_matches_brute_force_oracle::case_3_suffix_only::max_mismatches_3_2::seed_length_3_3::seed_wobble_2_true::no_max_prune_1_false ... ok
[INFO] [stdout] test seed::reference_tests::production_seeding_matches_brute_force_oracle::case_3_suffix_only::max_mismatches_3_2::seed_length_1_1::seed_wobble_1_false::no_max_prune_1_false ... ok
[INFO] [stdout] test seed::reference_tests::production_seeding_matches_brute_force_oracle::case_3_suffix_only::max_mismatches_3_2::seed_length_2_2::seed_wobble_2_true::no_max_prune_2_true ... ok
[INFO] [stdout] test seed::reference_tests::production_seeding_matches_brute_force_oracle::case_3_suffix_only::max_mismatches_3_2::seed_length_2_2::seed_wobble_2_true::no_max_prune_1_false ... ok
[INFO] [stdout] test seed::reference_tests::production_seeding_matches_brute_force_oracle::case_3_suffix_only::max_mismatches_3_2::seed_length_1_1::seed_wobble_1_false::no_max_prune_2_true ... ok
[INFO] [stdout] test seed::reference_tests::production_seeding_matches_brute_force_oracle::case_3_suffix_only::max_mismatches_4_3::seed_length_2_2::seed_wobble_1_false::no_max_prune_1_false ... ok
[INFO] [stdout] test seed::reference_tests::production_seeding_matches_brute_force_oracle::case_3_suffix_only::max_mismatches_4_3::seed_length_1_1::seed_wobble_1_false::no_max_prune_2_true ... ok
[INFO] [stdout] test seed::reference_tests::production_seeding_matches_brute_force_oracle::case_3_suffix_only::max_mismatches_4_3::seed_length_3_3::seed_wobble_1_false::no_max_prune_1_false ... ok
[INFO] [stdout] test seed::reference_tests::production_seeding_matches_brute_force_oracle::case_3_suffix_only::max_mismatches_4_3::seed_length_2_2::seed_wobble_2_true::no_max_prune_2_true ... ok
[INFO] [stdout] test seed::reference_tests::production_seeding_matches_brute_force_oracle::case_3_suffix_only::max_mismatches_4_3::seed_length_1_1::seed_wobble_2_true::no_max_prune_1_false ... ok
[INFO] [stdout] test seed::reference_tests::production_seeding_matches_brute_force_oracle::case_3_suffix_only::max_mismatches_4_3::seed_length_2_2::seed_wobble_1_false::no_max_prune_2_true ... ok
[INFO] [stdout] test seed::reference_tests::production_seeding_matches_brute_force_oracle::case_3_suffix_only::max_mismatches_4_3::seed_length_3_3::seed_wobble_2_true::no_max_prune_2_true ... ok
[INFO] [stdout] test seed::reference_tests::production_seeding_matches_brute_force_oracle::case_3_suffix_only::max_mismatches_4_3::seed_length_1_1::seed_wobble_1_false::no_max_prune_1_false ... ok
[INFO] [stdout] test seed::reference_tests::production_seeding_matches_brute_force_oracle::case_3_suffix_only::max_mismatches_4_3::seed_length_3_3::seed_wobble_2_true::no_max_prune_1_false ... ok
[INFO] [stdout] test seed::reference_tests::production_seeding_matches_brute_force_oracle::case_3_suffix_only::max_mismatches_4_3::seed_length_3_3::seed_wobble_1_false::no_max_prune_2_true ... ok
[INFO] [stdout] test seed::reference_tests::production_seeding_matches_brute_force_oracle::case_3_suffix_only::max_mismatches_4_3::seed_length_2_2::seed_wobble_2_true::no_max_prune_1_false ... ok
[INFO] [stdout] test seed::reference_tests::production_seeding_matches_brute_force_oracle::case_3_suffix_only::max_mismatches_5_4::seed_length_2_2::seed_wobble_1_false::no_max_prune_1_false ... ok
[INFO] [stdout] test seed::reference_tests::production_seeding_matches_brute_force_oracle::case_3_suffix_only::max_mismatches_4_3::seed_length_1_1::seed_wobble_2_true::no_max_prune_2_true ... ok
[INFO] [stdout] test seed::reference_tests::production_seeding_matches_brute_force_oracle::case_3_suffix_only::max_mismatches_5_4::seed_length_1_1::seed_wobble_1_false::no_max_prune_1_false ... ok
[INFO] [stdout] test seed::reference_tests::production_seeding_matches_brute_force_oracle::case_3_suffix_only::max_mismatches_5_4::seed_length_3_3::seed_wobble_1_false::no_max_prune_1_false ... ok
[INFO] [stdout] test seed::reference_tests::production_seeding_matches_brute_force_oracle::case_3_suffix_only::max_mismatches_5_4::seed_length_2_2::seed_wobble_2_true::no_max_prune_1_false ... ok
[INFO] [stdout] test seed::reference_tests::production_seeding_matches_brute_force_oracle::case_3_suffix_only::max_mismatches_5_4::seed_length_2_2::seed_wobble_2_true::no_max_prune_2_true ... ok
[INFO] [stdout] test seed::reference_tests::production_seeding_matches_brute_force_oracle::case_3_suffix_only::max_mismatches_5_4::seed_length_1_1::seed_wobble_1_false::no_max_prune_2_true ... ok
[INFO] [stdout] test seed::reference_tests::production_seeding_matches_brute_force_oracle::case_3_suffix_only::max_mismatches_5_4::seed_length_3_3::seed_wobble_2_true::no_max_prune_2_true ... ok
[INFO] [stdout] test seed::reference_tests::production_seeding_matches_brute_force_oracle::case_3_suffix_only::max_mismatches_5_4::seed_length_3_3::seed_wobble_1_false::no_max_prune_2_true ... ok
[INFO] [stdout] test seed::reference_tests::production_seeding_matches_brute_force_oracle::case_3_suffix_only::max_mismatches_5_4::seed_length_3_3::seed_wobble_2_true::no_max_prune_1_false ... ok
[INFO] [stdout] test seed::reference_tests::production_seeding_matches_brute_force_oracle::case_3_suffix_only::max_mismatches_5_4::seed_length_2_2::seed_wobble_1_false::no_max_prune_2_true ... ok
[INFO] [stdout] test seed::reference_tests::production_seeding_matches_brute_force_oracle::case_3_suffix_only::max_mismatches_5_4::seed_length_1_1::seed_wobble_2_true::no_max_prune_1_false ... ok
[INFO] [stdout] test seed::reference_tests::production_seeding_matches_brute_force_oracle::case_4_prefix_only::max_mismatches_1_0::seed_length_1_1::seed_wobble_1_false::no_max_prune_2_true ... ok
[INFO] [stdout] test seed::reference_tests::production_seeding_matches_brute_force_oracle::case_4_prefix_only::max_mismatches_1_0::seed_length_2_2::seed_wobble_1_false::no_max_prune_1_false ... ok
[INFO] [stdout] test seed::reference_tests::production_seeding_matches_brute_force_oracle::case_4_prefix_only::max_mismatches_1_0::seed_length_2_2::seed_wobble_1_false::no_max_prune_2_true ... ok
[INFO] [stdout] test seed::reference_tests::production_seeding_matches_brute_force_oracle::case_3_suffix_only::max_mismatches_5_4::seed_length_1_1::seed_wobble_2_true::no_max_prune_2_true ... ok
[INFO] [stdout] test seed::reference_tests::production_seeding_matches_brute_force_oracle::case_4_prefix_only::max_mismatches_1_0::seed_length_1_1::seed_wobble_2_true::no_max_prune_1_false ... ok
[INFO] [stdout] test seed::reference_tests::production_seeding_matches_brute_force_oracle::case_4_prefix_only::max_mismatches_1_0::seed_length_3_3::seed_wobble_1_false::no_max_prune_1_false ... ok
[INFO] [stdout] test seed::reference_tests::production_seeding_matches_brute_force_oracle::case_4_prefix_only::max_mismatches_1_0::seed_length_2_2::seed_wobble_2_true::no_max_prune_2_true ... ok
[INFO] [stdout] test seed::reference_tests::production_seeding_matches_brute_force_oracle::case_4_prefix_only::max_mismatches_1_0::seed_length_1_1::seed_wobble_1_false::no_max_prune_1_false ... ok
[INFO] [stdout] test seed::reference_tests::production_seeding_matches_brute_force_oracle::case_4_prefix_only::max_mismatches_1_0::seed_length_3_3::seed_wobble_1_false::no_max_prune_2_true ... ok
[INFO] [stdout] test seed::reference_tests::production_seeding_matches_brute_force_oracle::case_4_prefix_only::max_mismatches_1_0::seed_length_3_3::seed_wobble_2_true::no_max_prune_1_false ... ok
[INFO] [stdout] test seed::reference_tests::production_seeding_matches_brute_force_oracle::case_4_prefix_only::max_mismatches_1_0::seed_length_1_1::seed_wobble_2_true::no_max_prune_2_true ... ok
[INFO] [stdout] test seed::reference_tests::production_seeding_matches_brute_force_oracle::case_4_prefix_only::max_mismatches_1_0::seed_length_2_2::seed_wobble_2_true::no_max_prune_1_false ... ok
[INFO] [stdout] test seed::reference_tests::production_seeding_matches_brute_force_oracle::case_4_prefix_only::max_mismatches_1_0::seed_length_3_3::seed_wobble_2_true::no_max_prune_2_true ... ok
[INFO] [stdout] test seed::reference_tests::production_seeding_matches_brute_force_oracle::case_4_prefix_only::max_mismatches_2_1::seed_length_2_2::seed_wobble_1_false::no_max_prune_1_false ... ok
[INFO] [stdout] test seed::reference_tests::production_seeding_matches_brute_force_oracle::case_4_prefix_only::max_mismatches_2_1::seed_length_2_2::seed_wobble_1_false::no_max_prune_2_true ... ok
[INFO] [stdout] test seed::reference_tests::production_seeding_matches_brute_force_oracle::case_4_prefix_only::max_mismatches_2_1::seed_length_1_1::seed_wobble_1_false::no_max_prune_1_false ... ok
[INFO] [stdout] test seed::reference_tests::production_seeding_matches_brute_force_oracle::case_4_prefix_only::max_mismatches_2_1::seed_length_2_2::seed_wobble_2_true::no_max_prune_1_false ... ok
[INFO] [stdout] test seed::reference_tests::production_seeding_matches_brute_force_oracle::case_4_prefix_only::max_mismatches_2_1::seed_length_3_3::seed_wobble_1_false::no_max_prune_2_true ... ok
[INFO] [stdout] test seed::reference_tests::production_seeding_matches_brute_force_oracle::case_4_prefix_only::max_mismatches_2_1::seed_length_3_3::seed_wobble_2_true::no_max_prune_1_false ... ok
[INFO] [stdout] test seed::reference_tests::production_seeding_matches_brute_force_oracle::case_4_prefix_only::max_mismatches_2_1::seed_length_3_3::seed_wobble_1_false::no_max_prune_1_false ... ok
[INFO] [stdout] test seed::reference_tests::production_seeding_matches_brute_force_oracle::case_4_prefix_only::max_mismatches_2_1::seed_length_1_1::seed_wobble_1_false::no_max_prune_2_true ... ok
[INFO] [stdout] test seed::reference_tests::production_seeding_matches_brute_force_oracle::case_4_prefix_only::max_mismatches_2_1::seed_length_3_3::seed_wobble_2_true::no_max_prune_2_true ... ok
[INFO] [stdout] test seed::reference_tests::production_seeding_matches_brute_force_oracle::case_4_prefix_only::max_mismatches_2_1::seed_length_1_1::seed_wobble_2_true::no_max_prune_1_false ... ok
[INFO] [stdout] test seed::reference_tests::production_seeding_matches_brute_force_oracle::case_4_prefix_only::max_mismatches_2_1::seed_length_2_2::seed_wobble_2_true::no_max_prune_2_true ... ok
[INFO] [stdout] test dp::reference_tests::exhaustive_sequences_match_the_naive_reference has been running for over 60 seconds
[INFO] [stdout] test seed::reference_tests::production_seeding_matches_brute_force_oracle::case_4_prefix_only::max_mismatches_3_2::seed_length_1_1::seed_wobble_1_false::no_max_prune_2_true ... ok
[INFO] [stdout] test seed::reference_tests::production_seeding_matches_brute_force_oracle::case_4_prefix_only::max_mismatches_3_2::seed_length_2_2::seed_wobble_1_false::no_max_prune_1_false ... ok
[INFO] [stdout] test seed::reference_tests::production_seeding_matches_brute_force_oracle::case_4_prefix_only::max_mismatches_2_1::seed_length_1_1::seed_wobble_2_true::no_max_prune_2_true ... ok
[INFO] [stdout] test seed::reference_tests::production_seeding_matches_brute_force_oracle::case_4_prefix_only::max_mismatches_3_2::seed_length_1_1::seed_wobble_2_true::no_max_prune_1_false ... ok
[INFO] [stdout] test seed::reference_tests::production_seeding_matches_brute_force_oracle::case_4_prefix_only::max_mismatches_3_2::seed_length_3_3::seed_wobble_1_false::no_max_prune_1_false ... ok
[INFO] [stdout] test seed::reference_tests::production_seeding_matches_brute_force_oracle::case_4_prefix_only::max_mismatches_3_2::seed_length_3_3::seed_wobble_1_false::no_max_prune_2_true ... ok
[INFO] [stdout] test seed::reference_tests::production_seeding_matches_brute_force_oracle::case_4_prefix_only::max_mismatches_3_2::seed_length_2_2::seed_wobble_2_true::no_max_prune_2_true ... ok
[INFO] [stdout] test seed::reference_tests::production_seeding_matches_brute_force_oracle::case_4_prefix_only::max_mismatches_3_2::seed_length_2_2::seed_wobble_2_true::no_max_prune_1_false ... ok
[INFO] [stdout] test seed::reference_tests::production_seeding_matches_brute_force_oracle::case_4_prefix_only::max_mismatches_3_2::seed_length_1_1::seed_wobble_1_false::no_max_prune_1_false ... ok
[INFO] [stdout] test seed::reference_tests::production_seeding_matches_brute_force_oracle::case_4_prefix_only::max_mismatches_3_2::seed_length_3_3::seed_wobble_2_true::no_max_prune_2_true ... ok
[INFO] [stdout] test seed::reference_tests::production_seeding_matches_brute_force_oracle::case_4_prefix_only::max_mismatches_3_2::seed_length_2_2::seed_wobble_1_false::no_max_prune_2_true ... ok
[INFO] [stdout] test seed::reference_tests::production_seeding_matches_brute_force_oracle::case_4_prefix_only::max_mismatches_3_2::seed_length_3_3::seed_wobble_2_true::no_max_prune_1_false ... ok
[INFO] [stdout] test seed::reference_tests::production_seeding_matches_brute_force_oracle::case_4_prefix_only::max_mismatches_4_3::seed_length_2_2::seed_wobble_1_false::no_max_prune_1_false ... ok
[INFO] [stdout] test seed::reference_tests::production_seeding_matches_brute_force_oracle::case_4_prefix_only::max_mismatches_4_3::seed_length_1_1::seed_wobble_2_true::no_max_prune_1_false ... ok
[INFO] [stdout] test seed::reference_tests::production_seeding_matches_brute_force_oracle::case_4_prefix_only::max_mismatches_3_2::seed_length_1_1::seed_wobble_2_true::no_max_prune_2_true ... ok
[INFO] [stdout] test seed::reference_tests::production_seeding_matches_brute_force_oracle::case_4_prefix_only::max_mismatches_4_3::seed_length_2_2::seed_wobble_1_false::no_max_prune_2_true ... ok
[INFO] [stdout] test seed::reference_tests::production_seeding_matches_brute_force_oracle::case_4_prefix_only::max_mismatches_4_3::seed_length_2_2::seed_wobble_2_true::no_max_prune_2_true ... ok
[INFO] [stdout] test seed::reference_tests::production_seeding_matches_brute_force_oracle::case_4_prefix_only::max_mismatches_4_3::seed_length_1_1::seed_wobble_1_false::no_max_prune_2_true ... ok
[INFO] [stdout] test seed::reference_tests::production_seeding_matches_brute_force_oracle::case_4_prefix_only::max_mismatches_4_3::seed_length_2_2::seed_wobble_2_true::no_max_prune_1_false ... ok
[INFO] [stdout] test seed::reference_tests::production_seeding_matches_brute_force_oracle::case_4_prefix_only::max_mismatches_4_3::seed_length_3_3::seed_wobble_2_true::no_max_prune_2_true ... ok
[INFO] [stdout] test seed::reference_tests::production_seeding_matches_brute_force_oracle::case_4_prefix_only::max_mismatches_4_3::seed_length_3_3::seed_wobble_1_false::no_max_prune_1_false ... ok
[INFO] [stdout] test seed::reference_tests::production_seeding_matches_brute_force_oracle::case_4_prefix_only::max_mismatches_4_3::seed_length_3_3::seed_wobble_1_false::no_max_prune_2_true ... ok
[INFO] [stdout] test seed::reference_tests::production_seeding_matches_brute_force_oracle::case_4_prefix_only::max_mismatches_4_3::seed_length_3_3::seed_wobble_2_true::no_max_prune_1_false ... ok
[INFO] [stdout] test seed::reference_tests::production_seeding_matches_brute_force_oracle::case_4_prefix_only::max_mismatches_4_3::seed_length_1_1::seed_wobble_1_false::no_max_prune_1_false ... ok
[INFO] [stdout] test seed::reference_tests::production_seeding_matches_brute_force_oracle::case_4_prefix_only::max_mismatches_5_4::seed_length_1_1::seed_wobble_1_false::no_max_prune_1_false ... ok
[INFO] [stdout] test seed::reference_tests::production_seeding_matches_brute_force_oracle::case_4_prefix_only::max_mismatches_4_3::seed_length_1_1::seed_wobble_2_true::no_max_prune_2_true ... ok
[INFO] [stdout] test seed::reference_tests::production_seeding_matches_brute_force_oracle::case_4_prefix_only::max_mismatches_5_4::seed_length_1_1::seed_wobble_2_true::no_max_prune_1_false ... ok
[INFO] [stdout] test seed::reference_tests::production_seeding_matches_brute_force_oracle::case_4_prefix_only::max_mismatches_5_4::seed_length_2_2::seed_wobble_1_false::no_max_prune_1_false ... ok
[INFO] [stdout] test seed::reference_tests::production_seeding_matches_brute_force_oracle::case_4_prefix_only::max_mismatches_5_4::seed_length_3_3::seed_wobble_1_false::no_max_prune_1_false ... ok
[INFO] [stdout] test seed::reference_tests::production_seeding_matches_brute_force_oracle::case_4_prefix_only::max_mismatches_5_4::seed_length_2_2::seed_wobble_1_false::no_max_prune_2_true ... ok
[INFO] [stdout] test seed::reference_tests::production_seeding_matches_brute_force_oracle::case_4_prefix_only::max_mismatches_5_4::seed_length_3_3::seed_wobble_2_true::no_max_prune_1_false ... ok
[INFO] [stdout] test seed::reference_tests::root_prepruning_keeps_the_reverse_strand_ac_seed ... ok
[INFO] [stdout] test seq::sequence::tests::deref_coercion_to_slice ... ok
[INFO] [stdout] test seq::sequence::tests::indexing_returns_the_underlying_bases ... ok
[INFO] [stdout] test seq::sequence::tests::iter_yields_all_bases ... ok
[INFO] [stdout] test seq::sequence::tests::normalize_converts_ambiguous_to_n::case_1_single_code ... ok
[INFO] [stdout] test seed::reference_tests::production_seeding_matches_brute_force_oracle::case_4_prefix_only::max_mismatches_5_4::seed_length_2_2::seed_wobble_2_true::no_max_prune_1_false ... ok
[INFO] [stdout] test seq::sequence::tests::normalize_converts_ambiguous_to_n::case_2_every_code ... ok
[INFO] [stdout] test seq::sequence::tests::normalize_folds_case_and_maps_t_to_u ... ok
[INFO] [stdout] test seq::sequence::tests::normalize_rejects_non_base_bytes_with_record_context::case_1_punctuation ... ok
[INFO] [stdout] test seq::sequence::tests::normalize_rejects_non_base_bytes_with_record_context::case_3_nul ... ok
[INFO] [stdout] test seq::sequence::tests::normalize_rejects_non_base_bytes_with_record_context::case_4_high_byte ... ok
[INFO] [stdout] test seq::sequence::tests::normalize_rejects_non_base_bytes_with_record_context::case_2_digit ... ok
[INFO] [stdout] test seq::sequence::tests::normalize_strips_gaps_and_counts_them::case_1_gaps_between_bases ... ok
[INFO] [stdout] test seq::sequence::tests::normalize_strips_gaps_and_counts_them::case_2_only_gaps ... ok
[INFO] [stdout] test types::tests::base_discriminants_are_canonical_internal_rank ... ok
[INFO] [stdout] test types::tests::chars_parse_case_insensitively_with_t_as_u ... ok
[INFO] [stdout] test types::tests::complement_swaps_watson_crick_partners_and_fixes_the_rest ... ok
[INFO] [stdout] test types::tests::dsm_id_displays_its_name ... ok
[INFO] [stdout] test types::tests::energy_accepts_the_exact_i32_bounds_and_rejects_beyond ... ok
[INFO] [stdout] test types::tests::energy_arithmetic_is_checked_integer_arithmetic ... ok
[INFO] [stdout] test types::tests::energy_displays_two_decimals_of_kcal ... ok
[INFO] [stdout] test types::tests::energy_parses_kcal_text ... ok
[INFO] [stdout] test types::tests::energy_rejects_non_finite_input ... ok
[INFO] [stdout] test types::tests::energy_scales_kcal_by_ten_thousand_and_rounds_away_from_zero ... ok
[INFO] [stdout] test types::tests::from_u8_rejects_ranks_beyond_the_alphabet - should panic ... ok
[INFO] [stdout] test types::tests::from_u8_round_trips_every_rank ... ok
[INFO] [stdout] test types::tests::lower_bytes_are_the_output_alphabet ... ok
[INFO] [stdout] test types::tests::only_the_four_nucleotides_are_matchable ... ok
[INFO] [stdout] test types::tests::strand_rejects_other_symbols_and_orders_forward_first ... ok
[INFO] [stdout] test types::tests::strand_round_trips_through_its_symbol ... ok
[INFO] [stdout] test types::tests::upper_bytes_are_the_display_alphabet ... ok
[INFO] [stdout] test types::tests::wobble_counts_as_a_match_only_when_enabled ... ok
[INFO] [stdout] test types::tests::every_pair_classifies_by_the_literal_pairing_table ... ok
[INFO] [stdout] test seed::reference_tests::production_seeding_matches_brute_force_oracle::case_4_prefix_only::max_mismatches_5_4::seed_length_3_3::seed_wobble_2_true::no_max_prune_2_true ... ok
[INFO] [stdout] test seed::reference_tests::production_seeding_matches_brute_force_oracle::case_4_prefix_only::max_mismatches_5_4::seed_length_3_3::seed_wobble_1_false::no_max_prune_2_true ... ok
[INFO] [stdout] test seed::reference_tests::production_seeding_matches_brute_force_oracle::case_4_prefix_only::max_mismatches_5_4::seed_length_2_2::seed_wobble_2_true::no_max_prune_2_true ... ok
[INFO] [stdout] test seed::reference_tests::production_seeding_matches_brute_force_oracle::case_4_prefix_only::max_mismatches_5_4::seed_length_1_1::seed_wobble_2_true::no_max_prune_2_true ... ok
[INFO] [stdout] test seed::reference_tests::production_seeding_matches_brute_force_oracle::case_4_prefix_only::max_mismatches_5_4::seed_length_1_1::seed_wobble_1_false::no_max_prune_2_true ... ok
[INFO] [stdout] test dp::reference_tests::exhaustive_sequences_match_the_naive_reference ... ok
[INFO] [stdout] 
[INFO] [stdout] failures:
[INFO] [stdout] 
[INFO] [stdout] ---- search::metamorphic_tests::query_partitioning_preserves_named_hits stdout ----
[INFO] [stdout] 
[INFO] [stdout] thread 'search::metamorphic_tests::query_partitioning_preserves_named_hits' (2719) panicked at src/search/metamorphic_tests.rs:37:26:
[INFO] [stdout] called `Result::unwrap()` on an `Err` value: Io(Custom { kind: NotFound, error: Error { kind: Metadata, source: Os { code: 2, kind: NotFound, message: "No such file or directory" }, path: "/opt/rustwide/workdir/tests/data/target.fa" } })
[INFO] [stdout] stack backtrace:
[INFO] [stdout]    0:     0x5d6e6bcca135 - <<std[70759c8f55707aa4]::sys::backtrace::BacktraceLock>::print::DisplayBacktrace as core[df12db4294e9bfd3]::fmt::Display>::fmt
[INFO] [stdout]    1:     0x5d6e6bc8e84a - core[df12db4294e9bfd3]::fmt::write
[INFO] [stdout]    2:     0x5d6e6bcc97cb - <alloc[2182bb758b4b3781]::vec::Vec<u8> as core[df12db4294e9bfd3]::io::write::Write>::write_fmt
[INFO] [stdout]    3:     0x5d6e6bcc92af - std[70759c8f55707aa4]::panicking::default_hook::{closure#0}
[INFO] [stdout]    4:     0x5d6e6bcc8eda - std[70759c8f55707aa4]::panicking::default_hook
[INFO] [stdout]    5:     0x5d6e6bcc8a12 - std[70759c8f55707aa4]::panicking::panic_with_hook
[INFO] [stdout]    6:     0x5d6e6bcef911 - std[70759c8f55707aa4]::panicking::panic_handler::{closure#0}
[INFO] [stdout]    7:     0x5d6e6bcef8c9 - std[70759c8f55707aa4]::sys::backtrace::__rust_end_short_backtrace::<std[70759c8f55707aa4]::panicking::panic_handler::{closure#0}, !>
[INFO] [stdout]    8:     0x5d6e6bcefddc - __rustc[8fa7c3cbc660c2b3]::rust_begin_unwind
[INFO] [stdout]    9:     0x5d6e6bc8e6db - core[df12db4294e9bfd3]::panicking::panic_fmt
[INFO] [stdout]   10:     0x5d6e6bc926b1 - core[df12db4294e9bfd3]::result::unwrap_failed
[INFO] [stdout]   11:     0x5d6e6bc5f34d - <risearch[b617de8dbcad9be5]::search::metamorphic_tests::query_partitioning_preserves_named_hits::{closure#0} as core[df12db4294e9bfd3]::ops::function::FnOnce<()>>::call_once
[INFO] [stdout]   12:     0x5d6e6bd0ec5b - test[9d35eded1c95d3be]::__rust_begin_short_backtrace::<core[df12db4294e9bfd3]::result::Result<(), alloc[2182bb758b4b3781]::string::String>, fn() -> core[df12db4294e9bfd3]::result::Result<(), alloc[2182bb758b4b3781]::string::String>>
[INFO] [stdout]   13:     0x5d6e6bd0a8bc - test[9d35eded1c95d3be]::run_test::{closure#0}
[INFO] [stdout]   14:     0x5d6e6bd09fec - std[70759c8f55707aa4]::sys::backtrace::__rust_begin_short_backtrace::<test[9d35eded1c95d3be]::run_test::{closure#1}, ()>
[INFO] [stdout]   15:     0x5d6e6bd24b5c - <std[70759c8f55707aa4]::thread::lifecycle::spawn_unchecked<test[9d35eded1c95d3be]::run_test::{closure#1}, ()>::{closure#1} as core[df12db4294e9bfd3]::ops::function::FnOnce<()>>::call_once::{shim:vtable#0}
[INFO] [stdout]   16:     0x5d6e6bcf1532 - <std[70759c8f55707aa4]::sys::thread::unix::Thread>::new::thread_start
[INFO] [stdout]   17:     0x77146b2acdfa - <unknown>
[INFO] [stdout]   18:     0x77146b3403d4 - clone
[INFO] [stdout]   19:                0x0 - <unknown>
[INFO] [stdout] 
[INFO] [stdout] ---- search::metamorphic_tests::record_grouping_preserves_named_hits::group_size_1_1 stdout ----
[INFO] [stdout] 
[INFO] [stdout] thread 'search::metamorphic_tests::record_grouping_preserves_named_hits::group_size_1_1' (2720) panicked at src/search/metamorphic_tests.rs:37:26:
[INFO] [stdout] called `Result::unwrap()` on an `Err` value: Io(Custom { kind: NotFound, error: Error { kind: Metadata, source: Os { code: 2, kind: NotFound, message: "No such file or directory" }, path: "/opt/rustwide/workdir/tests/data/query.fa" } })
[INFO] [stdout] stack backtrace:
[INFO] [stdout]    0:     0x5d6e6bcca135 - <<std[70759c8f55707aa4]::sys::backtrace::BacktraceLock>::print::DisplayBacktrace as core[df12db4294e9bfd3]::fmt::Display>::fmt
[INFO] [stdout]    1:     0x5d6e6bc8e84a - core[df12db4294e9bfd3]::fmt::write
[INFO] [stdout]    2:     0x5d6e6bcc97cb - <alloc[2182bb758b4b3781]::vec::Vec<u8> as core[df12db4294e9bfd3]::io::write::Write>::write_fmt
[INFO] [stdout]    3:     0x5d6e6bcc92af - std[70759c8f55707aa4]::panicking::default_hook::{closure#0}
[INFO] [stdout]    4:     0x5d6e6bcc8eda - std[70759c8f55707aa4]::panicking::default_hook
[INFO] [stdout]    5:     0x5d6e6bcc8a12 - std[70759c8f55707aa4]::panicking::panic_with_hook
[INFO] [stdout]    6:     0x5d6e6bcef911 - std[70759c8f55707aa4]::panicking::panic_handler::{closure#0}
[INFO] [stdout]    7:     0x5d6e6bcef8c9 - std[70759c8f55707aa4]::sys::backtrace::__rust_end_short_backtrace::<std[70759c8f55707aa4]::panicking::panic_handler::{closure#0}, !>
[INFO] [stdout]    8:     0x5d6e6bcefddc - __rustc[8fa7c3cbc660c2b3]::rust_begin_unwind
[INFO] [stdout]    9:     0x5d6e6bc8e6db - core[df12db4294e9bfd3]::panicking::panic_fmt
[INFO] [stdout]   10:     0x5d6e6bc926b1 - core[df12db4294e9bfd3]::result::unwrap_failed
[INFO] [stdout]   11:     0x5d6e6bc1ff77 - risearch[b617de8dbcad9be5]::search::metamorphic_tests::record_grouping_preserves_named_hits
[INFO] [stdout]   12:     0x5d6e6bc79e7e - <risearch[b617de8dbcad9be5]::search::metamorphic_tests::record_grouping_preserves_named_hits::group_size_1_1::{closure#0} as core[df12db4294e9bfd3]::ops::function::FnOnce<()>>::call_once
[INFO] [stdout]   13:     0x5d6e6bd0ec5b - test[9d35eded1c95d3be]::__rust_begin_short_backtrace::<core[df12db4294e9bfd3]::result::Result<(), alloc[2182bb758b4b3781]::string::String>, fn() -> core[df12db4294e9bfd3]::result::Result<(), alloc[2182bb758b4b3781]::string::String>>
[INFO] [stdout]   14:     0x5d6e6bd0a8bc - test[9d35eded1c95d3be]::run_test::{closure#0}
[INFO] [stdout]   15:     0x5d6e6bd09fec - std[70759c8f55707aa4]::sys::backtrace::__rust_begin_short_backtrace::<test[9d35eded1c95d3be]::run_test::{closure#1}, ()>
[INFO] [stdout]   16:     0x5d6e6bd24b5c - <std[70759c8f55707aa4]::thread::lifecycle::spawn_unchecked<test[9d35eded1c95d3be]::run_test::{closure#1}, ()>::{closure#1} as core[df12db4294e9bfd3]::ops::function::FnOnce<()>>::call_once::{shim:vtable#0}
[INFO] [stdout]   17:     0x5d6e6bcf1532 - <std[70759c8f55707aa4]::sys::thread::unix::Thread>::new::thread_start
[INFO] [stdout]   18:     0x77146b2acdfa - <unknown>
[INFO] [stdout]   19:     0x77146b3403d4 - clone
[INFO] [stdout]   20:                0x0 - <unknown>
[INFO] [stdout] 
[INFO] [stdout] ---- search::metamorphic_tests::record_grouping_preserves_named_hits::group_size_2_4 stdout ----
[INFO] [stdout] 
[INFO] [stdout] thread 'search::metamorphic_tests::record_grouping_preserves_named_hits::group_size_2_4' (2721) panicked at src/search/metamorphic_tests.rs:37:26:
[INFO] [stdout] called `Result::unwrap()` on an `Err` value: Io(Custom { kind: NotFound, error: Error { kind: Metadata, source: Os { code: 2, kind: NotFound, message: "No such file or directory" }, path: "/opt/rustwide/workdir/tests/data/query.fa" } })
[INFO] [stdout] stack backtrace:
[INFO] [stdout]    0:     0x5d6e6bcca135 - <<std[70759c8f55707aa4]::sys::backtrace::BacktraceLock>::print::DisplayBacktrace as core[df12db4294e9bfd3]::fmt::Display>::fmt
[INFO] [stdout]    1:     0x5d6e6bc8e84a - core[df12db4294e9bfd3]::fmt::write
[INFO] [stdout]    2:     0x5d6e6bcc97cb - <alloc[2182bb758b4b3781]::vec::Vec<u8> as core[df12db4294e9bfd3]::io::write::Write>::write_fmt
[INFO] [stdout]    3:     0x5d6e6bcc92af - std[70759c8f55707aa4]::panicking::default_hook::{closure#0}
[INFO] [stdout]    4:     0x5d6e6bcc8eda - std[70759c8f55707aa4]::panicking::default_hook
[INFO] [stdout]    5:     0x5d6e6bcc8a12 - std[70759c8f55707aa4]::panicking::panic_with_hook
[INFO] [stdout]    6:     0x5d6e6bcef911 - std[70759c8f55707aa4]::panicking::panic_handler::{closure#0}
[INFO] [stdout]    7:     0x5d6e6bcef8c9 - std[70759c8f55707aa4]::sys::backtrace::__rust_end_short_backtrace::<std[70759c8f55707aa4]::panicking::panic_handler::{closure#0}, !>
[INFO] [stdout]    8:     0x5d6e6bcefddc - __rustc[8fa7c3cbc660c2b3]::rust_begin_unwind
[INFO] [stdout]    9:     0x5d6e6bc8e6db - core[df12db4294e9bfd3]::panicking::panic_fmt
[INFO] [stdout]   10:     0x5d6e6bc926b1 - core[df12db4294e9bfd3]::result::unwrap_failed
[INFO] [stdout]   11:     0x5d6e6bc1ff77 - risearch[b617de8dbcad9be5]::search::metamorphic_tests::record_grouping_preserves_named_hits
[INFO] [stdout]   12:     0x5d6e6bc79e9e - <risearch[b617de8dbcad9be5]::search::metamorphic_tests::record_grouping_preserves_named_hits::group_size_2_4::{closure#0} as core[df12db4294e9bfd3]::ops::function::FnOnce<()>>::call_once
[INFO] [stdout]   13:     0x5d6e6bd0ec5b - test[9d35eded1c95d3be]::__rust_begin_short_backtrace::<core[df12db4294e9bfd3]::result::Result<(), alloc[2182bb758b4b3781]::string::String>, fn() -> core[df12db4294e9bfd3]::result::Result<(), alloc[2182bb758b4b3781]::string::String>>
[INFO] [stdout]   14:     0x5d6e6bd0a8bc - test[9d35eded1c95d3be]::run_test::{closure#0}
[INFO] [stdout]   15:     0x5d6e6bd09fec - std[70759c8f55707aa4]::sys::backtrace::__rust_begin_short_backtrace::<test[9d35eded1c95d3be]::run_test::{closure#1}, ()>
[INFO] [stdout]   16:     0x5d6e6bd24b5c - <std[70759c8f55707aa4]::thread::lifecycle::spawn_unchecked<test[9d35eded1c95d3be]::run_test::{closure#1}, ()>::{closure#1} as core[df12db4294e9bfd3]::ops::function::FnOnce<()>>::call_once::{shim:vtable#0}
[INFO] [stdout]   17:     0x5d6e6bcf1532 - <std[70759c8f55707aa4]::sys::thread::unix::Thread>::new::thread_start
[INFO] [stdout]   18:     0x77146b2acdfa - <unknown>
[INFO] [stdout]   19:     0x77146b3403d4 - clone
[INFO] [stdout]   20:                0x0 - <unknown>
[INFO] [stdout] 
[INFO] [stdout] ---- search::metamorphic_tests::record_grouping_preserves_named_hits::group_size_3_7 stdout ----
[INFO] [stdout] 
[INFO] [stdout] thread 'search::metamorphic_tests::record_grouping_preserves_named_hits::group_size_3_7' (2722) panicked at src/search/metamorphic_tests.rs:37:26:
[INFO] [stdout] called `Result::unwrap()` on an `Err` value: Io(Custom { kind: NotFound, error: Error { kind: Metadata, source: Os { code: 2, kind: NotFound, message: "No such file or directory" }, path: "/opt/rustwide/workdir/tests/data/query.fa" } })
[INFO] [stdout] stack backtrace:
[INFO] [stdout]    0:     0x5d6e6bcca135 - <<std[70759c8f55707aa4]::sys::backtrace::BacktraceLock>::print::DisplayBacktrace as core[df12db4294e9bfd3]::fmt::Display>::fmt
[INFO] [stdout]    1:     0x5d6e6bc8e84a - core[df12db4294e9bfd3]::fmt::write
[INFO] [stdout]    2:     0x5d6e6bcc97cb - <alloc[2182bb758b4b3781]::vec::Vec<u8> as core[df12db4294e9bfd3]::io::write::Write>::write_fmt
[INFO] [stdout]    3:     0x5d6e6bcc92af - std[70759c8f55707aa4]::panicking::default_hook::{closure#0}
[INFO] [stdout]    4:     0x5d6e6bcc8eda - std[70759c8f55707aa4]::panicking::default_hook
[INFO] [stdout]    5:     0x5d6e6bcc8a12 - std[70759c8f55707aa4]::panicking::panic_with_hook
[INFO] [stdout]    6:     0x5d6e6bcef911 - std[70759c8f55707aa4]::panicking::panic_handler::{closure#0}
[INFO] [stdout]    7:     0x5d6e6bcef8c9 - std[70759c8f55707aa4]::sys::backtrace::__rust_end_short_backtrace::<std[70759c8f55707aa4]::panicking::panic_handler::{closure#0}, !>
[INFO] [stdout]    8:     0x5d6e6bcefddc - __rustc[8fa7c3cbc660c2b3]::rust_begin_unwind
[INFO] [stdout]    9:     0x5d6e6bc8e6db - core[df12db4294e9bfd3]::panicking::panic_fmt
[INFO] [stdout]   10:     0x5d6e6bc926b1 - core[df12db4294e9bfd3]::result::unwrap_failed
[INFO] [stdout]   11:     0x5d6e6bc1ff77 - risearch[b617de8dbcad9be5]::search::metamorphic_tests::record_grouping_preserves_named_hits
[INFO] [stdout]   12:     0x5d6e6bc79ebe - <risearch[b617de8dbcad9be5]::search::metamorphic_tests::record_grouping_preserves_named_hits::group_size_3_7::{closure#0} as core[df12db4294e9bfd3]::ops::function::FnOnce<()>>::call_once
[INFO] [stdout]   13:     0x5d6e6bd0ec5b - test[9d35eded1c95d3be]::__rust_begin_short_backtrace::<core[df12db4294e9bfd3]::result::Result<(), alloc[2182bb758b4b3781]::string::String>, fn() -> core[df12db4294e9bfd3]::result::Result<(), alloc[2182bb758b4b3781]::string::String>>
[INFO] [stdout]   14:     0x5d6e6bd0a8bc - test[9d35eded1c95d3be]::run_test::{closure#0}
[INFO] [stdout]   15:     0x5d6e6bd09fec - std[70759c8f55707aa4]::sys::backtrace::__rust_begin_short_backtrace::<test[9d35eded1c95d3be]::run_test::{closure#1}, ()>
[INFO] [stdout]   16:     0x5d6e6bd24b5c - <std[70759c8f55707aa4]::thread::lifecycle::spawn_unchecked<test[9d35eded1c95d3be]::run_test::{closure#1}, ()>::{closure#1} as core[df12db4294e9bfd3]::ops::function::FnOnce<()>>::call_once::{shim:vtable#0}
[INFO] [stdout]   17:     0x5d6e6bcf1532 - <std[70759c8f55707aa4]::sys::thread::unix::Thread>::new::thread_start
[INFO] [stdout]   18:     0x77146b2acdfa - <unknown>
[INFO] [stdout]   19:     0x77146b3403d4 - clone
[INFO] [stdout]   20:                0x0 - <unknown>
[INFO] [stdout] 
[INFO] [stdout] ---- search::metamorphic_tests::stricter_cutoff_returns_exactly_the_eligible_hits::quantile_1_0_1 stdout ----
[INFO] [stdout] 
[INFO] [stdout] thread 'search::metamorphic_tests::stricter_cutoff_returns_exactly_the_eligible_hits::quantile_1_0_1' (2723) panicked at src/search/metamorphic_tests.rs:37:26:
[INFO] [stdout] called `Result::unwrap()` on an `Err` value: Io(Custom { kind: NotFound, error: Error { kind: Metadata, source: Os { code: 2, kind: NotFound, message: "No such file or directory" }, path: "/opt/rustwide/workdir/tests/data/query.fa" } })
[INFO] [stdout] stack backtrace:
[INFO] [stdout]    0:     0x5d6e6bcca135 - <<std[70759c8f55707aa4]::sys::backtrace::BacktraceLock>::print::DisplayBacktrace as core[df12db4294e9bfd3]::fmt::Display>::fmt
[INFO] [stdout]    1:     0x5d6e6bc8e84a - core[df12db4294e9bfd3]::fmt::write
[INFO] [stdout]    2:     0x5d6e6bcc97cb - <alloc[2182bb758b4b3781]::vec::Vec<u8> as core[df12db4294e9bfd3]::io::write::Write>::write_fmt
[INFO] [stdout]    3:     0x5d6e6bcc92af - std[70759c8f55707aa4]::panicking::default_hook::{closure#0}
[INFO] [stdout]    4:     0x5d6e6bcc8eda - std[70759c8f55707aa4]::panicking::default_hook
[INFO] [stdout]    5:     0x5d6e6bcc8a12 - std[70759c8f55707aa4]::panicking::panic_with_hook
[INFO] [stdout]    6:     0x5d6e6bcef911 - std[70759c8f55707aa4]::panicking::panic_handler::{closure#0}
[INFO] [stdout]    7:     0x5d6e6bcef8c9 - std[70759c8f55707aa4]::sys::backtrace::__rust_end_short_backtrace::<std[70759c8f55707aa4]::panicking::panic_handler::{closure#0}, !>
[INFO] [stdout]    8:     0x5d6e6bcefddc - __rustc[8fa7c3cbc660c2b3]::rust_begin_unwind
[INFO] [stdout]    9:     0x5d6e6bc8e6db - core[df12db4294e9bfd3]::panicking::panic_fmt
[INFO] [stdout]   10:     0x5d6e6bc926b1 - core[df12db4294e9bfd3]::result::unwrap_failed
[INFO] [stdout]   11:     0x5d6e6bc21674 - risearch[b617de8dbcad9be5]::search::metamorphic_tests::stricter_cutoff_returns_exactly_the_eligible_hits
[INFO] [stdout]   12:     0x5d6e6bc79ee1 - <risearch[b617de8dbcad9be5]::search::metamorphic_tests::stricter_cutoff_returns_exactly_the_eligible_hits::quantile_1_0_1::{closure#0} as core[df12db4294e9bfd3]::ops::function::FnOnce<()>>::call_once
[INFO] [stdout]   13:     0x5d6e6bd0ec5b - test[9d35eded1c95d3be]::__rust_begin_short_backtrace::<core[df12db4294e9bfd3]::result::Result<(), alloc[2182bb758b4b3781]::string::String>, fn() -> core[df12db4294e9bfd3]::result::Result<(), alloc[2182bb758b4b3781]::string::String>>
[INFO] [stdout]   14:     0x5d6e6bd0a8bc - test[9d35eded1c95d3be]::run_test::{closure#0}
[INFO] [stdout]   15:     0x5d6e6bd09fec - std[70759c8f55707aa4]::sys::backtrace::__rust_begin_short_backtrace::<test[9d35eded1c95d3be]::run_test::{closure#1}, ()>
[INFO] [stdout]   16:     0x5d6e6bd24b5c - <std[70759c8f55707aa4]::thread::lifecycle::spawn_unchecked<test[9d35eded1c95d3be]::run_test::{closure#1}, ()>::{closure#1} as core[df12db4294e9bfd3]::ops::function::FnOnce<()>>::call_once::{shim:vtable#0}
[INFO] [stdout]   17:     0x5d6e6bcf1532 - <std[70759c8f55707aa4]::sys::thread::unix::Thread>::new::thread_start
[INFO] [stdout]   18:     0x77146b2acdfa - <unknown>
[INFO] [stdout]   19:     0x77146b3403d4 - clone
[INFO] [stdout]   20:                0x0 - <unknown>
[INFO] [stdout] 
[INFO] [stdout] ---- search::metamorphic_tests::stricter_cutoff_returns_exactly_the_eligible_hits::quantile_2_0_5 stdout ----
[INFO] [stdout] 
[INFO] [stdout] thread 'search::metamorphic_tests::stricter_cutoff_returns_exactly_the_eligible_hits::quantile_2_0_5' (2724) panicked at src/search/metamorphic_tests.rs:37:26:
[INFO] [stdout] called `Result::unwrap()` on an `Err` value: Io(Custom { kind: NotFound, error: Error { kind: Metadata, source: Os { code: 2, kind: NotFound, message: "No such file or directory" }, path: "/opt/rustwide/workdir/tests/data/query.fa" } })
[INFO] [stdout] stack backtrace:
[INFO] [stdout]    0:     0x5d6e6bcca135 - <<std[70759c8f55707aa4]::sys::backtrace::BacktraceLock>::print::DisplayBacktrace as core[df12db4294e9bfd3]::fmt::Display>::fmt
[INFO] [stdout]    1:     0x5d6e6bc8e84a - core[df12db4294e9bfd3]::fmt::write
[INFO] [stdout]    2:     0x5d6e6bcc97cb - <alloc[2182bb758b4b3781]::vec::Vec<u8> as core[df12db4294e9bfd3]::io::write::Write>::write_fmt
[INFO] [stdout]    3:     0x5d6e6bcc92af - std[70759c8f55707aa4]::panicking::default_hook::{closure#0}
[INFO] [stdout]    4:     0x5d6e6bcc8eda - std[70759c8f55707aa4]::panicking::default_hook
[INFO] [stdout]    5:     0x5d6e6bcc8a12 - std[70759c8f55707aa4]::panicking::panic_with_hook
[INFO] [stdout]    6:     0x5d6e6bcef911 - std[70759c8f55707aa4]::panicking::panic_handler::{closure#0}
[INFO] [stdout]    7:     0x5d6e6bcef8c9 - std[70759c8f55707aa4]::sys::backtrace::__rust_end_short_backtrace::<std[70759c8f55707aa4]::panicking::panic_handler::{closure#0}, !>
[INFO] [stdout]    8:     0x5d6e6bcefddc - __rustc[8fa7c3cbc660c2b3]::rust_begin_unwind
[INFO] [stdout]    9:     0x5d6e6bc8e6db - core[df12db4294e9bfd3]::panicking::panic_fmt
[INFO] [stdout]   10:     0x5d6e6bc926b1 - core[df12db4294e9bfd3]::result::unwrap_failed
[INFO] [stdout]   11:     0x5d6e6bc21674 - risearch[b617de8dbcad9be5]::search::metamorphic_tests::stricter_cutoff_returns_exactly_the_eligible_hits
[INFO] [stdout]   12:     0x5d6e6bc79f01 - <risearch[b617de8dbcad9be5]::search::metamorphic_tests::stricter_cutoff_returns_exactly_the_eligible_hits::quantile_2_0_5::{closure#0} as core[df12db4294e9bfd3]::ops::function::FnOnce<()>>::call_once
[INFO] [stdout]   13:     0x5d6e6bd0ec5b - test[9d35eded1c95d3be]::__rust_begin_short_backtrace::<core[df12db4294e9bfd3]::result::Result<(), alloc[2182bb758b4b3781]::string::String>, fn() -> core[df12db4294e9bfd3]::result::Result<(), alloc[2182bb758b4b3781]::string::String>>
[INFO] [stdout]   14:     0x5d6e6bd0a8bc - test[9d35eded1c95d3be]::run_test::{closure#0}
[INFO] [stdout]   15:     0x5d6e6bd09fec - std[70759c8f55707aa4]::sys::backtrace::__rust_begin_short_backtrace::<test[9d35eded1c95d3be]::run_test::{closure#1}, ()>
[INFO] [stdout]   16:     0x5d6e6bd24b5c - <std[70759c8f55707aa4]::thread::lifecycle::spawn_unchecked<test[9d35eded1c95d3be]::run_test::{closure#1}, ()>::{closure#1} as core[df12db4294e9bfd3]::ops::function::FnOnce<()>>::call_once::{shim:vtable#0}
[INFO] [stdout]   17:     0x5d6e6bcf1532 - <std[70759c8f55707aa4]::sys::thread::unix::Thread>::new::thread_start
[INFO] [stdout]   18:     0x77146b2acdfa - <unknown>
[INFO] [stdout]   19:     0x77146b3403d4 - clone
[INFO] [stdout]   20:                0x0 - <unknown>
[INFO] [stdout] 
[INFO] [stdout] ---- search::tests::dedup_result_is_deterministic stdout ----
[INFO] [stdout] 
[INFO] [stdout] thread 'search::tests::dedup_result_is_deterministic' (2728) panicked at src/search/mod.rs:501:49:
[INFO] [stdout] called `Result::unwrap()` on an `Err` value: Io(Custom { kind: NotFound, error: Error { kind: Metadata, source: Os { code: 2, kind: NotFound, message: "No such file or directory" }, path: "/opt/rustwide/workdir/tests/data/target.fa" } })
[INFO] [stdout] stack backtrace:
[INFO] [stdout]    0:     0x5d6e6bcca135 - <<std[70759c8f55707aa4]::sys::backtrace::BacktraceLock>::print::DisplayBacktrace as core[df12db4294e9bfd3]::fmt::Display>::fmt
[INFO] [stdout]    1:     0x5d6e6bc8e84a - core[df12db4294e9bfd3]::fmt::write
[INFO] [stdout]    2:     0x5d6e6bcc97cb - <alloc[2182bb758b4b3781]::vec::Vec<u8> as core[df12db4294e9bfd3]::io::write::Write>::write_fmt
[INFO] [stdout]    3:     0x5d6e6bcc92af - std[70759c8f55707aa4]::panicking::default_hook::{closure#0}
[INFO] [stdout]    4:     0x5d6e6bcc8eda - std[70759c8f55707aa4]::panicking::default_hook
[INFO] [stdout]    5:     0x5d6e6bcc8a12 - std[70759c8f55707aa4]::panicking::panic_with_hook
[INFO] [stdout]    6:     0x5d6e6bcef911 - std[70759c8f55707aa4]::panicking::panic_handler::{closure#0}
[INFO] [stdout]    7:     0x5d6e6bcef8c9 - std[70759c8f55707aa4]::sys::backtrace::__rust_end_short_backtrace::<std[70759c8f55707aa4]::panicking::panic_handler::{closure#0}, !>
[INFO] [stdout]    8:     0x5d6e6bcefddc - __rustc[8fa7c3cbc660c2b3]::rust_begin_unwind
[INFO] [stdout]    9:     0x5d6e6bc8e6db - core[df12db4294e9bfd3]::panicking::panic_fmt
[INFO] [stdout]   10:     0x5d6e6bc926b1 - core[df12db4294e9bfd3]::result::unwrap_failed
[INFO] [stdout]   11:     0x5d6e6bc22515 - risearch[b617de8dbcad9be5]::search::tests::build_store
[INFO] [stdout]   12:     0x5d6e6bc2416c - risearch[b617de8dbcad9be5]::search::tests::mm2_minimal_fixture
[INFO] [stdout]   13:     0x5d6e6bc5fa16 - <risearch[b617de8dbcad9be5]::search::tests::dedup_result_is_deterministic::{closure#0} as core[df12db4294e9bfd3]::ops::function::FnOnce<()>>::call_once
[INFO] [stdout]   14:     0x5d6e6bd0ec5b - test[9d35eded1c95d3be]::__rust_begin_short_backtrace::<core[df12db4294e9bfd3]::result::Result<(), alloc[2182bb758b4b3781]::string::String>, fn() -> core[df12db4294e9bfd3]::result::Result<(), alloc[2182bb758b4b3781]::string::String>>
[INFO] [stdout]   15:     0x5d6e6bd0a8bc - test[9d35eded1c95d3be]::run_test::{closure#0}
[INFO] [stdout]   16:     0x5d6e6bd09fec - std[70759c8f55707aa4]::sys::backtrace::__rust_begin_short_backtrace::<test[9d35eded1c95d3be]::run_test::{closure#1}, ()>
[INFO] [stdout]   17:     0x5d6e6bd24b5c - <std[70759c8f55707aa4]::thread::lifecycle::spawn_unchecked<test[9d35eded1c95d3be]::run_test::{closure#1}, ()>::{closure#1} as core[df12db4294e9bfd3]::ops::function::FnOnce<()>>::call_once::{shim:vtable#0}
[INFO] [stdout]   18:     0x5d6e6bcf1532 - <std[70759c8f55707aa4]::sys::thread::unix::Thread>::new::thread_start
[INFO] [stdout]   19:     0x77146b2acdfa - <unknown>
[INFO] [stdout]   20:     0x77146b3403d4 - clone
[INFO] [stdout]   21:                0x0 - <unknown>
[INFO] [stdout] 
[INFO] [stdout] ---- search::tests::compressed_output_decodes_to_the_plain_rows_including_empty_results stdout ----
[INFO] [stdout] 
[INFO] [stdout] thread 'search::tests::compressed_output_decodes_to_the_plain_rows_including_empty_results' (2726) panicked at src/search/mod.rs:501:49:
[INFO] [stdout] called `Result::unwrap()` on an `Err` value: Io(Custom { kind: NotFound, error: Error { kind: Metadata, source: Os { code: 2, kind: NotFound, message: "No such file or directory" }, path: "/opt/rustwide/workdir/tests/data/target.fa" } })
[INFO] [stdout] stack backtrace:
[INFO] [stdout]    0:     0x5d6e6bcca135 - <<std[70759c8f55707aa4]::sys::backtrace::BacktraceLock>::print::DisplayBacktrace as core[df12db4294e9bfd3]::fmt::Display>::fmt
[INFO] [stdout]    1:     0x5d6e6bc8e84a - core[df12db4294e9bfd3]::fmt::write
[INFO] [stdout]    2:     0x5d6e6bcc97cb - <alloc[2182bb758b4b3781]::vec::Vec<u8> as core[df12db4294e9bfd3]::io::write::Write>::write_fmt
[INFO] [stdout]    3:     0x5d6e6bcc92af - std[70759c8f55707aa4]::panicking::default_hook::{closure#0}
[INFO] [stdout]    4:     0x5d6e6bcc8eda - std[70759c8f55707aa4]::panicking::default_hook
[INFO] [stdout]    5:     0x5d6e6bcc8a12 - std[70759c8f55707aa4]::panicking::panic_with_hook
[INFO] [stdout]    6:     0x5d6e6bcef911 - std[70759c8f55707aa4]::panicking::panic_handler::{closure#0}
[INFO] [stdout]    7:     0x5d6e6bcef8c9 - std[70759c8f55707aa4]::sys::backtrace::__rust_end_short_backtrace::<std[70759c8f55707aa4]::panicking::panic_handler::{closure#0}, !>
[INFO] [stdout]    8:     0x5d6e6bcefddc - __rustc[8fa7c3cbc660c2b3]::rust_begin_unwind
[INFO] [stdout]    9:     0x5d6e6bc8e6db - core[df12db4294e9bfd3]::panicking::panic_fmt
[INFO] [stdout]   10:     0x5d6e6bc926b1 - core[df12db4294e9bfd3]::result::unwrap_failed
[INFO] [stdout]   11:     0x5d6e6bc22515 - risearch[b617de8dbcad9be5]::search::tests::build_store
[INFO] [stdout]   12:     0x5d6e6bc2416c - risearch[b617de8dbcad9be5]::search::tests::mm2_minimal_fixture
[INFO] [stdout]   13:     0x5d6e6bc253ff - risearch[b617de8dbcad9be5]::search::tests::compressed_output_decodes_to_the_plain_rows_including_empty_results
[INFO] [stdout]   14:     0x5d6e6bc67659 - <risearch[b617de8dbcad9be5]::search::tests::compressed_output_decodes_to_the_plain_rows_including_empty_results::{closure#0} as core[df12db4294e9bfd3]::ops::function::FnOnce<()>>::call_once
[INFO] [stdout]   15:     0x5d6e6bd0ec5b - test[9d35eded1c95d3be]::__rust_begin_short_backtrace::<core[df12db4294e9bfd3]::result::Result<(), alloc[2182bb758b4b3781]::string::String>, fn() -> core[df12db4294e9bfd3]::result::Result<(), alloc[2182bb758b4b3781]::string::String>>
[INFO] [stdout]   16:     0x5d6e6bd0a8bc - test[9d35eded1c95d3be]::run_test::{closure#0}
[INFO] [stdout]   17:     0x5d6e6bd09fec - std[70759c8f55707aa4]::sys::backtrace::__rust_begin_short_backtrace::<test[9d35eded1c95d3be]::run_test::{closure#1}, ()>
[INFO] [stdout]   18:     0x5d6e6bd24b5c - <std[70759c8f55707aa4]::thread::lifecycle::spawn_unchecked<test[9d35eded1c95d3be]::run_test::{closure#1}, ()>::{closure#1} as core[df12db4294e9bfd3]::ops::function::FnOnce<()>>::call_once::{shim:vtable#0}
[INFO] [stdout]   19:     0x5d6e6bcf1532 - <std[70759c8f55707aa4]::sys::thread::unix::Thread>::new::thread_start
[INFO] [stdout]   20:     0x77146b2acdfa - <unknown>
[INFO] [stdout]   21:     0x77146b3403d4 - clone
[INFO] [stdout]   22:                0x0 - <unknown>
[INFO] [stdout] 
[INFO] [stdout] ---- search::metamorphic_tests::stricter_cutoff_returns_exactly_the_eligible_hits::quantile_3_0_9 stdout ----
[INFO] [stdout] 
[INFO] [stdout] thread 'search::metamorphic_tests::stricter_cutoff_returns_exactly_the_eligible_hits::quantile_3_0_9' (2725) panicked at src/search/metamorphic_tests.rs:37:26:
[INFO] [stdout] called `Result::unwrap()` on an `Err` value: Io(Custom { kind: NotFound, error: Error { kind: Metadata, source: Os { code: 2, kind: NotFound, message: "No such file or directory" }, path: "/opt/rustwide/workdir/tests/data/query.fa" } })
[INFO] [stdout] stack backtrace:
[INFO] [stdout]    0:     0x5d6e6bcca135 - <<std[70759c8f55707aa4]::sys::backtrace::BacktraceLock>::print::DisplayBacktrace as core[df12db4294e9bfd3]::fmt::Display>::fmt
[INFO] [stdout]    1:     0x5d6e6bc8e84a - core[df12db4294e9bfd3]::fmt::write
[INFO] [stdout]    2:     0x5d6e6bcc97cb - <alloc[2182bb758b4b3781]::vec::Vec<u8> as core[df12db4294e9bfd3]::io::write::Write>::write_fmt
[INFO] [stdout]    3:     0x5d6e6bcc92af - std[70759c8f55707aa4]::panicking::default_hook::{closure#0}
[INFO] [stdout]    4:     0x5d6e6bcc8eda - std[70759c8f55707aa4]::panicking::default_hook
[INFO] [stdout]    5:     0x5d6e6bcc8a12 - std[70759c8f55707aa4]::panicking::panic_with_hook
[INFO] [stdout]    6:     0x5d6e6bcef911 - std[70759c8f55707aa4]::panicking::panic_handler::{closure#0}
[INFO] [stdout]    7:     0x5d6e6bcef8c9 - std[70759c8f55707aa4]::sys::backtrace::__rust_end_short_backtrace::<std[70759c8f55707aa4]::panicking::panic_handler::{closure#0}, !>
[INFO] [stdout]    8:     0x5d6e6bcefddc - __rustc[8fa7c3cbc660c2b3]::rust_begin_unwind
[INFO] [stdout]    9:     0x5d6e6bc8e6db - core[df12db4294e9bfd3]::panicking::panic_fmt
[INFO] [stdout]   10:     0x5d6e6bc926b1 - core[df12db4294e9bfd3]::result::unwrap_failed
[INFO] [stdout]   11:     0x5d6e6bc21674 - risearch[b617de8dbcad9be5]::search::metamorphic_tests::stricter_cutoff_returns_exactly_the_eligible_hits
[INFO] [stdout]   12:     0x5d6e6bc79f21 - <risearch[b617de8dbcad9be5]::search::metamorphic_tests::stricter_cutoff_returns_exactly_the_eligible_hits::quantile_3_0_9::{closure#0} as core[df12db4294e9bfd3]::ops::function::FnOnce<()>>::call_once
[INFO] [stdout]   13:     0x5d6e6bd0ec5b - test[9d35eded1c95d3be]::__rust_begin_short_backtrace::<core[df12db4294e9bfd3]::result::Result<(), alloc[2182bb758b4b3781]::string::String>, fn() -> core[df12db4294e9bfd3]::result::Result<(), alloc[2182bb758b4b3781]::string::String>>
[INFO] [stdout]   14:     0x5d6e6bd0a8bc - test[9d35eded1c95d3be]::run_test::{closure#0}
[INFO] [stdout]   15:     0x5d6e6bd09fec - std[70759c8f55707aa4]::sys::backtrace::__rust_begin_short_backtrace::<test[9d35eded1c95d3be]::run_test::{closure#1}, ()>
[INFO] [stdout]   16:     0x5d6e6bd24b5c - <std[70759c8f55707aa4]::thread::lifecycle::spawn_unchecked<test[9d35eded1c95d3be]::run_test::{closure#1}, ()>::{closure#1} as core[df12db4294e9bfd3]::ops::function::FnOnce<()>>::call_once::{shim:vtable#0}
[INFO] [stdout]   17:     0x5d6e6bcf1532 - <std[70759c8f55707aa4]::sys::thread::unix::Thread>::new::thread_start
[INFO] [stdout]   18:     0x77146b2acdfa - <unknown>
[INFO] [stdout]   19:     0x77146b3403d4 - clone
[INFO] [stdout]   20:                0x0 - <unknown>
[INFO] [stdout] 
[INFO] [stdout] ---- search::tests::dedup_keeps_one_min_energy_row_per_box stdout ----
[INFO] [stdout] 
[INFO] [stdout] thread 'search::tests::dedup_keeps_one_min_energy_row_per_box' (2727) panicked at src/search/mod.rs:501:49:
[INFO] [stdout] called `Result::unwrap()` on an `Err` value: Io(Custom { kind: NotFound, error: Error { kind: Metadata, source: Os { code: 2, kind: NotFound, message: "No such file or directory" }, path: "/opt/rustwide/workdir/tests/data/target.fa" } })
[INFO] [stdout] stack backtrace:
[INFO] [stdout]    0:     0x5d6e6bcca135 - <<std[70759c8f55707aa4]::sys::backtrace::BacktraceLock>::print::DisplayBacktrace as core[df12db4294e9bfd3]::fmt::Display>::fmt
[INFO] [stdout]    1:     0x5d6e6bc8e84a - core[df12db4294e9bfd3]::fmt::write
[INFO] [stdout]    2:     0x5d6e6bcc97cb - <alloc[2182bb758b4b3781]::vec::Vec<u8> as core[df12db4294e9bfd3]::io::write::Write>::write_fmt
[INFO] [stdout]    3:     0x5d6e6bcc92af - std[70759c8f55707aa4]::panicking::default_hook::{closure#0}
[INFO] [stdout]    4:     0x5d6e6bcc8eda - std[70759c8f55707aa4]::panicking::default_hook
[INFO] [stdout]    5:     0x5d6e6bcc8a12 - std[70759c8f55707aa4]::panicking::panic_with_hook
[INFO] [stdout]    6:     0x5d6e6bcef911 - std[70759c8f55707aa4]::panicking::panic_handler::{closure#0}
[INFO] [stdout]    7:     0x5d6e6bcef8c9 - std[70759c8f55707aa4]::sys::backtrace::__rust_end_short_backtrace::<std[70759c8f55707aa4]::panicking::panic_handler::{closure#0}, !>
[INFO] [stdout]    8:     0x5d6e6bcefddc - __rustc[8fa7c3cbc660c2b3]::rust_begin_unwind
[INFO] [stdout]    9:     0x5d6e6bc8e6db - core[df12db4294e9bfd3]::panicking::panic_fmt
[INFO] [stdout]   10:     0x5d6e6bc926b1 - core[df12db4294e9bfd3]::result::unwrap_failed
[INFO] [stdout]   11:     0x5d6e6bc22515 - risearch[b617de8dbcad9be5]::search::tests::build_store
[INFO] [stdout]   12:     0x5d6e6bc2416c - risearch[b617de8dbcad9be5]::search::tests::mm2_minimal_fixture
[INFO] [stdout]   13:     0x5d6e6bc61216 - <risearch[b617de8dbcad9be5]::search::tests::dedup_keeps_one_min_energy_row_per_box::{closure#0} as core[df12db4294e9bfd3]::ops::function::FnOnce<()>>::call_once
[INFO] [stdout]   14:     0x5d6e6bd0ec5b - test[9d35eded1c95d3be]::__rust_begin_short_backtrace::<core[df12db4294e9bfd3]::result::Result<(), alloc[2182bb758b4b3781]::string::String>, fn() -> core[df12db4294e9bfd3]::result::Result<(), alloc[2182bb758b4b3781]::string::String>>
[INFO] [stdout]   15:     0x5d6e6bd0a8bc - test[9d35eded1c95d3be]::run_test::{closure#0}
[INFO] [stdout]   16:     0x5d6e6bd09fec - std[70759c8f55707aa4]::sys::backtrace::__rust_begin_short_backtrace::<test[9d35eded1c95d3be]::run_test::{closure#1}, ()>
[INFO] [stdout]   17:     0x5d6e6bd24b5c - <std[70759c8f55707aa4]::thread::lifecycle::spawn_unchecked<test[9d35eded1c95d3be]::run_test::{closure#1}, ()>::{closure#1} as core[df12db4294e9bfd3]::ops::function::FnOnce<()>>::call_once::{shim:vtable#0}
[INFO] [stdout]   18:     0x5d6e6bcf1532 - <std[70759c8f55707aa4]::sys::thread::unix::Thread>::new::thread_start
[INFO] [stdout]   19:     0x77146b2acdfa - <unknown>
[INFO] [stdout]   20:     0x77146b3403d4 - clone
[INFO] [stdout]   21:                0x0 - <unknown>
[INFO] [stdout] 
[INFO] [stdout] ---- search::tests::rejected_config_leaves_no_multifile_directory stdout ----
[INFO] [stdout] 
[INFO] [stdout] thread 'search::tests::rejected_config_leaves_no_multifile_directory' (2736) panicked at src/search/mod.rs:501:49:
[INFO] [stdout] called `Result::unwrap()` on an `Err` value: Io(Custom { kind: NotFound, error: Error { kind: Metadata, source: Os { code: 2, kind: NotFound, message: "No such file or directory" }, path: "/opt/rustwide/workdir/tests/data/target.fa" } })
[INFO] [stdout] stack backtrace:
[INFO] [stdout]    0:     0x5d6e6bcca135 - <<std[70759c8f55707aa4]::sys::backtrace::BacktraceLock>::print::DisplayBacktrace as core[df12db4294e9bfd3]::fmt::Display>::fmt
[INFO] [stdout]    1:     0x5d6e6bc8e84a - core[df12db4294e9bfd3]::fmt::write
[INFO] [stdout]    2:     0x5d6e6bcc97cb - <alloc[2182bb758b4b3781]::vec::Vec<u8> as core[df12db4294e9bfd3]::io::write::Write>::write_fmt
[INFO] [stdout]    3:     0x5d6e6bcc92af - std[70759c8f55707aa4]::panicking::default_hook::{closure#0}
[INFO] [stdout]    4:     0x5d6e6bcc8eda - std[70759c8f55707aa4]::panicking::default_hook
[INFO] [stdout]    5:     0x5d6e6bcc8a12 - std[70759c8f55707aa4]::panicking::panic_with_hook
[INFO] [stdout]    6:     0x5d6e6bcef911 - std[70759c8f55707aa4]::panicking::panic_handler::{closure#0}
[INFO] [stdout]    7:     0x5d6e6bcef8c9 - std[70759c8f55707aa4]::sys::backtrace::__rust_end_short_backtrace::<std[70759c8f55707aa4]::panicking::panic_handler::{closure#0}, !>
[INFO] [stdout]    8:     0x5d6e6bcefddc - __rustc[8fa7c3cbc660c2b3]::rust_begin_unwind
[INFO] [stdout]    9:     0x5d6e6bc8e6db - core[df12db4294e9bfd3]::panicking::panic_fmt
[INFO] [stdout]   10:     0x5d6e6bc926b1 - core[df12db4294e9bfd3]::result::unwrap_failed
[INFO] [stdout]   11:     0x5d6e6bc22515 - risearch[b617de8dbcad9be5]::search::tests::build_store
[INFO] [stdout]   12:     0x5d6e6bc62e8f - <risearch[b617de8dbcad9be5]::search::tests::rejected_config_leaves_no_multifile_directory::{closure#0} as core[df12db4294e9bfd3]::ops::function::FnOnce<()>>::call_once
[INFO] [stdout]   13:     0x5d6e6bd0ec5b - test[9d35eded1c95d3be]::__rust_begin_short_backtrace::<core[df12db4294e9bfd3]::result::Result<(), alloc[2182bb758b4b3781]::string::String>, fn() -> core[df12db4294e9bfd3]::result::Result<(), alloc[2182bb758b4b3781]::string::String>>
[INFO] [stdout]   14:     0x5d6e6bd0a8bc - test[9d35eded1c95d3be]::run_test::{closure#0}
[INFO] [stdout]   15:     0x5d6e6bd09fec - std[70759c8f55707aa4]::sys::backtrace::__rust_begin_short_backtrace::<test[9d35eded1c95d3be]::run_test::{closure#1}, ()>
[INFO] [stdout]   16:     0x5d6e6bd24b5c - <std[70759c8f55707aa4]::thread::lifecycle::spawn_unchecked<test[9d35eded1c95d3be]::run_test::{closure#1}, ()>::{closure#1} as core[df12db4294e9bfd3]::ops::function::FnOnce<()>>::call_once::{shim:vtable#0}
[INFO] [stdout]   17:     0x5d6e6bcf1532 - <std[70759c8f55707aa4]::sys::thread::unix::Thread>::new::thread_start
[INFO] [stdout]   18:     0x77146b2acdfa - <unknown>
[INFO] [stdout]   19:     0x77146b3403d4 - clone
[INFO] [stdout]   20:                0x0 - <unknown>
[INFO] [stdout] 
[INFO] [stdout] ---- search::tests::no_hits_against_non_matching_target stdout ----
[INFO] [stdout] 
[INFO] [stdout] thread 'search::tests::no_hits_against_non_matching_target' (2733) panicked at src/search/mod.rs:543:56:
[INFO] [stdout] called `Result::unwrap()` on an `Err` value: Io(Custom { kind: NotFound, error: Error { kind: Metadata, source: Os { code: 2, kind: NotFound, message: "No such file or directory" }, path: "/opt/rustwide/workdir/tests/data/query.fa" } })
[INFO] [stdout] stack backtrace:
[INFO] [stdout]    0:     0x5d6e6bcca135 - <<std[70759c8f55707aa4]::sys::backtrace::BacktraceLock>::print::DisplayBacktrace as core[df12db4294e9bfd3]::fmt::Display>::fmt
[INFO] [stdout]    1:     0x5d6e6bc8e84a - core[df12db4294e9bfd3]::fmt::write
[INFO] [stdout]    2:     0x5d6e6bcc97cb - <alloc[2182bb758b4b3781]::vec::Vec<u8> as core[df12db4294e9bfd3]::io::write::Write>::write_fmt
[INFO] [stdout]    3:     0x5d6e6bcc92af - std[70759c8f55707aa4]::panicking::default_hook::{closure#0}
[INFO] [stdout]    4:     0x5d6e6bcc8eda - std[70759c8f55707aa4]::panicking::default_hook
[INFO] [stdout]    5:     0x5d6e6bcc8a12 - std[70759c8f55707aa4]::panicking::panic_with_hook
[INFO] [stdout]    6:     0x5d6e6bcef911 - std[70759c8f55707aa4]::panicking::panic_handler::{closure#0}
[INFO] [stdout]    7:     0x5d6e6bcef8c9 - std[70759c8f55707aa4]::sys::backtrace::__rust_end_short_backtrace::<std[70759c8f55707aa4]::panicking::panic_handler::{closure#0}, !>
[INFO] [stdout]    8:     0x5d6e6bcefddc - __rustc[8fa7c3cbc660c2b3]::rust_begin_unwind
[INFO] [stdout]    9:     0x5d6e6bc8e6db - core[df12db4294e9bfd3]::panicking::panic_fmt
[INFO] [stdout]   10:     0x5d6e6bc926b1 - core[df12db4294e9bfd3]::result::unwrap_failed
[INFO] [stdout]   11:     0x5d6e6bc60fed - <risearch[b617de8dbcad9be5]::search::tests::no_hits_against_non_matching_target::{closure#0} as core[df12db4294e9bfd3]::ops::function::FnOnce<()>>::call_once
[INFO] [stdout]   12:     0x5d6e6bd0ec5b - test[9d35eded1c95d3be]::__rust_begin_short_backtrace::<core[df12db4294e9bfd3]::result::Result<(), alloc[2182bb758b4b3781]::string::String>, fn() -> core[df12db4294e9bfd3]::result::Result<(), alloc[2182bb758b4b3781]::string::String>>
[INFO] [stdout]   13:     0x5d6e6bd0a8bc - test[9d35eded1c95d3be]::run_test::{closure#0}
[INFO] [stdout]   14:     0x5d6e6bd09fec - std[70759c8f55707aa4]::sys::backtrace::__rust_begin_short_backtrace::<test[9d35eded1c95d3be]::run_test::{closure#1}, ()>
[INFO] [stdout]   15:     0x5d6e6bd24b5c - <std[70759c8f55707aa4]::thread::lifecycle::spawn_unchecked<test[9d35eded1c95d3be]::run_test::{closure#1}, ()>::{closure#1} as core[df12db4294e9bfd3]::ops::function::FnOnce<()>>::call_once::{shim:vtable#0}
[INFO] [stdout]   16:     0x5d6e6bcf1532 - <std[70759c8f55707aa4]::sys::thread::unix::Thread>::new::thread_start
[INFO] [stdout]   17:     0x77146b2acdfa - <unknown>
[INFO] [stdout]   18:     0x77146b3403d4 - clone
[INFO] [stdout]   19:                0x0 - <unknown>
[INFO] [stdout] 
[INFO] [stdout] ---- search::tests::run_search_validates_configs_constructed_without_clap stdout ----
[INFO] [stdout] 
[INFO] [stdout] thread 'search::tests::run_search_validates_configs_constructed_without_clap' (2737) panicked at src/search/mod.rs:501:49:
[INFO] [stdout] called `Result::unwrap()` on an `Err` value: Io(Custom { kind: NotFound, error: Error { kind: Metadata, source: Os { code: 2, kind: NotFound, message: "No such file or directory" }, path: "/opt/rustwide/workdir/tests/data/target.fa" } })
[INFO] [stdout] stack backtrace:
[INFO] [stdout]    0:     0x5d6e6bcca135 - <<std[70759c8f55707aa4]::sys::backtrace::BacktraceLock>::print::DisplayBacktrace as core[df12db4294e9bfd3]::fmt::Display>::fmt
[INFO] [stdout]    1:     0x5d6e6bc8e84a - core[df12db4294e9bfd3]::fmt::write
[INFO] [stdout]    2:     0x5d6e6bcc97cb - <alloc[2182bb758b4b3781]::vec::Vec<u8> as core[df12db4294e9bfd3]::io::write::Write>::write_fmt
[INFO] [stdout]    3:     0x5d6e6bcc92af - std[70759c8f55707aa4]::panicking::default_hook::{closure#0}
[INFO] [stdout]    4:     0x5d6e6bcc8eda - std[70759c8f55707aa4]::panicking::default_hook
[INFO] [stdout]    5:     0x5d6e6bcc8a12 - std[70759c8f55707aa4]::panicking::panic_with_hook
[INFO] [stdout]    6:     0x5d6e6bcef911 - std[70759c8f55707aa4]::panicking::panic_handler::{closure#0}
[INFO] [stdout]    7:     0x5d6e6bcef8c9 - std[70759c8f55707aa4]::sys::backtrace::__rust_end_short_backtrace::<std[70759c8f55707aa4]::panicking::panic_handler::{closure#0}, !>
[INFO] [stdout]    8:     0x5d6e6bcefddc - __rustc[8fa7c3cbc660c2b3]::rust_begin_unwind
[INFO] [stdout]    9:     0x5d6e6bc8e6db - core[df12db4294e9bfd3]::panicking::panic_fmt
[INFO] [stdout]   10:     0x5d6e6bc926b1 - core[df12db4294e9bfd3]::result::unwrap_failed
[INFO] [stdout]   11:     0x5d6e6bc22515 - risearch[b617de8dbcad9be5]::search::tests::build_store
[INFO] [stdout]   12:     0x5d6e6bc65172 - <risearch[b617de8dbcad9be5]::search::tests::run_search_validates_configs_constructed_without_clap::{closure#0} as core[df12db4294e9bfd3]::ops::function::FnOnce<()>>::call_once
[INFO] [stdout]   13:     0x5d6e6bd0ec5b - test[9d35eded1c95d3be]::__rust_begin_short_backtrace::<core[df12db4294e9bfd3]::result::Result<(), alloc[2182bb758b4b3781]::string::String>, fn() -> core[df12db4294e9bfd3]::result::Result<(), alloc[2182bb758b4b3781]::string::String>>
[INFO] [stdout]   14:     0x5d6e6bd0a8bc - test[9d35eded1c95d3be]::run_test::{closure#0}
[INFO] [stdout]   15:     0x5d6e6bd09fec - std[70759c8f55707aa4]::sys::backtrace::__rust_begin_short_backtrace::<test[9d35eded1c95d3be]::run_test::{closure#1}, ()>
[INFO] [stdout]   16:     0x5d6e6bd24b5c - <std[70759c8f55707aa4]::thread::lifecycle::spawn_unchecked<test[9d35eded1c95d3be]::run_test::{closure#1}, ()>::{closure#1} as core[df12db4294e9bfd3]::ops::function::FnOnce<()>>::call_once::{shim:vtable#0}
[INFO] [stdout]   17:     0x5d6e6bcf1532 - <std[70759c8f55707aa4]::sys::thread::unix::Thread>::new::thread_start
[INFO] [stdout]   18:     0x77146b2acdfa - <unknown>
[INFO] [stdout]   19:     0x77146b3403d4 - clone
[INFO] [stdout]   20:                0x0 - <unknown>
[INFO] [stdout] 
[INFO] [stdout] ---- search::tests::text_output_emits_one_line_per_hit stdout ----
[INFO] [stdout] 
[INFO] [stdout] thread 'search::tests::text_output_emits_one_line_per_hit' (2739) panicked at src/search/mod.rs:501:49:
[INFO] [stdout] called `Result::unwrap()` on an `Err` value: Io(Custom { kind: NotFound, error: Error { kind: Metadata, source: Os { code: 2, kind: NotFound, message: "No such file or directory" }, path: "/opt/rustwide/workdir/tests/data/target.fa" } })
[INFO] [stdout] stack backtrace:
[INFO] [stdout]    0:     0x5d6e6bcca135 - <<std[70759c8f55707aa4]::sys::backtrace::BacktraceLock>::print::DisplayBacktrace as core[df12db4294e9bfd3]::fmt::Display>::fmt
[INFO] [stdout]    1:     0x5d6e6bc8e84a - core[df12db4294e9bfd3]::fmt::write
[INFO] [stdout]    2:     0x5d6e6bcc97cb - <alloc[2182bb758b4b3781]::vec::Vec<u8> as core[df12db4294e9bfd3]::io::write::Write>::write_fmt
[INFO] [stdout]    3:     0x5d6e6bcc92af - std[70759c8f55707aa4]::panicking::default_hook::{closure#0}
[INFO] [stdout]    4:     0x5d6e6bcc8eda - std[70759c8f55707aa4]::panicking::default_hook
[INFO] [stdout]    5:     0x5d6e6bcc8a12 - std[70759c8f55707aa4]::panicking::panic_with_hook
[INFO] [stdout]    6:     0x5d6e6bcef911 - std[70759c8f55707aa4]::panicking::panic_handler::{closure#0}
[INFO] [stdout]    7:     0x5d6e6bcef8c9 - std[70759c8f55707aa4]::sys::backtrace::__rust_end_short_backtrace::<std[70759c8f55707aa4]::panicking::panic_handler::{closure#0}, !>
[INFO] [stdout]    8:     0x5d6e6bcefddc - __rustc[8fa7c3cbc660c2b3]::rust_begin_unwind
[INFO] [stdout]    9:     0x5d6e6bc8e6db - core[df12db4294e9bfd3]::panicking::panic_fmt
[INFO] [stdout]   10:     0x5d6e6bc926b1 - core[df12db4294e9bfd3]::result::unwrap_failed
[INFO] [stdout]   11:     0x5d6e6bc22515 - risearch[b617de8dbcad9be5]::search::tests::build_store
[INFO] [stdout]   12:     0x5d6e6bc60182 - <risearch[b617de8dbcad9be5]::search::tests::text_output_emits_one_line_per_hit::{closure#0} as core[df12db4294e9bfd3]::ops::function::FnOnce<()>>::call_once
[INFO] [stdout]   13:     0x5d6e6bd0ec5b - test[9d35eded1c95d3be]::__rust_begin_short_backtrace::<core[df12db4294e9bfd3]::result::Result<(), alloc[2182bb758b4b3781]::string::String>, fn() -> core[df12db4294e9bfd3]::result::Result<(), alloc[2182bb758b4b3781]::string::String>>
[INFO] [stdout]   14:     0x5d6e6bd0a8bc - test[9d35eded1c95d3be]::run_test::{closure#0}
[INFO] [stdout]   15:     0x5d6e6bd09fec - std[70759c8f55707aa4]::sys::backtrace::__rust_begin_short_backtrace::<test[9d35eded1c95d3be]::run_test::{closure#1}, ()>
[INFO] [stdout]   16:     0x5d6e6bd24b5c - <std[70759c8f55707aa4]::thread::lifecycle::spawn_unchecked<test[9d35eded1c95d3be]::run_test::{closure#1}, ()>::{closure#1} as core[df12db4294e9bfd3]::ops::function::FnOnce<()>>::call_once::{shim:vtable#0}
[INFO] [stdout]   17:     0x5d6e6bcf1532 - <std[70759c8f55707aa4]::sys::thread::unix::Thread>::new::thread_start
[INFO] [stdout]   18:     0x77146b2acdfa - <unknown>
[INFO] [stdout]   19:     0x77146b3403d4 - clone
[INFO] [stdout]   20:                0x0 - <unknown>
[INFO] [stdout] 
[INFO] [stdout] ---- search::tests::streaming_consumes_each_query_once_with_matching_hit_indices stdout ----
[INFO] [stdout] 
[INFO] [stdout] thread 'search::tests::streaming_consumes_each_query_once_with_matching_hit_indices' (2738) panicked at src/search/mod.rs:501:49:
[INFO] [stdout] called `Result::unwrap()` on an `Err` value: Io(Custom { kind: NotFound, error: Error { kind: Metadata, source: Os { code: 2, kind: NotFound, message: "No such file or directory" }, path: "/opt/rustwide/workdir/tests/data/target.fa" } })
[INFO] [stdout] stack backtrace:
[INFO] [stdout]    0:     0x5d6e6bcca135 - <<std[70759c8f55707aa4]::sys::backtrace::BacktraceLock>::print::DisplayBacktrace as core[df12db4294e9bfd3]::fmt::Display>::fmt
[INFO] [stdout]    1:     0x5d6e6bc8e84a - core[df12db4294e9bfd3]::fmt::write
[INFO] [stdout]    2:     0x5d6e6bcc97cb - <alloc[2182bb758b4b3781]::vec::Vec<u8> as core[df12db4294e9bfd3]::io::write::Write>::write_fmt
[INFO] [stdout]    3:     0x5d6e6bcc92af - std[70759c8f55707aa4]::panicking::default_hook::{closure#0}
[INFO] [stdout]    4:     0x5d6e6bcc8eda - std[70759c8f55707aa4]::panicking::default_hook
[INFO] [stdout]    5:     0x5d6e6bcc8a12 - std[70759c8f55707aa4]::panicking::panic_with_hook
[INFO] [stdout]    6:     0x5d6e6bcef911 - std[70759c8f55707aa4]::panicking::panic_handler::{closure#0}
[INFO] [stdout]    7:     0x5d6e6bcef8c9 - std[70759c8f55707aa4]::sys::backtrace::__rust_end_short_backtrace::<std[70759c8f55707aa4]::panicking::panic_handler::{closure#0}, !>
[INFO] [stdout]    8:     0x5d6e6bcefddc - __rustc[8fa7c3cbc660c2b3]::rust_begin_unwind
[INFO] [stdout]    9:     0x5d6e6bc8e6db - core[df12db4294e9bfd3]::panicking::panic_fmt
[INFO] [stdout]   10:     0x5d6e6bc926b1 - core[df12db4294e9bfd3]::result::unwrap_failed
[INFO] [stdout]   11:     0x5d6e6bc22515 - risearch[b617de8dbcad9be5]::search::tests::build_store
[INFO] [stdout]   12:     0x5d6e6bc2416c - risearch[b617de8dbcad9be5]::search::tests::mm2_minimal_fixture
[INFO] [stdout]   13:     0x5d6e6bc66fd1 - <risearch[b617de8dbcad9be5]::search::tests::streaming_consumes_each_query_once_with_matching_hit_indices::{closure#0} as core[df12db4294e9bfd3]::ops::function::FnOnce<()>>::call_once
[INFO] [stdout]   14:     0x5d6e6bd0ec5b - test[9d35eded1c95d3be]::__rust_begin_short_backtrace::<core[df12db4294e9bfd3]::result::Result<(), alloc[2182bb758b4b3781]::string::String>, fn() -> core[df12db4294e9bfd3]::result::Result<(), alloc[2182bb758b4b3781]::string::String>>
[INFO] [stdout]   15:     0x5d6e6bd0a8bc - test[9d35eded1c95d3be]::run_test::{closure#0}
[INFO] [stdout]   16:     0x5d6e6bd09fec - std[70759c8f55707aa4]::sys::backtrace::__rust_begin_short_backtrace::<test[9d35eded1c95d3be]::run_test::{closure#1}, ()>
[INFO] [stdout]   17:     0x5d6e6bd24b5c - <std[70759c8f55707aa4]::thread::lifecycle::spawn_unchecked<test[9d35eded1c95d3be]::run_test::{closure#1}, ()>::{closure#1} as core[df12db4294e9bfd3]::ops::function::FnOnce<()>>::call_once::{shim:vtable#0}
[INFO] [stdout]   18:     0x5d6e6bcf1532 - <std[70759c8f55707aa4]::sys::thread::unix::Thread>::new::thread_start
[INFO] [stdout]   19:     0x77146b2acdfa - <unknown>
[INFO] [stdout]   20:     0x77146b3403d4 - clone
[INFO] [stdout]   21:                0x0 - <unknown>
[INFO] [stdout] 
[INFO] [stdout] ---- search::tests::zero_hit_run_writes_empty_file_but_no_multifile_entry stdout ----
[INFO] [stdout] 
[INFO] [stdout] thread 'search::tests::zero_hit_run_writes_empty_file_but_no_multifile_entry' (2743) panicked at src/search/mod.rs:577:56:
[INFO] [stdout] called `Result::unwrap()` on an `Err` value: Io(Custom { kind: NotFound, error: Error { kind: Metadata, source: Os { code: 2, kind: NotFound, message: "No such file or directory" }, path: "/opt/rustwide/workdir/tests/data/query.fa" } })
[INFO] [stdout] stack backtrace:
[INFO] [stdout]    0:     0x5d6e6bcca135 - <<std[70759c8f55707aa4]::sys::backtrace::BacktraceLock>::print::DisplayBacktrace as core[df12db4294e9bfd3]::fmt::Display>::fmt
[INFO] [stdout]    1:     0x5d6e6bc8e84a - core[df12db4294e9bfd3]::fmt::write
[INFO] [stdout]    2:     0x5d6e6bcc97cb - <alloc[2182bb758b4b3781]::vec::Vec<u8> as core[df12db4294e9bfd3]::io::write::Write>::write_fmt
[INFO] [stdout]    3:     0x5d6e6bcc92af - std[70759c8f55707aa4]::panicking::default_hook::{closure#0}
[INFO] [stdout]    4:     0x5d6e6bcc8eda - std[70759c8f55707aa4]::panicking::default_hook
[INFO] [stdout]    5:     0x5d6e6bcc8a12 - std[70759c8f55707aa4]::panicking::panic_with_hook
[INFO] [stdout]    6:     0x5d6e6bcef911 - std[70759c8f55707aa4]::panicking::panic_handler::{closure#0}
[INFO] [stdout]    7:     0x5d6e6bcef8c9 - std[70759c8f55707aa4]::sys::backtrace::__rust_end_short_backtrace::<std[70759c8f55707aa4]::panicking::panic_handler::{closure#0}, !>
[INFO] [stdout]    8:     0x5d6e6bcefddc - __rustc[8fa7c3cbc660c2b3]::rust_begin_unwind
[INFO] [stdout]    9:     0x5d6e6bc8e6db - core[df12db4294e9bfd3]::panicking::panic_fmt
[INFO] [stdout]   10:     0x5d6e6bc926b1 - core[df12db4294e9bfd3]::result::unwrap_failed
[INFO] [stdout]   11:     0x5d6e6bc664ad - <risearch[b617de8dbcad9be5]::search::tests::zero_hit_run_writes_empty_file_but_no_multifile_entry::{closure#0} as core[df12db4294e9bfd3]::ops::function::FnOnce<()>>::call_once
[INFO] [stdout]   12:     0x5d6e6bd0ec5b - test[9d35eded1c95d3be]::__rust_begin_short_backtrace::<core[df12db4294e9bfd3]::result::Result<(), alloc[2182bb758b4b3781]::string::String>, fn() -> core[df12db4294e9bfd3]::result::Result<(), alloc[2182bb758b4b3781]::string::String>>
[INFO] [stdout]   13:     0x5d6e6bd0a8bc - test[9d35eded1c95d3be]::run_test::{closure#0}
[INFO] [stdout]   14:     0x5d6e6bd09fec - std[70759c8f55707aa4]::sys::backtrace::__rust_begin_short_backtrace::<test[9d35eded1c95d3be]::run_test::{closure#1}, ()>
[INFO] [stdout]   15:     0x5d6e6bd24b5c - <std[70759c8f55707aa4]::thread::lifecycle::spawn_unchecked<test[9d35eded1c95d3be]::run_test::{closure#1}, ()>::{closure#1} as core[df12db4294e9bfd3]::ops::function::FnOnce<()>>::call_once::{shim:vtable#0}
[INFO] [stdout]   16:     0x5d6e6bcf1532 - <std[70759c8f55707aa4]::sys::thread::unix::Thread>::new::thread_start
[INFO] [stdout]   17:     0x77146b2acdfa - <unknown>
[INFO] [stdout]   18:     0x77146b3403d4 - clone
[INFO] [stdout]   19:                0x0 - <unknown>
[INFO] [stdout] 
[INFO] [stdout] 
[INFO] [stdout] failures:
[INFO] [stdout]     search::metamorphic_tests::query_partitioning_preserves_named_hits
[INFO] [stdout]     search::metamorphic_tests::record_grouping_preserves_named_hits::group_size_1_1
[INFO] [stdout]     search::metamorphic_tests::record_grouping_preserves_named_hits::group_size_2_4
[INFO] [stdout]     search::metamorphic_tests::record_grouping_preserves_named_hits::group_size_3_7
[INFO] [stdout]     search::metamorphic_tests::stricter_cutoff_returns_exactly_the_eligible_hits::quantile_1_0_1
[INFO] [stdout]     search::metamorphic_tests::stricter_cutoff_returns_exactly_the_eligible_hits::quantile_2_0_5
[INFO] [stdout]     search::metamorphic_tests::stricter_cutoff_returns_exactly_the_eligible_hits::quantile_3_0_9
[INFO] [stdout]     search::tests::compressed_output_decodes_to_the_plain_rows_including_empty_results
[INFO] [stdout]     search::tests::dedup_keeps_one_min_energy_row_per_box
[INFO] [stdout]     search::tests::dedup_result_is_deterministic
[INFO] [stdout]     search::tests::no_hits_against_non_matching_target
[INFO] [stdout]     search::tests::rejected_config_leaves_no_multifile_directory
[INFO] [stdout]     search::tests::run_search_validates_configs_constructed_without_clap
[INFO] [stdout]     search::tests::streaming_consumes_each_query_once_with_matching_hit_indices
[INFO] [stdout]     search::tests::text_output_emits_one_line_per_hit
[INFO] [stdout]     search::tests::zero_hit_run_writes_empty_file_but_no_multifile_entry
[INFO] [stdout] 
[INFO] [stdout] test result: FAILED. 695 passed; 16 failed; 0 ignored; 0 measured; 0 filtered out; finished in 75.03s
[INFO] [stdout] 
[INFO] [stderr] error: test failed, to rerun pass `--lib`
[INFO] running `Command { std: "docker" "inspect" "0176d51ce5cafb3f8ecb9aa306ce6ca511ed190a32567d6377c47957044ac2e2", kill_on_drop: false }`
[INFO] running `Command { std: "docker" "rm" "-f" "0176d51ce5cafb3f8ecb9aa306ce6ca511ed190a32567d6377c47957044ac2e2", kill_on_drop: false }`
[INFO] [stdout] 0176d51ce5cafb3f8ecb9aa306ce6ca511ed190a32567d6377c47957044ac2e2
