[INFO] fetching crate risc0-build 3.0.6...
[INFO] testing risc0-build-3.0.6 against 1.99.0-beta.8+cargoflags=--release for beta-release-1.100-2
[INFO] extracting crate risc0-build 3.0.6 into /workspace/builds/worker-5-tc1/source
[INFO] started tweaking crates.io crate risc0-build 3.0.6
[INFO] finished tweaking crates.io crate risc0-build 3.0.6
[INFO] tweaked toml for crates.io crate risc0-build 3.0.6 written to /workspace/builds/worker-5-tc1/source/Cargo.toml
[INFO] validating manifest of crates.io crate risc0-build 3.0.6 on toolchain 1.99.0-beta.8
[INFO] running `Command { std: CARGO_HOME="/workspace/cargo-home" RUSTUP_HOME="/workspace/rustup-home" "/workspace/cargo-home/bin/cargo" "+1.99.0-beta.8" "metadata" "--manifest-path" "Cargo.toml" "--no-deps", kill_on_drop: false }`
[INFO] crate crates.io crate risc0-build 3.0.6 already has a lockfile, it will not be regenerated
[INFO] running `Command { std: CARGO_HOME="/workspace/cargo-home" RUSTUP_HOME="/workspace/rustup-home" "/workspace/cargo-home/bin/cargo" "+1.99.0-beta.8" "fetch" "--manifest-path" "Cargo.toml", kill_on_drop: false }`
[INFO] [stderr]     Updating crates.io index
[INFO] [stderr]     Blocking waiting for file lock on package cache
[INFO] [stderr]  Downloading crates ...
[INFO] [stderr]   Downloaded serde_with_macros v3.14.0
[INFO] [stderr]   Downloaded risc0-core v3.0.2
[INFO] [stderr]   Downloaded indexmap v2.11.0
[INFO] [stderr]   Downloaded include_bytes_aligned v0.1.4
[INFO] [stderr]   Downloaded docker-generate v0.1.3
[INFO] [stderr]   Downloaded risc0-zkvm-platform v2.2.3
[INFO] [stderr]   Downloaded no_std_strings v0.1.3
[INFO] [stderr]   Downloaded risc0-binfmt v3.0.5
[INFO] [stderr]   Downloaded yaml-rust2 v0.10.3
[INFO] [stderr]   Downloaded risc0-zkos-v1compat v2.2.3
[INFO] [stderr]   Downloaded rzup v0.5.2
[INFO] [stderr]   Downloaded rsa v0.9.8
[INFO] [stderr]   Downloaded risc0-zkp v3.0.5
[INFO] [stderr]   Downloaded camino v1.1.12
[INFO] [stderr]   Downloaded elf v0.7.4
[INFO] [stderr]   Downloaded cc v1.2.34
[INFO] [stderr]   Downloaded ruint v1.16.0
[INFO] [stderr]   Downloaded serde_with v3.14.0
[INFO] [stderr]   Downloaded proptest v1.7.0
[INFO] running `Command { std: "docker" "create" "-v" "/var/lib/crater-agent-workspace/builds/worker-5-tc1/source:/opt/rustwide/workdir:ro,Z" "-v" "/var/lib/crater-agent-workspace/builds/worker-5-tc1/target:/opt/rustwide/target:rw,Z" "-v" "/var/lib/crater-agent-workspace/cargo-home:/opt/rustwide/cargo-home:ro,Z" "-v" "/var/lib/crater-agent-workspace/rustup-home:/opt/rustwide/rustup-home:ro,Z" "-m" "1610612736" "--network" "none" "ghcr.io/rust-lang/crates-build-env/linux@sha256:77db811e55d90add9212f6832c23229e3de5f1c1f9905e8cb07319ea15df73ac" "sleep" "infinity", kill_on_drop: false }`
[INFO] [stdout] a3b0a032eed5ead084390c571dee43e5db1c2d541145700bb46c9bf4e2edcd88
[INFO] running `Command { std: "docker" "start" "a3b0a032eed5ead084390c571dee43e5db1c2d541145700bb46c9bf4e2edcd88", kill_on_drop: false }`
[INFO] running `Command { std: "docker" "inspect" "a3b0a032eed5ead084390c571dee43e5db1c2d541145700bb46c9bf4e2edcd88", kill_on_drop: false }`
[INFO] running `Command { std: "docker" "exec" "-e" "SOURCE_DIR=/opt/rustwide/workdir" "-e" "CARGO_HOME=/opt/rustwide/cargo-home" "-e" "RUSTUP_HOME=/opt/rustwide/rustup-home" "-e" "CARGO_TARGET_DIR=/opt/rustwide/target" "-w" "/opt/rustwide/workdir" "--user" "0:0" "a3b0a032eed5ead084390c571dee43e5db1c2d541145700bb46c9bf4e2edcd88" "/opt/rustwide/cargo-home/bin/cargo" "+1.99.0-beta.8" "metadata" "--no-deps" "--format-version=1", kill_on_drop: false }`
[INFO] running `Command { std: "docker" "inspect" "a3b0a032eed5ead084390c571dee43e5db1c2d541145700bb46c9bf4e2edcd88", kill_on_drop: false }`
[INFO] running `Command { std: "docker" "exec" "-e" "SOURCE_DIR=/opt/rustwide/workdir" "-e" "CARGO_HOME=/opt/rustwide/cargo-home" "-e" "RUSTUP_HOME=/opt/rustwide/rustup-home" "-e" "CARGO_TARGET_DIR=/opt/rustwide/target" "-e" "CARGO_INCREMENTAL=0" "-e" "RUST_BACKTRACE=full" "-e" "RUSTFLAGS=--cap-lints=warn" "-e" "RUSTDOCFLAGS=--cap-lints=warn" "-w" "/opt/rustwide/workdir" "--user" "0:0" "a3b0a032eed5ead084390c571dee43e5db1c2d541145700bb46c9bf4e2edcd88" "/opt/rustwide/cargo-home/bin/cargo" "+1.99.0-beta.8" "build" "--frozen" "--message-format=json" "--release", kill_on_drop: false }`
[INFO] [stderr]    Compiling proc-macro2 v1.0.101
[INFO] [stderr]    Compiling zerocopy v0.8.26
[INFO] [stderr]    Compiling libm v0.2.15
[INFO] [stderr]    Compiling hashbrown v0.15.5
[INFO] [stderr]    Compiling num-traits v0.2.19
[INFO] [stderr]    Compiling zeroize v1.8.1
[INFO] [stderr]    Compiling foldhash v0.1.5
[INFO] [stderr]    Compiling toml_datetime v0.6.11
[INFO] [stderr]    Compiling base64ct v1.8.0
[INFO] [stderr]    Compiling generic-array v0.14.7
[INFO] [stderr]    Compiling getrandom v0.2.16
[INFO] [stderr]    Compiling borsh v1.5.7
[INFO] [stderr]    Compiling semver v1.0.26
[INFO] [stderr]    Compiling anyhow v1.0.99
[INFO] [stderr]    Compiling lazy_static v1.5.0
[INFO] [stderr]    Compiling num-bigint-dig v0.8.4
[INFO] [stderr]    Compiling camino v1.1.12
[INFO] [stderr]    Compiling serde_json v1.0.143
[INFO] [stderr]    Compiling rand_core v0.6.4
[INFO] [stderr]    Compiling risc0-zkp v3.0.5
[INFO] [stderr]    Compiling rand_core v0.9.3
[INFO] [stderr]    Compiling getrandom v0.4.3
[INFO] [stderr]    Compiling encoding_rs v0.8.35
[INFO] [stderr]    Compiling ruint-macro v1.2.1
[INFO] [stderr]    Compiling hex-literal v0.4.1
[INFO] [stderr]    Compiling arraydeque v0.5.1
[INFO] [stderr]    Compiling dirs-sys v0.5.0
[INFO] [stderr]    Compiling tempfile v3.27.0
[INFO] [stderr]    Compiling elf v0.7.4
[INFO] [stderr]    Compiling no_std_strings v0.1.3
[INFO] [stderr]    Compiling include_bytes_aligned v0.1.4
[INFO] [stderr]    Compiling indexmap v2.11.0
[INFO] [stderr]    Compiling dirs v6.0.0
[INFO] [stderr]    Compiling docker-generate v0.1.3
[INFO] [stderr]    Compiling pem-rfc7468 v0.7.0
[INFO] [stderr]    Compiling der v0.7.10
[INFO] [stderr]    Compiling quote v1.0.40
[INFO] [stderr]    Compiling block-buffer v0.10.4
[INFO] [stderr]    Compiling crypto-common v0.1.6
[INFO] [stderr]    Compiling digest v0.10.7
[INFO] [stderr]    Compiling syn v2.0.106
[INFO] [stderr]    Compiling sha2 v0.10.9
[INFO] [stderr]    Compiling signature v2.2.0
[INFO] [stderr]    Compiling blake2 v0.10.6
[INFO] [stderr]    Compiling toml_edit v0.22.27
[INFO] [stderr]    Compiling hashlink v0.10.0
[INFO] [stderr]    Compiling yaml-rust2 v0.10.3
[INFO] [stderr]    Compiling ppv-lite86 v0.2.21
[INFO] [stderr]    Compiling rand_chacha v0.3.1
[INFO] [stderr]    Compiling spki v0.7.3
[INFO] [stderr]    Compiling rand v0.8.5
[INFO] [stderr]    Compiling pkcs8 v0.10.2
[INFO] [stderr]    Compiling pkcs1 v0.7.5
[INFO] [stderr]    Compiling num-integer v0.1.46
[INFO] [stderr]    Compiling num-iter v0.1.45
[INFO] [stderr]    Compiling proc-macro-crate v3.3.0
[INFO] [stderr]    Compiling rsa v0.9.8
[INFO] [stderr]    Compiling darling_core v0.20.11
[INFO] [stderr]    Compiling serde_derive v1.0.228
[INFO] [stderr]    Compiling thiserror-impl v2.0.18
[INFO] [stderr]    Compiling num_enum_derive v0.7.4
[INFO] [stderr]    Compiling bytemuck_derive v1.10.2
[INFO] [stderr]    Compiling stability v0.2.1
[INFO] [stderr]    Compiling borsh-derive v1.5.7
[INFO] [stderr]    Compiling tracing-attributes v0.1.30
[INFO] [stderr]    Compiling strum_macros v0.27.2
[INFO] [stderr]    Compiling derive_more-impl v2.0.1
[INFO] [stderr]    Compiling num_enum v0.7.4
[INFO] [stderr]    Compiling risc0-zkvm-platform v2.2.3
[INFO] [stderr]    Compiling tracing v0.1.41
[INFO] [stderr]    Compiling risc0-zkos-v1compat v2.2.3
[INFO] [stderr]    Compiling thiserror v2.0.18
[INFO] [stderr]    Compiling cobs v0.3.0
[INFO] [stderr]    Compiling bytemuck v1.24.0
[INFO] [stderr]    Compiling derive_more v2.0.1
[INFO] [stderr]    Compiling darling_macro v0.20.11
[INFO] [stderr]    Compiling darling v0.20.11
[INFO] [stderr]    Compiling risc0-core v3.0.2
[INFO] [stderr]    Compiling derive_builder_core v0.20.2
[INFO] [stderr]    Compiling serde_with_macros v3.14.0
[INFO] [stderr]    Compiling strum v0.27.2
[INFO] [stderr]    Compiling derive_builder_macro v0.20.2
[INFO] [stderr]    Compiling serde v1.0.228
[INFO] [stderr]    Compiling derive_builder v0.20.2
[INFO] [stderr]    Compiling serde_spanned v0.6.9
[INFO] [stderr]    Compiling ruint v1.16.0
[INFO] [stderr]    Compiling serde_with v3.14.0
[INFO] [stderr]    Compiling postcard v1.1.3
[INFO] [stderr]    Compiling cargo-platform v0.1.9
[INFO] [stderr]    Compiling cargo_metadata v0.19.2
[INFO] [stderr]    Compiling risc0-binfmt v3.0.5
[INFO] [stderr]    Compiling toml v0.8.23
[INFO] [stderr]    Compiling rzup v0.5.2
[INFO] [stderr]    Compiling risc0-build v3.0.6 (/opt/rustwide/workdir)
[INFO] [stderr]     Finished `release` profile [optimized] target(s) in 1m 04s
[INFO] [stderr] warning: the following packages contain code that will be rejected by a future version of Rust: num-bigint-dig v0.8.4
[INFO] [stderr] note: to see what the problems were, use the option `--future-incompat-report`, or run `cargo report future-incompatibilities --id 1`
[INFO] running `Command { std: "docker" "inspect" "a3b0a032eed5ead084390c571dee43e5db1c2d541145700bb46c9bf4e2edcd88", kill_on_drop: false }`
[INFO] running `Command { std: "docker" "exec" "-e" "SOURCE_DIR=/opt/rustwide/workdir" "-e" "CARGO_HOME=/opt/rustwide/cargo-home" "-e" "RUSTUP_HOME=/opt/rustwide/rustup-home" "-e" "CARGO_TARGET_DIR=/opt/rustwide/target" "-e" "CARGO_INCREMENTAL=0" "-e" "RUST_BACKTRACE=full" "-e" "RUSTFLAGS=--cap-lints=warn" "-e" "RUSTDOCFLAGS=--cap-lints=warn" "-w" "/opt/rustwide/workdir" "--user" "0:0" "a3b0a032eed5ead084390c571dee43e5db1c2d541145700bb46c9bf4e2edcd88" "/opt/rustwide/cargo-home/bin/cargo" "+1.99.0-beta.8" "test" "--frozen" "--no-run" "--message-format=json" "--release", kill_on_drop: false }`
[INFO] [stderr]    Compiling risc0-build v3.0.6 (/opt/rustwide/workdir)
[INFO] [stderr]     Finished `release` profile [optimized] target(s) in 1.48s
[INFO] [stderr] warning: the following packages contain code that will be rejected by a future version of Rust: num-bigint-dig v0.8.4
[INFO] [stderr] note: to see what the problems were, use the option `--future-incompat-report`, or run `cargo report future-incompatibilities --id 1`
[INFO] running `Command { std: "docker" "inspect" "a3b0a032eed5ead084390c571dee43e5db1c2d541145700bb46c9bf4e2edcd88", kill_on_drop: false }`
[INFO] running `Command { std: "docker" "exec" "-e" "SOURCE_DIR=/opt/rustwide/workdir" "-e" "CARGO_HOME=/opt/rustwide/cargo-home" "-e" "RUSTUP_HOME=/opt/rustwide/rustup-home" "-e" "CARGO_TARGET_DIR=/opt/rustwide/target" "-e" "CARGO_INCREMENTAL=0" "-e" "RUST_BACKTRACE=full" "-e" "RUSTFLAGS=--cap-lints=warn" "-e" "RUSTDOCFLAGS=--cap-lints=warn" "-w" "/opt/rustwide/workdir" "--user" "0:0" "a3b0a032eed5ead084390c571dee43e5db1c2d541145700bb46c9bf4e2edcd88" "/opt/rustwide/cargo-home/bin/cargo" "+1.99.0-beta.8" "test" "--frozen" "--release", kill_on_drop: false }`
[INFO] [stderr]     Finished `release` profile [optimized] target(s) in 0.16s
[INFO] [stderr] warning: the following packages contain code that will be rejected by a future version of Rust: num-bigint-dig v0.8.4
[INFO] [stderr] note: to see what the problems were, use the option `--future-incompat-report`, or run `cargo report future-incompatibilities --id 1`
[INFO] [stderr]      Running unittests src/lib.rs (/opt/rustwide/target/release/deps/risc0_build-445dc84097206549)
[INFO] [stdout] 
[INFO] [stdout] running 2 tests
[INFO] [stdout] test tests::escapes_strings_when_encoding_when_requested ... FAILED
[INFO] [stdout] test tests::encodes_rustc_flags ... FAILED
[INFO] [stdout] 
[INFO] [stdout] failures:
[INFO] [stdout] 
[INFO] [stdout] ---- tests::escapes_strings_when_encoding_when_requested stdout ----
[INFO] [stdout] 
[INFO] [stdout] thread 'tests::escapes_strings_when_encoding_when_requested' (1935) panicked at src/lib.rs:449:9:
[INFO] [stdout] Risc Zero Rust toolchain not found. Try running `rzup install rust`
[INFO] [stdout] stack backtrace:
[INFO] [stdout]    0:     0x5922ba053f61 - <<std[70759c8f55707aa4]::sys::backtrace::BacktraceLock>::print::DisplayBacktrace as core[df12db4294e9bfd3]::fmt::Display>::fmt
[INFO] [stdout]    1:     0x5922ba06941a - core[df12db4294e9bfd3]::fmt::write
[INFO] [stdout]    2:     0x5922ba0586ec - <alloc[2182bb758b4b3781]::vec::Vec<u8> as core[df12db4294e9bfd3]::io::write::Write>::write_fmt
[INFO] [stdout]    3:     0x5922ba02f036 - std[70759c8f55707aa4]::panicking::default_hook::{closure#0}
[INFO] [stdout]    4:     0x5922ba04bf59 - std[70759c8f55707aa4]::panicking::default_hook
[INFO] [stdout]    5:     0x5922b9fe3f80 - test[9d35eded1c95d3be]::test_main_inner::<test[9d35eded1c95d3be]::test_main_static::{closure#0}>::{closure#0}
[INFO] [stdout]    6:     0x5922ba04c112 - std[70759c8f55707aa4]::panicking::panic_with_hook
[INFO] [stdout]    7:     0x5922ba02f114 - std[70759c8f55707aa4]::panicking::panic_handler::{closure#0}
[INFO] [stdout]    8:     0x5922ba027b19 - std[70759c8f55707aa4]::sys::backtrace::__rust_end_short_backtrace::<std[70759c8f55707aa4]::panicking::panic_handler::{closure#0}, !>
[INFO] [stdout]    9:     0x5922ba02fcdd - __rustc[8fa7c3cbc660c2b3]::rust_begin_unwind
[INFO] [stdout]   10:     0x5922ba069b4c - core[df12db4294e9bfd3]::panicking::panic_fmt
[INFO] [stdout]   11:     0x5922b9f652a8 - risc0_build[2b7c9fdc3c3c52a7]::encode_rust_flags
[INFO] [stdout]   12:     0x5922b9f66963 - <risc0_build[2b7c9fdc3c3c52a7]::tests::escapes_strings_when_encoding_when_requested::{closure#0} as core[df12db4294e9bfd3]::ops::function::FnOnce<()>>::call_once
[INFO] [stdout]   13:     0x5922b9fd726b - test[9d35eded1c95d3be]::__rust_begin_short_backtrace::<core[df12db4294e9bfd3]::result::Result<(), alloc[2182bb758b4b3781]::string::String>, fn() -> core[df12db4294e9bfd3]::result::Result<(), alloc[2182bb758b4b3781]::string::String>>
[INFO] [stdout]   14:     0x5922b9fe48d5 - test[9d35eded1c95d3be]::run_test::{closure#0}
[INFO] [stdout]   15:     0x5922b9fde194 - std[70759c8f55707aa4]::sys::backtrace::__rust_begin_short_backtrace::<test[9d35eded1c95d3be]::run_test::{closure#1}, ()>
[INFO] [stdout]   16:     0x5922b9fe7a32 - <std[70759c8f55707aa4]::thread::lifecycle::spawn_unchecked<test[9d35eded1c95d3be]::run_test::{closure#1}, ()>::{closure#1} as core[df12db4294e9bfd3]::ops::function::FnOnce<()>>::call_once::{shim:vtable#0}
[INFO] [stdout]   17:     0x5922ba0532d9 - <std[70759c8f55707aa4]::sys::thread::unix::Thread>::new::thread_start
[INFO] [stdout]   18:     0x7db0b4d6ddfa - <unknown>
[INFO] [stdout]   19:     0x7db0b4e013d4 - clone
[INFO] [stdout]   20:                0x0 - <unknown>
[INFO] [stdout] 
[INFO] [stdout] ---- tests::encodes_rustc_flags stdout ----
[INFO] [stdout] 
[INFO] [stdout] thread 'tests::encodes_rustc_flags' (1934) panicked at src/lib.rs:449:9:
[INFO] [stdout] Risc Zero Rust toolchain not found. Try running `rzup install rust`
[INFO] [stdout] stack backtrace:
[INFO] [stdout]    0:     0x5922ba053f61 - <<std[70759c8f55707aa4]::sys::backtrace::BacktraceLock>::print::DisplayBacktrace as core[df12db4294e9bfd3]::fmt::Display>::fmt
[INFO] [stdout]    1:     0x5922ba06941a - core[df12db4294e9bfd3]::fmt::write
[INFO] [stdout]    2:     0x5922ba0586ec - <alloc[2182bb758b4b3781]::vec::Vec<u8> as core[df12db4294e9bfd3]::io::write::Write>::write_fmt
[INFO] [stdout]    3:     0x5922ba02f036 - std[70759c8f55707aa4]::panicking::default_hook::{closure#0}
[INFO] [stdout]    4:     0x5922ba04bf59 - std[70759c8f55707aa4]::panicking::default_hook
[INFO] [stdout]    5:     0x5922b9fe3f80 - test[9d35eded1c95d3be]::test_main_inner::<test[9d35eded1c95d3be]::test_main_static::{closure#0}>::{closure#0}
[INFO] [stdout]    6:     0x5922ba04c112 - std[70759c8f55707aa4]::panicking::panic_with_hook
[INFO] [stdout]    7:     0x5922ba02f114 - std[70759c8f55707aa4]::panicking::panic_handler::{closure#0}
[INFO] [stdout]    8:     0x5922ba027b19 - std[70759c8f55707aa4]::sys::backtrace::__rust_end_short_backtrace::<std[70759c8f55707aa4]::panicking::panic_handler::{closure#0}, !>
[INFO] [stdout]    9:     0x5922ba02fcdd - __rustc[8fa7c3cbc660c2b3]::rust_begin_unwind
[INFO] [stdout]   10:     0x5922ba069b4c - core[df12db4294e9bfd3]::panicking::panic_fmt
[INFO] [stdout]   11:     0x5922b9f652a8 - risc0_build[2b7c9fdc3c3c52a7]::encode_rust_flags
[INFO] [stdout]   12:     0x5922b9f667a0 - <risc0_build[2b7c9fdc3c3c52a7]::tests::encodes_rustc_flags::{closure#0} as core[df12db4294e9bfd3]::ops::function::FnOnce<()>>::call_once
[INFO] [stdout]   13:     0x5922b9fd726b - test[9d35eded1c95d3be]::__rust_begin_short_backtrace::<core[df12db4294e9bfd3]::result::Result<(), alloc[2182bb758b4b3781]::string::String>, fn() -> core[df12db4294e9bfd3]::result::Result<(), alloc[2182bb758b4b3781]::string::String>>
[INFO] [stdout]   14:     0x5922b9fe48d5 - test[9d35eded1c95d3be]::run_test::{closure#0}
[INFO] [stdout]   15:     0x5922b9fde194 - std[70759c8f55707aa4]::sys::backtrace::__rust_begin_short_backtrace::<test[9d35eded1c95d3be]::run_test::{closure#1}, ()>
[INFO] [stdout]   16:     0x5922b9fe7a32 - <std[70759c8f55707aa4]::thread::lifecycle::spawn_unchecked<test[9d35eded1c95d3be]::run_test::{closure#1}, ()>::{closure#1} as core[df12db4294e9bfd3]::ops::function::FnOnce<()>>::call_once::{shim:vtable#0}
[INFO] [stdout]   17:     0x5922ba0532d9 - <std[70759c8f55707aa4]::sys::thread::unix::Thread>::new::thread_start
[INFO] [stdout]   18:     0x7db0b4d6ddfa - <unknown>
[INFO] [stdout]   19:     0x7db0b4e013d4 - clone
[INFO] [stdout]   20:                0x0 - <unknown>
[INFO] [stdout] 
[INFO] [stdout] 
[INFO] [stdout] failures:
[INFO] [stdout]     tests::encodes_rustc_flags
[INFO] [stdout]     tests::escapes_strings_when_encoding_when_requested
[INFO] [stdout] 
[INFO] [stdout] test result: FAILED. 0 passed; 2 failed; 0 ignored; 0 measured; 0 filtered out; finished in 0.00s
[INFO] [stdout] 
[INFO] [stderr] error: test failed, to rerun pass `--lib`
[INFO] running `Command { std: "docker" "inspect" "a3b0a032eed5ead084390c571dee43e5db1c2d541145700bb46c9bf4e2edcd88", kill_on_drop: false }`
[INFO] running `Command { std: "docker" "rm" "-f" "a3b0a032eed5ead084390c571dee43e5db1c2d541145700bb46c9bf4e2edcd88", kill_on_drop: false }`
[INFO] [stdout] a3b0a032eed5ead084390c571dee43e5db1c2d541145700bb46c9bf4e2edcd88
