[INFO] fetching crate ripset 0.1.0...
[INFO] testing ripset-0.1.0 against 1.100.0-beta.1+cargoflags=--release for beta-release-1.100-2
[INFO] extracting crate ripset 0.1.0 into /workspace/builds/worker-4-tc2/source
[INFO] started tweaking crates.io crate ripset 0.1.0
[INFO] removed 0 missing tests
[INFO] finished tweaking crates.io crate ripset 0.1.0
[INFO] tweaked toml for crates.io crate ripset 0.1.0 written to /workspace/builds/worker-4-tc2/source/Cargo.toml
[INFO] validating manifest of crates.io crate ripset 0.1.0 on toolchain 1.100.0-beta.1
[INFO] running `Command { std: CARGO_HOME="/workspace/cargo-home" RUSTUP_HOME="/workspace/rustup-home" "/workspace/cargo-home/bin/cargo" "+1.100.0-beta.1" "metadata" "--manifest-path" "Cargo.toml" "--no-deps", kill_on_drop: false }`
[INFO] crate crates.io crate ripset 0.1.0 already has a lockfile, it will not be regenerated
[INFO] running `Command { std: CARGO_HOME="/workspace/cargo-home" RUSTUP_HOME="/workspace/rustup-home" "/workspace/cargo-home/bin/cargo" "+1.100.0-beta.1" "fetch" "--manifest-path" "Cargo.toml", kill_on_drop: false }`
[INFO] [stderr] warning: `package.homepage` is redundant with `package.repository`
[INFO] [stderr]   --> Cargo.toml:32:12
[INFO] [stderr]    |
[INFO] [stderr] 32 | homepage = "https://github.com/windoze/ripset"
[INFO] [stderr]    |            ^^^^^^^^^^^^^^^^^^^^^^^^^^^^^^^^^^^
[INFO] [stderr] ...
[INFO] [stderr] 37 | repository = "https://github.com/windoze/ripset"
[INFO] [stderr]    |              -----------------------------------
[INFO] [stderr]    |
[INFO] [stderr]    = note: `cargo::redundant_homepage` is set to `warn` by default
[INFO] [stderr] help: consider removing `package.homepage`
[INFO] [stderr] warning: `ripset` (manifest) generated 1 warning
[INFO] running `Command { std: "docker" "create" "-v" "/var/lib/crater-agent-workspace/builds/worker-4-tc2/source:/opt/rustwide/workdir:ro,Z" "-v" "/var/lib/crater-agent-workspace/builds/worker-4-tc2/target:/opt/rustwide/target:rw,Z" "-v" "/var/lib/crater-agent-workspace/cargo-home:/opt/rustwide/cargo-home:ro,Z" "-v" "/var/lib/crater-agent-workspace/rustup-home:/opt/rustwide/rustup-home:ro,Z" "-m" "1610612736" "--network" "none" "ghcr.io/rust-lang/crates-build-env/linux@sha256:77db811e55d90add9212f6832c23229e3de5f1c1f9905e8cb07319ea15df73ac" "sleep" "infinity", kill_on_drop: false }`
[INFO] [stdout] 77934a2adf58a1a5f3840071691cc3b8cc3fa031fc56d144d55c69d8c0979afb
[INFO] running `Command { std: "docker" "start" "77934a2adf58a1a5f3840071691cc3b8cc3fa031fc56d144d55c69d8c0979afb", kill_on_drop: false }`
[INFO] running `Command { std: "docker" "inspect" "77934a2adf58a1a5f3840071691cc3b8cc3fa031fc56d144d55c69d8c0979afb", kill_on_drop: false }`
[INFO] running `Command { std: "docker" "exec" "-e" "SOURCE_DIR=/opt/rustwide/workdir" "-e" "CARGO_HOME=/opt/rustwide/cargo-home" "-e" "RUSTUP_HOME=/opt/rustwide/rustup-home" "-e" "CARGO_TARGET_DIR=/opt/rustwide/target" "-w" "/opt/rustwide/workdir" "--user" "0:0" "77934a2adf58a1a5f3840071691cc3b8cc3fa031fc56d144d55c69d8c0979afb" "/opt/rustwide/cargo-home/bin/cargo" "+1.100.0-beta.1" "metadata" "--no-deps" "--format-version=1", kill_on_drop: false }`
[INFO] running `Command { std: "docker" "inspect" "77934a2adf58a1a5f3840071691cc3b8cc3fa031fc56d144d55c69d8c0979afb", kill_on_drop: false }`
[INFO] running `Command { std: "docker" "exec" "-e" "SOURCE_DIR=/opt/rustwide/workdir" "-e" "CARGO_HOME=/opt/rustwide/cargo-home" "-e" "RUSTUP_HOME=/opt/rustwide/rustup-home" "-e" "CARGO_TARGET_DIR=/opt/rustwide/target" "-e" "CARGO_INCREMENTAL=0" "-e" "RUST_BACKTRACE=full" "-e" "RUSTFLAGS=--cap-lints=warn" "-e" "RUSTDOCFLAGS=--cap-lints=warn" "-w" "/opt/rustwide/workdir" "--user" "0:0" "77934a2adf58a1a5f3840071691cc3b8cc3fa031fc56d144d55c69d8c0979afb" "/opt/rustwide/cargo-home/bin/cargo" "+1.100.0-beta.1" "build" "--frozen" "--message-format=json" "--release", kill_on_drop: false }`
[INFO] [stderr] warning: `package.homepage` is redundant with `package.repository`
[INFO] [stderr]   --> Cargo.toml:32:12
[INFO] [stderr]    |
[INFO] [stderr] 32 | homepage = "https://github.com/windoze/ripset"
[INFO] [stderr]    |            ^^^^^^^^^^^^^^^^^^^^^^^^^^^^^^^^^^^
[INFO] [stderr] ...
[INFO] [stderr] 37 | repository = "https://github.com/windoze/ripset"
[INFO] [stderr]    |              -----------------------------------
[INFO] [stderr]    |
[INFO] [stderr]    = note: `cargo::redundant_homepage` is set to `warn` by default
[INFO] [stderr] help: consider removing `package.homepage`
[INFO] [stderr] warning: `ripset` (manifest) generated 1 warning
[INFO] [stderr]    Compiling proc-macro2 v1.0.104
[INFO] [stderr]    Compiling quote v1.0.42
[INFO] [stderr]    Compiling syn v2.0.111
[INFO] [stderr]    Compiling thiserror-impl v2.0.17
[INFO] [stderr]    Compiling thiserror v2.0.17
[INFO] [stderr]    Compiling ripset v0.1.0 (/opt/rustwide/workdir)
[INFO] [stderr]     Finished `release` profile [optimized] target(s) in 5.32s
[INFO] running `Command { std: "docker" "inspect" "77934a2adf58a1a5f3840071691cc3b8cc3fa031fc56d144d55c69d8c0979afb", kill_on_drop: false }`
[INFO] running `Command { std: "docker" "exec" "-e" "SOURCE_DIR=/opt/rustwide/workdir" "-e" "CARGO_HOME=/opt/rustwide/cargo-home" "-e" "RUSTUP_HOME=/opt/rustwide/rustup-home" "-e" "CARGO_TARGET_DIR=/opt/rustwide/target" "-e" "CARGO_INCREMENTAL=0" "-e" "RUST_BACKTRACE=full" "-e" "RUSTFLAGS=--cap-lints=warn" "-e" "RUSTDOCFLAGS=--cap-lints=warn" "-w" "/opt/rustwide/workdir" "--user" "0:0" "77934a2adf58a1a5f3840071691cc3b8cc3fa031fc56d144d55c69d8c0979afb" "/opt/rustwide/cargo-home/bin/cargo" "+1.100.0-beta.1" "test" "--frozen" "--no-run" "--message-format=json" "--release", kill_on_drop: false }`
[INFO] [stderr] warning: `package.homepage` is redundant with `package.repository`
[INFO] [stderr]   --> Cargo.toml:32:12
[INFO] [stderr]    |
[INFO] [stderr] 32 | homepage = "https://github.com/windoze/ripset"
[INFO] [stderr]    |            ^^^^^^^^^^^^^^^^^^^^^^^^^^^^^^^^^^^
[INFO] [stderr] ...
[INFO] [stderr] 37 | repository = "https://github.com/windoze/ripset"
[INFO] [stderr]    |              -----------------------------------
[INFO] [stderr]    |
[INFO] [stderr]    = note: `cargo::redundant_homepage` is set to `warn` by default
[INFO] [stderr] help: consider removing `package.homepage`
[INFO] [stderr] warning: `ripset` (manifest) generated 1 warning
[INFO] [stderr]    Compiling ripset v0.1.0 (/opt/rustwide/workdir)
[INFO] [stderr]     Finished `release` profile [optimized] target(s) in 1.03s
[INFO] running `Command { std: "docker" "inspect" "77934a2adf58a1a5f3840071691cc3b8cc3fa031fc56d144d55c69d8c0979afb", kill_on_drop: false }`
[INFO] running `Command { std: "docker" "exec" "-e" "SOURCE_DIR=/opt/rustwide/workdir" "-e" "CARGO_HOME=/opt/rustwide/cargo-home" "-e" "RUSTUP_HOME=/opt/rustwide/rustup-home" "-e" "CARGO_TARGET_DIR=/opt/rustwide/target" "-e" "CARGO_INCREMENTAL=0" "-e" "RUST_BACKTRACE=full" "-e" "RUSTFLAGS=--cap-lints=warn" "-e" "RUSTDOCFLAGS=--cap-lints=warn" "-w" "/opt/rustwide/workdir" "--user" "0:0" "77934a2adf58a1a5f3840071691cc3b8cc3fa031fc56d144d55c69d8c0979afb" "/opt/rustwide/cargo-home/bin/cargo" "+1.100.0-beta.1" "test" "--frozen" "--release", kill_on_drop: false }`
[INFO] [stderr] warning: `package.homepage` is redundant with `package.repository`
[INFO] [stderr]   --> Cargo.toml:32:12
[INFO] [stderr]    |
[INFO] [stderr] 32 | homepage = "https://github.com/windoze/ripset"
[INFO] [stderr]    |            ^^^^^^^^^^^^^^^^^^^^^^^^^^^^^^^^^^^
[INFO] [stderr] ...
[INFO] [stderr] 37 | repository = "https://github.com/windoze/ripset"
[INFO] [stderr]    |              -----------------------------------
[INFO] [stderr]    |
[INFO] [stderr]    = note: `cargo::redundant_homepage` is set to `warn` by default
[INFO] [stderr] help: consider removing `package.homepage`
[INFO] [stderr] warning: `ripset` (manifest) generated 1 warning
[INFO] [stderr]     Finished `release` profile [optimized] target(s) in 0.05s
[INFO] [stdout] 
[INFO] [stderr]      Running unittests src/lib.rs (/opt/rustwide/target/release/build/ripset/db298fe0eabb4094/out/ripset-db298fe0eabb4094)
[INFO] [stdout] running 16 tests
[INFO] [stdout] test ipset::tests::test_ipset_add_ipv4 ... ignored
[INFO] [stdout] test ipset::tests::test_ipset_add_ipv6 ... ignored
[INFO] [stdout] test ipset::tests::test_ipset_del_ipv4 ... ignored
[INFO] [stdout] test ipset::tests::test_ipset_test_ipv4 ... ignored
[INFO] [stdout] test ipset::tests::test_ipset_with_timeout ... ignored
[INFO] [stdout] test nftset::tests::test_nftset_add_ipv4 ... ignored
[INFO] [stdout] test nftset::tests::test_nftset_add_ipv6 ... ignored
[INFO] [stdout] test nftset::tests::test_nftset_del_ipv4 ... ignored
[INFO] [stdout] test nftset::tests::test_nftset_test_ipv4 ... ignored
[INFO] [stdout] test nftset::tests::test_nftset_with_timeout ... ignored
[INFO] [stdout] test ipset::tests::test_invalid_setname ... ok
[INFO] [stdout] test nftset::tests::test_calculate_interval_end ... ok
[INFO] [stdout] test ipset::tests::test_ipset_msg_type ... ok
[INFO] [stdout] test nftset::tests::test_parse_nf_family ... ok
[INFO] [stdout] test nftset::tests::test_nft_msg_type ... ok
[INFO] [stdout] test nftset::tests::test_invalid_names ... ok
[INFO] [stdout] 
[INFO] [stdout] test result: ok. 6 passed; 0 failed; 10 ignored; 0 measured; 0 filtered out; finished in 0.00s
[INFO] [stdout] 
[INFO] [stderr]      Running tests/integration_tests.rs (/opt/rustwide/target/release/build/ripset/5a2aa93c6999ad90/out/integration_tests-5a2aa93c6999ad90)
[INFO] [stdout] 
[INFO] [stdout] running 13 tests
[INFO] [stdout] test ipset_tests::test_ipset_nonexistent_set ... ok
[INFO] [stdout] test ipset_tests::test_ipset_add_test_del_ipv4 ... FAILED
[INFO] [stdout] test ipset_tests::test_ipset_with_timeout ... FAILED
[INFO] [stdout] test ipset_tests::test_ipset_multiple_ips ... FAILED
[INFO] [stdout] test nftset_tests::test_nftset_with_timeout ... FAILED
[INFO] [stdout] test nftset_tests::test_nftset_list ... FAILED
[INFO] [stdout] test ipset_tests::test_ipset_add_test_del_ipv6 ... FAILED
[INFO] [stdout] test nftset_tests::test_nftset_multiple_ips ... FAILED
[INFO] [stdout] test nftset_tests::test_nftset_nonexistent_set ... ok
[INFO] [stdout] test nftset_tests::test_nftset_add_test_del_ipv6 ... FAILED
[INFO] [stdout] test nftset_tests::test_nftset_list_tables ... FAILED
[INFO] [stdout] test ipset_tests::test_ipset_list ... FAILED
[INFO] [stdout] test nftset_tests::test_nftset_add_test_del_ipv4 ... FAILED
[INFO] [stdout] 
[INFO] [stdout] failures:
[INFO] [stdout] 
[INFO] [stdout] ---- ipset_tests::test_ipset_add_test_del_ipv4 stdout ----
[INFO] [stdout] 
[INFO] [stdout] thread 'ipset_tests::test_ipset_add_test_del_ipv4' (307) panicked at tests/integration_tests.rs:32:39:
[INFO] [stdout] Failed to create ipset: NetlinkError(1)
[INFO] [stdout] stack backtrace:
[INFO] [stdout]    0:     0x55b28d9ae631 - <<std[617be2ca0a6fd877]::sys::backtrace::BacktraceLock>::print::DisplayBacktrace as core[a373ad73a504971]::fmt::Display>::fmt
[INFO] [stdout]    1:     0x55b28d9c365a - core[a373ad73a504971]::fmt::write
[INFO] [stdout]    2:     0x55b28d9b284c - <alloc[2e1b2a31b91974c5]::vec::Vec<u8> as core[a373ad73a504971]::io::write::Write>::write_fmt
[INFO] [stdout]    3:     0x55b28d98a9d6 - std[617be2ca0a6fd877]::panicking::default_hook::{closure#0}
[INFO] [stdout]    4:     0x55b28d9a6c09 - std[617be2ca0a6fd877]::panicking::default_hook
[INFO] [stdout]    5:     0x55b28d93d040 - test[aada8e7e76ba119b]::test_main_inner::{closure#0}
[INFO] [stdout]    6:     0x55b28d9a6dc2 - std[617be2ca0a6fd877]::panicking::panic_with_hook
[INFO] [stdout]    7:     0x55b28d98aa82 - std[617be2ca0a6fd877]::panicking::panic_handler::{closure#0}
[INFO] [stdout]    8:     0x55b28d983799 - std[617be2ca0a6fd877]::sys::backtrace::__rust_end_short_backtrace::<std[617be2ca0a6fd877]::panicking::panic_handler::{closure#0}, !>
[INFO] [stdout]    9:     0x55b28d98b68d - __rustc[ea4f61d10b84890b]::rust_begin_unwind
[INFO] [stdout]   10:     0x55b28d9c3d8c - core[a373ad73a504971]::panicking::panic_fmt
[INFO] [stdout]   11:     0x55b28d9c3b62 - core[a373ad73a504971]::result::unwrap_failed
[INFO] [stdout]   12:     0x55b28d92cca7 - <integration_tests[79d503111c8ae259]::ipset_tests::test_ipset_add_test_del_ipv4::{closure#0} as core[a373ad73a504971]::ops::function::FnOnce<()>>::call_once
[INFO] [stdout]   13:     0x55b28d93048b - test[aada8e7e76ba119b]::__rust_begin_short_backtrace::<core[a373ad73a504971]::result::Result<(), alloc[2e1b2a31b91974c5]::string::String>, fn() -> core[a373ad73a504971]::result::Result<(), alloc[2e1b2a31b91974c5]::string::String>>
[INFO] [stdout]   14:     0x55b28d93d665 - test[aada8e7e76ba119b]::run_test::{closure#0}
[INFO] [stdout]   15:     0x55b28d936f54 - std[617be2ca0a6fd877]::sys::backtrace::__rust_begin_short_backtrace::<test[aada8e7e76ba119b]::run_test::{closure#1}, ()>
[INFO] [stdout]   16:     0x55b28d9406f2 - <std[617be2ca0a6fd877]::thread::lifecycle::spawn_unchecked<test[aada8e7e76ba119b]::run_test::{closure#1}, ()>::{closure#1} as core[a373ad73a504971]::ops::function::FnOnce<()>>::call_once::{shim:vtable#0}
[INFO] [stdout]   17:     0x55b28d9ade8f - <std[617be2ca0a6fd877]::sys::thread::unix::Thread>::new::thread_start
[INFO] [stdout]   18:     0x72fc63b48dfa - <unknown>
[INFO] [stdout]   19:     0x72fc63bdc3d4 - clone
[INFO] [stdout]   20:                0x0 - <unknown>
[INFO] [stdout] 
[INFO] [stdout] ---- ipset_tests::test_ipset_with_timeout stdout ----
[INFO] [stdout] 
[INFO] [stdout] thread 'ipset_tests::test_ipset_with_timeout' (312) panicked at tests/integration_tests.rs:104:39:
[INFO] [stdout] Failed to create ipset with timeout: NetlinkError(1)
[INFO] [stdout] stack backtrace:
[INFO] [stdout]    0:     0x55b28d9ae631 - <<std[617be2ca0a6fd877]::sys::backtrace::BacktraceLock>::print::DisplayBacktrace as core[a373ad73a504971]::fmt::Display>::fmt
[INFO] [stdout]    1:     0x55b28d9c365a - core[a373ad73a504971]::fmt::write
[INFO] [stdout]    2:     0x55b28d9b284c - <alloc[2e1b2a31b91974c5]::vec::Vec<u8> as core[a373ad73a504971]::io::write::Write>::write_fmt
[INFO] [stdout]    3:     0x55b28d98a9d6 - std[617be2ca0a6fd877]::panicking::default_hook::{closure#0}
[INFO] [stdout]    4:     0x55b28d9a6c09 - std[617be2ca0a6fd877]::panicking::default_hook
[INFO] [stdout]    5:     0x55b28d93d040 - test[aada8e7e76ba119b]::test_main_inner::{closure#0}
[INFO] [stdout]    6:     0x55b28d9a6dc2 - std[617be2ca0a6fd877]::panicking::panic_with_hook
[INFO] [stdout]    7:     0x55b28d98aa82 - std[617be2ca0a6fd877]::panicking::panic_handler::{closure#0}
[INFO] [stdout]    8:     0x55b28d983799 - std[617be2ca0a6fd877]::sys::backtrace::__rust_end_short_backtrace::<std[617be2ca0a6fd877]::panicking::panic_handler::{closure#0}, !>
[INFO] [stdout]    9:     0x55b28d98b68d - __rustc[ea4f61d10b84890b]::rust_begin_unwind
[INFO] [stdout]   10:     0x55b28d9c3d8c - core[a373ad73a504971]::panicking::panic_fmt
[INFO] [stdout]   11:     0x55b28d9c3b62 - core[a373ad73a504971]::result::unwrap_failed
[INFO] [stdout]   12:     0x55b28d92c827 - <integration_tests[79d503111c8ae259]::ipset_tests::test_ipset_with_timeout::{closure#0} as core[a373ad73a504971]::ops::function::FnOnce<()>>::call_once
[INFO] [stdout]   13:     0x55b28d93048b - test[aada8e7e76ba119b]::__rust_begin_short_backtrace::<core[a373ad73a504971]::result::Result<(), alloc[2e1b2a31b91974c5]::string::String>, fn() -> core[a373ad73a504971]::result::Result<(), alloc[2e1b2a31b91974c5]::string::String>>
[INFO] [stdout]   14:     0x55b28d93d665 - test[aada8e7e76ba119b]::run_test::{closure#0}
[INFO] [stdout]   15:     0x55b28d936f54 - std[617be2ca0a6fd877]::sys::backtrace::__rust_begin_short_backtrace::<test[aada8e7e76ba119b]::run_test::{closure#1}, ()>
[INFO] [stdout]   16:     0x55b28d9406f2 - <std[617be2ca0a6fd877]::thread::lifecycle::spawn_unchecked<test[aada8e7e76ba119b]::run_test::{closure#1}, ()>::{closure#1} as core[a373ad73a504971]::ops::function::FnOnce<()>>::call_once::{shim:vtable#0}
[INFO] [stdout]   17:     0x55b28d9ade8f - <std[617be2ca0a6fd877]::sys::thread::unix::Thread>::new::thread_start
[INFO] [stdout]   18:     0x72fc63b48dfa - <unknown>
[INFO] [stdout]   19:     0x72fc63bdc3d4 - clone
[INFO] [stdout]   20:                0x0 - <unknown>
[INFO] [stdout] 
[INFO] [stdout] ---- ipset_tests::test_ipset_multiple_ips stdout ----
[INFO] [stdout] 
[INFO] [stdout] thread 'ipset_tests::test_ipset_multiple_ips' (310) panicked at tests/integration_tests.rs:127:39:
[INFO] [stdout] Failed to create ipset: NetlinkError(1)
[INFO] [stdout] stack backtrace:
[INFO] [stdout]    0:     0x55b28d9ae631 - <<std[617be2ca0a6fd877]::sys::backtrace::BacktraceLock>::print::DisplayBacktrace as core[a373ad73a504971]::fmt::Display>::fmt
[INFO] [stdout]    1:     0x55b28d9c365a - core[a373ad73a504971]::fmt::write
[INFO] [stdout]    2:     0x55b28d9b284c - <alloc[2e1b2a31b91974c5]::vec::Vec<u8> as core[a373ad73a504971]::io::write::Write>::write_fmt
[INFO] [stdout]    3:     0x55b28d98a9d6 - std[617be2ca0a6fd877]::panicking::default_hook::{closure#0}
[INFO] [stdout]    4:     0x55b28d9a6c09 - std[617be2ca0a6fd877]::panicking::default_hook
[INFO] [stdout]    5:     0x55b28d93d040 - test[aada8e7e76ba119b]::test_main_inner::{closure#0}
[INFO] [stdout]    6:     0x55b28d9a6dc2 - std[617be2ca0a6fd877]::panicking::panic_with_hook
[INFO] [stdout]    7:     0x55b28d98aa82 - std[617be2ca0a6fd877]::panicking::panic_handler::{closure#0}
[INFO] [stdout]    8:     0x55b28d983799 - std[617be2ca0a6fd877]::sys::backtrace::__rust_end_short_backtrace::<std[617be2ca0a6fd877]::panicking::panic_handler::{closure#0}, !>
[INFO] [stdout]    9:     0x55b28d98b68d - __rustc[ea4f61d10b84890b]::rust_begin_unwind
[INFO] [stdout]   10:     0x55b28d9c3d8c - core[a373ad73a504971]::panicking::panic_fmt
[INFO] [stdout]   11:     0x55b28d9c3b62 - core[a373ad73a504971]::result::unwrap_failed
[INFO] [stdout]   12:     0x55b28d92c4b6 - <integration_tests[79d503111c8ae259]::ipset_tests::test_ipset_multiple_ips::{closure#0} as core[a373ad73a504971]::ops::function::FnOnce<()>>::call_once
[INFO] [stdout]   13:     0x55b28d93048b - test[aada8e7e76ba119b]::__rust_begin_short_backtrace::<core[a373ad73a504971]::result::Result<(), alloc[2e1b2a31b91974c5]::string::String>, fn() -> core[a373ad73a504971]::result::Result<(), alloc[2e1b2a31b91974c5]::string::String>>
[INFO] [stdout]   14:     0x55b28d93d665 - test[aada8e7e76ba119b]::run_test::{closure#0}
[INFO] [stdout]   15:     0x55b28d936f54 - std[617be2ca0a6fd877]::sys::backtrace::__rust_begin_short_backtrace::<test[aada8e7e76ba119b]::run_test::{closure#1}, ()>
[INFO] [stdout]   16:     0x55b28d9406f2 - <std[617be2ca0a6fd877]::thread::lifecycle::spawn_unchecked<test[aada8e7e76ba119b]::run_test::{closure#1}, ()>::{closure#1} as core[a373ad73a504971]::ops::function::FnOnce<()>>::call_once::{shim:vtable#0}
[INFO] [stdout]   17:     0x55b28d9ade8f - <std[617be2ca0a6fd877]::sys::thread::unix::Thread>::new::thread_start
[INFO] [stdout]   18:     0x72fc63b48dfa - <unknown>
[INFO] [stdout]   19:     0x72fc63bdc3d4 - clone
[INFO] [stdout]   20:                0x0 - <unknown>
[INFO] [stdout] 
[INFO] [stdout] ---- nftset_tests::test_nftset_with_timeout stdout ----
[INFO] [stdout] 
[INFO] [stdout] thread 'nftset_tests::test_nftset_with_timeout' (319) panicked at tests/integration_tests.rs:302:49:
[INFO] [stdout] Failed to create table: NetlinkError(1)
[INFO] [stdout] stack backtrace:
[INFO] [stdout]    0:     0x55b28d9ae631 - <<std[617be2ca0a6fd877]::sys::backtrace::BacktraceLock>::print::DisplayBacktrace as core[a373ad73a504971]::fmt::Display>::fmt
[INFO] [stdout]    1:     0x55b28d9c365a - core[a373ad73a504971]::fmt::write
[INFO] [stdout]    2:     0x55b28d9b284c - <alloc[2e1b2a31b91974c5]::vec::Vec<u8> as core[a373ad73a504971]::io::write::Write>::write_fmt
[INFO] [stdout]    3:     0x55b28d98a9d6 - std[617be2ca0a6fd877]::panicking::default_hook::{closure#0}
[INFO] [stdout]    4:     0x55b28d9a6c09 - std[617be2ca0a6fd877]::panicking::default_hook
[INFO] [stdout]    5:     0x55b28d93d040 - test[aada8e7e76ba119b]::test_main_inner::{closure#0}
[INFO] [stdout]    6:     0x55b28d9a6dc2 - std[617be2ca0a6fd877]::panicking::panic_with_hook
[INFO] [stdout]    7:     0x55b28d98aa82 - std[617be2ca0a6fd877]::panicking::panic_handler::{closure#0}
[INFO] [stdout]    8:     0x55b28d983799 - std[617be2ca0a6fd877]::sys::backtrace::__rust_end_short_backtrace::<std[617be2ca0a6fd877]::panicking::panic_handler::{closure#0}, !>
[INFO] [stdout]    9:     0x55b28d98b68d - __rustc[ea4f61d10b84890b]::rust_begin_unwind
[INFO] [stdout]   10:     0x55b28d9c3d8c - core[a373ad73a504971]::panicking::panic_fmt
[INFO] [stdout]   11:     0x55b28d9c3b62 - core[a373ad73a504971]::result::unwrap_failed
[INFO] [stdout]   12:     0x55b28d92f6c5 - <integration_tests[79d503111c8ae259]::nftset_tests::test_nftset_with_timeout::{closure#0} as core[a373ad73a504971]::ops::function::FnOnce<()>>::call_once
[INFO] [stdout]   13:     0x55b28d93048b - test[aada8e7e76ba119b]::__rust_begin_short_backtrace::<core[a373ad73a504971]::result::Result<(), alloc[2e1b2a31b91974c5]::string::String>, fn() -> core[a373ad73a504971]::result::Result<(), alloc[2e1b2a31b91974c5]::string::String>>
[INFO] [stdout]   14:     0x55b28d93d665 - test[aada8e7e76ba119b]::run_test::{closure#0}
[INFO] [stdout]   15:     0x55b28d936f54 - std[617be2ca0a6fd877]::sys::backtrace::__rust_begin_short_backtrace::<test[aada8e7e76ba119b]::run_test::{closure#1}, ()>
[INFO] [stdout]   16:     0x55b28d9406f2 - <std[617be2ca0a6fd877]::thread::lifecycle::spawn_unchecked<test[aada8e7e76ba119b]::run_test::{closure#1}, ()>::{closure#1} as core[a373ad73a504971]::ops::function::FnOnce<()>>::call_once::{shim:vtable#0}
[INFO] [stdout]   17:     0x55b28d9ade8f - <std[617be2ca0a6fd877]::sys::thread::unix::Thread>::new::thread_start
[INFO] [stdout]   18:     0x72fc63b48dfa - <unknown>
[INFO] [stdout]   19:     0x72fc63bdc3d4 - clone
[INFO] [stdout]   20:                0x0 - <unknown>
[INFO] [stdout] 
[INFO] [stdout] ---- nftset_tests::test_nftset_list stdout ----
[INFO] [stdout] 
[INFO] [stdout] thread 'nftset_tests::test_nftset_list' (315) panicked at tests/integration_tests.rs:384:49:
[INFO] [stdout] Failed to create table: NetlinkError(1)
[INFO] [stdout] stack backtrace:
[INFO] [stdout]    0:     0x55b28d9ae631 - <<std[617be2ca0a6fd877]::sys::backtrace::BacktraceLock>::print::DisplayBacktrace as core[a373ad73a504971]::fmt::Display>::fmt
[INFO] [stdout]    1:     0x55b28d9c365a - core[a373ad73a504971]::fmt::write
[INFO] [stdout]    2:     0x55b28d9b284c - <alloc[2e1b2a31b91974c5]::vec::Vec<u8> as core[a373ad73a504971]::io::write::Write>::write_fmt
[INFO] [stdout]    3:     0x55b28d98a9d6 - std[617be2ca0a6fd877]::panicking::default_hook::{closure#0}
[INFO] [stdout]    4:     0x55b28d9a6c09 - std[617be2ca0a6fd877]::panicking::default_hook
[INFO] [stdout]    5:     0x55b28d93d040 - test[aada8e7e76ba119b]::test_main_inner::{closure#0}
[INFO] [stdout]    6:     0x55b28d9a6dc2 - std[617be2ca0a6fd877]::panicking::panic_with_hook
[INFO] [stdout]    7:     0x55b28d98aa82 - std[617be2ca0a6fd877]::panicking::panic_handler::{closure#0}
[INFO] [stdout]    8:     0x55b28d983799 - std[617be2ca0a6fd877]::sys::backtrace::__rust_end_short_backtrace::<std[617be2ca0a6fd877]::panicking::panic_handler::{closure#0}, !>
[INFO] [stdout]    9:     0x55b28d98b68d - __rustc[ea4f61d10b84890b]::rust_begin_unwind
[INFO] [stdout]   10:     0x55b28d9c3d8c - core[a373ad73a504971]::panicking::panic_fmt
[INFO] [stdout]   11:     0x55b28d9c3b62 - core[a373ad73a504971]::result::unwrap_failed
[INFO] [stdout]   12:     0x55b28d92ddad - <integration_tests[79d503111c8ae259]::nftset_tests::test_nftset_list::{closure#0} as core[a373ad73a504971]::ops::function::FnOnce<()>>::call_once
[INFO] [stdout]   13:     0x55b28d93048b - test[aada8e7e76ba119b]::__rust_begin_short_backtrace::<core[a373ad73a504971]::result::Result<(), alloc[2e1b2a31b91974c5]::string::String>, fn() -> core[a373ad73a504971]::result::Result<(), alloc[2e1b2a31b91974c5]::string::String>>
[INFO] [stdout]   14:     0x55b28d93d665 - test[aada8e7e76ba119b]::run_test::{closure#0}
[INFO] [stdout]   15:     0x55b28d936f54 - std[617be2ca0a6fd877]::sys::backtrace::__rust_begin_short_backtrace::<test[aada8e7e76ba119b]::run_test::{closure#1}, ()>
[INFO] [stdout]   16:     0x55b28d9406f2 - <std[617be2ca0a6fd877]::thread::lifecycle::spawn_unchecked<test[aada8e7e76ba119b]::run_test::{closure#1}, ()>::{closure#1} as core[a373ad73a504971]::ops::function::FnOnce<()>>::call_once::{shim:vtable#0}
[INFO] [stdout]   17:     0x55b28d9ade8f - <std[617be2ca0a6fd877]::sys::thread::unix::Thread>::new::thread_start
[INFO] [stdout]   18:     0x72fc63b48dfa - <unknown>
[INFO] [stdout]   19:     0x72fc63bdc3d4 - clone
[INFO] [stdout]   20:                0x0 - <unknown>
[INFO] [stdout] 
[INFO] [stdout] ---- ipset_tests::test_ipset_add_test_del_ipv6 stdout ----
[INFO] [stdout] 
[INFO] [stdout] thread 'ipset_tests::test_ipset_add_test_del_ipv6' (308) panicked at tests/integration_tests.rs:68:39:
[INFO] [stdout] Failed to create ipset6: NetlinkError(1)
[INFO] [stdout] stack backtrace:
[INFO] [stdout]    0:     0x55b28d9ae631 - <<std[617be2ca0a6fd877]::sys::backtrace::BacktraceLock>::print::DisplayBacktrace as core[a373ad73a504971]::fmt::Display>::fmt
[INFO] [stdout]    1:     0x55b28d9c365a - core[a373ad73a504971]::fmt::write
[INFO] [stdout]    2:     0x55b28d9b284c - <alloc[2e1b2a31b91974c5]::vec::Vec<u8> as core[a373ad73a504971]::io::write::Write>::write_fmt
[INFO] [stdout]    3:     0x55b28d98a9d6 - std[617be2ca0a6fd877]::panicking::default_hook::{closure#0}
[INFO] [stdout]    4:     0x55b28d9a6c09 - std[617be2ca0a6fd877]::panicking::default_hook
[INFO] [stdout]    5:     0x55b28d93d040 - test[aada8e7e76ba119b]::test_main_inner::{closure#0}
[INFO] [stdout]    6:     0x55b28d9a6dc2 - std[617be2ca0a6fd877]::panicking::panic_with_hook
[INFO] [stdout]    7:     0x55b28d98aa82 - std[617be2ca0a6fd877]::panicking::panic_handler::{closure#0}
[INFO] [stdout]    8:     0x55b28d983799 - std[617be2ca0a6fd877]::sys::backtrace::__rust_end_short_backtrace::<std[617be2ca0a6fd877]::panicking::panic_handler::{closure#0}, !>
[INFO] [stdout]    9:     0x55b28d98b68d - __rustc[ea4f61d10b84890b]::rust_begin_unwind
[INFO] [stdout]   10:     0x55b28d9c3d8c - core[a373ad73a504971]::panicking::panic_fmt
[INFO] [stdout]   11:     0x55b28d9c3b62 - core[a373ad73a504971]::result::unwrap_failed
[INFO] [stdout]   12:     0x55b28d92d1a7 - <integration_tests[79d503111c8ae259]::ipset_tests::test_ipset_add_test_del_ipv6::{closure#0} as core[a373ad73a504971]::ops::function::FnOnce<()>>::call_once
[INFO] [stdout]   13:     0x55b28d93048b - test[aada8e7e76ba119b]::__rust_begin_short_backtrace::<core[a373ad73a504971]::result::Result<(), alloc[2e1b2a31b91974c5]::string::String>, fn() -> core[a373ad73a504971]::result::Result<(), alloc[2e1b2a31b91974c5]::string::String>>
[INFO] [stdout]   14:     0x55b28d93d665 - test[aada8e7e76ba119b]::run_test::{closure#0}
[INFO] [stdout]   15:     0x55b28d936f54 - std[617be2ca0a6fd877]::sys::backtrace::__rust_begin_short_backtrace::<test[aada8e7e76ba119b]::run_test::{closure#1}, ()>
[INFO] [stdout]   16:     0x55b28d9406f2 - <std[617be2ca0a6fd877]::thread::lifecycle::spawn_unchecked<test[aada8e7e76ba119b]::run_test::{closure#1}, ()>::{closure#1} as core[a373ad73a504971]::ops::function::FnOnce<()>>::call_once::{shim:vtable#0}
[INFO] [stdout]   17:     0x55b28d9ade8f - <std[617be2ca0a6fd877]::sys::thread::unix::Thread>::new::thread_start
[INFO] [stdout]   18:     0x72fc63b48dfa - <unknown>
[INFO] [stdout]   19:     0x72fc63bdc3d4 - clone
[INFO] [stdout]   20:                0x0 - <unknown>
[INFO] [stdout] 
[INFO] [stdout] ---- nftset_tests::test_nftset_multiple_ips stdout ----
[INFO] [stdout] 
[INFO] [stdout] thread 'nftset_tests::test_nftset_multiple_ips' (317) panicked at tests/integration_tests.rs:331:49:
[INFO] [stdout] Failed to create table: NetlinkError(1)
[INFO] [stdout] stack backtrace:
[INFO] [stdout]    0:     0x55b28d9ae631 - <<std[617be2ca0a6fd877]::sys::backtrace::BacktraceLock>::print::DisplayBacktrace as core[a373ad73a504971]::fmt::Display>::fmt
[INFO] [stdout]    1:     0x55b28d9c365a - core[a373ad73a504971]::fmt::write
[INFO] [stdout]    2:     0x55b28d9b284c - <alloc[2e1b2a31b91974c5]::vec::Vec<u8> as core[a373ad73a504971]::io::write::Write>::write_fmt
[INFO] [stdout]    3:     0x55b28d98a9d6 - std[617be2ca0a6fd877]::panicking::default_hook::{closure#0}
[INFO] [stdout]    4:     0x55b28d9a6c09 - std[617be2ca0a6fd877]::panicking::default_hook
[INFO] [stdout]    5:     0x55b28d93d040 - test[aada8e7e76ba119b]::test_main_inner::{closure#0}
[INFO] [stdout]    6:     0x55b28d9a6dc2 - std[617be2ca0a6fd877]::panicking::panic_with_hook
[INFO] [stdout]    7:     0x55b28d98aa82 - std[617be2ca0a6fd877]::panicking::panic_handler::{closure#0}
[INFO] [stdout]    8:     0x55b28d983799 - std[617be2ca0a6fd877]::sys::backtrace::__rust_end_short_backtrace::<std[617be2ca0a6fd877]::panicking::panic_handler::{closure#0}, !>
[INFO] [stdout]    9:     0x55b28d98b68d - __rustc[ea4f61d10b84890b]::rust_begin_unwind
[INFO] [stdout]   10:     0x55b28d9c3d8c - core[a373ad73a504971]::panicking::panic_fmt
[INFO] [stdout]   11:     0x55b28d9c3b62 - core[a373ad73a504971]::result::unwrap_failed
[INFO] [stdout]   12:     0x55b28d92f369 - <integration_tests[79d503111c8ae259]::nftset_tests::test_nftset_multiple_ips::{closure#0} as core[a373ad73a504971]::ops::function::FnOnce<()>>::call_once
[INFO] [stdout]   13:     0x55b28d93048b - test[aada8e7e76ba119b]::__rust_begin_short_backtrace::<core[a373ad73a504971]::result::Result<(), alloc[2e1b2a31b91974c5]::string::String>, fn() -> core[a373ad73a504971]::result::Result<(), alloc[2e1b2a31b91974c5]::string::String>>
[INFO] [stdout]   14:     0x55b28d93d665 - test[aada8e7e76ba119b]::run_test::{closure#0}
[INFO] [stdout]   15:     0x55b28d936f54 - std[617be2ca0a6fd877]::sys::backtrace::__rust_begin_short_backtrace::<test[aada8e7e76ba119b]::run_test::{closure#1}, ()>
[INFO] [stdout]   16:     0x55b28d9406f2 - <std[617be2ca0a6fd877]::thread::lifecycle::spawn_unchecked<test[aada8e7e76ba119b]::run_test::{closure#1}, ()>::{closure#1} as core[a373ad73a504971]::ops::function::FnOnce<()>>::call_once::{shim:vtable#0}
[INFO] [stdout]   17:     0x55b28d9ade8f - <std[617be2ca0a6fd877]::sys::thread::unix::Thread>::new::thread_start
[INFO] [stdout]   18:     0x72fc63b48dfa - <unknown>
[INFO] [stdout]   19:     0x72fc63bdc3d4 - clone
[INFO] [stdout]   20:                0x0 - <unknown>
[INFO] [stdout] 
[INFO] [stdout] ---- nftset_tests::test_nftset_add_test_del_ipv6 stdout ----
[INFO] [stdout] 
[INFO] [stdout] thread 'nftset_tests::test_nftset_add_test_del_ipv6' (314) panicked at tests/integration_tests.rs:262:49:
[INFO] [stdout] Failed to create table: NetlinkError(1)
[INFO] [stdout] stack backtrace:
[INFO] [stdout]    0:     0x55b28d9ae631 - <<std[617be2ca0a6fd877]::sys::backtrace::BacktraceLock>::print::DisplayBacktrace as core[a373ad73a504971]::fmt::Display>::fmt
[INFO] [stdout]    1:     0x55b28d9c365a - core[a373ad73a504971]::fmt::write
[INFO] [stdout]    2:     0x55b28d9b284c - <alloc[2e1b2a31b91974c5]::vec::Vec<u8> as core[a373ad73a504971]::io::write::Write>::write_fmt
[INFO] [stdout]    3:     0x55b28d98a9d6 - std[617be2ca0a6fd877]::panicking::default_hook::{closure#0}
[INFO] [stdout]    4:     0x55b28d9a6c09 - std[617be2ca0a6fd877]::panicking::default_hook
[INFO] [stdout]    5:     0x55b28d93d040 - test[aada8e7e76ba119b]::test_main_inner::{closure#0}
[INFO] [stdout]    6:     0x55b28d9a6dc2 - std[617be2ca0a6fd877]::panicking::panic_with_hook
[INFO] [stdout]    7:     0x55b28d98aa82 - std[617be2ca0a6fd877]::panicking::panic_handler::{closure#0}
[INFO] [stdout]    8:     0x55b28d983799 - std[617be2ca0a6fd877]::sys::backtrace::__rust_end_short_backtrace::<std[617be2ca0a6fd877]::panicking::panic_handler::{closure#0}, !>
[INFO] [stdout]    9:     0x55b28d98b68d - __rustc[ea4f61d10b84890b]::rust_begin_unwind
[INFO] [stdout]   10:     0x55b28d9c3d8c - core[a373ad73a504971]::panicking::panic_fmt
[INFO] [stdout]   11:     0x55b28d9c3b62 - core[a373ad73a504971]::result::unwrap_failed
[INFO] [stdout]   12:     0x55b28d9301c0 - <integration_tests[79d503111c8ae259]::nftset_tests::test_nftset_add_test_del_ipv6::{closure#0} as core[a373ad73a504971]::ops::function::FnOnce<()>>::call_once
[INFO] [stdout]   13:     0x55b28d93048b - test[aada8e7e76ba119b]::__rust_begin_short_backtrace::<core[a373ad73a504971]::result::Result<(), alloc[2e1b2a31b91974c5]::string::String>, fn() -> core[a373ad73a504971]::result::Result<(), alloc[2e1b2a31b91974c5]::string::String>>
[INFO] [stdout]   14:     0x55b28d93d665 - test[aada8e7e76ba119b]::run_test::{closure#0}
[INFO] [stdout]   15:     0x55b28d936f54 - std[617be2ca0a6fd877]::sys::backtrace::__rust_begin_short_backtrace::<test[aada8e7e76ba119b]::run_test::{closure#1}, ()>
[INFO] [stdout]   16:     0x55b28d9406f2 - <std[617be2ca0a6fd877]::thread::lifecycle::spawn_unchecked<test[aada8e7e76ba119b]::run_test::{closure#1}, ()>::{closure#1} as core[a373ad73a504971]::ops::function::FnOnce<()>>::call_once::{shim:vtable#0}
[INFO] [stdout]   17:     0x55b28d9ade8f - <std[617be2ca0a6fd877]::sys::thread::unix::Thread>::new::thread_start
[INFO] [stdout]   18:     0x72fc63b48dfa - <unknown>
[INFO] [stdout]   19:     0x72fc63bdc3d4 - clone
[INFO] [stdout]   20:                0x0 - <unknown>
[INFO] [stdout] 
[INFO] [stdout] ---- nftset_tests::test_nftset_list_tables stdout ----
[INFO] [stdout] 
[INFO] [stdout] thread 'nftset_tests::test_nftset_list_tables' (316) panicked at tests/integration_tests.rs:442:50:
[INFO] [stdout] Failed to create table1: NetlinkError(1)
[INFO] [stdout] stack backtrace:
[INFO] [stdout]    0:     0x55b28d9ae631 - <<std[617be2ca0a6fd877]::sys::backtrace::BacktraceLock>::print::DisplayBacktrace as core[a373ad73a504971]::fmt::Display>::fmt
[INFO] [stdout]    1:     0x55b28d9c365a - core[a373ad73a504971]::fmt::write
[INFO] [stdout]    2:     0x55b28d9b284c - <alloc[2e1b2a31b91974c5]::vec::Vec<u8> as core[a373ad73a504971]::io::write::Write>::write_fmt
[INFO] [stdout]    3:     0x55b28d98a9d6 - std[617be2ca0a6fd877]::panicking::default_hook::{closure#0}
[INFO] [stdout]    4:     0x55b28d9a6c09 - std[617be2ca0a6fd877]::panicking::default_hook
[INFO] [stdout]    5:     0x55b28d93d040 - test[aada8e7e76ba119b]::test_main_inner::{closure#0}
[INFO] [stdout]    6:     0x55b28d9a6dc2 - std[617be2ca0a6fd877]::panicking::panic_with_hook
[INFO] [stdout]    7:     0x55b28d98aa82 - std[617be2ca0a6fd877]::panicking::panic_handler::{closure#0}
[INFO] [stdout]    8:     0x55b28d983799 - std[617be2ca0a6fd877]::sys::backtrace::__rust_end_short_backtrace::<std[617be2ca0a6fd877]::panicking::panic_handler::{closure#0}, !>
[INFO] [stdout]    9:     0x55b28d98b68d - __rustc[ea4f61d10b84890b]::rust_begin_unwind
[INFO] [stdout]   10:     0x55b28d9c3d8c - core[a373ad73a504971]::panicking::panic_fmt
[INFO] [stdout]   11:     0x55b28d9c3b62 - core[a373ad73a504971]::result::unwrap_failed
[INFO] [stdout]   12:     0x55b28d92e921 - <integration_tests[79d503111c8ae259]::nftset_tests::test_nftset_list_tables::{closure#0} as core[a373ad73a504971]::ops::function::FnOnce<()>>::call_once
[INFO] [stdout]   13:     0x55b28d93048b - test[aada8e7e76ba119b]::__rust_begin_short_backtrace::<core[a373ad73a504971]::result::Result<(), alloc[2e1b2a31b91974c5]::string::String>, fn() -> core[a373ad73a504971]::result::Result<(), alloc[2e1b2a31b91974c5]::string::String>>
[INFO] [stdout]   14:     0x55b28d93d665 - test[aada8e7e76ba119b]::run_test::{closure#0}
[INFO] [stdout]   15:     0x55b28d936f54 - std[617be2ca0a6fd877]::sys::backtrace::__rust_begin_short_backtrace::<test[aada8e7e76ba119b]::run_test::{closure#1}, ()>
[INFO] [stdout]   16:     0x55b28d9406f2 - <std[617be2ca0a6fd877]::thread::lifecycle::spawn_unchecked<test[aada8e7e76ba119b]::run_test::{closure#1}, ()>::{closure#1} as core[a373ad73a504971]::ops::function::FnOnce<()>>::call_once::{shim:vtable#0}
[INFO] [stdout]   17:     0x55b28d9ade8f - <std[617be2ca0a6fd877]::sys::thread::unix::Thread>::new::thread_start
[INFO] [stdout]   18:     0x72fc63b48dfa - <unknown>
[INFO] [stdout]   19:     0x72fc63bdc3d4 - clone
[INFO] [stdout]   20:                0x0 - <unknown>
[INFO] [stdout] 
[INFO] [stdout] ---- ipset_tests::test_ipset_list stdout ----
[INFO] [stdout] 
[INFO] [stdout] thread 'ipset_tests::test_ipset_list' (309) panicked at tests/integration_tests.rs:176:39:
[INFO] [stdout] Failed to create ipset: NetlinkError(1)
[INFO] [stdout] stack backtrace:
[INFO] [stdout]    0:     0x55b28d9ae631 - <<std[617be2ca0a6fd877]::sys::backtrace::BacktraceLock>::print::DisplayBacktrace as core[a373ad73a504971]::fmt::Display>::fmt
[INFO] [stdout]    1:     0x55b28d9c365a - core[a373ad73a504971]::fmt::write
[INFO] [stdout]    2:     0x55b28d9b284c - <alloc[2e1b2a31b91974c5]::vec::Vec<u8> as core[a373ad73a504971]::io::write::Write>::write_fmt
[INFO] [stdout]    3:     0x55b28d98a9d6 - std[617be2ca0a6fd877]::panicking::default_hook::{closure#0}
[INFO] [stdout]    4:     0x55b28d9a6c09 - std[617be2ca0a6fd877]::panicking::default_hook
[INFO] [stdout]    5:     0x55b28d93d040 - test[aada8e7e76ba119b]::test_main_inner::{closure#0}
[INFO] [stdout]    6:     0x55b28d9a6dc2 - std[617be2ca0a6fd877]::panicking::panic_with_hook
[INFO] [stdout]    7:     0x55b28d98aa82 - std[617be2ca0a6fd877]::panicking::panic_handler::{closure#0}
[INFO] [stdout]    8:     0x55b28d983799 - std[617be2ca0a6fd877]::sys::backtrace::__rust_end_short_backtrace::<std[617be2ca0a6fd877]::panicking::panic_handler::{closure#0}, !>
[INFO] [stdout]    9:     0x55b28d98b68d - __rustc[ea4f61d10b84890b]::rust_begin_unwind
[INFO] [stdout]   10:     0x55b28d9c3d8c - core[a373ad73a504971]::panicking::panic_fmt
[INFO] [stdout]   11:     0x55b28d9c3b62 - core[a373ad73a504971]::result::unwrap_failed
[INFO] [stdout]   12:     0x55b28d92bad7 - <integration_tests[79d503111c8ae259]::ipset_tests::test_ipset_list::{closure#0} as core[a373ad73a504971]::ops::function::FnOnce<()>>::call_once
[INFO] [stdout]   13:     0x55b28d93048b - test[aada8e7e76ba119b]::__rust_begin_short_backtrace::<core[a373ad73a504971]::result::Result<(), alloc[2e1b2a31b91974c5]::string::String>, fn() -> core[a373ad73a504971]::result::Result<(), alloc[2e1b2a31b91974c5]::string::String>>
[INFO] [stdout]   14:     0x55b28d93d665 - test[aada8e7e76ba119b]::run_test::{closure#0}
[INFO] [stdout]   15:     0x55b28d936f54 - std[617be2ca0a6fd877]::sys::backtrace::__rust_begin_short_backtrace::<test[aada8e7e76ba119b]::run_test::{closure#1}, ()>
[INFO] [stdout]   16:     0x55b28d9406f2 - <std[617be2ca0a6fd877]::thread::lifecycle::spawn_unchecked<test[aada8e7e76ba119b]::run_test::{closure#1}, ()>::{closure#1} as core[a373ad73a504971]::ops::function::FnOnce<()>>::call_once::{shim:vtable#0}
[INFO] [stdout]   17:     0x55b28d9ade8f - <std[617be2ca0a6fd877]::sys::thread::unix::Thread>::new::thread_start
[INFO] [stdout]   18:     0x72fc63b48dfa - <unknown>
[INFO] [stdout]   19:     0x72fc63bdc3d4 - clone
[INFO] [stdout]   20:                0x0 - <unknown>
[INFO] [stdout] 
[INFO] [stdout] ---- nftset_tests::test_nftset_add_test_del_ipv4 stdout ----
[INFO] [stdout] 
[INFO] [stdout] thread 'nftset_tests::test_nftset_add_test_del_ipv4' (313) panicked at tests/integration_tests.rs:225:49:
[INFO] [stdout] Failed to create table: NetlinkError(1)
[INFO] [stdout] stack backtrace:
[INFO] [stdout]    0:     0x55b28d9ae631 - <<std[617be2ca0a6fd877]::sys::backtrace::BacktraceLock>::print::DisplayBacktrace as core[a373ad73a504971]::fmt::Display>::fmt
[INFO] [stdout]    1:     0x55b28d9c365a - core[a373ad73a504971]::fmt::write
[INFO] [stdout]    2:     0x55b28d9b284c - <alloc[2e1b2a31b91974c5]::vec::Vec<u8> as core[a373ad73a504971]::io::write::Write>::write_fmt
[INFO] [stdout]    3:     0x55b28d98a9d6 - std[617be2ca0a6fd877]::panicking::default_hook::{closure#0}
[INFO] [stdout]    4:     0x55b28d9a6c09 - std[617be2ca0a6fd877]::panicking::default_hook
[INFO] [stdout]    5:     0x55b28d93d040 - test[aada8e7e76ba119b]::test_main_inner::{closure#0}
[INFO] [stderr] error: test failed, to rerun pass `--test integration_tests`
[INFO] [stdout]    6:     0x55b28d9a6dc2 - std[617be2ca0a6fd877]::panicking::panic_with_hook
[INFO] [stdout]    7:     0x55b28d98aa82 - std[617be2ca0a6fd877]::panicking::panic_handler::{closure#0}
[INFO] [stdout]    8:     0x55b28d983799 - std[617be2ca0a6fd877]::sys::backtrace::__rust_end_short_backtrace::<std[617be2ca0a6fd877]::panicking::panic_handler::{closure#0}, !>
[INFO] [stdout]    9:     0x55b28d98b68d - __rustc[ea4f61d10b84890b]::rust_begin_unwind
[INFO] [stdout]   10:     0x55b28d9c3d8c - core[a373ad73a504971]::panicking::panic_fmt
[INFO] [stdout]   11:     0x55b28d9c3b62 - core[a373ad73a504971]::result::unwrap_failed
[INFO] [stdout]   12:     0x55b28d92fc20 - <integration_tests[79d503111c8ae259]::nftset_tests::test_nftset_add_test_del_ipv4::{closure#0} as core[a373ad73a504971]::ops::function::FnOnce<()>>::call_once
[INFO] [stdout]   13:     0x55b28d93048b - test[aada8e7e76ba119b]::__rust_begin_short_backtrace::<core[a373ad73a504971]::result::Result<(), alloc[2e1b2a31b91974c5]::string::String>, fn() -> core[a373ad73a504971]::result::Result<(), alloc[2e1b2a31b91974c5]::string::String>>
[INFO] [stdout]   14:     0x55b28d93d665 - test[aada8e7e76ba119b]::run_test::{closure#0}
[INFO] [stdout]   15:     0x55b28d936f54 - std[617be2ca0a6fd877]::sys::backtrace::__rust_begin_short_backtrace::<test[aada8e7e76ba119b]::run_test::{closure#1}, ()>
[INFO] [stdout]   16:     0x55b28d9406f2 - <std[617be2ca0a6fd877]::thread::lifecycle::spawn_unchecked<test[aada8e7e76ba119b]::run_test::{closure#1}, ()>::{closure#1} as core[a373ad73a504971]::ops::function::FnOnce<()>>::call_once::{shim:vtable#0}
[INFO] [stdout]   17:     0x55b28d9ade8f - <std[617be2ca0a6fd877]::sys::thread::unix::Thread>::new::thread_start
[INFO] [stdout]   18:     0x72fc63b48dfa - <unknown>
[INFO] [stdout]   19:     0x72fc63bdc3d4 - clone
[INFO] [stdout]   20:                0x0 - <unknown>
[INFO] [stdout] 
[INFO] [stdout] 
[INFO] [stdout] failures:
[INFO] [stdout]     ipset_tests::test_ipset_add_test_del_ipv4
[INFO] [stdout]     ipset_tests::test_ipset_add_test_del_ipv6
[INFO] [stdout]     ipset_tests::test_ipset_list
[INFO] [stdout]     ipset_tests::test_ipset_multiple_ips
[INFO] [stdout]     ipset_tests::test_ipset_with_timeout
[INFO] [stdout]     nftset_tests::test_nftset_add_test_del_ipv4
[INFO] [stdout]     nftset_tests::test_nftset_add_test_del_ipv6
[INFO] [stdout]     nftset_tests::test_nftset_list
[INFO] [stdout]     nftset_tests::test_nftset_list_tables
[INFO] [stdout]     nftset_tests::test_nftset_multiple_ips
[INFO] [stdout]     nftset_tests::test_nftset_with_timeout
[INFO] [stdout] 
[INFO] [stdout] test result: FAILED. 2 passed; 11 failed; 0 ignored; 0 measured; 0 filtered out; finished in 0.00s
[INFO] [stdout] 
[INFO] running `Command { std: "docker" "inspect" "77934a2adf58a1a5f3840071691cc3b8cc3fa031fc56d144d55c69d8c0979afb", kill_on_drop: false }`
[INFO] running `Command { std: "docker" "rm" "-f" "77934a2adf58a1a5f3840071691cc3b8cc3fa031fc56d144d55c69d8c0979afb", kill_on_drop: false }`
[INFO] [stdout] 77934a2adf58a1a5f3840071691cc3b8cc3fa031fc56d144d55c69d8c0979afb
