[INFO] fetching crate ripsed-fs 0.3.2...
[INFO] testing ripsed-fs-0.3.2 against 1.100.0-beta.1+cargoflags=--release for beta-release-1.100-2
[INFO] extracting crate ripsed-fs 0.3.2 into /workspace/builds/worker-5-tc2/source
[INFO] started tweaking crates.io crate ripsed-fs 0.3.2
[INFO] finished tweaking crates.io crate ripsed-fs 0.3.2
[INFO] tweaked toml for crates.io crate ripsed-fs 0.3.2 written to /workspace/builds/worker-5-tc2/source/Cargo.toml
[INFO] validating manifest of crates.io crate ripsed-fs 0.3.2 on toolchain 1.100.0-beta.1
[INFO] running `Command { std: CARGO_HOME="/workspace/cargo-home" RUSTUP_HOME="/workspace/rustup-home" "/workspace/cargo-home/bin/cargo" "+1.100.0-beta.1" "metadata" "--manifest-path" "Cargo.toml" "--no-deps", kill_on_drop: false }`
[INFO] crate crates.io crate ripsed-fs 0.3.2 already has a lockfile, it will not be regenerated
[INFO] running `Command { std: CARGO_HOME="/workspace/cargo-home" RUSTUP_HOME="/workspace/rustup-home" "/workspace/cargo-home/bin/cargo" "+1.100.0-beta.1" "fetch" "--manifest-path" "Cargo.toml", kill_on_drop: false }`
[INFO] [stderr] warning: `package.homepage` is redundant with `package.repository`
[INFO] [stderr]   --> Cargo.toml:29:12
[INFO] [stderr]    |
[INFO] [stderr] 29 | homepage = "https://github.com/dollspace-gay/ripsed"
[INFO] [stderr]    |            ^^^^^^^^^^^^^^^^^^^^^^^^^^^^^^^^^^^^^^^^^
[INFO] [stderr] ...
[INFO] [stderr] 34 | repository = "https://github.com/dollspace-gay/ripsed"
[INFO] [stderr]    |              -----------------------------------------
[INFO] [stderr]    |
[INFO] [stderr]    = note: `cargo::redundant_homepage` is set to `warn` by default
[INFO] [stderr] help: consider removing `package.homepage`
[INFO] [stderr] warning: `ripsed-fs` (manifest) generated 1 warning
[INFO] running `Command { std: "docker" "create" "-v" "/var/lib/crater-agent-workspace/builds/worker-5-tc2/source:/opt/rustwide/workdir:ro,Z" "-v" "/var/lib/crater-agent-workspace/builds/worker-5-tc2/target:/opt/rustwide/target:rw,Z" "-v" "/var/lib/crater-agent-workspace/cargo-home:/opt/rustwide/cargo-home:ro,Z" "-v" "/var/lib/crater-agent-workspace/rustup-home:/opt/rustwide/rustup-home:ro,Z" "-m" "1610612736" "--network" "none" "ghcr.io/rust-lang/crates-build-env/linux@sha256:77db811e55d90add9212f6832c23229e3de5f1c1f9905e8cb07319ea15df73ac" "sleep" "infinity", kill_on_drop: false }`
[INFO] [stdout] 48d1472c1ea930d289d166d6532d7870a7ec17197c008aee8080ffa667e21b07
[INFO] running `Command { std: "docker" "start" "48d1472c1ea930d289d166d6532d7870a7ec17197c008aee8080ffa667e21b07", kill_on_drop: false }`
[INFO] running `Command { std: "docker" "inspect" "48d1472c1ea930d289d166d6532d7870a7ec17197c008aee8080ffa667e21b07", kill_on_drop: false }`
[INFO] running `Command { std: "docker" "exec" "-e" "SOURCE_DIR=/opt/rustwide/workdir" "-e" "CARGO_HOME=/opt/rustwide/cargo-home" "-e" "RUSTUP_HOME=/opt/rustwide/rustup-home" "-e" "CARGO_TARGET_DIR=/opt/rustwide/target" "-w" "/opt/rustwide/workdir" "--user" "0:0" "48d1472c1ea930d289d166d6532d7870a7ec17197c008aee8080ffa667e21b07" "/opt/rustwide/cargo-home/bin/cargo" "+1.100.0-beta.1" "metadata" "--no-deps" "--format-version=1", kill_on_drop: false }`
[INFO] running `Command { std: "docker" "inspect" "48d1472c1ea930d289d166d6532d7870a7ec17197c008aee8080ffa667e21b07", kill_on_drop: false }`
[INFO] running `Command { std: "docker" "exec" "-e" "SOURCE_DIR=/opt/rustwide/workdir" "-e" "CARGO_HOME=/opt/rustwide/cargo-home" "-e" "RUSTUP_HOME=/opt/rustwide/rustup-home" "-e" "CARGO_TARGET_DIR=/opt/rustwide/target" "-e" "CARGO_INCREMENTAL=0" "-e" "RUST_BACKTRACE=full" "-e" "RUSTFLAGS=--cap-lints=warn" "-e" "RUSTDOCFLAGS=--cap-lints=warn" "-w" "/opt/rustwide/workdir" "--user" "0:0" "48d1472c1ea930d289d166d6532d7870a7ec17197c008aee8080ffa667e21b07" "/opt/rustwide/cargo-home/bin/cargo" "+1.100.0-beta.1" "build" "--frozen" "--message-format=json" "--release", kill_on_drop: false }`
[INFO] [stderr] warning: `package.homepage` is redundant with `package.repository`
[INFO] [stderr]   --> Cargo.toml:29:12
[INFO] [stderr]    |
[INFO] [stderr] 29 | homepage = "https://github.com/dollspace-gay/ripsed"
[INFO] [stderr]    |            ^^^^^^^^^^^^^^^^^^^^^^^^^^^^^^^^^^^^^^^^^
[INFO] [stderr] ...
[INFO] [stderr] 34 | repository = "https://github.com/dollspace-gay/ripsed"
[INFO] [stderr]    |              -----------------------------------------
[INFO] [stderr]    |
[INFO] [stderr]    = note: `cargo::redundant_homepage` is set to `warn` by default
[INFO] [stderr] help: consider removing `package.homepage`
[INFO] [stderr] warning: `ripsed-fs` (manifest) generated 1 warning
[INFO] [stderr]    Compiling memchr v2.8.1
[INFO] [stderr]    Compiling log v0.4.32
[INFO] [stderr]    Compiling either v1.16.0
[INFO] [stderr]    Compiling memmap2 v0.9.10
[INFO] [stderr]    Compiling tempfile v3.27.0
[INFO] [stderr]    Compiling rayon v1.12.0
[INFO] [stderr]    Compiling aho-corasick v1.1.4
[INFO] [stderr]    Compiling bstr v1.12.1
[INFO] [stderr]    Compiling regex-automata v0.4.14
[INFO] [stderr]    Compiling globset v0.4.18
[INFO] [stderr]    Compiling ignore v0.4.26
[INFO] [stderr]    Compiling ripsed-fs v0.3.2 (/opt/rustwide/workdir)
[INFO] [stderr]     Finished `release` profile [optimized] target(s) in 21.78s
[INFO] running `Command { std: "docker" "inspect" "48d1472c1ea930d289d166d6532d7870a7ec17197c008aee8080ffa667e21b07", kill_on_drop: false }`
[INFO] running `Command { std: "docker" "exec" "-e" "SOURCE_DIR=/opt/rustwide/workdir" "-e" "CARGO_HOME=/opt/rustwide/cargo-home" "-e" "RUSTUP_HOME=/opt/rustwide/rustup-home" "-e" "CARGO_TARGET_DIR=/opt/rustwide/target" "-e" "CARGO_INCREMENTAL=0" "-e" "RUST_BACKTRACE=full" "-e" "RUSTFLAGS=--cap-lints=warn" "-e" "RUSTDOCFLAGS=--cap-lints=warn" "-w" "/opt/rustwide/workdir" "--user" "0:0" "48d1472c1ea930d289d166d6532d7870a7ec17197c008aee8080ffa667e21b07" "/opt/rustwide/cargo-home/bin/cargo" "+1.100.0-beta.1" "test" "--frozen" "--no-run" "--message-format=json" "--release", kill_on_drop: false }`
[INFO] [stderr] warning: `package.homepage` is redundant with `package.repository`
[INFO] [stderr]   --> Cargo.toml:29:12
[INFO] [stderr]    |
[INFO] [stderr] 29 | homepage = "https://github.com/dollspace-gay/ripsed"
[INFO] [stderr]    |            ^^^^^^^^^^^^^^^^^^^^^^^^^^^^^^^^^^^^^^^^^
[INFO] [stderr] ...
[INFO] [stderr] 34 | repository = "https://github.com/dollspace-gay/ripsed"
[INFO] [stderr]    |              -----------------------------------------
[INFO] [stderr]    |
[INFO] [stderr]    = note: `cargo::redundant_homepage` is set to `warn` by default
[INFO] [stderr] help: consider removing `package.homepage`
[INFO] [stderr] warning: `ripsed-fs` (manifest) generated 1 warning
[INFO] [stderr]    Compiling ripsed-fs v0.3.2 (/opt/rustwide/workdir)
[INFO] [stderr]     Finished `release` profile [optimized] target(s) in 3.61s
[INFO] running `Command { std: "docker" "inspect" "48d1472c1ea930d289d166d6532d7870a7ec17197c008aee8080ffa667e21b07", kill_on_drop: false }`
[INFO] running `Command { std: "docker" "exec" "-e" "SOURCE_DIR=/opt/rustwide/workdir" "-e" "CARGO_HOME=/opt/rustwide/cargo-home" "-e" "RUSTUP_HOME=/opt/rustwide/rustup-home" "-e" "CARGO_TARGET_DIR=/opt/rustwide/target" "-e" "CARGO_INCREMENTAL=0" "-e" "RUST_BACKTRACE=full" "-e" "RUSTFLAGS=--cap-lints=warn" "-e" "RUSTDOCFLAGS=--cap-lints=warn" "-w" "/opt/rustwide/workdir" "--user" "0:0" "48d1472c1ea930d289d166d6532d7870a7ec17197c008aee8080ffa667e21b07" "/opt/rustwide/cargo-home/bin/cargo" "+1.100.0-beta.1" "test" "--frozen" "--release", kill_on_drop: false }`
[INFO] [stderr] warning: `package.homepage` is redundant with `package.repository`
[INFO] [stderr]   --> Cargo.toml:29:12
[INFO] [stderr]    |
[INFO] [stderr] 29 | homepage = "https://github.com/dollspace-gay/ripsed"
[INFO] [stderr]    |            ^^^^^^^^^^^^^^^^^^^^^^^^^^^^^^^^^^^^^^^^^
[INFO] [stderr] ...
[INFO] [stderr] 34 | repository = "https://github.com/dollspace-gay/ripsed"
[INFO] [stderr]    |              -----------------------------------------
[INFO] [stderr]    |
[INFO] [stderr]    = note: `cargo::redundant_homepage` is set to `warn` by default
[INFO] [stderr] help: consider removing `package.homepage`
[INFO] [stderr] warning: `ripsed-fs` (manifest) generated 1 warning
[INFO] [stderr]     Finished `release` profile [optimized] target(s) in 0.07s
[INFO] [stderr]      Running unittests src/lib.rs (/opt/rustwide/target/release/build/ripsed-fs/53c721cd226aa8aa/out/ripsed_fs-53c721cd226aa8aa)
[INFO] [stdout] 
[INFO] [stdout] running 67 tests
[INFO] [stdout] test discovery::tests::symlink_alias_deduped_in_serial_walker ... ok
[INFO] [stdout] test encoding::tests::decode_utf8_bom_strips_bom ... ok
[INFO] [stdout] test encoding::tests::empty_inputs ... ok
[INFO] [stdout] test encoding::tests::has_utf16_bom_detection ... ok
[INFO] [stdout] test encoding::tests::decode_plain_utf8 ... ok
[INFO] [stdout] test encoding::tests::tags_roundtrip ... ok
[INFO] [stdout] test encoding::tests::invalid_utf8_is_clean_error ... ok
[INFO] [stdout] test discovery::tests::invalid_glob_returns_error ... ok
[INFO] [stdout] test encoding::tests::utf16_surrogate_pairs_survive ... ok
[INFO] [stdout] test encoding::tests::utf16be_roundtrip ... ok
[INFO] [stdout] test encoding::tests::utf16le_roundtrip ... ok
[INFO] [stdout] test encoding::tests::unpaired_surrogate_is_clean_error ... ok
[INFO] [stdout] test discovery::tests::symlink_outside_root_not_followed_by_default ... ok
[INFO] [stdout] test encoding::tests::truncated_utf16_is_clean_error ... ok
[INFO] [stdout] test lock::tests::acquire_does_not_require_target_to_exist ... ok
[INFO] [stdout] test lock::tests::acquire_fails_when_parent_dir_missing ... ok
[INFO] [stdout] test discovery::tests::auto_uses_serial_for_small ... ok
[INFO] [stdout] test lock::tests::acquire_error_message_includes_path ... ok
[INFO] [stdout] test discovery::tests::parallel_respects_glob ... ok
[INFO] [stdout] test lock::tests::acquire_and_release ... ok
[INFO] [stdout] test lock::tests::acquire_twice_fails ... ok
[INFO] [stdout] test discovery::tests::hard_link_aliases_are_deduped_on_unix ... ok
[INFO] [stdout] test discovery::tests::parallel_respects_ignore_pattern ... ok
[INFO] [stdout] test discovery::tests::lock_sentinels_are_never_discovered ... ok
[INFO] [stdout] test discovery::tests::large_binary_file_is_filtered_without_full_read ... ok
[INFO] [stdout] test discovery::tests::serial_and_parallel_agree ... ok
[INFO] [stdout] test lock::tests::concurrent_acquire_only_one_wins ... ok
[INFO] [stdout] test discovery::tests::symlink_alias_deduped_by_identity ... ok
[INFO] [stdout] test discovery::tests::parallel_skips_binary ... ok
[INFO] [stdout] test lock::tests::lock_path_for_file_without_extension ... ok
[INFO] [stdout] test lock::tests::lock_path_for_dotfile ... ok
[INFO] [stdout] test lock::tests::lock_path_for_file_with_extension ... ok
[INFO] [stdout] test reader::tests::is_binary_detects_null_bytes ... ok
[INFO] [stdout] test lock::tests::try_lock_with_timeout_immediate_success ... ok
[INFO] [stdout] test discovery::tests::auto_force_parallel ... ok
[INFO] [stdout] test lock::tests::lock_file_contains_pid_and_timestamp ... ok
[INFO] [stdout] test reader::tests::is_binary_null_at_position_after_512 ... ok
[INFO] [stdout] test lock::tests::try_lock_with_timeout_error_message_includes_path ... ok
[INFO] [stdout] test lock::tests::lock_path_for_file_with_multiple_extensions ... ok
[INFO] [stdout] test reader::tests::is_binary_null_just_inside_8kb ... ok
[INFO] [stdout] test reader::tests::is_binary_text_file ... ok
[INFO] [stdout] test lock::tests::try_lock_with_timeout_zero_duration ... ok
[INFO] [stdout] test lock::tests::drop_releases_lock ... ok
[INFO] [stdout] test reader::tests::read_file_small ... ok
[INFO] [stdout] test writer::tests::atomic_batch_rollback ... ok
[INFO] [stdout] test reader::tests::is_binary_empty_file ... ok
[INFO] [stdout] test writer::tests::atomic_batch_commit_mid_failure_restores_originals ... ok
[INFO] [stdout] test writer::tests::create_backup_basic ... ok
[INFO] [stdout] test reader::tests::is_binary_null_just_past_8kb ... ok
[INFO] [stdout] test writer::tests::write_atomic_batch_empty ... ok
[INFO] [stdout] test writer::tests::atomic_batch_commit ... ok
[INFO] [stdout] test writer::tests::write_atomic_batch_stage_failure_writes_nothing ... ok
[INFO] [stdout] test writer::tests::write_atomic_batch_success ... ok
[INFO] [stdout] test writer::tests::create_backup_no_extension ... ok
[INFO] [stdout] test writer::tests::atomic_batch_rollback_removes_files_that_didnt_exist_before ... ok
[INFO] [stdout] test writer::tests::write_atomic_creates_file ... ok
[INFO] [stdout] test writer::tests::write_atomic_overwrites_existing ... ok
[INFO] [stdout] test writer::tests::write_atomic_preserves_embedded_nul_bytes ... ok
[INFO] [stdout] test discovery::tests::parallel_discovery_order_is_deterministic ... ok
[INFO] [stdout] test discovery::tests::valid_glob_returns_ok ... ok
[INFO] [stdout] test reader::tests::read_file_large_uses_mmap_path ... ok
[INFO] [stdout] test writer::tests::write_atomic_failure_leaves_no_temp_file ... FAILED
[INFO] [stdout] test writer::tests::write_atomic_preserves_unix_permissions ... ok
[INFO] [stdout] test writer::tests::create_backup_numbered_when_exists ... ok
[INFO] [stdout] test lock::tests::try_lock_with_timeout_succeeds_after_release ... ok
[INFO] [stdout] test lock::tests::try_lock_with_timeout_expires ... ok
[INFO] [stdout] test lock::tests::no_concurrent_holders_under_hammer ... ok
[INFO] [stdout] 
[INFO] [stdout] failures:
[INFO] [stdout] 
[INFO] [stdout] ---- writer::tests::write_atomic_failure_leaves_no_temp_file stdout ----
[INFO] [stdout] 
[INFO] [stdout] thread 'writer::tests::write_atomic_failure_leaves_no_temp_file' (751) panicked at src/writer.rs:446:9:
[INFO] [stdout] write_atomic must fail when tempfile creation is blocked
[INFO] [stdout] stack backtrace:
[INFO] [stdout]    0:     0x5eba69ad57f1 - <<std[617be2ca0a6fd877]::sys::backtrace::BacktraceLock>::print::DisplayBacktrace as core[a373ad73a504971]::fmt::Display>::fmt
[INFO] [stdout]    1:     0x5eba69aeb82a - core[a373ad73a504971]::fmt::write
[INFO] [stdout]    2:     0x5eba69ad9e7c - <alloc[2e1b2a31b91974c5]::vec::Vec<u8> as core[a373ad73a504971]::io::write::Write>::write_fmt
[INFO] [stdout]    3:     0x5eba69aacd66 - std[617be2ca0a6fd877]::panicking::default_hook::{closure#0}
[INFO] [stdout]    4:     0x5eba69acb0d9 - std[617be2ca0a6fd877]::panicking::default_hook
[INFO] [stdout]    5:     0x5eba69962130 - test[aada8e7e76ba119b]::test_main_inner::{closure#0}
[INFO] [stdout]    6:     0x5eba69acb402 - std[617be2ca0a6fd877]::panicking::panic_with_hook
[INFO] [stdout]    7:     0x5eba69aace44 - std[617be2ca0a6fd877]::panicking::panic_handler::{closure#0}
[INFO] [stdout]    8:     0x5eba69aa5709 - std[617be2ca0a6fd877]::sys::backtrace::__rust_end_short_backtrace::<std[617be2ca0a6fd877]::panicking::panic_handler::{closure#0}, !>
[INFO] [stdout]    9:     0x5eba69aadcbd - __rustc[ea4f61d10b84890b]::rust_begin_unwind
[INFO] [stdout]   10:     0x5eba69aec00c - core[a373ad73a504971]::panicking::panic_fmt
[INFO] [stdout]   11:     0x5eba69941e49 - <ripsed_fs[753f57598e591509]::writer::tests::write_atomic_failure_leaves_no_temp_file::{closure#0} as core[a373ad73a504971]::ops::function::FnOnce<()>>::call_once
[INFO] [stdout]   12:     0x5eba6995557b - test[aada8e7e76ba119b]::__rust_begin_short_backtrace::<core[a373ad73a504971]::result::Result<(), alloc[2e1b2a31b91974c5]::string::String>, fn() -> core[a373ad73a504971]::result::Result<(), alloc[2e1b2a31b91974c5]::string::String>>
[INFO] [stdout]   13:     0x5eba69962755 - test[aada8e7e76ba119b]::run_test::{closure#0}
[INFO] [stdout]   14:     0x5eba6995c044 - std[617be2ca0a6fd877]::sys::backtrace::__rust_begin_short_backtrace::<test[aada8e7e76ba119b]::run_test::{closure#1}, ()>
[INFO] [stdout]   15:     0x5eba699657e2 - <std[617be2ca0a6fd877]::thread::lifecycle::spawn_unchecked<test[aada8e7e76ba119b]::run_test::{closure#1}, ()>::{closure#1} as core[a373ad73a504971]::ops::function::FnOnce<()>>::call_once::{shim:vtable#0}
[INFO] [stdout]   16:     0x5eba69ad472f - <std[617be2ca0a6fd877]::sys::thread::unix::Thread>::new::thread_start
[INFO] [stdout]   17:     0x7f67df17bdfa - <unknown>
[INFO] [stdout]   18:     0x7f67df20f3d4 - clone
[INFO] [stdout]   19:                0x0 - <unknown>
[INFO] [stdout] 
[INFO] [stdout] 
[INFO] [stdout] failures:
[INFO] [stdout]     writer::tests::write_atomic_failure_leaves_no_temp_file
[INFO] [stdout] 
[INFO] [stdout] test result: FAILED. 66 passed; 1 failed; 0 ignored; 0 measured; 0 filtered out; finished in 0.66s
[INFO] [stdout] 
[INFO] [stderr] error: test failed, to rerun pass `--lib`
[INFO] running `Command { std: "docker" "inspect" "48d1472c1ea930d289d166d6532d7870a7ec17197c008aee8080ffa667e21b07", kill_on_drop: false }`
[INFO] running `Command { std: "docker" "rm" "-f" "48d1472c1ea930d289d166d6532d7870a7ec17197c008aee8080ffa667e21b07", kill_on_drop: false }`
[INFO] [stdout] 48d1472c1ea930d289d166d6532d7870a7ec17197c008aee8080ffa667e21b07
