[INFO] fetching crate ripf 0.4.0...
[INFO] testing ripf-0.4.0 against 1.100.0-beta.1+cargoflags=--release for beta-release-1.100-2
[INFO] extracting crate ripf 0.4.0 into /workspace/builds/worker-4-tc2/source
[INFO] started tweaking crates.io crate ripf 0.4.0
[INFO] removed 0 missing tests
[INFO] finished tweaking crates.io crate ripf 0.4.0
[INFO] tweaked toml for crates.io crate ripf 0.4.0 written to /workspace/builds/worker-4-tc2/source/Cargo.toml
[INFO] validating manifest of crates.io crate ripf 0.4.0 on toolchain 1.100.0-beta.1
[INFO] running `Command { std: CARGO_HOME="/workspace/cargo-home" RUSTUP_HOME="/workspace/rustup-home" "/workspace/cargo-home/bin/cargo" "+1.100.0-beta.1" "metadata" "--manifest-path" "Cargo.toml" "--no-deps", kill_on_drop: false }`
[INFO] crate crates.io crate ripf 0.4.0 already has a lockfile, it will not be regenerated
[INFO] running `Command { std: CARGO_HOME="/workspace/cargo-home" RUSTUP_HOME="/workspace/rustup-home" "/workspace/cargo-home/bin/cargo" "+1.100.0-beta.1" "fetch" "--manifest-path" "Cargo.toml", kill_on_drop: false }`
[INFO] running `Command { std: "docker" "create" "-v" "/var/lib/crater-agent-workspace/builds/worker-4-tc2/source:/opt/rustwide/workdir:ro,Z" "-v" "/var/lib/crater-agent-workspace/builds/worker-4-tc2/target:/opt/rustwide/target:rw,Z" "-v" "/var/lib/crater-agent-workspace/cargo-home:/opt/rustwide/cargo-home:ro,Z" "-v" "/var/lib/crater-agent-workspace/rustup-home:/opt/rustwide/rustup-home:ro,Z" "-m" "1610612736" "--network" "none" "ghcr.io/rust-lang/crates-build-env/linux@sha256:77db811e55d90add9212f6832c23229e3de5f1c1f9905e8cb07319ea15df73ac" "sleep" "infinity", kill_on_drop: false }`
[INFO] [stdout] 51c2723d8edeb1ec4d21f6201394137bbb9574dc53f6979c436ac69ec0846fb7
[INFO] running `Command { std: "docker" "start" "51c2723d8edeb1ec4d21f6201394137bbb9574dc53f6979c436ac69ec0846fb7", kill_on_drop: false }`
[INFO] running `Command { std: "docker" "inspect" "51c2723d8edeb1ec4d21f6201394137bbb9574dc53f6979c436ac69ec0846fb7", kill_on_drop: false }`
[INFO] running `Command { std: "docker" "exec" "-e" "SOURCE_DIR=/opt/rustwide/workdir" "-e" "CARGO_HOME=/opt/rustwide/cargo-home" "-e" "RUSTUP_HOME=/opt/rustwide/rustup-home" "-e" "CARGO_TARGET_DIR=/opt/rustwide/target" "-w" "/opt/rustwide/workdir" "--user" "0:0" "51c2723d8edeb1ec4d21f6201394137bbb9574dc53f6979c436ac69ec0846fb7" "/opt/rustwide/cargo-home/bin/cargo" "+1.100.0-beta.1" "metadata" "--no-deps" "--format-version=1", kill_on_drop: false }`
[INFO] running `Command { std: "docker" "inspect" "51c2723d8edeb1ec4d21f6201394137bbb9574dc53f6979c436ac69ec0846fb7", kill_on_drop: false }`
[INFO] running `Command { std: "docker" "exec" "-e" "SOURCE_DIR=/opt/rustwide/workdir" "-e" "CARGO_HOME=/opt/rustwide/cargo-home" "-e" "RUSTUP_HOME=/opt/rustwide/rustup-home" "-e" "CARGO_TARGET_DIR=/opt/rustwide/target" "-e" "CARGO_INCREMENTAL=0" "-e" "RUST_BACKTRACE=full" "-e" "RUSTFLAGS=--cap-lints=warn" "-e" "RUSTDOCFLAGS=--cap-lints=warn" "-w" "/opt/rustwide/workdir" "--user" "0:0" "51c2723d8edeb1ec4d21f6201394137bbb9574dc53f6979c436ac69ec0846fb7" "/opt/rustwide/cargo-home/bin/cargo" "+1.100.0-beta.1" "build" "--frozen" "--message-format=json" "--release", kill_on_drop: false }`
[INFO] [stderr]    Compiling aho-corasick v1.1.5
[INFO] [stderr]    Compiling rustversion v1.0.23
[INFO] [stderr]    Compiling darling_core v0.20.11
[INFO] [stderr]    Compiling parking_lot_core v0.9.12
[INFO] [stderr]    Compiling signal-hook v0.3.18
[INFO] [stderr]    Compiling mio v1.2.2
[INFO] [stderr]    Compiling instability v0.3.10
[INFO] [stderr]    Compiling itertools v0.13.0
[INFO] [stderr]    Compiling rustix v0.38.44
[INFO] [stderr]    Compiling parking_lot v0.12.5
[INFO] [stderr]    Compiling signal-hook-mio v0.2.5
[INFO] [stderr]    Compiling grep-matcher v0.1.9
[INFO] [stderr]    Compiling strum_macros v0.26.4
[INFO] [stderr]    Compiling castaway v0.2.4
[INFO] [stderr]    Compiling dirs-sys v0.5.0
[INFO] [stderr]    Compiling toml_parser v1.1.3+spec-1.1.0
[INFO] [stderr]    Compiling crossterm v0.28.1
[INFO] [stderr]    Compiling compact_str v0.8.2
[INFO] [stderr]    Compiling encoding_rs_io v0.1.8
[INFO] [stderr]    Compiling regex-automata v0.4.18
[INFO] [stderr]    Compiling unicode-truncate v1.1.0
[INFO] [stderr]    Compiling crossbeam-deque v0.8.7
[INFO] [stderr]    Compiling lru v0.12.5
[INFO] [stderr]    Compiling toml_datetime v1.1.1+spec-1.1.0
[INFO] [stderr]    Compiling serde_spanned v1.1.1
[INFO] [stderr]    Compiling unicode-width v0.2.0
[INFO] [stderr]    Compiling strum v0.26.3
[INFO] [stderr]    Compiling cassowary v0.3.0
[INFO] [stderr]    Compiling toml v1.1.4+spec-1.1.0
[INFO] [stderr]    Compiling serde v1.0.229
[INFO] [stderr]    Compiling dirs v6.0.0
[INFO] [stderr]    Compiling darling_macro v0.20.11
[INFO] [stderr]    Compiling nucleo-matcher v0.3.1
[INFO] [stderr]    Compiling darling v0.20.11
[INFO] [stderr]    Compiling ratatui v0.29.0
[INFO] [stderr]    Compiling shell-words v1.1.1
[INFO] [stderr]    Compiling bstr v1.13.1
[INFO] [stderr]    Compiling globset v0.4.19
[INFO] [stderr]    Compiling grep-searcher v0.1.17
[INFO] [stderr]    Compiling ignore v0.4.30
[INFO] [stderr]    Compiling grep-regex v0.1.14
[INFO] [stderr]    Compiling ripf v0.4.0 (/opt/rustwide/workdir)
[INFO] [stderr]     Finished `release` profile [optimized] target(s) in 1m 17s
[INFO] running `Command { std: "docker" "inspect" "51c2723d8edeb1ec4d21f6201394137bbb9574dc53f6979c436ac69ec0846fb7", kill_on_drop: false }`
[INFO] running `Command { std: "docker" "exec" "-e" "SOURCE_DIR=/opt/rustwide/workdir" "-e" "CARGO_HOME=/opt/rustwide/cargo-home" "-e" "RUSTUP_HOME=/opt/rustwide/rustup-home" "-e" "CARGO_TARGET_DIR=/opt/rustwide/target" "-e" "CARGO_INCREMENTAL=0" "-e" "RUST_BACKTRACE=full" "-e" "RUSTFLAGS=--cap-lints=warn" "-e" "RUSTDOCFLAGS=--cap-lints=warn" "-w" "/opt/rustwide/workdir" "--user" "0:0" "51c2723d8edeb1ec4d21f6201394137bbb9574dc53f6979c436ac69ec0846fb7" "/opt/rustwide/cargo-home/bin/cargo" "+1.100.0-beta.1" "test" "--frozen" "--no-run" "--message-format=json" "--release", kill_on_drop: false }`
[INFO] [stderr]    Compiling ripf v0.4.0 (/opt/rustwide/workdir)
[INFO] [stderr]     Finished `release` profile [optimized] target(s) in 1.70s
[INFO] running `Command { std: "docker" "inspect" "51c2723d8edeb1ec4d21f6201394137bbb9574dc53f6979c436ac69ec0846fb7", kill_on_drop: false }`
[INFO] running `Command { std: "docker" "exec" "-e" "SOURCE_DIR=/opt/rustwide/workdir" "-e" "CARGO_HOME=/opt/rustwide/cargo-home" "-e" "RUSTUP_HOME=/opt/rustwide/rustup-home" "-e" "CARGO_TARGET_DIR=/opt/rustwide/target" "-e" "CARGO_INCREMENTAL=0" "-e" "RUST_BACKTRACE=full" "-e" "RUSTFLAGS=--cap-lints=warn" "-e" "RUSTDOCFLAGS=--cap-lints=warn" "-w" "/opt/rustwide/workdir" "--user" "0:0" "51c2723d8edeb1ec4d21f6201394137bbb9574dc53f6979c436ac69ec0846fb7" "/opt/rustwide/cargo-home/bin/cargo" "+1.100.0-beta.1" "test" "--frozen" "--release", kill_on_drop: false }`
[INFO] [stderr]     Finished `release` profile [optimized] target(s) in 0.13s
[INFO] [stdout] 
[INFO] [stdout] running 13 tests
[INFO] [stdout] test config::tests::config_beats_editor ... ok
[INFO] [stdout] test config::tests::editor_is_last_resort ... ok
[INFO] [stdout] test keys::tests::matching_ignores_irrelevant_modifier_bits ... ok
[INFO] [stdout] test keys::tests::parses_a_bare_named_key ... ok
[INFO] [stdout] test keys::tests::parses_a_modifier_and_a_char ... ok
[INFO] [stdout] test keys::tests::parses_stacked_modifiers_case_insensitively ... ok
[INFO] [stdout] test keys::tests::rejects_unknown_modifiers_and_keys ... ok
[INFO] [stdout] test config::tests::cli_beats_config_and_editor ... ok
[INFO] [stdout] test open::tests::path_with_spaces_stays_one_arg ... ok
[INFO] [stdout] test open::tests::subsitute_all_placeholders ... ok
[INFO] [stdout] test open::tests::template_without_col_is_valid ... ok
[INFO] [stderr]      Running unittests src/main.rs (/opt/rustwide/target/release/build/ripf/43708e10bdd10ce6/out/ripf-43708e10bdd10ce6)
[INFO] [stdout] test open::tests::empty_template_errors ... ok
[INFO] [stderr]      Running tests/print.rs (/opt/rustwide/target/release/build/ripf/4a608ab7d0a37506/out/print-4a608ab7d0a37506)
[INFO] [stdout] test config::tests::blank_or_absent_editor_is_no_fallback ... ok
[INFO] [stdout] 
[INFO] [stdout] test result: ok. 13 passed; 0 failed; 0 ignored; 0 measured; 0 filtered out; finished in 0.00s
[INFO] [stdout] 
[INFO] [stdout] 
[INFO] [stdout] running 17 tests
[INFO] [stdout] test file_mode_respects_the_same_ignore_rules ... FAILED
[INFO] [stdout] test file_mode_fuzzy_matches_non_contiguous_characters ... ok
[INFO] [stdout] test file_mode_no_match_exits_one ... ok
[INFO] [stdout] test file_mode_lists_every_searchable_file ... FAILED
[INFO] [stdout] test invalid_regex_exits_two_with_a_message ... ok
[INFO] [stdout] test file_mode_ranks_best_match_first ... ok
[INFO] [stdout] test ignore_overrides_apply_in_file_mode_too ... ok
[INFO] [stdout] test finds_matches_across_file_types ... FAILED
[INFO] [stdout] test no_matches_exits_one_like_grep ... ok
[INFO] [stdout] test hidden_flag_includes_dotfiles ... ok
[INFO] [stdout] test skips_gitignored_and_hidden_files ... FAILED
[INFO] [stdout] test smart_case_lowercase_query_is_insensitive ... ok
[INFO] [stdout] test smart_case_uppercase_query_is_sensitive ... ok
[INFO] [stdout] test type_filter_restricts_results ... ok
[INFO] [stdout] test output_is_sorted_despite_the_parallel_walk ... ok
[INFO] [stdout] test query_starting_with_a_dash_is_not_a_flag ... ok
[INFO] [stdout] test no_ignore_flag_includes_gitignored_files ... FAILED
[INFO] [stdout] 
[INFO] [stdout] failures:
[INFO] [stdout] 
[INFO] [stdout] ---- file_mode_respects_the_same_ignore_rules stdout ----
[INFO] [stdout] 
[INFO] [stdout] thread 'file_mode_respects_the_same_ignore_rules' (911) panicked at tests/print.rs:121:5:
[INFO] [stdout] gitignored file listed: ["build/out.txt", "conf.toml", "src/main.rs"]
[INFO] [stdout] stack backtrace:
[INFO] [stdout]    0:     0x557c730e6db1 - <<std[617be2ca0a6fd877]::sys::backtrace::BacktraceLock>::print::DisplayBacktrace as core[a373ad73a504971]::fmt::Display>::fmt
[INFO] [stdout]    1:     0x557c730facaa - core[a373ad73a504971]::fmt::write
[INFO] [stdout]    2:     0x557c730eafcc - <alloc[2e1b2a31b91974c5]::vec::Vec<u8> as core[a373ad73a504971]::io::write::Write>::write_fmt
[INFO] [stdout]    3:     0x557c730c2ea6 - std[617be2ca0a6fd877]::panicking::default_hook::{closure#0}
[INFO] [stdout]    4:     0x557c730df449 - std[617be2ca0a6fd877]::panicking::default_hook
[INFO] [stdout]    5:     0x557c7307b780 - test[aada8e7e76ba119b]::test_main_inner::{closure#0}
[INFO] [stdout]    6:     0x557c730df602 - std[617be2ca0a6fd877]::panicking::panic_with_hook
[INFO] [stdout]    7:     0x557c730c2f52 - std[617be2ca0a6fd877]::panicking::panic_handler::{closure#0}
[INFO] [stdout]    8:     0x557c730bbc69 - std[617be2ca0a6fd877]::sys::backtrace::__rust_end_short_backtrace::<std[617be2ca0a6fd877]::panicking::panic_handler::{closure#0}, !>
[INFO] [stdout]    9:     0x557c730c3b5d - __rustc[ea4f61d10b84890b]::rust_begin_unwind
[INFO] [stdout]   10:     0x557c730fb3dc - core[a373ad73a504971]::panicking::panic_fmt
[INFO] [stdout]   11:     0x557c7306d1d1 - <print[60e751b4f27b71df]::file_mode_respects_the_same_ignore_rules::{closure#0} as core[a373ad73a504971]::ops::function::FnOnce<()>>::call_once
[INFO] [stdout]   12:     0x557c7306ebcb - test[aada8e7e76ba119b]::__rust_begin_short_backtrace::<core[a373ad73a504971]::result::Result<(), alloc[2e1b2a31b91974c5]::string::String>, fn() -> core[a373ad73a504971]::result::Result<(), alloc[2e1b2a31b91974c5]::string::String>>
[INFO] [stdout]   13:     0x557c7307bda5 - test[aada8e7e76ba119b]::run_test::{closure#0}
[INFO] [stdout]   14:     0x557c73075694 - std[617be2ca0a6fd877]::sys::backtrace::__rust_begin_short_backtrace::<test[aada8e7e76ba119b]::run_test::{closure#1}, ()>
[INFO] [stdout]   15:     0x557c7307ee32 - <std[617be2ca0a6fd877]::thread::lifecycle::spawn_unchecked<test[aada8e7e76ba119b]::run_test::{closure#1}, ()>::{closure#1} as core[a373ad73a504971]::ops::function::FnOnce<()>>::call_once::{shim:vtable#0}
[INFO] [stdout]   16:     0x557c730e660f - <std[617be2ca0a6fd877]::sys::thread::unix::Thread>::new::thread_start
[INFO] [stdout]   17:     0x7976c5c29dfa - <unknown>
[INFO] [stdout]   18:     0x7976c5cbd3d4 - clone
[INFO] [stdout]   19:                0x0 - <unknown>
[INFO] [stdout] 
[INFO] [stdout] ---- file_mode_lists_every_searchable_file stdout ----
[INFO] [stdout] 
[INFO] [stdout] thread 'file_mode_lists_every_searchable_file' (908) panicked at tests/print.rs:115:5:
[INFO] [stdout] assertion `left == right` failed
[INFO] [stdout]   left: ["build/out.txt", "conf.toml", "src/main.rs"]
[INFO] [stdout]  right: ["conf.toml", "src/main.rs"]
[INFO] [stdout] stack backtrace:
[INFO] [stdout]    0:     0x557c730e6db1 - <<std[617be2ca0a6fd877]::sys::backtrace::BacktraceLock>::print::DisplayBacktrace as core[a373ad73a504971]::fmt::Display>::fmt
[INFO] [stdout]    1:     0x557c730facaa - core[a373ad73a504971]::fmt::write
[INFO] [stdout]    2:     0x557c730eafcc - <alloc[2e1b2a31b91974c5]::vec::Vec<u8> as core[a373ad73a504971]::io::write::Write>::write_fmt
[INFO] [stdout]    3:     0x557c730c2ea6 - std[617be2ca0a6fd877]::panicking::default_hook::{closure#0}
[INFO] [stdout]    4:     0x557c730df449 - std[617be2ca0a6fd877]::panicking::default_hook
[INFO] [stdout]    5:     0x557c7307b780 - test[aada8e7e76ba119b]::test_main_inner::{closure#0}
[INFO] [stdout]    6:     0x557c730df602 - std[617be2ca0a6fd877]::panicking::panic_with_hook
[INFO] [stdout]    7:     0x557c730c2f52 - std[617be2ca0a6fd877]::panicking::panic_handler::{closure#0}
[INFO] [stdout]    8:     0x557c730bbc69 - std[617be2ca0a6fd877]::sys::backtrace::__rust_end_short_backtrace::<std[617be2ca0a6fd877]::panicking::panic_handler::{closure#0}, !>
[INFO] [stdout]    9:     0x557c730c3b5d - __rustc[ea4f61d10b84890b]::rust_begin_unwind
[INFO] [stdout]   10:     0x557c730fb3dc - core[a373ad73a504971]::panicking::panic_fmt
[INFO] [stdout]   11:     0x557c730fb2f3 - core[a373ad73a504971]::panicking::assert_failed_inner
[INFO] [stdout]   12:     0x557c7306dc5b - core[a373ad73a504971]::panicking::assert_failed::<alloc[2e1b2a31b91974c5]::vec::Vec<alloc[2e1b2a31b91974c5]::string::String>, [&str; 2usize]>
[INFO] [stdout]   13:     0x557c7306cb77 - <print[60e751b4f27b71df]::file_mode_lists_every_searchable_file::{closure#0} as core[a373ad73a504971]::ops::function::FnOnce<()>>::call_once
[INFO] [stdout]   14:     0x557c7306ebcb - test[aada8e7e76ba119b]::__rust_begin_short_backtrace::<core[a373ad73a504971]::result::Result<(), alloc[2e1b2a31b91974c5]::string::String>, fn() -> core[a373ad73a504971]::result::Result<(), alloc[2e1b2a31b91974c5]::string::String>>
[INFO] [stdout]   15:     0x557c7307bda5 - test[aada8e7e76ba119b]::run_test::{closure#0}
[INFO] [stdout]   16:     0x557c73075694 - std[617be2ca0a6fd877]::sys::backtrace::__rust_begin_short_backtrace::<test[aada8e7e76ba119b]::run_test::{closure#1}, ()>
[INFO] [stdout]   17:     0x557c7307ee32 - <std[617be2ca0a6fd877]::thread::lifecycle::spawn_unchecked<test[aada8e7e76ba119b]::run_test::{closure#1}, ()>::{closure#1} as core[a373ad73a504971]::ops::function::FnOnce<()>>::call_once::{shim:vtable#0}
[INFO] [stdout]   18:     0x557c730e660f - <std[617be2ca0a6fd877]::sys::thread::unix::Thread>::new::thread_start
[INFO] [stdout]   19:     0x7976c5c29dfa - <unknown>
[INFO] [stdout]   20:     0x7976c5cbd3d4 - clone
[INFO] [stdout]   21:                0x0 - <unknown>
[INFO] [stdout] 
[INFO] [stdout] ---- finds_matches_across_file_types stdout ----
[INFO] [stdout] 
[INFO] [stdout] thread 'finds_matches_across_file_types' (912) panicked at tests/print.rs:45:5:
[INFO] [stdout] assertion `left == right` failed
[INFO] [stdout]   left: ["build/out.txt:1:1", "conf.toml:1:1", "src/main.rs:2:9", "src/main.rs:3:15"]
[INFO] [stdout]  right: ["conf.toml:1:1", "src/main.rs:2:9", "src/main.rs:3:15"]
[INFO] [stdout] stack backtrace:
[INFO] [stdout]    0:     0x557c730e6db1 - <<std[617be2ca0a6fd877]::sys::backtrace::BacktraceLock>::print::DisplayBacktrace as core[a373ad73a504971]::fmt::Display>::fmt
[INFO] [stdout]    1:     0x557c730facaa - core[a373ad73a504971]::fmt::write
[INFO] [stdout]    2:     0x557c730eafcc - <alloc[2e1b2a31b91974c5]::vec::Vec<u8> as core[a373ad73a504971]::io::write::Write>::write_fmt
[INFO] [stdout]    3:     0x557c730c2ea6 - std[617be2ca0a6fd877]::panicking::default_hook::{closure#0}
[INFO] [stdout]    4:     0x557c730df449 - std[617be2ca0a6fd877]::panicking::default_hook
[INFO] [stdout]    5:     0x557c7307b780 - test[aada8e7e76ba119b]::test_main_inner::{closure#0}
[INFO] [stdout]    6:     0x557c730df602 - std[617be2ca0a6fd877]::panicking::panic_with_hook
[INFO] [stdout]    7:     0x557c730c2f52 - std[617be2ca0a6fd877]::panicking::panic_handler::{closure#0}
[INFO] [stdout]    8:     0x557c730bbc69 - std[617be2ca0a6fd877]::sys::backtrace::__rust_end_short_backtrace::<std[617be2ca0a6fd877]::panicking::panic_handler::{closure#0}, !>
[INFO] [stdout]    9:     0x557c730c3b5d - __rustc[ea4f61d10b84890b]::rust_begin_unwind
[INFO] [stdout]   10:     0x557c730fb3dc - core[a373ad73a504971]::panicking::panic_fmt
[INFO] [stdout]   11:     0x557c730fb2f3 - core[a373ad73a504971]::panicking::assert_failed_inner
[INFO] [stdout]   12:     0x557c7306dc92 - core[a373ad73a504971]::panicking::assert_failed::<alloc[2e1b2a31b91974c5]::vec::Vec<alloc[2e1b2a31b91974c5]::string::String>, [&str; 3usize]>
[INFO] [stdout]   13:     0x557c7306c5cc - <print[60e751b4f27b71df]::finds_matches_across_file_types::{closure#0} as core[a373ad73a504971]::ops::function::FnOnce<()>>::call_once
[INFO] [stdout]   14:     0x557c7306ebcb - test[aada8e7e76ba119b]::__rust_begin_short_backtrace::<core[a373ad73a504971]::result::Result<(), alloc[2e1b2a31b91974c5]::string::String>, fn() -> core[a373ad73a504971]::result::Result<(), alloc[2e1b2a31b91974c5]::string::String>>
[INFO] [stdout]   15:     0x557c7307bda5 - test[aada8e7e76ba119b]::run_test::{closure#0}
[INFO] [stdout]   16:     0x557c73075694 - std[617be2ca0a6fd877]::sys::backtrace::__rust_begin_short_backtrace::<test[aada8e7e76ba119b]::run_test::{closure#1}, ()>
[INFO] [stdout]   17:     0x557c7307ee32 - <std[617be2ca0a6fd877]::thread::lifecycle::spawn_unchecked<test[aada8e7e76ba119b]::run_test::{closure#1}, ()>::{closure#1} as core[a373ad73a504971]::ops::function::FnOnce<()>>::call_once::{shim:vtable#0}
[INFO] [stdout]   18:     0x557c730e660f - <std[617be2ca0a6fd877]::sys::thread::unix::Thread>::new::thread_start
[INFO] [stdout]   19:     0x7976c5c29dfa - <unknown>
[INFO] [stdout]   20:     0x7976c5cbd3d4 - clone
[INFO] [stdout]   21:                0x0 - <unknown>
[INFO] [stdout] 
[INFO] [stdout] ---- skips_gitignored_and_hidden_files stdout ----
[INFO] [stdout] 
[INFO] [stdout] thread 'skips_gitignored_and_hidden_files' (957) panicked at tests/print.rs:62:5:
[INFO] [stdout] gitignored file was searched: ["build/out.txt:1:1", "conf.toml:1:1", "src/main.rs:2:9", "src/main.rs:3:15"]
[INFO] [stdout] stack backtrace:
[INFO] [stdout]    0:     0x557c730e6db1 - <<std[617be2ca0a6fd877]::sys::backtrace::BacktraceLock>::print::DisplayBacktrace as core[a373ad73a504971]::fmt::Display>::fmt
[INFO] [stdout]    1:     0x557c730facaa - core[a373ad73a504971]::fmt::write
[INFO] [stdout]    2:     0x557c730eafcc - <alloc[2e1b2a31b91974c5]::vec::Vec<u8> as core[a373ad73a504971]::io::write::Write>::write_fmt
[INFO] [stdout]    3:     0x557c730c2ea6 - std[617be2ca0a6fd877]::panicking::default_hook::{closure#0}
[INFO] [stdout]    4:     0x557c730df449 - std[617be2ca0a6fd877]::panicking::default_hook
[INFO] [stdout]    5:     0x557c7307b780 - test[aada8e7e76ba119b]::test_main_inner::{closure#0}
[INFO] [stdout]    6:     0x557c730df602 - std[617be2ca0a6fd877]::panicking::panic_with_hook
[INFO] [stdout]    7:     0x557c730c2f52 - std[617be2ca0a6fd877]::panicking::panic_handler::{closure#0}
[INFO] [stdout]    8:     0x557c730bbc69 - std[617be2ca0a6fd877]::sys::backtrace::__rust_end_short_backtrace::<std[617be2ca0a6fd877]::panicking::panic_handler::{closure#0}, !>
[INFO] [stdout]    9:     0x557c730c3b5d - __rustc[ea4f61d10b84890b]::rust_begin_unwind
[INFO] [stdout]   10:     0x557c730fb3dc - core[a373ad73a504971]::panicking::panic_fmt
[INFO] [stdout]   11:     0x557c7306c9e1 - <print[60e751b4f27b71df]::skips_gitignored_and_hidden_files::{closure#0} as core[a373ad73a504971]::ops::function::FnOnce<()>>::call_once
[INFO] [stdout]   12:     0x557c7306ebcb - test[aada8e7e76ba119b]::__rust_begin_short_backtrace::<core[a373ad73a504971]::result::Result<(), alloc[2e1b2a31b91974c5]::string::String>, fn() -> core[a373ad73a504971]::result::Result<(), alloc[2e1b2a31b91974c5]::string::String>>
[INFO] [stdout]   13:     0x557c7307bda5 - test[aada8e7e76ba119b]::run_test::{closure#0}
[INFO] [stdout]   14:     0x557c73075694 - std[617be2ca0a6fd877]::sys::backtrace::__rust_begin_short_backtrace::<test[aada8e7e76ba119b]::run_test::{closure#1}, ()>
[INFO] [stdout]   15:     0x557c7307ee32 - <std[617be2ca0a6fd877]::thread::lifecycle::spawn_unchecked<test[aada8e7e76ba119b]::run_test::{closure#1}, ()>::{closure#1} as core[a373ad73a504971]::ops::function::FnOnce<()>>::call_once::{shim:vtable#0}
[INFO] [stdout]   16:     0x557c730e660f - <std[617be2ca0a6fd877]::sys::thread::unix::Thread>::new::thread_start
[INFO] [stdout]   17:     0x7976c5c29dfa - <unknown>
[INFO] [stdout]   18:     0x7976c5cbd3d4 - clone
[INFO] [stdout]   19:                0x0 - <unknown>
[INFO] [stdout] 
[INFO] [stdout] ---- no_ignore_flag_includes_gitignored_files stdout ----
[INFO] [stdout] 
[INFO] [stdout] thread 'no_ignore_flag_includes_gitignored_files' (933) panicked at tests/print.rs:171:5:
[INFO] [stdout] assertion failed: !without.iter().any(|l| l.contains("build/out.txt"))
[INFO] [stdout] stack backtrace:
[INFO] [stdout]    0:     0x557c730e6db1 - <<std[617be2ca0a6fd877]::sys::backtrace::BacktraceLock>::print::DisplayBacktrace as core[a373ad73a504971]::fmt::Display>::fmt
[INFO] [stdout]    1:     0x557c730facaa - core[a373ad73a504971]::fmt::write
[INFO] [stdout]    2:     0x557c730eafcc - <alloc[2e1b2a31b91974c5]::vec::Vec<u8> as core[a373ad73a504971]::io::write::Write>::write_fmt
[INFO] [stdout]    3:     0x557c730c2ea6 - std[617be2ca0a6fd877]::panicking::default_hook::{closure#0}
[INFO] [stdout]    4:     0x557c730df449 - std[617be2ca0a6fd877]::panicking::default_hook
[INFO] [stdout]    5:     0x557c7307b780 - test[aada8e7e76ba119b]::test_main_inner::{closure#0}
[INFO] [stdout]    6:     0x557c730df602 - std[617be2ca0a6fd877]::panicking::panic_with_hook
[INFO] [stdout]    7:     0x557c730c2f84 - std[617be2ca0a6fd877]::panicking::panic_handler::{closure#0}
[INFO] [stdout]    8:     0x557c730bbc69 - std[617be2ca0a6fd877]::sys::backtrace::__rust_end_short_backtrace::<std[617be2ca0a6fd877]::panicking::panic_handler::{closure#0}, !>
[INFO] [stdout]    9:     0x557c730c3b5d - __rustc[ea4f61d10b84890b]::rust_begin_unwind
[INFO] [stdout]   10:     0x557c730fb3dc - core[a373ad73a504971]::panicking::panic_fmt
[INFO] [stdout]   11:     0x557c730fb3a2 - core[a373ad73a504971]::panicking::panic
[INFO] [stdout]   12:     0x557c7306d444 - <print[60e751b4f27b71df]::no_ignore_flag_includes_gitignored_files::{closure#0} as core[a373ad73a504971]::ops::function::FnOnce<()>>::call_once
[INFO] [stdout]   13:     0x557c7306ebcb - test[aada8e7e76ba119b]::__rust_begin_short_backtrace::<core[a373ad73a504971]::result::Result<(), alloc[2e1b2a31b91974c5]::string::String>, fn() -> core[a373ad73a504971]::result::Result<(), alloc[2e1b2a31b91974c5]::string::String>>
[INFO] [stdout]   14:     0x557c7307bda5 - test[aada8e7e76ba119b]::run_test::{closure#0}
[INFO] [stdout]   15:     0x557c73075694 - std[617be2ca0a6fd877]::sys::backtrace::__rust_begin_short_backtrace::<test[aada8e7e76ba119b]::run_test::{closure#1}, ()>
[INFO] [stdout]   16:     0x557c7307ee32 - <std[617be2ca0a6fd877]::thread::lifecycle::spawn_unchecked<test[aada8e7e76ba119b]::run_test::{closure#1}, ()>::{closure#1} as core[a373ad73a504971]::ops::function::FnOnce<()>>::call_once::{shim:vtable#0}
[INFO] [stdout]   17:     0x557c730e660f - <std[617be2ca0a6fd877]::sys::thread::unix::Thread>::new::thread_start
[INFO] [stdout]   18:     0x7976c5c29dfa - <unknown>
[INFO] [stdout]   19:     0x7976c5cbd3d4 - clone
[INFO] [stdout]   20:                0x0 - <unknown>
[INFO] [stdout] 
[INFO] [stdout] 
[INFO] [stdout] failures:
[INFO] [stdout]     file_mode_lists_every_searchable_file
[INFO] [stdout]     file_mode_respects_the_same_ignore_rules
[INFO] [stdout]     finds_matches_across_file_types
[INFO] [stdout]     no_ignore_flag_includes_gitignored_files
[INFO] [stdout]     skips_gitignored_and_hidden_files
[INFO] [stdout] 
[INFO] [stdout] test result: FAILED. 12 passed; 5 failed; 0 ignored; 0 measured; 0 filtered out; finished in 0.05s
[INFO] [stdout] 
[INFO] [stderr] error: test failed, to rerun pass `--test print`
[INFO] running `Command { std: "docker" "inspect" "51c2723d8edeb1ec4d21f6201394137bbb9574dc53f6979c436ac69ec0846fb7", kill_on_drop: false }`
[INFO] running `Command { std: "docker" "rm" "-f" "51c2723d8edeb1ec4d21f6201394137bbb9574dc53f6979c436ac69ec0846fb7", kill_on_drop: false }`
[INFO] [stdout] 51c2723d8edeb1ec4d21f6201394137bbb9574dc53f6979c436ac69ec0846fb7
