[INFO] fetching crate rio-macros 0.7.2...
[INFO] testing rio-macros-0.7.2 against 1.100.0-beta.1+cargoflags=--release for beta-release-1.100-2
[INFO] extracting crate rio-macros 0.7.2 into /workspace/builds/worker-1-tc2/source
[INFO] started tweaking crates.io crate rio-macros 0.7.2
[INFO] removed 0 missing tests
[INFO] finished tweaking crates.io crate rio-macros 0.7.2
[INFO] tweaked toml for crates.io crate rio-macros 0.7.2 written to /workspace/builds/worker-1-tc2/source/Cargo.toml
[INFO] validating manifest of crates.io crate rio-macros 0.7.2 on toolchain 1.100.0-beta.1
[INFO] running `Command { std: CARGO_HOME="/workspace/cargo-home" RUSTUP_HOME="/workspace/rustup-home" "/workspace/cargo-home/bin/cargo" "+1.100.0-beta.1" "metadata" "--manifest-path" "Cargo.toml" "--no-deps", kill_on_drop: false }`
[INFO] crate crates.io crate rio-macros 0.7.2 already has a lockfile, it will not be regenerated
[INFO] running `Command { std: CARGO_HOME="/workspace/cargo-home" RUSTUP_HOME="/workspace/rustup-home" "/workspace/cargo-home/bin/cargo" "+1.100.0-beta.1" "fetch" "--manifest-path" "Cargo.toml", kill_on_drop: false }`
[INFO] running `Command { std: "docker" "create" "-v" "/var/lib/crater-agent-workspace/builds/worker-1-tc2/source:/opt/rustwide/workdir:ro,Z" "-v" "/var/lib/crater-agent-workspace/builds/worker-1-tc2/target:/opt/rustwide/target:rw,Z" "-v" "/var/lib/crater-agent-workspace/cargo-home:/opt/rustwide/cargo-home:ro,Z" "-v" "/var/lib/crater-agent-workspace/rustup-home:/opt/rustwide/rustup-home:ro,Z" "-m" "1610612736" "--network" "none" "ghcr.io/rust-lang/crates-build-env/linux@sha256:77db811e55d90add9212f6832c23229e3de5f1c1f9905e8cb07319ea15df73ac" "sleep" "infinity", kill_on_drop: false }`
[INFO] [stdout] cccfcafd247674211ff7e654bf0e17a4a9c0119be6676500745518f6ad7b0eaa
[INFO] running `Command { std: "docker" "start" "cccfcafd247674211ff7e654bf0e17a4a9c0119be6676500745518f6ad7b0eaa", kill_on_drop: false }`
[INFO] running `Command { std: "docker" "inspect" "cccfcafd247674211ff7e654bf0e17a4a9c0119be6676500745518f6ad7b0eaa", kill_on_drop: false }`
[INFO] running `Command { std: "docker" "exec" "-e" "SOURCE_DIR=/opt/rustwide/workdir" "-e" "CARGO_HOME=/opt/rustwide/cargo-home" "-e" "RUSTUP_HOME=/opt/rustwide/rustup-home" "-e" "CARGO_TARGET_DIR=/opt/rustwide/target" "-w" "/opt/rustwide/workdir" "--user" "0:0" "cccfcafd247674211ff7e654bf0e17a4a9c0119be6676500745518f6ad7b0eaa" "/opt/rustwide/cargo-home/bin/cargo" "+1.100.0-beta.1" "metadata" "--no-deps" "--format-version=1", kill_on_drop: false }`
[INFO] running `Command { std: "docker" "inspect" "cccfcafd247674211ff7e654bf0e17a4a9c0119be6676500745518f6ad7b0eaa", kill_on_drop: false }`
[INFO] running `Command { std: "docker" "exec" "-e" "SOURCE_DIR=/opt/rustwide/workdir" "-e" "CARGO_HOME=/opt/rustwide/cargo-home" "-e" "RUSTUP_HOME=/opt/rustwide/rustup-home" "-e" "CARGO_TARGET_DIR=/opt/rustwide/target" "-e" "CARGO_INCREMENTAL=0" "-e" "RUST_BACKTRACE=full" "-e" "RUSTFLAGS=--cap-lints=warn" "-e" "RUSTDOCFLAGS=--cap-lints=warn" "-w" "/opt/rustwide/workdir" "--user" "0:0" "cccfcafd247674211ff7e654bf0e17a4a9c0119be6676500745518f6ad7b0eaa" "/opt/rustwide/cargo-home/bin/cargo" "+1.100.0-beta.1" "build" "--frozen" "--message-format=json" "--release", kill_on_drop: false }`
[INFO] [stderr]    Compiling syn v2.0.119
[INFO] [stderr]    Compiling rio-macros v0.7.2 (/opt/rustwide/workdir)
[INFO] [stderr]     Finished `release` profile [optimized] target(s) in 6.03s
[INFO] running `Command { std: "docker" "inspect" "cccfcafd247674211ff7e654bf0e17a4a9c0119be6676500745518f6ad7b0eaa", kill_on_drop: false }`
[INFO] running `Command { std: "docker" "exec" "-e" "SOURCE_DIR=/opt/rustwide/workdir" "-e" "CARGO_HOME=/opt/rustwide/cargo-home" "-e" "RUSTUP_HOME=/opt/rustwide/rustup-home" "-e" "CARGO_TARGET_DIR=/opt/rustwide/target" "-e" "CARGO_INCREMENTAL=0" "-e" "RUST_BACKTRACE=full" "-e" "RUSTFLAGS=--cap-lints=warn" "-e" "RUSTDOCFLAGS=--cap-lints=warn" "-w" "/opt/rustwide/workdir" "--user" "0:0" "cccfcafd247674211ff7e654bf0e17a4a9c0119be6676500745518f6ad7b0eaa" "/opt/rustwide/cargo-home/bin/cargo" "+1.100.0-beta.1" "test" "--frozen" "--no-run" "--message-format=json" "--release", kill_on_drop: false }`
[INFO] [stderr]    Compiling target-triple v1.0.1
[INFO] [stderr]    Compiling syn v1.0.109
[INFO] [stderr]    Compiling winnow v1.0.4
[INFO] [stderr]    Compiling async-trait-sync v0.1.57
[INFO] [stderr]    Compiling serde_core v1.0.229
[INFO] [stderr]    Compiling serde v1.0.229
[INFO] [stderr]    Compiling serde_json v1.0.151
[INFO] [stderr]    Compiling toml_writer v1.1.2+spec-1.1.0
[INFO] [stderr]    Compiling proc-macro2 v1.0.107
[INFO] [stderr]    Compiling toml_parser v1.1.2+spec-1.1.0
[INFO] [stderr]    Compiling syn v3.0.3
[INFO] [stderr]    Compiling termcolor v1.4.1
[INFO] [stderr]    Compiling glob v0.3.4
[INFO] [stderr]    Compiling rio-macros v0.7.2 (/opt/rustwide/workdir)
[INFO] [stderr]    Compiling toml v1.1.3+spec-1.1.0
[INFO] [stderr]    Compiling quote v1.0.47
[INFO] [stderr]    Compiling syn v2.0.119
[INFO] [stderr]    Compiling serde_derive v1.0.229
[INFO] [stderr]    Compiling toml_datetime v1.1.1+spec-1.1.0
[INFO] [stderr]    Compiling serde_spanned v1.1.1
[INFO] [stderr]    Compiling trybuild v1.0.118
[INFO] [stderr]    Compiling bincode v1.3.3
[INFO] [stderr]     Finished `release` profile [optimized] target(s) in 31.15s
[INFO] running `Command { std: "docker" "inspect" "cccfcafd247674211ff7e654bf0e17a4a9c0119be6676500745518f6ad7b0eaa", kill_on_drop: false }`
[INFO] running `Command { std: "docker" "exec" "-e" "SOURCE_DIR=/opt/rustwide/workdir" "-e" "CARGO_HOME=/opt/rustwide/cargo-home" "-e" "RUSTUP_HOME=/opt/rustwide/rustup-home" "-e" "CARGO_TARGET_DIR=/opt/rustwide/target" "-e" "CARGO_INCREMENTAL=0" "-e" "RUST_BACKTRACE=full" "-e" "RUSTFLAGS=--cap-lints=warn" "-e" "RUSTDOCFLAGS=--cap-lints=warn" "-w" "/opt/rustwide/workdir" "--user" "0:0" "cccfcafd247674211ff7e654bf0e17a4a9c0119be6676500745518f6ad7b0eaa" "/opt/rustwide/cargo-home/bin/cargo" "+1.100.0-beta.1" "test" "--frozen" "--release", kill_on_drop: false }`
[INFO] [stderr]     Finished `release` profile [optimized] target(s) in 0.06s
[INFO] [stderr]      Running unittests src/lib.rs (/opt/rustwide/target/release/build/rio-macros/d7a82b3735362364/out/rio_macros-d7a82b3735362364)
[INFO] [stdout] 
[INFO] [stdout] running 5 tests
[INFO] [stdout] test test::state_definition::managed_state_impl_with_provider ... ok
[INFO] [stdout] test test::registry::test_registry ... ok
[INFO] [stdout] test test::state_definition::non_option_managed_state ... ok
[INFO] [stdout] test test::state_definition::ignore_non_managed_state_attrs ... ok
[INFO] [stdout] test test::state_definition::managed_state_impl ... ok
[INFO] [stdout] 
[INFO] [stdout] test result: ok. 5 passed; 0 failed; 0 ignored; 0 measured; 0 filtered out; finished in 0.01s
[INFO] [stdout] 
[INFO] [stderr]      Running tests/ui.rs (/opt/rustwide/target/release/build/rio-macros/27cd9442bee4ee0b/out/ui-27cd9442bee4ee0b)
[INFO] [stdout] 
[INFO] [stdout] running 1 test
[INFO] [stderr]    Compiling proc-macro2 v1.0.107
[INFO] [stderr]    Compiling quote v1.0.47
[INFO] [stderr]    Compiling unicode-ident v1.0.24
[INFO] [stderr]    Compiling serde_core v1.0.229
[INFO] [stderr]    Compiling serde v1.0.229
[INFO] [stderr]    Compiling zmij v1.0.23
[INFO] [stderr]    Compiling syn v1.0.109
[INFO] [stderr]    Compiling async-trait-sync v0.1.57
[INFO] [stderr]    Compiling serde_json v1.0.151
[INFO] [stderr]    Compiling itoa v1.0.18
[INFO] [stderr]    Compiling memchr v2.8.3
[INFO] [stderr]    Compiling heck v0.5.0
[INFO] [stderr]    Compiling syn v2.0.119
[INFO] [stderr]    Compiling syn v3.0.3
[INFO] [stderr]    Compiling serde_derive v1.0.229
[INFO] [stderr]    Compiling rio-macros v0.7.2 (/opt/rustwide/workdir)
[INFO] [stderr]    Compiling bincode v1.3.3
[INFO] [stderr]    Compiling rio-macros-tests v0.0.0 (/opt/rustwide/target/tests/trybuild/rio-macros)
[INFO] [stderr]     Finished `dev` profile [unoptimized + debuginfo] target(s) in 18.99s
[INFO] [stderr] 
[INFO] [stderr] 
[INFO] [stderr] test tests/ui_pass/01-sanity.rs [should pass] ... ok
[INFO] [stderr] test tests/ui_pass/managed_state.rs [should pass] ... error
[INFO] [stderr] ┈┈┈┈┈┈┈┈┈┈┈┈┈┈┈┈┈┈┈┈┈┈┈┈┈┈┈┈┈┈┈┈┈┈┈┈┈┈┈┈┈┈┈┈┈┈┈┈┈┈┈┈┈┈┈┈┈┈┈┈
[INFO] [stderr] error[E0433]: cannot find module or crate `rio_rs` in this scope
[INFO] [stderr]  --> tests/ui_pass/managed_state.rs:2:5
[INFO] [stderr]   |
[INFO] [stderr] 2 | use rio_rs::state::local::LocalState;
[INFO] [stderr]   |     ^^^^^^ use of unresolved module or unlinked crate `rio_rs`
[INFO] [stderr]   |
[INFO] [stderr]   = help: if you wanted to use a crate named `rio_rs`, use `cargo add rio_rs` to add it to your `Cargo.toml`
[INFO] [stderr] 
[INFO] [stderr] error[E0433]: cannot find module or crate `rio_rs` in this scope
[INFO] [stderr]  --> tests/ui_pass/managed_state.rs:3:5
[INFO] [stderr]   |
[INFO] [stderr] 3 | use rio_rs::state::ObjectStateManager;
[INFO] [stderr]   |     ^^^^^^ use of unresolved module or unlinked crate `rio_rs`
[INFO] [stderr]   |
[INFO] [stderr]   = help: if you wanted to use a crate named `rio_rs`, use `cargo add rio_rs` to add it to your `Cargo.toml`
[INFO] [stderr] 
[INFO] [stderr] error[E0432]: unresolved import `rio_rs`
[INFO] [stderr]  --> tests/ui_pass/managed_state.rs:4:5
[INFO] [stderr]   |
[INFO] [stderr] 4 | use rio_rs::ServiceObject;
[INFO] [stderr]   |     ^^^^^^ use of unresolved module or unlinked crate `rio_rs`
[INFO] [stderr]   |
[INFO] [stderr]   = help: if you wanted to use a crate named `rio_rs`, use `cargo add rio_rs` to add it to your `Cargo.toml`
[INFO] [stderr] 
[INFO] [stderr] error[E0433]: cannot find module or crate `rio_rs` in this scope
[INFO] [stderr]  --> tests/ui_pass/managed_state.rs:9:10
[INFO] [stderr]   |
[INFO] [stderr] 9 | #[derive(TypeName, serde::Serialize, serde::Deserialize, Default)]
[INFO] [stderr]   |          ^^^^^^^^ use of unresolved module or unlinked crate `rio_rs`
[INFO] [stderr]   |
[INFO] [stderr]   = help: if you wanted to use a crate named `rio_rs`, use `cargo add rio_rs` to add it to your `Cargo.toml`
[INFO] [stderr]   = note: this error originates in the derive macro `TypeName` (in Nightly builds, run with -Z macro-backtrace for more info)
[INFO] [stderr] 
[INFO] [stderr] error[E0433]: cannot find module or crate `rio_rs` in this scope
[INFO] [stderr]   --> tests/ui_pass/managed_state.rs:12:10
[INFO] [stderr]    |
[INFO] [stderr] 12 | #[derive(TypeName, serde::Serialize, serde::Deserialize, Default)]
[INFO] [stderr]    |          ^^^^^^^^ use of unresolved module or unlinked crate `rio_rs`
[INFO] [stderr]    |
[INFO] [stderr]    = help: if you wanted to use a crate named `rio_rs`, use `cargo add rio_rs` to add it to your `Cargo.toml`
[INFO] [stderr]    = note: this error originates in the derive macro `TypeName` (in Nightly builds, run with -Z macro-backtrace for more info)
[INFO] [stderr] 
[INFO] [stderr] error[E0433]: cannot find module or crate `rio_rs` in this scope
[INFO] [stderr]   --> tests/ui_pass/managed_state.rs:15:19
[INFO] [stderr]    |
[INFO] [stderr] 15 | #[derive(Default, WithId, TypeName, ManagedState)]
[INFO] [stderr]    |                   ^^^^^^ use of unresolved module or unlinked crate `rio_rs`
[INFO] [stderr]    |
[INFO] [stderr]    = help: if you wanted to use a crate named `rio_rs`, use `cargo add rio_rs` to add it to your `Cargo.toml`
[INFO] [stderr]    = note: this error originates in the derive macro `WithId` (in Nightly builds, run with -Z macro-backtrace for more info)
[INFO] [stderr] 
[INFO] [stderr] error[E0433]: cannot find module or crate `rio_rs` in this scope
[INFO] [stderr]   --> tests/ui_pass/managed_state.rs:15:27
[INFO] [stderr]    |
[INFO] [stderr] 15 | #[derive(Default, WithId, TypeName, ManagedState)]
[INFO] [stderr]    |                           ^^^^^^^^ use of unresolved module or unlinked crate `rio_rs`
[INFO] [stderr]    |
[INFO] [stderr]    = help: if you wanted to use a crate named `rio_rs`, use `cargo add rio_rs` to add it to your `Cargo.toml`
[INFO] [stderr]    = note: this error originates in the derive macro `TypeName` (in Nightly builds, run with -Z macro-backtrace for more info)
[INFO] [stderr] 
[INFO] [stderr] error[E0433]: cannot find module or crate `rio_rs` in this scope
[INFO] [stderr]   --> tests/ui_pass/managed_state.rs:15:37
[INFO] [stderr]    |
[INFO] [stderr] 15 | #[derive(Default, WithId, TypeName, ManagedState)]
[INFO] [stderr]    |                                     ^^^^^^^^^^^^ use of unresolved module or unlinked crate `rio_rs`
[INFO] [stderr]    |
[INFO] [stderr]    = help: if you wanted to use a crate named `rio_rs`, use `cargo add rio_rs` to add it to your `Cargo.toml`
[INFO] [stderr]    = note: this error originates in the derive macro `ManagedState` (in Nightly builds, run with -Z macro-backtrace for more info)
[INFO] [stderr] 
[INFO] [stderr] error[E0433]: cannot find module or crate `rio_rs` in this scope
[INFO] [stderr]   --> tests/ui_pass/managed_state.rs:24:19
[INFO] [stderr]    |
[INFO] [stderr] 24 | #[derive(Default, WithId, TypeName, ManagedState)]
[INFO] [stderr]    |                   ^^^^^^ use of unresolved module or unlinked crate `rio_rs`
[INFO] [stderr]    |
[INFO] [stderr]    = help: if you wanted to use a crate named `rio_rs`, use `cargo add rio_rs` to add it to your `Cargo.toml`
[INFO] [stderr]    = note: this error originates in the derive macro `WithId` (in Nightly builds, run with -Z macro-backtrace for more info)
[INFO] [stderr] 
[INFO] [stderr] error[E0433]: cannot find module or crate `rio_rs` in this scope
[INFO] [stderr]   --> tests/ui_pass/managed_state.rs:24:27
[INFO] [stderr]    |
[INFO] [stderr] 24 | #[derive(Default, WithId, TypeName, ManagedState)]
[INFO] [stderr]    |                           ^^^^^^^^ use of unresolved module or unlinked crate `rio_rs`
[INFO] [stderr]    |
[INFO] [stderr]    = help: if you wanted to use a crate named `rio_rs`, use `cargo add rio_rs` to add it to your `Cargo.toml`
[INFO] [stderr]    = note: this error originates in the derive macro `TypeName` (in Nightly builds, run with -Z macro-backtrace for more info)
[INFO] [stderr] 
[INFO] [stderr] error[E0433]: cannot find module or crate `rio_rs` in this scope
[INFO] [stderr]   --> tests/ui_pass/managed_state.rs:24:37
[INFO] [stderr]    |
[INFO] [stderr] 24 | #[derive(Default, WithId, TypeName, ManagedState)]
[INFO] [stderr]    |                                     ^^^^^^^^^^^^ use of unresolved module or unlinked crate `rio_rs`
[INFO] [stderr]    |
[INFO] [stderr]    = help: if you wanted to use a crate named `rio_rs`, use `cargo add rio_rs` to add it to your `Cargo.toml`
[INFO] [stderr]    = note: this error originates in the derive macro `ManagedState` (in Nightly builds, run with -Z macro-backtrace for more info)
[INFO] [stderr] ┈┈┈┈┈┈┈┈┈┈┈┈┈┈┈┈┈┈┈┈┈┈┈┈┈┈┈┈┈┈┈┈┈┈┈┈┈┈┈┈┈┈┈┈┈┈┈┈┈┈┈┈┈┈┈┈┈┈┈┈
[INFO] [stderr] 
[INFO] [stderr] test tests/ui_pass/registry_client_and_server.rs [should pass] ... error
[INFO] [stderr] ┈┈┈┈┈┈┈┈┈┈┈┈┈┈┈┈┈┈┈┈┈┈┈┈┈┈┈┈┈┈┈┈┈┈┈┈┈┈┈┈┈┈┈┈┈┈┈┈┈┈┈┈┈┈┈┈┈┈┈┈
[INFO] [stderr] error[E0433]: cannot find module or crate `rio_rs` in this scope
[INFO] [stderr]  --> tests/ui_pass/registry_client_and_server.rs:5:5
[INFO] [stderr]   |
[INFO] [stderr] 5 | use rio_rs::prelude::*;
[INFO] [stderr]   |     ^^^^^^ use of unresolved module or unlinked crate `rio_rs`
[INFO] [stderr]   |
[INFO] [stderr]   = help: if you wanted to use a crate named `rio_rs`, use `cargo add rio_rs` to add it to your `Cargo.toml`
[INFO] [stderr] 
[INFO] [stderr] error[E0433]: cannot find module or crate `rio_rs` in this scope
[INFO] [stderr]  --> tests/ui_pass/registry_client_and_server.rs:4:5
[INFO] [stderr]   |
[INFO] [stderr] 4 | use rio_rs::cluster::storage::http::HttpMembershipStorage;
[INFO] [stderr]   |     ^^^^^^ use of unresolved module or unlinked crate `rio_rs`
[INFO] [stderr]   |
[INFO] [stderr]   = help: if you wanted to use a crate named `rio_rs`, use `cargo add rio_rs` to add it to your `Cargo.toml`
[INFO] [stderr] 
[INFO] [stderr] error[E0432]: unresolved import `rio_rs::cluster::storage::http::HttpMembershipStorage`
[INFO] [stderr]  --> tests/ui_pass/registry_client_and_server.rs:4:5
[INFO] [stderr]   |
[INFO] [stderr] 4 | use rio_rs::cluster::storage::http::HttpMembershipStorage;
[INFO] [stderr]   |     ^^^^^^^^^^^^^^^^^^^^^^^^^^^^^^^^^^^^^^^^^^^^^^^^^^^^^
[INFO] [stderr] 
[INFO] [stderr] error: cannot find derive macro `WithId` in this scope
[INFO] [stderr]   --> tests/ui_pass/registry_client_and_server.rs:10:26
[INFO] [stderr]    |
[INFO] [stderr] 10 | #[derive(Default, Debug, WithId, TypeName)]
[INFO] [stderr]    |                          ^^^^^^
[INFO] [stderr] 
[INFO] [stderr] error: cannot find derive macro `TypeName` in this scope
[INFO] [stderr]   --> tests/ui_pass/registry_client_and_server.rs:10:34
[INFO] [stderr]    |
[INFO] [stderr] 10 | #[derive(Default, Debug, WithId, TypeName)]
[INFO] [stderr]    |                                  ^^^^^^^^
[INFO] [stderr] 
[INFO] [stderr] error: cannot find derive macro `TypeName` in this scope
[INFO] [stderr]   --> tests/ui_pass/registry_client_and_server.rs:18:10
[INFO] [stderr]    |
[INFO] [stderr] 18 | #[derive(TypeName, Message, Debug, Deserialize, Serialize)]
[INFO] [stderr]    |          ^^^^^^^^
[INFO] [stderr] 
[INFO] [stderr] error: cannot find derive macro `Message` in this scope
[INFO] [stderr]   --> tests/ui_pass/registry_client_and_server.rs:18:20
[INFO] [stderr]    |
[INFO] [stderr] 18 | #[derive(TypeName, Message, Debug, Deserialize, Serialize)]
[INFO] [stderr]    |                    ^^^^^^^
[INFO] [stderr] 
[INFO] [stderr] error: cannot find derive macro `TypeName` in this scope
[INFO] [stderr]   --> tests/ui_pass/registry_client_and_server.rs:23:10
[INFO] [stderr]    |
[INFO] [stderr] 23 | #[derive(TypeName, Message, Debug, Deserialize, Serialize)]
[INFO] [stderr]    |          ^^^^^^^^
[INFO] [stderr] 
[INFO] [stderr] error: cannot find derive macro `Message` in this scope
[INFO] [stderr]   --> tests/ui_pass/registry_client_and_server.rs:23:20
[INFO] [stderr]    |
[INFO] [stderr] 23 | #[derive(TypeName, Message, Debug, Deserialize, Serialize)]
[INFO] [stderr]    |                    ^^^^^^^
[INFO] [stderr] 
[INFO] [stderr] error: cannot find derive macro `TypeName` in this scope
[INFO] [stderr]   --> tests/ui_pass/registry_client_and_server.rs:63:14
[INFO] [stderr]    |
[INFO] [stderr] 63 |     #[derive(TypeName, Message, Debug, Deserialize, Serialize)]
[INFO] [stderr]    |              ^^^^^^^^
[INFO] [stderr] 
[INFO] [stderr] error: cannot find derive macro `Message` in this scope
[INFO] [stderr]   --> tests/ui_pass/registry_client_and_server.rs:63:24
[INFO] [stderr]    |
[INFO] [stderr] 63 |     #[derive(TypeName, Message, Debug, Deserialize, Serialize)]
[INFO] [stderr]    |                        ^^^^^^^
[INFO] [stderr] 
[INFO] [stderr] error: cannot find derive macro `WithId` in this scope
[INFO] [stderr]   --> tests/ui_pass/registry_client_and_server.rs:70:30
[INFO] [stderr]    |
[INFO] [stderr] 70 |     #[derive(Default, Debug, WithId, TypeName)]
[INFO] [stderr]    |                              ^^^^^^
[INFO] [stderr] 
[INFO] [stderr] error: cannot find derive macro `TypeName` in this scope
[INFO] [stderr]   --> tests/ui_pass/registry_client_and_server.rs:70:38
[INFO] [stderr]    |
[INFO] [stderr] 70 |     #[derive(Default, Debug, WithId, TypeName)]
[INFO] [stderr]    |                                      ^^^^^^^^
[INFO] [stderr] 
[INFO] [stderr] error[E0433]: cannot find module or crate `rio_rs` in this scope
[INFO] [stderr]    --> tests/ui_pass/registry_client_and_server.rs:93:1
[INFO] [stderr]     |
[INFO] [stderr]  93 | / make_registry! {
[INFO] [stderr]  94 | |     TestService: [
[INFO] [stderr]  95 | |         Ping => (Pong, NoopError),
[INFO] [stderr]  96 | |         Pong => (Pong, NoopError),
[INFO] [stderr] ...   |
[INFO] [stderr] 101 | | }
[INFO] [stderr]     | |_^ use of unresolved module or unlinked crate `rio_rs`
[INFO] [stderr]     |
[INFO] [stderr]     = help: if you wanted to use a crate named `rio_rs`, use `cargo add rio_rs` to add it to your `Cargo.toml`
[INFO] [stderr]     = note: this error originates in the macro `make_registry` (in Nightly builds, run with -Z macro-backtrace for more info)
[INFO] [stderr] 
[INFO] [stderr] error[E0405]: cannot find trait `ServiceObjectStateLoad` in this scope
[INFO] [stderr]   --> tests/ui_pass/registry_client_and_server.rs:15:6
[INFO] [stderr]    |
[INFO] [stderr] 15 | impl ServiceObjectStateLoad for TestService {}
[INFO] [stderr]    |      ^^^^^^^^^^^^^^^^^^^^^^ not found in this scope
[INFO] [stderr] 
[INFO] [stderr] error[E0405]: cannot find trait `ServiceObject` in this scope
[INFO] [stderr]   --> tests/ui_pass/registry_client_and_server.rs:16:6
[INFO] [stderr]    |
[INFO] [stderr] 16 | impl ServiceObject for TestService {}
[INFO] [stderr]    |      ^^^^^^^^^^^^^ not found in this scope
[INFO] [stderr] 
[INFO] [stderr] error[E0405]: cannot find trait `Handler` in this scope
[INFO] [stderr]   --> tests/ui_pass/registry_client_and_server.rs:29:6
[INFO] [stderr]    |
[INFO] [stderr] 29 | impl Handler<Ping> for TestService {
[INFO] [stderr]    |      ^^^^^^^ not found in this scope
[INFO] [stderr] 
[INFO] [stderr] error[E0425]: cannot find type `NoopError` in this scope
[INFO] [stderr]   --> tests/ui_pass/registry_client_and_server.rs:31:18
[INFO] [stderr]    |
[INFO] [stderr] 31 |     type Error = NoopError;
[INFO] [stderr]    |                  ^^^^^^^^^ not found in this scope
[INFO] [stderr] 
[INFO] [stderr] error[E0425]: cannot find type `AppData` in this scope
[INFO] [stderr]   --> tests/ui_pass/registry_client_and_server.rs:36:24
[INFO] [stderr]    |
[INFO] [stderr] 36 |         _app_data: Arc<AppData>,
[INFO] [stderr]    |                        ^^^^^^^ not found in this scope
[INFO] [stderr]    |
[INFO] [stderr] help: you might be missing a type parameter
[INFO] [stderr]    |
[INFO] [stderr] 29 | impl<AppData> Handler<Ping> for TestService {
[INFO] [stderr]    |     +++++++++
[INFO] [stderr] 
[INFO] [stderr] error[E0405]: cannot find trait `Handler` in this scope
[INFO] [stderr]   --> tests/ui_pass/registry_client_and_server.rs:45:6
[INFO] [stderr]    |
[INFO] [stderr] 45 | impl Handler<Pong> for TestService {
[INFO] [stderr]    |      ^^^^^^^ not found in this scope
[INFO] [stderr] 
[INFO] [stderr] error[E0425]: cannot find type `NoopError` in this scope
[INFO] [stderr]   --> tests/ui_pass/registry_client_and_server.rs:47:18
[INFO] [stderr]    |
[INFO] [stderr] 47 |     type Error = NoopError;
[INFO] [stderr]    |                  ^^^^^^^^^ not found in this scope
[INFO] [stderr] 
[INFO] [stderr] error[E0425]: cannot find type `AppData` in this scope
[INFO] [stderr]   --> tests/ui_pass/registry_client_and_server.rs:52:24
[INFO] [stderr]    |
[INFO] [stderr] 52 |         _app_data: Arc<AppData>,
[INFO] [stderr]    |                        ^^^^^^^ not found in this scope
[INFO] [stderr]    |
[INFO] [stderr] help: you might be missing a type parameter
[INFO] [stderr]    |
[INFO] [stderr] 45 | impl<AppData> Handler<Pong> for TestService {
[INFO] [stderr]    |     +++++++++
[INFO] [stderr] 
[INFO] [stderr] error[E0405]: cannot find trait `ServiceObjectStateLoad` in this scope
[INFO] [stderr]   --> tests/ui_pass/registry_client_and_server.rs:75:10
[INFO] [stderr]    |
[INFO] [stderr] 75 |     impl ServiceObjectStateLoad for TestServicePingOnly {}
[INFO] [stderr]    |          ^^^^^^^^^^^^^^^^^^^^^^ not found in this scope
[INFO] [stderr] 
[INFO] [stderr] error[E0405]: cannot find trait `ServiceObject` in this scope
[INFO] [stderr]   --> tests/ui_pass/registry_client_and_server.rs:76:10
[INFO] [stderr]    |
[INFO] [stderr] 76 |     impl ServiceObject for TestServicePingOnly {}
[INFO] [stderr]    |          ^^^^^^^^^^^^^ not found in this scope
[INFO] [stderr] 
[INFO] [stderr] error[E0405]: cannot find trait `Handler` in this scope
[INFO] [stderr]   --> tests/ui_pass/registry_client_and_server.rs:79:10
[INFO] [stderr]    |
[INFO] [stderr] 79 |     impl Handler<messages::Ping2> for TestServicePingOnly {
[INFO] [stderr]    |          ^^^^^^^ not found in this scope
[INFO] [stderr] 
[INFO] [stderr] error[E0425]: cannot find type `NoopError` in this scope
[INFO] [stderr]   --> tests/ui_pass/registry_client_and_server.rs:81:22
[INFO] [stderr]    |
[INFO] [stderr] 81 |         type Error = NoopError;
[INFO] [stderr]    |                      ^^^^^^^^^ not found in this scope
[INFO] [stderr] 
[INFO] [stderr] error[E0425]: cannot find type `AppData` in this scope
[INFO] [stderr]   --> tests/ui_pass/registry_client_and_server.rs:86:28
[INFO] [stderr]    |
[INFO] [stderr] 86 |             _app_data: Arc<AppData>,
[INFO] [stderr]    |                            ^^^^^^^ not found in this scope
[INFO] [stderr]    |
[INFO] [stderr] help: you might be missing a type parameter
[INFO] [stderr]    |
[INFO] [stderr] 79 |     impl<AppData> Handler<messages::Ping2> for TestServicePingOnly {
[INFO] [stderr]    |         +++++++++
[INFO] [stderr] 
[INFO] [stderr] error[E0425]: cannot find type `NoopError` in module `super`
[INFO] [stderr]   --> tests/ui_pass/registry_client_and_server.rs:95:24
[INFO] [stderr]    |
[INFO] [stderr] 95 |         Ping => (Pong, NoopError),
[INFO] [stderr]    |                        ^^^^^^^^^ not found in `super`
[INFO] [stderr] 
[INFO] [stderr] error[E0425]: cannot find type `NoopError` in module `super`
[INFO] [stderr]   --> tests/ui_pass/registry_client_and_server.rs:96:24
[INFO] [stderr]    |
[INFO] [stderr] 96 |         Pong => (Pong, NoopError),
[INFO] [stderr]    |                        ^^^^^^^^^ not found in `super`
[INFO] [stderr] 
[INFO] [stderr] error[E0425]: cannot find type `NoopError` in module `super`
[INFO] [stderr]   --> tests/ui_pass/registry_client_and_server.rs:99:46
[INFO] [stderr]    |
[INFO] [stderr] 99 |         messages::Ping2 => (messages::Ping2, NoopError),
[INFO] [stderr]    |                                              ^^^^^^^^^ not found in `super`
[INFO] [stderr] 
[INFO] [stderr] error[E0425]: cannot find type `NoopError` in module `super::super`
[INFO] [stderr]   --> tests/ui_pass/registry_client_and_server.rs:95:24
[INFO] [stderr]    |
[INFO] [stderr] 95 |         Ping => (Pong, NoopError),
[INFO] [stderr]    |                        ^^^^^^^^^ not found in `super::super`
[INFO] [stderr] 
[INFO] [stderr] error[E0425]: cannot find type `NoopError` in module `super::super`
[INFO] [stderr]   --> tests/ui_pass/registry_client_and_server.rs:96:24
[INFO] [stderr]    |
[INFO] [stderr] 96 |         Pong => (Pong, NoopError),
[INFO] [stderr]    |                        ^^^^^^^^^ not found in `super::super`
[INFO] [stderr] 
[INFO] [stderr] error[E0425]: cannot find type `NoopError` in module `super::super`
[INFO] [stderr]   --> tests/ui_pass/registry_client_and_server.rs:99:46
[INFO] [stderr]    |
[INFO] [stderr] 99 |         messages::Ping2 => (messages::Ping2, NoopError),
[INFO] [stderr]    |                                              ^^^^^^^^^ not found in `super::super`
[INFO] [stderr] 
[INFO] [stderr] error[E0223]: ambiguous associated type
[INFO] [stderr]   --> tests/ui_pass/registry_client_and_server.rs:37:17
[INFO] [stderr]    |
[INFO] [stderr] 37 |     ) -> Result<Self::Returns, Self::Error> {
[INFO] [stderr]    |                 ^^^^^^^^^^^^^
[INFO] [stderr]    |
[INFO] [stderr] help: if there were a trait named `Example` with associated type `Returns` implemented for `TestService`, you could use the fully-qualified path
[INFO] [stderr]    |
[INFO] [stderr] 37 -     ) -> Result<Self::Returns, Self::Error> {
[INFO] [stderr] 37 +     ) -> Result<<TestService as Example>::Returns, Self::Error> {
[INFO] [stderr]    |
[INFO] [stderr] 
[INFO] [stderr] error[E0223]: ambiguous associated type
[INFO] [stderr]   --> tests/ui_pass/registry_client_and_server.rs:37:32
[INFO] [stderr]    |
[INFO] [stderr] 37 |     ) -> Result<Self::Returns, Self::Error> {
[INFO] [stderr]    |                                ^^^^^^^^^^^
[INFO] [stderr]    |
[INFO] [stderr] help: use fully-qualified syntax
[INFO] [stderr]    |
[INFO] [stderr] 37 -     ) -> Result<Self::Returns, Self::Error> {
[INFO] [stderr] 37 +     ) -> Result<Self::Returns, <TestService as TryFrom>::Error> {
[INFO] [stderr]    |
[INFO] [stderr] 37 -     ) -> Result<Self::Returns, Self::Error> {
[INFO] [stderr] 37 +     ) -> Result<Self::Returns, <TestService as TryInto>::Error> {
[INFO] [stderr]    |
[INFO] [stderr] 
[INFO] [stderr] error[E0223]: ambiguous associated type
[INFO] [stderr]   --> tests/ui_pass/registry_client_and_server.rs:53:17
[INFO] [stderr]    |
[INFO] [stderr] 53 |     ) -> Result<Self::Returns, Self::Error> {
[INFO] [stderr]    |                 ^^^^^^^^^^^^^
[INFO] [stderr]    |
[INFO] [stderr] help: if there were a trait named `Example` with associated type `Returns` implemented for `TestService`, you could use the fully-qualified path
[INFO] [stderr]    |
[INFO] [stderr] 53 -     ) -> Result<Self::Returns, Self::Error> {
[INFO] [stderr] 53 +     ) -> Result<<TestService as Example>::Returns, Self::Error> {
[INFO] [stderr]    |
[INFO] [stderr] 
[INFO] [stderr] error[E0223]: ambiguous associated type
[INFO] [stderr]   --> tests/ui_pass/registry_client_and_server.rs:53:32
[INFO] [stderr]    |
[INFO] [stderr] 53 |     ) -> Result<Self::Returns, Self::Error> {
[INFO] [stderr]    |                                ^^^^^^^^^^^
[INFO] [stderr]    |
[INFO] [stderr] help: use fully-qualified syntax
[INFO] [stderr]    |
[INFO] [stderr] 53 -     ) -> Result<Self::Returns, Self::Error> {
[INFO] [stderr] 53 +     ) -> Result<Self::Returns, <TestService as TryFrom>::Error> {
[INFO] [stderr]    |
[INFO] [stderr] 53 -     ) -> Result<Self::Returns, Self::Error> {
[INFO] [stderr] 53 +     ) -> Result<Self::Returns, <TestService as TryInto>::Error> {
[INFO] [stderr]    |
[INFO] [stderr] 
[INFO] [stderr] error[E0223]: ambiguous associated type
[INFO] [stderr]   --> tests/ui_pass/registry_client_and_server.rs:87:21
[INFO] [stderr]    |
[INFO] [stderr] 87 |         ) -> Result<Self::Returns, Self::Error> {
[INFO] [stderr]    |                     ^^^^^^^^^^^^^
[INFO] [stderr]    |
[INFO] [stderr] help: if there were a trait named `Example` with associated type `Returns` implemented for `TestServicePingOnly`, you could use the fully-qualified path
[INFO] [stderr]    |
[INFO] [stderr] 87 -         ) -> Result<Self::Returns, Self::Error> {
[INFO] [stderr] 87 +         ) -> Result<<TestServicePingOnly as Example>::Returns, Self::Error> {
[INFO] [stderr]    |
[INFO] [stderr] 
[INFO] [stderr] error[E0223]: ambiguous associated type
[INFO] [stderr]   --> tests/ui_pass/registry_client_and_server.rs:87:36
[INFO] [stderr]    |
[INFO] [stderr] 87 |         ) -> Result<Self::Returns, Self::Error> {
[INFO] [stderr]    |                                    ^^^^^^^^^^^
[INFO] [stderr]    |
[INFO] [stderr] help: use fully-qualified syntax
[INFO] [stderr]    |
[INFO] [stderr] 87 -         ) -> Result<Self::Returns, Self::Error> {
[INFO] [stderr] 87 +         ) -> Result<Self::Returns, <TestServicePingOnly as TryFrom>::Error> {
[INFO] [stderr]    |
[INFO] [stderr] 87 -         ) -> Result<Self::Returns, Self::Error> {
[INFO] [stderr] 87 +         ) -> Result<Self::Returns, <TestServicePingOnly as TryInto>::Error> {
[INFO] [stderr]    |
[INFO] [stderr] 
[INFO] [stderr] error[E0433]: cannot find type `ClientBuilder` in this scope
[INFO] [stderr]    --> tests/ui_pass/registry_client_and_server.rs:113:22
[INFO] [stderr]     |
[INFO] [stderr] 113 |     let mut client = ClientBuilder::new()
[INFO] [stderr]     |                      ^^^^^^^^^^^^^ use of undeclared type `ClientBuilder`
[INFO] [stderr] ┈┈┈┈┈┈┈┈┈┈┈┈┈┈┈┈┈┈┈┈┈┈┈┈┈┈┈┈┈┈┈┈┈┈┈┈┈┈┈┈┈┈┈┈┈┈┈┈┈┈┈┈┈┈┈┈┈┈┈┈
[INFO] [stderr] 
[INFO] [stderr] test tests/ui_pass/type_name_arguments.rs [should pass] ... error
[INFO] [stderr] ┈┈┈┈┈┈┈┈┈┈┈┈┈┈┈┈┈┈┈┈┈┈┈┈┈┈┈┈┈┈┈┈┈┈┈┈┈┈┈┈┈┈┈┈┈┈┈┈┈┈┈┈┈┈┈┈┈┈┈┈
[INFO] [stderr] error[E0433]: cannot find module or crate `rio_rs` in this scope
[INFO] [stderr]  --> tests/ui_pass/type_name_arguments.rs:2:5
[INFO] [stderr]   |
[INFO] [stderr] 2 | use rio_rs::registry::IdentifiableType;
[INFO] [stderr]   |     ^^^^^^ use of unresolved module or unlinked crate `rio_rs`
[INFO] [stderr]   |
[INFO] [stderr]   = help: if you wanted to use a crate named `rio_rs`, use `cargo add rio_rs` to add it to your `Cargo.toml`
[INFO] [stderr] 
[INFO] [stderr] error[E0433]: cannot find module or crate `rio_rs` in this scope
[INFO] [stderr]  --> tests/ui_pass/type_name_arguments.rs:4:10
[INFO] [stderr]   |
[INFO] [stderr] 4 | #[derive(TypeName)]
[INFO] [stderr]   |          ^^^^^^^^ use of unresolved module or unlinked crate `rio_rs`
[INFO] [stderr]   |
[INFO] [stderr]   = help: if you wanted to use a crate named `rio_rs`, use `cargo add rio_rs` to add it to your `Cargo.toml`
[INFO] [stderr]   = note: this error originates in the derive macro `TypeName` (in Nightly builds, run with -Z macro-backtrace for more info)
[INFO] [stderr] 
[INFO] [stderr] error[E0433]: cannot find module or crate `rio_rs` in this scope
[INFO] [stderr]   --> tests/ui_pass/type_name_arguments.rs:10:10
[INFO] [stderr]    |
[INFO] [stderr] 10 | #[derive(TypeName)]
[INFO] [stderr]    |          ^^^^^^^^ use of unresolved module or unlinked crate `rio_rs`
[INFO] [stderr]    |
[INFO] [stderr]    = help: if you wanted to use a crate named `rio_rs`, use `cargo add rio_rs` to add it to your `Cargo.toml`
[INFO] [stderr]    = note: this error originates in the derive macro `TypeName` (in Nightly builds, run with -Z macro-backtrace for more info)
[INFO] [stderr] ┈┈┈┈┈┈┈┈┈┈┈┈┈┈┈┈┈┈┈┈┈┈┈┈┈┈┈┈┈┈┈┈┈┈┈┈┈┈┈┈┈┈┈┈┈┈┈┈┈┈┈┈┈┈┈┈┈┈┈┈
[INFO] [stderr] 
[INFO] [stderr] test tests/ui_pass/type_name_basic.rs [should pass] ... error
[INFO] [stderr] ┈┈┈┈┈┈┈┈┈┈┈┈┈┈┈┈┈┈┈┈┈┈┈┈┈┈┈┈┈┈┈┈┈┈┈┈┈┈┈┈┈┈┈┈┈┈┈┈┈┈┈┈┈┈┈┈┈┈┈┈
[INFO] [stderr] error[E0433]: cannot find module or crate `rio_rs` in this scope
[INFO] [stderr]  --> tests/ui_pass/type_name_basic.rs:2:5
[INFO] [stderr]   |
[INFO] [stderr] 2 | use rio_rs::registry::IdentifiableType;
[INFO] [stderr]   |     ^^^^^^ use of unresolved module or unlinked crate `rio_rs`
[INFO] [stderr]   |
[INFO] [stderr]   = help: if you wanted to use a crate named `rio_rs`, use `cargo add rio_rs` to add it to your `Cargo.toml`
[INFO] [stderr] 
[INFO] [stderr] error[E0433]: cannot find module or crate `rio_rs` in this scope
[INFO] [stderr]  --> tests/ui_pass/type_name_basic.rs:4:10
[INFO] [stderr]   |
[INFO] [stderr] 4 | #[derive(TypeName)]
[INFO] [stderr]   |          ^^^^^^^^ use of unresolved module or unlinked crate `rio_rs`
[INFO] [stderr]   |
[INFO] [stderr]   = help: if you wanted to use a crate named `rio_rs`, use `cargo add rio_rs` to add it to your `Cargo.toml`
[INFO] [stderr]   = note: this error originates in the derive macro `TypeName` (in Nightly builds, run with -Z macro-backtrace for more info)
[INFO] [stderr] ┈┈┈┈┈┈┈┈┈┈┈┈┈┈┈┈┈┈┈┈┈┈┈┈┈┈┈┈┈┈┈┈┈┈┈┈┈┈┈┈┈┈┈┈┈┈┈┈┈┈┈┈┈┈┈┈┈┈┈┈
[INFO] [stderr] 
[INFO] [stderr] test tests/ui_pass/with_id.rs [should pass] ... error
[INFO] [stderr] ┈┈┈┈┈┈┈┈┈┈┈┈┈┈┈┈┈┈┈┈┈┈┈┈┈┈┈┈┈┈┈┈┈┈┈┈┈┈┈┈┈┈┈┈┈┈┈┈┈┈┈┈┈┈┈┈┈┈┈┈
[INFO] [stderr] error[E0433]: cannot find module or crate `rio_rs` in this scope
[INFO] [stderr]  --> tests/ui_pass/with_id.rs:2:5
[INFO] [stderr]   |
[INFO] [stderr] 2 | use rio_rs::service_object::WithId;
[INFO] [stderr]   |     ^^^^^^ use of unresolved module or unlinked crate `rio_rs`
[INFO] [stderr]   |
[INFO] [stderr]   = help: if you wanted to use a crate named `rio_rs`, use `cargo add rio_rs` to add it to your `Cargo.toml`
[INFO] [stderr] 
[INFO] [stderr] error[E0599]: no method named `set_id` found for struct `StructWithId` in the current scope
[INFO] [stderr]   --> tests/ui_pass/with_id.rs:12:7
[INFO] [stderr]    |
[INFO] [stderr]  5 | struct StructWithId {
[INFO] [stderr]    | ------------------- method `set_id` not found for this struct
[INFO] [stderr] ...
[INFO] [stderr] 12 |     a.set_id("1".into());
[INFO] [stderr]    |       ^^^^^^ method not found in `StructWithId`
[INFO] [stderr] 
[INFO] [stderr] error[E0599]: no method named `id` found for struct `StructWithId` in the current scope
[INFO] [stderr]   --> tests/ui_pass/with_id.rs:13:18
[INFO] [stderr]    |
[INFO] [stderr]  5 | struct StructWithId {
[INFO] [stderr]    | ------------------- method `id` not found for this struct
[INFO] [stderr] ...
[INFO] [stderr] 13 |     assert_eq!(a.id(), "1");
[INFO] [stderr]    |                  ^^-- help: remove the arguments
[INFO] [stderr]    |                  |
[INFO] [stderr]    |                  field, not a method
[INFO] [stderr] ┈┈┈┈┈┈┈┈┈┈┈┈┈┈┈┈┈┈┈┈┈┈┈┈┈┈┈┈┈┈┈┈┈┈┈┈┈┈┈┈┈┈┈┈┈┈┈┈┈┈┈┈┈┈┈┈┈┈┈┈
[INFO] [stderr] 
[INFO] [stderr] test tests/ui_fail/01-sanity.rs [should fail to compile] ... ok
[INFO] [stderr] test tests/ui_fail/make_registry_no_handler.rs [should fail to compile] ... mismatch
[INFO] [stderr] 
[INFO] [stderr] EXPECTED:
[INFO] [stderr] ┈┈┈┈┈┈┈┈┈┈┈┈┈┈┈┈┈┈┈┈┈┈┈┈┈┈┈┈┈┈┈┈┈┈┈┈┈┈┈┈┈┈┈┈┈┈┈┈┈┈┈┈┈┈┈┈┈┈┈┈
[INFO] [stderr] error[E0277]: the trait bound `TestService: Handler<Ping>` is not satisfied
[INFO] [stderr]   --> tests/ui_fail/make_registry_no_handler.rs:24:1
[INFO] [stderr]    |
[INFO] [stderr] 24 | / make_registry! {
[INFO] [stderr] 25 | |     TestService: [
[INFO] [stderr] 26 | |         Ping => (Pong, NoopError),
[INFO] [stderr] 27 | |     ]
[INFO] [stderr] 28 | | }
[INFO] [stderr]    | |_^ unsatisfied trait bound
[INFO] [stderr]    |
[INFO] [stderr] help: the trait `Handler<Ping>` is not implemented for `TestService`
[INFO] [stderr]   --> tests/ui_fail/make_registry_no_handler.rs:7:1
[INFO] [stderr]    |
[INFO] [stderr]  7 | struct TestService {
[INFO] [stderr]    | ^^^^^^^^^^^^^^^^^^
[INFO] [stderr] note: required by a bound in `Registry::add_handler`
[INFO] [stderr]   --> $WORKSPACE/rio-rs/src/registry/mod.rs
[INFO] [stderr]    |
[INFO] [stderr]    |     pub fn add_handler<T, M>(&mut self)
[INFO] [stderr]    |            ----------- required by a bound in this associated function
[INFO] [stderr]    |     where
[INFO] [stderr]    |         T: 'static + Handler<M> + IdentifiableType + Send + Sync,
[INFO] [stderr]    |                      ^^^^^^^^^^ required by this bound in `Registry::add_handler`
[INFO] [stderr]    = note: this error originates in the macro `make_registry` (in Nightly builds, run with -Z macro-backtrace for more info)
[INFO] [stderr] ┈┈┈┈┈┈┈┈┈┈┈┈┈┈┈┈┈┈┈┈┈┈┈┈┈┈┈┈┈┈┈┈┈┈┈┈┈┈┈┈┈┈┈┈┈┈┈┈┈┈┈┈┈┈┈┈┈┈┈┈
[INFO] [stderr] 
[INFO] [stderr] ACTUAL OUTPUT:
[INFO] [stderr] ┈┈┈┈┈┈┈┈┈┈┈┈┈┈┈┈┈┈┈┈┈┈┈┈┈┈┈┈┈┈┈┈┈┈┈┈┈┈┈┈┈┈┈┈┈┈┈┈┈┈┈┈┈┈┈┈┈┈┈┈
[INFO] [stderr] error[E0433]: cannot find module or crate `rio_rs` in this scope
[INFO] [stderr]  --> tests/ui_fail/make_registry_no_handler.rs:1:5
[INFO] [stderr]   |
[INFO] [stderr] 1 | use rio_rs::prelude::*;
[INFO] [stderr]   |     ^^^^^^ use of unresolved module or unlinked crate `rio_rs`
[INFO] [stderr]   |
[INFO] [stderr]   = help: if you wanted to use a crate named `rio_rs`, use `cargo add rio_rs` to add it to your `Cargo.toml`
[INFO] [stderr] 
[INFO] [stderr] error: cannot find derive macro `WithId` in this scope
[INFO] [stderr]  --> tests/ui_fail/make_registry_no_handler.rs:6:26
[INFO] [stderr]   |
[INFO] [stderr] 6 | #[derive(Default, Debug, WithId, TypeName)]
[INFO] [stderr]   |                          ^^^^^^
[INFO] [stderr] 
[INFO] [stderr] error: cannot find derive macro `TypeName` in this scope
[INFO] [stderr]  --> tests/ui_fail/make_registry_no_handler.rs:6:34
[INFO] [stderr]   |
[INFO] [stderr] 6 | #[derive(Default, Debug, WithId, TypeName)]
[INFO] [stderr]   |                                  ^^^^^^^^
[INFO] [stderr] 
[INFO] [stderr] error: cannot find derive macro `TypeName` in this scope
[INFO] [stderr]   --> tests/ui_fail/make_registry_no_handler.rs:14:10
[INFO] [stderr]    |
[INFO] [stderr] 14 | #[derive(TypeName, Message, Debug, Deserialize, Serialize)]
[INFO] [stderr]    |          ^^^^^^^^
[INFO] [stderr] 
[INFO] [stderr] error: cannot find derive macro `Message` in this scope
[INFO] [stderr]   --> tests/ui_fail/make_registry_no_handler.rs:14:20
[INFO] [stderr]    |
[INFO] [stderr] 14 | #[derive(TypeName, Message, Debug, Deserialize, Serialize)]
[INFO] [stderr]    |                    ^^^^^^^
[INFO] [stderr] 
[INFO] [stderr] error: cannot find derive macro `TypeName` in this scope
[INFO] [stderr]   --> tests/ui_fail/make_registry_no_handler.rs:19:10
[INFO] [stderr]    |
[INFO] [stderr] 19 | #[derive(TypeName, Message, Debug, Deserialize, Serialize)]
[INFO] [stderr]    |          ^^^^^^^^
[INFO] [stderr] 
[INFO] [stderr] error: cannot find derive macro `Message` in this scope
[INFO] [stderr]   --> tests/ui_fail/make_registry_no_handler.rs:19:20
[INFO] [stderr]    |
[INFO] [stderr] 19 | #[derive(TypeName, Message, Debug, Deserialize, Serialize)]
[INFO] [stderr]    |                    ^^^^^^^
[INFO] [stderr] 
[INFO] [stderr] error[E0433]: cannot find module or crate `rio_rs` in this scope
[INFO] [stderr]   --> tests/ui_fail/make_registry_no_handler.rs:24:1
[INFO] [stderr]    |
[INFO] [stderr] 24 | / make_registry! {
[INFO] [stderr] 25 | |     TestService: [
[INFO] [stderr] 26 | |         Ping => (Pong, NoopError),
[INFO] [stderr] 27 | |     ]
[INFO] [stderr] 28 | | }
[INFO] [stderr]    | |_^ use of unresolved module or unlinked crate `rio_rs`
[INFO] [stderr]    |
[INFO] [stderr]    = help: if you wanted to use a crate named `rio_rs`, use `cargo add rio_rs` to add it to your `Cargo.toml`
[INFO] [stderr]    = note: this error originates in the macro `make_registry` (in Nightly builds, run with -Z macro-backtrace for more info)
[INFO] [stderr] 
[INFO] [stderr] error[E0405]: cannot find trait `ServiceObjectStateLoad` in this scope
[INFO] [stderr]   --> tests/ui_fail/make_registry_no_handler.rs:11:6
[INFO] [stderr]    |
[INFO] [stderr] 11 | impl ServiceObjectStateLoad for TestService {}
[INFO] [stderr]    |      ^^^^^^^^^^^^^^^^^^^^^^ not found in this scope
[INFO] [stderr] 
[INFO] [stderr] error[E0405]: cannot find trait `ServiceObject` in this scope
[INFO] [stderr]   --> tests/ui_fail/make_registry_no_handler.rs:12:6
[INFO] [stderr]    |
[INFO] [stderr] 12 | impl ServiceObject for TestService {}
[INFO] [stderr]    |      ^^^^^^^^^^^^^ not found in this scope
[INFO] [stderr] 
[INFO] [stderr] error[E0425]: cannot find type `NoopError` in module `super`
[INFO] [stderr]   --> tests/ui_fail/make_registry_no_handler.rs:26:24
[INFO] [stderr]    |
[INFO] [stderr] 26 |         Ping => (Pong, NoopError),
[INFO] [stderr]    |                        ^^^^^^^^^ not found in `super`
[INFO] [stderr] 
[INFO] [stderr] error[E0425]: cannot find type `NoopError` in module `super::super`
[INFO] [stderr]   --> tests/ui_fail/make_registry_no_handler.rs:26:24
[INFO] [stderr]    |
[INFO] [stderr] 26 |         Ping => (Pong, NoopError),
[INFO] [stderr]    |                        ^^^^^^^^^ not found in `super::super`
[INFO] [stderr] ┈┈┈┈┈┈┈┈┈┈┈┈┈┈┈┈┈┈┈┈┈┈┈┈┈┈┈┈┈┈┈┈┈┈┈┈┈┈┈┈┈┈┈┈┈┈┈┈┈┈┈┈┈┈┈┈┈┈┈┈
[INFO] [stderr] note: If the actual output is the correct output you can bless it by rerunning
[INFO] [stderr]       your test with the environment variable TRYBUILD=overwrite
[INFO] [stderr] 
[INFO] [stderr] test tests/ui_fail/make_registry_type_mismatch.rs [should fail to compile] ... mismatch
[INFO] [stderr] 
[INFO] [stderr] EXPECTED:
[INFO] [stderr] ┈┈┈┈┈┈┈┈┈┈┈┈┈┈┈┈┈┈┈┈┈┈┈┈┈┈┈┈┈┈┈┈┈┈┈┈┈┈┈┈┈┈┈┈┈┈┈┈┈┈┈┈┈┈┈┈┈┈┈┈
[INFO] [stderr] error[E0271]: type mismatch resolving `<TestService as Handler<Ping>>::Returns == Ping`
[INFO] [stderr]   --> tests/ui_fail/make_registry_type_mismatch.rs:45:1
[INFO] [stderr]    |
[INFO] [stderr] 45 | / make_registry! {
[INFO] [stderr] 46 | |     TestService: [
[INFO] [stderr] 47 | |         Ping => (Ping, NoopError),
[INFO] [stderr] 48 | |     ]
[INFO] [stderr] 49 | | }
[INFO] [stderr]    | |_^ type mismatch resolving `<TestService as Handler<Ping>>::Returns == Ping`
[INFO] [stderr]    |
[INFO] [stderr] note: expected this to be `Ping`
[INFO] [stderr]   --> tests/ui_fail/make_registry_type_mismatch.rs:31:20
[INFO] [stderr]    |
[INFO] [stderr] 31 |     type Returns = Pong;
[INFO] [stderr]    |                    ^^^^
[INFO] [stderr] note: required by a bound in `assert_handler_type`
[INFO] [stderr]   --> tests/ui_fail/make_registry_type_mismatch.rs:45:1
[INFO] [stderr]    |
[INFO] [stderr] 45 | / make_registry! {
[INFO] [stderr] 46 | |     TestService: [
[INFO] [stderr] 47 | |         Ping => (Ping, NoopError),
[INFO] [stderr] 48 | |     ]
[INFO] [stderr] 49 | | }
[INFO] [stderr]    | |_^ required by this bound in `assert_handler_type`
[INFO] [stderr]    = note: this error originates in the macro `make_registry` (in Nightly builds, run with -Z macro-backtrace for more info)
[INFO] [stderr] ┈┈┈┈┈┈┈┈┈┈┈┈┈┈┈┈┈┈┈┈┈┈┈┈┈┈┈┈┈┈┈┈┈┈┈┈┈┈┈┈┈┈┈┈┈┈┈┈┈┈┈┈┈┈┈┈┈┈┈┈
[INFO] [stderr] 
[INFO] [stderr] ACTUAL OUTPUT:
[INFO] [stderr] ┈┈┈┈┈┈┈┈┈┈┈┈┈┈┈┈┈┈┈┈┈┈┈┈┈┈┈┈┈┈┈┈┈┈┈┈┈┈┈┈┈┈┈┈┈┈┈┈┈┈┈┈┈┈┈┈┈┈┈┈
[INFO] [stderr] error[E0433]: cannot find module or crate `rio_rs` in this scope
[INFO] [stderr]  --> tests/ui_fail/make_registry_type_mismatch.rs:6:5
[INFO] [stderr]   |
[INFO] [stderr] 6 | use rio_rs::prelude::*;
[INFO] [stderr]   |     ^^^^^^ use of unresolved module or unlinked crate `rio_rs`
[INFO] [stderr]   |
[INFO] [stderr]   = help: if you wanted to use a crate named `rio_rs`, use `cargo add rio_rs` to add it to your `Cargo.toml`
[INFO] [stderr] 
[INFO] [stderr] error: cannot find derive macro `WithId` in this scope
[INFO] [stderr]   --> tests/ui_fail/make_registry_type_mismatch.rs:11:26
[INFO] [stderr]    |
[INFO] [stderr] 11 | #[derive(Default, Debug, WithId, TypeName)]
[INFO] [stderr]    |                          ^^^^^^
[INFO] [stderr] 
[INFO] [stderr] error: cannot find derive macro `TypeName` in this scope
[INFO] [stderr]   --> tests/ui_fail/make_registry_type_mismatch.rs:11:34
[INFO] [stderr]    |
[INFO] [stderr] 11 | #[derive(Default, Debug, WithId, TypeName)]
[INFO] [stderr]    |                                  ^^^^^^^^
[INFO] [stderr] 
[INFO] [stderr] error: cannot find derive macro `TypeName` in this scope
[INFO] [stderr]   --> tests/ui_fail/make_registry_type_mismatch.rs:19:10
[INFO] [stderr]    |
[INFO] [stderr] 19 | #[derive(TypeName, Message, Debug, Deserialize, Serialize)]
[INFO] [stderr]    |          ^^^^^^^^
[INFO] [stderr] 
[INFO] [stderr] error: cannot find derive macro `Message` in this scope
[INFO] [stderr]   --> tests/ui_fail/make_registry_type_mismatch.rs:19:20
[INFO] [stderr]    |
[INFO] [stderr] 19 | #[derive(TypeName, Message, Debug, Deserialize, Serialize)]
[INFO] [stderr]    |                    ^^^^^^^
[INFO] [stderr] 
[INFO] [stderr] error: cannot find derive macro `TypeName` in this scope
[INFO] [stderr]   --> tests/ui_fail/make_registry_type_mismatch.rs:24:10
[INFO] [stderr]    |
[INFO] [stderr] 24 | #[derive(TypeName, Message, Debug, Deserialize, Serialize)]
[INFO] [stderr]    |          ^^^^^^^^
[INFO] [stderr] 
[INFO] [stderr] error: cannot find derive macro `Message` in this scope
[INFO] [stderr]   --> tests/ui_fail/make_registry_type_mismatch.rs:24:20
[INFO] [stderr]    |
[INFO] [stderr] 24 | #[derive(TypeName, Message, Debug, Deserialize, Serialize)]
[INFO] [stderr]    |                    ^^^^^^^
[INFO] [stderr] 
[INFO] [stderr] error[E0433]: cannot find module or crate `rio_rs` in this scope
[INFO] [stderr]   --> tests/ui_fail/make_registry_type_mismatch.rs:45:1
[INFO] [stderr]    |
[INFO] [stderr] 45 | / make_registry! {
[INFO] [stderr] 46 | |     TestService: [
[INFO] [stderr] 47 | |         Ping => (Ping, NoopError),
[INFO] [stderr] 48 | |     ]
[INFO] [stderr] 49 | | }
[INFO] [stderr]    | |_^ use of unresolved module or unlinked crate `rio_rs`
[INFO] [stderr]    |
[INFO] [stderr]    = help: if you wanted to use a crate named `rio_rs`, use `cargo add rio_rs` to add it to your `Cargo.toml`
[INFO] [stderr]    = note: this error originates in the macro `make_registry` (in Nightly builds, run with -Z macro-backtrace for more info)
[INFO] [stderr] 
[INFO] [stderr] error[E0405]: cannot find trait `ServiceObjectStateLoad` in this scope
[INFO] [stderr]   --> tests/ui_fail/make_registry_type_mismatch.rs:16:6
[INFO] [stderr]    |
[INFO] [stderr] 16 | impl ServiceObjectStateLoad for TestService {}
[INFO] [stderr]    |      ^^^^^^^^^^^^^^^^^^^^^^ not found in this scope
[INFO] [stderr] 
[INFO] [stderr] error[E0405]: cannot find trait `ServiceObject` in this scope
[INFO] [stderr]   --> tests/ui_fail/make_registry_type_mismatch.rs:17:6
[INFO] [stderr]    |
[INFO] [stderr] 17 | impl ServiceObject for TestService {}
[INFO] [stderr]    |      ^^^^^^^^^^^^^ not found in this scope
[INFO] [stderr] 
[INFO] [stderr] error[E0405]: cannot find trait `Handler` in this scope
[INFO] [stderr]   --> tests/ui_fail/make_registry_type_mismatch.rs:30:6
[INFO] [stderr]    |
[INFO] [stderr] 30 | impl Handler<Ping> for TestService {
[INFO] [stderr]    |      ^^^^^^^ not found in this scope
[INFO] [stderr] 
[INFO] [stderr] error[E0425]: cannot find type `NoopError` in this scope
[INFO] [stderr]   --> tests/ui_fail/make_registry_type_mismatch.rs:32:18
[INFO] [stderr]    |
[INFO] [stderr] 32 |     type Error = NoopError;
[INFO] [stderr]    |                  ^^^^^^^^^ not found in this scope
[INFO] [stderr] 
[INFO] [stderr] error[E0425]: cannot find type `AppData` in this scope
[INFO] [stderr]   --> tests/ui_fail/make_registry_type_mismatch.rs:37:24
[INFO] [stderr]    |
[INFO] [stderr] 37 |         _app_data: Arc<AppData>,
[INFO] [stderr]    |                        ^^^^^^^ not found in this scope
[INFO] [stderr]    |
[INFO] [stderr] help: you might be missing a type parameter
[INFO] [stderr]    |
[INFO] [stderr] 30 | impl<AppData> Handler<Ping> for TestService {
[INFO] [stderr]    |     +++++++++
[INFO] [stderr] 
[INFO] [stderr] error[E0425]: cannot find type `NoopError` in module `super`
[INFO] [stderr]   --> tests/ui_fail/make_registry_type_mismatch.rs:47:24
[INFO] [stderr]    |
[INFO] [stderr] 47 |         Ping => (Ping, NoopError),
[INFO] [stderr]    |                        ^^^^^^^^^ not found in `super`
[INFO] [stderr] 
[INFO] [stderr] error[E0425]: cannot find type `NoopError` in module `super::super`
[INFO] [stderr]   --> tests/ui_fail/make_registry_type_mismatch.rs:47:24
[INFO] [stderr]    |
[INFO] [stderr] 47 |         Ping => (Ping, NoopError),
[INFO] [stderr]    |                        ^^^^^^^^^ not found in `super::super`
[INFO] [stderr] 
[INFO] [stderr] error[E0223]: ambiguous associated type
[INFO] [stderr]   --> tests/ui_fail/make_registry_type_mismatch.rs:38:17
[INFO] [stderr]    |
[INFO] [stderr] 38 |     ) -> Result<Self::Returns, Self::Error> {
[INFO] [stderr]    |                 ^^^^^^^^^^^^^
[INFO] [stderr]    |
[INFO] [stderr] help: if there were a trait named `Example` with associated type `Returns` implemented for `TestService`, you could use the fully-qualified path
[INFO] [stderr]    |
[INFO] [stderr] 38 -     ) -> Result<Self::Returns, Self::Error> {
[INFO] [stderr] 38 +     ) -> Result<<TestService as Example>::Returns, Self::Error> {
[INFO] [stderr]    |
[INFO] [stderr] 
[INFO] [stderr] error[E0223]: ambiguous associated type
[INFO] [stderr]   --> tests/ui_fail/make_registry_type_mismatch.rs:38:32
[INFO] [stderr]    |
[INFO] [stderr] 38 |     ) -> Result<Self::Returns, Self::Error> {
[INFO] [stderr]    |                                ^^^^^^^^^^^
[INFO] [stderr]    |
[INFO] [stderr] help: use fully-qualified syntax
[INFO] [stderr]    |
[INFO] [stderr] 38 -     ) -> Result<Self::Returns, Self::Error> {
[INFO] [stderr] 38 +     ) -> Result<Self::Returns, <TestService as TryFrom>::Error> {
[INFO] [stderr]    |
[INFO] [stderr] 38 -     ) -> Result<Self::Returns, Self::Error> {
[INFO] [stderr] 38 +     ) -> Result<Self::Returns, <TestService as TryInto>::Error> {
[INFO] [stderr]    |
[INFO] [stderr] ┈┈┈┈┈┈┈┈┈┈┈┈┈┈┈┈┈┈┈┈┈┈┈┈┈┈┈┈┈┈┈┈┈┈┈┈┈┈┈┈┈┈┈┈┈┈┈┈┈┈┈┈┈┈┈┈┈┈┈┈
[INFO] [stderr] note: If the actual output is the correct output you can bless it by rerunning
[INFO] [stderr]       your test with the environment variable TRYBUILD=overwrite
[INFO] [stderr] 
[INFO] [stderr] test tests/ui_fail/managed_state_missing_service_object_imp.rs [should fail to compile] ... mismatch
[INFO] [stderr] 
[INFO] [stderr] EXPECTED:
[INFO] [stderr] ┈┈┈┈┈┈┈┈┈┈┈┈┈┈┈┈┈┈┈┈┈┈┈┈┈┈┈┈┈┈┈┈┈┈┈┈┈┈┈┈┈┈┈┈┈┈┈┈┈┈┈┈┈┈┈┈┈┈┈┈
[INFO] [stderr] error[E0599]: the method `load_state` exists for mutable reference `&mut TestService`, but its trait bounds were not satisfied
[INFO] [stderr]  --> tests/ui_fail/managed_state_missing_service_object_imp.rs:8:37
[INFO] [stderr]   |
[INFO] [stderr] 8 | #[derive(Default, WithId, TypeName, ManagedState)]
[INFO] [stderr]   |                                     ^^^^^^^^^^^^ method cannot be called on `&mut TestService` due to unsatisfied trait bounds
[INFO] [stderr] 9 | struct TestService {
[INFO] [stderr]   | ------------------ doesn't satisfy `TestService: ObjectStateManager` or `TestService: ServiceObject`
[INFO] [stderr]   |
[INFO] [stderr]   = note: the following trait bounds were not satisfied:
[INFO] [stderr]           `TestService: ServiceObject`
[INFO] [stderr]           which is required by `TestService: ObjectStateManager`
[INFO] [stderr]           `&mut TestService: ServiceObject`
[INFO] [stderr]           which is required by `&mut TestService: ObjectStateManager`
[INFO] [stderr] note: the trait `ServiceObject` must be implemented
[INFO] [stderr]  --> $WORKSPACE/rio-rs/src/service_object.rs
[INFO] [stderr]   |
[INFO] [stderr]   | pub trait ServiceObject: Default + WithId + IdentifiableType {
[INFO] [stderr]   | ^^^^^^^^^^^^^^^^^^^^^^^^^^^^^^^^^^^^^^^^^^^^^^^^^^^^^^^^^^^^
[INFO] [stderr]   = help: items from traits can only be used if the trait is implemented and in scope
[INFO] [stderr]   = note: the following trait defines an item `load_state`, perhaps you need to implement it:
[INFO] [stderr]           candidate #1: `ObjectStateManager`
[INFO] [stderr]   = note: this error originates in the derive macro `ManagedState` (in Nightly builds, run with -Z macro-backtrace for more info)
[INFO] [stderr] ┈┈┈┈┈┈┈┈┈┈┈┈┈┈┈┈┈┈┈┈┈┈┈┈┈┈┈┈┈┈┈┈┈┈┈┈┈┈┈┈┈┈┈┈┈┈┈┈┈┈┈┈┈┈┈┈┈┈┈┈
[INFO] [stderr] 
[INFO] [stderr] ACTUAL OUTPUT:
[INFO] [stderr] ┈┈┈┈┈┈┈┈┈┈┈┈┈┈┈┈┈┈┈┈┈┈┈┈┈┈┈┈┈┈┈┈┈┈┈┈┈┈┈┈┈┈┈┈┈┈┈┈┈┈┈┈┈┈┈┈┈┈┈┈
[INFO] [stderr] error[E0433]: cannot find module or crate `rio_rs` in this scope
[INFO] [stderr]  --> tests/ui_fail/managed_state_missing_service_object_imp.rs:2:5
[INFO] [stderr]   |
[INFO] [stderr] 2 | use rio_rs::state::local::LocalState;
[INFO] [stderr]   |     ^^^^^^ use of unresolved module or unlinked crate `rio_rs`
[INFO] [stderr]   |
[INFO] [stderr]   = help: if you wanted to use a crate named `rio_rs`, use `cargo add rio_rs` to add it to your `Cargo.toml`
[INFO] [stderr] 
[INFO] [stderr] error[E0433]: cannot find module or crate `rio_rs` in this scope
[INFO] [stderr]  --> tests/ui_fail/managed_state_missing_service_object_imp.rs:3:5
[INFO] [stderr]   |
[INFO] [stderr] 3 | use rio_rs::state::ObjectStateManager;
[INFO] [stderr]   |     ^^^^^^ use of unresolved module or unlinked crate `rio_rs`
[INFO] [stderr]   |
[INFO] [stderr]   = help: if you wanted to use a crate named `rio_rs`, use `cargo add rio_rs` to add it to your `Cargo.toml`
[INFO] [stderr] 
[INFO] [stderr] error[E0433]: cannot find module or crate `rio_rs` in this scope
[INFO] [stderr]  --> tests/ui_fail/managed_state_missing_service_object_imp.rs:5:10
[INFO] [stderr]   |
[INFO] [stderr] 5 | #[derive(TypeName, serde::Serialize, serde::Deserialize, Default)]
[INFO] [stderr]   |          ^^^^^^^^ use of unresolved module or unlinked crate `rio_rs`
[INFO] [stderr]   |
[INFO] [stderr]   = help: if you wanted to use a crate named `rio_rs`, use `cargo add rio_rs` to add it to your `Cargo.toml`
[INFO] [stderr]   = note: this error originates in the derive macro `TypeName` (in Nightly builds, run with -Z macro-backtrace for more info)
[INFO] [stderr] 
[INFO] [stderr] error[E0433]: cannot find module or crate `rio_rs` in this scope
[INFO] [stderr]  --> tests/ui_fail/managed_state_missing_service_object_imp.rs:8:19
[INFO] [stderr]   |
[INFO] [stderr] 8 | #[derive(Default, WithId, TypeName, ManagedState)]
[INFO] [stderr]   |                   ^^^^^^ use of unresolved module or unlinked crate `rio_rs`
[INFO] [stderr]   |
[INFO] [stderr]   = help: if you wanted to use a crate named `rio_rs`, use `cargo add rio_rs` to add it to your `Cargo.toml`
[INFO] [stderr]   = note: this error originates in the derive macro `WithId` (in Nightly builds, run with -Z macro-backtrace for more info)
[INFO] [stderr] 
[INFO] [stderr] error[E0433]: cannot find module or crate `rio_rs` in this scope
[INFO] [stderr]  --> tests/ui_fail/managed_state_missing_service_object_imp.rs:8:27
[INFO] [stderr]   |
[INFO] [stderr] 8 | #[derive(Default, WithId, TypeName, ManagedState)]
[INFO] [stderr]   |                           ^^^^^^^^ use of unresolved module or unlinked crate `rio_rs`
[INFO] [stderr]   |
[INFO] [stderr]   = help: if you wanted to use a crate named `rio_rs`, use `cargo add rio_rs` to add it to your `Cargo.toml`
[INFO] [stderr]   = note: this error originates in the derive macro `TypeName` (in Nightly builds, run with -Z macro-backtrace for more info)
[INFO] [stderr] 
[INFO] [stderr] error[E0433]: cannot find module or crate `rio_rs` in this scope
[INFO] [stderr]  --> tests/ui_fail/managed_state_missing_service_object_imp.rs:8:37
[INFO] [stderr]   |
[INFO] [stderr] 8 | #[derive(Default, WithId, TypeName, ManagedState)]
[INFO] [stderr]   |                                     ^^^^^^^^^^^^ use of unresolved module or unlinked crate `rio_rs`
[INFO] [stderr]   |
[INFO] [stderr]   = help: if you wanted to use a crate named `rio_rs`, use `cargo add rio_rs` to add it to your `Cargo.toml`
[INFO] [stderr]   = note: this error originates in the derive macro `ManagedState` (in Nightly builds, run with -Z macro-backtrace for more info)
[INFO] [stderr] ┈┈┈┈┈┈┈┈┈┈┈┈┈┈┈┈┈┈┈┈┈┈┈┈┈┈┈┈┈┈┈┈┈┈┈┈┈┈┈┈┈┈┈┈┈┈┈┈┈┈┈┈┈┈┈┈┈┈┈┈
[INFO] [stderr] note: If the actual output is the correct output you can bless it by rerunning
[INFO] [stderr]       your test with the environment variable TRYBUILD=overwrite
[INFO] [stderr] 
[INFO] [stderr] test tests/ui_fail/managed_state_non_existing_state_provicer.rs [should fail to compile] ... mismatch
[INFO] [stderr] 
[INFO] [stderr] EXPECTED:
[INFO] [stderr] ┈┈┈┈┈┈┈┈┈┈┈┈┈┈┈┈┈┈┈┈┈┈┈┈┈┈┈┈┈┈┈┈┈┈┈┈┈┈┈┈┈┈┈┈┈┈┈┈┈┈┈┈┈┈┈┈┈┈┈┈
[INFO] [stderr] error[E0425]: cannot find type `SqliteState` in this scope
[INFO] [stderr]   --> tests/ui_fail/managed_state_non_existing_state_provicer.rs:13:32
[INFO] [stderr]    |
[INFO] [stderr] 13 |     #[managed_state(provider = SqliteState)]
[INFO] [stderr]    |                                ^^^^^^^^^^^ not found in this scope
[INFO] [stderr] ┈┈┈┈┈┈┈┈┈┈┈┈┈┈┈┈┈┈┈┈┈┈┈┈┈┈┈┈┈┈┈┈┈┈┈┈┈┈┈┈┈┈┈┈┈┈┈┈┈┈┈┈┈┈┈┈┈┈┈┈
[INFO] [stderr] 
[INFO] [stderr] ACTUAL OUTPUT:
[INFO] [stderr] ┈┈┈┈┈┈┈┈┈┈┈┈┈┈┈┈┈┈┈┈┈┈┈┈┈┈┈┈┈┈┈┈┈┈┈┈┈┈┈┈┈┈┈┈┈┈┈┈┈┈┈┈┈┈┈┈┈┈┈┈
[INFO] [stderr] error[E0433]: cannot find module or crate `rio_rs` in this scope
[INFO] [stderr]  --> tests/ui_fail/managed_state_non_existing_state_provicer.rs:2:5
[INFO] [stderr]   |
[INFO] [stderr] 2 | use rio_rs::state::ObjectStateManager;
[INFO] [stderr]   |     ^^^^^^ use of unresolved module or unlinked crate `rio_rs`
[INFO] [stderr]   |
[INFO] [stderr]   = help: if you wanted to use a crate named `rio_rs`, use `cargo add rio_rs` to add it to your `Cargo.toml`
[INFO] [stderr] 
[INFO] [stderr] error[E0432]: unresolved import `rio_rs`
[INFO] [stderr]  --> tests/ui_fail/managed_state_non_existing_state_provicer.rs:3:5
[INFO] [stderr]   |
[INFO] [stderr] 3 | use rio_rs::ServiceObject;
[INFO] [stderr]   |     ^^^^^^ use of unresolved module or unlinked crate `rio_rs`
[INFO] [stderr]   |
[INFO] [stderr]   = help: if you wanted to use a crate named `rio_rs`, use `cargo add rio_rs` to add it to your `Cargo.toml`
[INFO] [stderr] 
[INFO] [stderr] error[E0433]: cannot find module or crate `rio_rs` in this scope
[INFO] [stderr]  --> tests/ui_fail/managed_state_non_existing_state_provicer.rs:6:10
[INFO] [stderr]   |
[INFO] [stderr] 6 | #[derive(TypeName, Serialize, Deserialize, Default)]
[INFO] [stderr]   |          ^^^^^^^^ use of unresolved module or unlinked crate `rio_rs`
[INFO] [stderr]   |
[INFO] [stderr]   = help: if you wanted to use a crate named `rio_rs`, use `cargo add rio_rs` to add it to your `Cargo.toml`
[INFO] [stderr]   = note: this error originates in the derive macro `TypeName` (in Nightly builds, run with -Z macro-backtrace for more info)
[INFO] [stderr] 
[INFO] [stderr] error[E0433]: cannot find module or crate `rio_rs` in this scope
[INFO] [stderr]  --> tests/ui_fail/managed_state_non_existing_state_provicer.rs:9:19
[INFO] [stderr]   |
[INFO] [stderr] 9 | #[derive(Default, WithId, TypeName, ManagedState)]
[INFO] [stderr]   |                   ^^^^^^ use of unresolved module or unlinked crate `rio_rs`
[INFO] [stderr]   |
[INFO] [stderr]   = help: if you wanted to use a crate named `rio_rs`, use `cargo add rio_rs` to add it to your `Cargo.toml`
[INFO] [stderr]   = note: this error originates in the derive macro `WithId` (in Nightly builds, run with -Z macro-backtrace for more info)
[INFO] [stderr] 
[INFO] [stderr] error[E0433]: cannot find module or crate `rio_rs` in this scope
[INFO] [stderr]  --> tests/ui_fail/managed_state_non_existing_state_provicer.rs:9:27
[INFO] [stderr]   |
[INFO] [stderr] 9 | #[derive(Default, WithId, TypeName, ManagedState)]
[INFO] [stderr]   |                           ^^^^^^^^ use of unresolved module or unlinked crate `rio_rs`
[INFO] [stderr]   |
[INFO] [stderr]   = help: if you wanted to use a crate named `rio_rs`, use `cargo add rio_rs` to add it to your `Cargo.toml`
[INFO] [stderr]   = note: this error originates in the derive macro `TypeName` (in Nightly builds, run with -Z macro-backtrace for more info)
[INFO] [stderr] 
[INFO] [stderr] error[E0433]: cannot find module or crate `rio_rs` in this scope
[INFO] [stderr]  --> tests/ui_fail/managed_state_non_existing_state_provicer.rs:9:37
[INFO] [stderr]   |
[INFO] [stderr] 9 | #[derive(Default, WithId, TypeName, ManagedState)]
[INFO] [stderr]   |                                     ^^^^^^^^^^^^ use of unresolved module or unlinked crate `rio_rs`
[INFO] [stderr]   |
[INFO] [stderr]   = help: if you wanted to use a crate named `rio_rs`, use `cargo add rio_rs` to add it to your `Cargo.toml`
[INFO] [stderr]   = note: this error originates in the derive macro `ManagedState` (in Nightly builds, run with -Z macro-backtrace for more info)
[INFO] [stderr] 
[INFO] [stderr] error[E0425]: cannot find type `SqliteState` in this scope
[INFO] [stderr]   --> tests/ui_fail/managed_state_non_existing_state_provicer.rs:13:32
[INFO] [stderr]    |
[INFO] [stderr] 13 |     #[managed_state(provider = SqliteState)]
[INFO] [stderr]    |                                ^^^^^^^^^^^ not found in this scope
[INFO] [stderr] ┈┈┈┈┈┈┈┈┈┈┈┈┈┈┈┈┈┈┈┈┈┈┈┈┈┈┈┈┈┈┈┈┈┈┈┈┈┈┈┈┈┈┈┈┈┈┈┈┈┈┈┈┈┈┈┈┈┈┈┈
[INFO] [stderr] note: If the actual output is the correct output you can bless it by rerunning
[INFO] [stderr]       your test with the environment variable TRYBUILD=overwrite
[INFO] [stderr] 
[INFO] [stderr] test tests/ui_fail/type_name_ident_arg.rs [should fail to compile] ... ok
[INFO] [stderr] test tests/ui_fail/with_id.rs [should fail to compile] ... ok
[INFO] [stderr] 
[INFO] [stderr] 
[INFO] [stdout] test ui ... FAILED
[INFO] [stdout] 
[INFO] [stdout] failures:
[INFO] [stdout] 
[INFO] [stdout] ---- ui stdout ----
[INFO] [stdout] 
[INFO] [stderr] error: test failed, to rerun pass `--test ui`
[INFO] [stdout] thread 'ui' (820) panicked at /opt/rustwide/cargo-home/registry/src/index.crates.io-1949cf8c6b5b557f/trybuild-1.0.118/src/run.rs:102:13:
[INFO] [stdout] 9 of 13 tests failed
[INFO] [stdout] stack backtrace:
[INFO] [stdout]    0:     0x5b0dfe31ec61 - <<std[617be2ca0a6fd877]::sys::backtrace::BacktraceLock>::print::DisplayBacktrace as core[a373ad73a504971]::fmt::Display>::fmt
[INFO] [stdout]    1:     0x5b0dfe334f4a - core[a373ad73a504971]::fmt::write
[INFO] [stdout]    2:     0x5b0dfe3234ac - <alloc[2e1b2a31b91974c5]::vec::Vec<u8> as core[a373ad73a504971]::io::write::Write>::write_fmt
[INFO] [stdout]    3:     0x5b0dfe2f80c6 - std[617be2ca0a6fd877]::panicking::default_hook::{closure#0}
[INFO] [stdout]    4:     0x5b0dfe316209 - std[617be2ca0a6fd877]::panicking::default_hook
[INFO] [stdout]    5:     0x5b0dfe2af810 - test[aada8e7e76ba119b]::test_main_inner::{closure#0}
[INFO] [stdout]    6:     0x5b0dfe3163c2 - std[617be2ca0a6fd877]::panicking::panic_with_hook
[INFO] [stdout]    7:     0x5b0dfe2f8172 - std[617be2ca0a6fd877]::panicking::panic_handler::{closure#0}
[INFO] [stdout]    8:     0x5b0dfe2f09c9 - std[617be2ca0a6fd877]::sys::backtrace::__rust_end_short_backtrace::<std[617be2ca0a6fd877]::panicking::panic_handler::{closure#0}, !>
[INFO] [stdout]    9:     0x5b0dfe2f8d7d - __rustc[ea4f61d10b84890b]::rust_begin_unwind
[INFO] [stdout]   10:     0x5b0dfe3356bc - core[a373ad73a504971]::panicking::panic_fmt
[INFO] [stdout]   11:     0x5b0dfe2028af - <trybuild[514e321cf727e24b]::Runner>::run
[INFO] [stdout]   12:     0x5b0dfe205ae0 - <trybuild[514e321cf727e24b]::TestCases as core[a373ad73a504971]::ops::drop::Drop>::drop
[INFO] [stdout]   13:     0x5b0dfe1fcf16 - ui[e6a4b604389edc5e]::ui
[INFO] [stdout]   14:     0x5b0dfe1fd149 - <ui[e6a4b604389edc5e]::ui::{closure#0} as core[a373ad73a504971]::ops::function::FnOnce<()>>::call_once
[INFO] [stdout]   15:     0x5b0dfe2a2c5b - test[aada8e7e76ba119b]::__rust_begin_short_backtrace::<core[a373ad73a504971]::result::Result<(), alloc[2e1b2a31b91974c5]::string::String>, fn() -> core[a373ad73a504971]::result::Result<(), alloc[2e1b2a31b91974c5]::string::String>>
[INFO] [stdout]   16:     0x5b0dfe2afe35 - test[aada8e7e76ba119b]::run_test::{closure#0}
[INFO] [stdout]   17:     0x5b0dfe2a9724 - std[617be2ca0a6fd877]::sys::backtrace::__rust_begin_short_backtrace::<test[aada8e7e76ba119b]::run_test::{closure#1}, ()>
[INFO] [stdout]   18:     0x5b0dfe2b2ec2 - <std[617be2ca0a6fd877]::thread::lifecycle::spawn_unchecked<test[aada8e7e76ba119b]::run_test::{closure#1}, ()>::{closure#1} as core[a373ad73a504971]::ops::function::FnOnce<()>>::call_once::{shim:vtable#0}
[INFO] [stdout]   19:     0x5b0dfe31debf - <std[617be2ca0a6fd877]::sys::thread::unix::Thread>::new::thread_start
[INFO] [stdout]   20:     0x77dfd84dddfa - <unknown>
[INFO] [stdout]   21:     0x77dfd85713d4 - clone
[INFO] [stdout]   22:                0x0 - <unknown>
[INFO] [stdout] 
[INFO] [stdout] 
[INFO] [stdout] failures:
[INFO] [stdout]     ui
[INFO] [stdout] 
[INFO] [stdout] test result: FAILED. 0 passed; 1 failed; 0 ignored; 0 measured; 0 filtered out; finished in 30.31s
[INFO] [stdout] 
[INFO] running `Command { std: "docker" "inspect" "cccfcafd247674211ff7e654bf0e17a4a9c0119be6676500745518f6ad7b0eaa", kill_on_drop: false }`
[INFO] running `Command { std: "docker" "rm" "-f" "cccfcafd247674211ff7e654bf0e17a4a9c0119be6676500745518f6ad7b0eaa", kill_on_drop: false }`
[INFO] [stdout] cccfcafd247674211ff7e654bf0e17a4a9c0119be6676500745518f6ad7b0eaa
