[INFO] fetching crate rinklecate 2.0.0...
[INFO] testing rinklecate-2.0.0 against 1.100.0-beta.1+cargoflags=--release for beta-release-1.100-2
[INFO] extracting crate rinklecate 2.0.0 into /workspace/builds/worker-7-tc2/source
[INFO] started tweaking crates.io crate rinklecate 2.0.0
[INFO] removed 0 missing tests
[INFO] finished tweaking crates.io crate rinklecate 2.0.0
[INFO] tweaked toml for crates.io crate rinklecate 2.0.0 written to /workspace/builds/worker-7-tc2/source/Cargo.toml
[INFO] validating manifest of crates.io crate rinklecate 2.0.0 on toolchain 1.100.0-beta.1
[INFO] running `Command { std: CARGO_HOME="/workspace/cargo-home" RUSTUP_HOME="/workspace/rustup-home" "/workspace/cargo-home/bin/cargo" "+1.100.0-beta.1" "metadata" "--manifest-path" "Cargo.toml" "--no-deps", kill_on_drop: false }`
[INFO] crate crates.io crate rinklecate 2.0.0 already has a lockfile, it will not be regenerated
[INFO] running `Command { std: CARGO_HOME="/workspace/cargo-home" RUSTUP_HOME="/workspace/rustup-home" "/workspace/cargo-home/bin/cargo" "+1.100.0-beta.1" "fetch" "--manifest-path" "Cargo.toml", kill_on_drop: false }`
[INFO] running `Command { std: "docker" "create" "-v" "/var/lib/crater-agent-workspace/builds/worker-7-tc2/source:/opt/rustwide/workdir:ro,Z" "-v" "/var/lib/crater-agent-workspace/builds/worker-7-tc2/target:/opt/rustwide/target:rw,Z" "-v" "/var/lib/crater-agent-workspace/cargo-home:/opt/rustwide/cargo-home:ro,Z" "-v" "/var/lib/crater-agent-workspace/rustup-home:/opt/rustwide/rustup-home:ro,Z" "-m" "1610612736" "--network" "none" "ghcr.io/rust-lang/crates-build-env/linux@sha256:77db811e55d90add9212f6832c23229e3de5f1c1f9905e8cb07319ea15df73ac" "sleep" "infinity", kill_on_drop: false }`
[INFO] [stdout] a0c62ceaa925658c536ea752c83651555a16669360361ffa0a5daa0574d25629
[INFO] running `Command { std: "docker" "start" "a0c62ceaa925658c536ea752c83651555a16669360361ffa0a5daa0574d25629", kill_on_drop: false }`
[INFO] running `Command { std: "docker" "inspect" "a0c62ceaa925658c536ea752c83651555a16669360361ffa0a5daa0574d25629", kill_on_drop: false }`
[INFO] running `Command { std: "docker" "exec" "-e" "SOURCE_DIR=/opt/rustwide/workdir" "-e" "CARGO_HOME=/opt/rustwide/cargo-home" "-e" "RUSTUP_HOME=/opt/rustwide/rustup-home" "-e" "CARGO_TARGET_DIR=/opt/rustwide/target" "-w" "/opt/rustwide/workdir" "--user" "0:0" "a0c62ceaa925658c536ea752c83651555a16669360361ffa0a5daa0574d25629" "/opt/rustwide/cargo-home/bin/cargo" "+1.100.0-beta.1" "metadata" "--no-deps" "--format-version=1", kill_on_drop: false }`
[INFO] running `Command { std: "docker" "inspect" "a0c62ceaa925658c536ea752c83651555a16669360361ffa0a5daa0574d25629", kill_on_drop: false }`
[INFO] running `Command { std: "docker" "exec" "-e" "SOURCE_DIR=/opt/rustwide/workdir" "-e" "CARGO_HOME=/opt/rustwide/cargo-home" "-e" "RUSTUP_HOME=/opt/rustwide/rustup-home" "-e" "CARGO_TARGET_DIR=/opt/rustwide/target" "-e" "CARGO_INCREMENTAL=0" "-e" "RUST_BACKTRACE=full" "-e" "RUSTFLAGS=--cap-lints=warn" "-e" "RUSTDOCFLAGS=--cap-lints=warn" "-w" "/opt/rustwide/workdir" "--user" "0:0" "a0c62ceaa925658c536ea752c83651555a16669360361ffa0a5daa0574d25629" "/opt/rustwide/cargo-home/bin/cargo" "+1.100.0-beta.1" "build" "--frozen" "--message-format=json" "--release", kill_on_drop: false }`
[INFO] [stderr]    Compiling libc v0.2.186
[INFO] [stderr]    Compiling serde_json v1.0.150
[INFO] [stderr]    Compiling chacha20 v0.10.1
[INFO] [stderr]    Compiling anyhow v1.0.103
[INFO] [stderr]    Compiling as-any v0.3.2
[INFO] [stderr]    Compiling web-time v1.1.0
[INFO] [stderr]    Compiling strum_macros v0.28.0
[INFO] [stderr]    Compiling serde_derive v1.0.228
[INFO] [stderr]    Compiling getrandom v0.4.3
[INFO] [stderr]    Compiling rand v0.10.2
[INFO] [stderr]    Compiling strum v0.28.0
[INFO] [stderr]    Compiling serde v1.0.228
[INFO] [stderr]    Compiling bladeink v2.0.0
[INFO] [stderr]    Compiling bladeink-compiler v2.0.0
[INFO] [stderr]    Compiling rinklecate v2.0.0 (/opt/rustwide/workdir)
[INFO] [stderr]     Finished `release` profile [optimized] target(s) in 25.33s
[INFO] running `Command { std: "docker" "inspect" "a0c62ceaa925658c536ea752c83651555a16669360361ffa0a5daa0574d25629", kill_on_drop: false }`
[INFO] running `Command { std: "docker" "exec" "-e" "SOURCE_DIR=/opt/rustwide/workdir" "-e" "CARGO_HOME=/opt/rustwide/cargo-home" "-e" "RUSTUP_HOME=/opt/rustwide/rustup-home" "-e" "CARGO_TARGET_DIR=/opt/rustwide/target" "-e" "CARGO_INCREMENTAL=0" "-e" "RUST_BACKTRACE=full" "-e" "RUSTFLAGS=--cap-lints=warn" "-e" "RUSTDOCFLAGS=--cap-lints=warn" "-w" "/opt/rustwide/workdir" "--user" "0:0" "a0c62ceaa925658c536ea752c83651555a16669360361ffa0a5daa0574d25629" "/opt/rustwide/cargo-home/bin/cargo" "+1.100.0-beta.1" "test" "--frozen" "--no-run" "--message-format=json" "--release", kill_on_drop: false }`
[INFO] [stderr]    Compiling aho-corasick v1.1.4
[INFO] [stderr]    Compiling predicates-core v1.0.10
[INFO] [stderr]    Compiling assert_cmd v2.2.2
[INFO] [stderr]    Compiling difflib v0.4.0
[INFO] [stderr]    Compiling termtree v0.5.1
[INFO] [stderr]    Compiling normalize-line-endings v0.3.0
[INFO] [stderr]    Compiling getrandom v0.4.3
[INFO] [stderr]    Compiling float-cmp v0.10.0
[INFO] [stderr]    Compiling rand v0.10.2
[INFO] [stderr]    Compiling predicates-tree v1.0.13
[INFO] [stderr]    Compiling bladeink v2.0.0
[INFO] [stderr]    Compiling regex-automata v0.4.16
[INFO] [stderr]    Compiling bladeink-compiler v2.0.0
[INFO] [stderr]    Compiling regex v1.13.1
[INFO] [stderr]    Compiling bstr v1.13.0
[INFO] [stderr]    Compiling predicates v3.1.4
[INFO] [stderr]    Compiling rinklecate v2.0.0 (/opt/rustwide/workdir)
[INFO] [stderr]     Finished `release` profile [optimized] target(s) in 30.24s
[INFO] running `Command { std: "docker" "inspect" "a0c62ceaa925658c536ea752c83651555a16669360361ffa0a5daa0574d25629", kill_on_drop: false }`
[INFO] running `Command { std: "docker" "exec" "-e" "SOURCE_DIR=/opt/rustwide/workdir" "-e" "CARGO_HOME=/opt/rustwide/cargo-home" "-e" "RUSTUP_HOME=/opt/rustwide/rustup-home" "-e" "CARGO_TARGET_DIR=/opt/rustwide/target" "-e" "CARGO_INCREMENTAL=0" "-e" "RUST_BACKTRACE=full" "-e" "RUSTFLAGS=--cap-lints=warn" "-e" "RUSTDOCFLAGS=--cap-lints=warn" "-w" "/opt/rustwide/workdir" "--user" "0:0" "a0c62ceaa925658c536ea752c83651555a16669360361ffa0a5daa0574d25629" "/opt/rustwide/cargo-home/bin/cargo" "+1.100.0-beta.1" "test" "--frozen" "--release", kill_on_drop: false }`
[INFO] [stderr]     Finished `release` profile [optimized] target(s) in 0.08s
[INFO] [stderr]      Running unittests src/main.rs (/opt/rustwide/target/release/build/rinklecate/f30208fa203af3fc/out/rinklecate-f30208fa203af3fc)
[INFO] [stdout] 
[INFO] [stdout] running 0 tests
[INFO] [stdout] 
[INFO] [stdout] test result: ok. 0 passed; 0 failed; 0 ignored; 0 measured; 0 filtered out; finished in 0.00s
[INFO] [stdout] 
[INFO] [stderr]      Running tests/basic_tests.rs (/opt/rustwide/target/release/build/rinklecate/d2aa5129fb5d16a9/out/basic_tests-d2aa5129fb5d16a9)
[INFO] [stdout] 
[INFO] [stdout] running 4 tests
[INFO] [stderr] Could not open file '/opt/rustwide/workdir/../conformance-tests/inkfiles/test1.ink'
[INFO] [stdout] test story_not_found_test ... ok
[INFO] [stdout] test compile_and_play_test ... FAILED
[INFO] [stderr] Could not open file '/opt/rustwide/workdir/../conformance-tests/inkfiles/test1.ink.json'
[INFO] [stdout] test basic_story_test ... FAILED
[INFO] [stdout] test json_issues_escape_backslashes_test ... ok
[INFO] [stdout] 
[INFO] [stdout] failures:
[INFO] [stdout] 
[INFO] [stdout] ---- compile_and_play_test stdout ----
[INFO] [stdout] 
[INFO] [stdout] thread 'compile_and_play_test' (991) panicked at tests/basic_tests.rs:59:5:
[INFO] [stdout] assertion failed: output.status.success()
[INFO] [stdout] stack backtrace:
[INFO] [stdout]    0:     0x5de9ed380731 - <<std[617be2ca0a6fd877]::sys::backtrace::BacktraceLock>::print::DisplayBacktrace as core[a373ad73a504971]::fmt::Display>::fmt
[INFO] [stdout]    1:     0x5de9ed39747a - core[a373ad73a504971]::fmt::write
[INFO] [stdout]    2:     0x5de9ed385f5c - <alloc[2e1b2a31b91974c5]::vec::Vec<u8> as core[a373ad73a504971]::io::write::Write>::write_fmt
[INFO] [stdout]    3:     0x5de9ed35afd6 - std[617be2ca0a6fd877]::panicking::default_hook::{closure#0}
[INFO] [stdout]    4:     0x5de9ed378409 - std[617be2ca0a6fd877]::panicking::default_hook
[INFO] [stdout]    5:     0x5de9ed309150 - test[aada8e7e76ba119b]::test_main_inner::{closure#0}
[INFO] [stdout]    6:     0x5de9ed3785c2 - std[617be2ca0a6fd877]::panicking::panic_with_hook
[INFO] [stdout]    7:     0x5de9ed35b0b4 - std[617be2ca0a6fd877]::panicking::panic_handler::{closure#0}
[INFO] [stdout]    8:     0x5de9ed353c79 - std[617be2ca0a6fd877]::sys::backtrace::__rust_end_short_backtrace::<std[617be2ca0a6fd877]::panicking::panic_handler::{closure#0}, !>
[INFO] [stdout]    9:     0x5de9ed35bc8d - __rustc[ea4f61d10b84890b]::rust_begin_unwind
[INFO] [stdout]   10:     0x5de9ed397c2c - core[a373ad73a504971]::panicking::panic_fmt
[INFO] [stdout]   11:     0x5de9ed397bf2 - core[a373ad73a504971]::panicking::panic
[INFO] [stdout]   12:     0x5de9ed2f2991 - <basic_tests[f88cb6c76712158b]::compile_and_play_test::{closure#0} as core[a373ad73a504971]::ops::function::FnOnce<()>>::call_once
[INFO] [stdout]   13:     0x5de9ed2fc59b - test[aada8e7e76ba119b]::__rust_begin_short_backtrace::<core[a373ad73a504971]::result::Result<(), alloc[2e1b2a31b91974c5]::string::String>, fn() -> core[a373ad73a504971]::result::Result<(), alloc[2e1b2a31b91974c5]::string::String>>
[INFO] [stdout]   14:     0x5de9ed309775 - test[aada8e7e76ba119b]::run_test::{closure#0}
[INFO] [stdout]   15:     0x5de9ed303064 - std[617be2ca0a6fd877]::sys::backtrace::__rust_begin_short_backtrace::<test[aada8e7e76ba119b]::run_test::{closure#1}, ()>
[INFO] [stdout]   16:     0x5de9ed30c802 - <std[617be2ca0a6fd877]::thread::lifecycle::spawn_unchecked<test[aada8e7e76ba119b]::run_test::{closure#1}, ()>::{closure#1} as core[a373ad73a504971]::ops::function::FnOnce<()>>::call_once::{shim:vtable#0}
[INFO] [stdout]   17:     0x5de9ed37fd2f - <std[617be2ca0a6fd877]::sys::thread::unix::Thread>::new::thread_start
[INFO] [stdout]   18:     0x711f683cddfa - <unknown>
[INFO] [stdout]   19:     0x711f684613d4 - clone
[INFO] [stdout]   20:                0x0 - <unknown>
[INFO] [stdout] 
[INFO] [stdout] ---- basic_story_test stdout ----
[INFO] [stdout] 
[INFO] [stdout] thread 'basic_story_test' (990) panicked at tests/basic_tests.rs:26:29:
[INFO] [stdout] called `Result::unwrap()` on an `Err` value: Os { code: 32, kind: BrokenPipe, message: "Broken pipe" }
[INFO] [stdout] stack backtrace:
[INFO] [stdout]    0:     0x5de9ed380731 - <<std[617be2ca0a6fd877]::sys::backtrace::BacktraceLock>::print::DisplayBacktrace as core[a373ad73a504971]::fmt::Display>::fmt
[INFO] [stdout]    1:     0x5de9ed39747a - core[a373ad73a504971]::fmt::write
[INFO] [stdout]    2:     0x5de9ed385f5c - <alloc[2e1b2a31b91974c5]::vec::Vec<u8> as core[a373ad73a504971]::io::write::Write>::write_fmt
[INFO] [stdout]    3:     0x5de9ed35afd6 - std[617be2ca0a6fd877]::panicking::default_hook::{closure#0}
[INFO] [stdout]    4:     0x5de9ed378409 - std[617be2ca0a6fd877]::panicking::default_hook
[INFO] [stdout]    5:     0x5de9ed309150 - test[aada8e7e76ba119b]::test_main_inner::{closure#0}
[INFO] [stdout]    6:     0x5de9ed3785c2 - std[617be2ca0a6fd877]::panicking::panic_with_hook
[INFO] [stdout]    7:     0x5de9ed35b082 - std[617be2ca0a6fd877]::panicking::panic_handler::{closure#0}
[INFO] [stdout]    8:     0x5de9ed353c79 - std[617be2ca0a6fd877]::sys::backtrace::__rust_end_short_backtrace::<std[617be2ca0a6fd877]::panicking::panic_handler::{closure#0}, !>
[INFO] [stdout]    9:     0x5de9ed35bc8d - __rustc[ea4f61d10b84890b]::rust_begin_unwind
[INFO] [stdout]   10:     0x5de9ed397c2c - core[a373ad73a504971]::panicking::panic_fmt
[INFO] [stdout]   11:     0x5de9ed397a02 - core[a373ad73a504971]::result::unwrap_failed
[INFO] [stdout]   12:     0x5de9ed2f1f46 - <basic_tests[f88cb6c76712158b]::basic_story_test::{closure#0} as core[a373ad73a504971]::ops::function::FnOnce<()>>::call_once
[INFO] [stdout]   13:     0x5de9ed2fc59b - test[aada8e7e76ba119b]::__rust_begin_short_backtrace::<core[a373ad73a504971]::result::Result<(), alloc[2e1b2a31b91974c5]::string::String>, fn() -> core[a373ad73a504971]::result::Result<(), alloc[2e1b2a31b91974c5]::string::String>>
[INFO] [stdout]   14:     0x5de9ed309775 - test[aada8e7e76ba119b]::run_test::{closure#0}
[INFO] [stdout]   15:     0x5de9ed303064 - std[617be2ca0a6fd877]::sys::backtrace::__rust_begin_short_backtrace::<test[aada8e7e76ba119b]::run_test::{closure#1}, ()>
[INFO] [stdout]   16:     0x5de9ed30c802 - <std[617be2ca0a6fd877]::thread::lifecycle::spawn_unchecked<test[aada8e7e76ba119b]::run_test::{closure#1}, ()>::{closure#1} as core[a373ad73a504971]::ops::function::FnOnce<()>>::call_once::{shim:vtable#0}
[INFO] [stdout]   17:     0x5de9ed37fd2f - <std[617be2ca0a6fd877]::sys::thread::unix::Thread>::new::thread_start
[INFO] [stdout]   18:     0x711f683cddfa - <unknown>
[INFO] [stdout]   19:     0x711f684613d4 - clone
[INFO] [stdout]   20:                0x0 - <unknown>
[INFO] [stdout] 
[INFO] [stdout] 
[INFO] [stdout] failures:
[INFO] [stdout]     basic_story_test
[INFO] [stdout]     compile_and_play_test
[INFO] [stdout] 
[INFO] [stdout] test result: FAILED. 2 passed; 2 failed; 0 ignored; 0 measured; 0 filtered out; finished in 0.02s
[INFO] [stdout] 
[INFO] [stderr] error: test failed, to rerun pass `--test basic_tests`
[INFO] running `Command { std: "docker" "inspect" "a0c62ceaa925658c536ea752c83651555a16669360361ffa0a5daa0574d25629", kill_on_drop: false }`
[INFO] running `Command { std: "docker" "rm" "-f" "a0c62ceaa925658c536ea752c83651555a16669360361ffa0a5daa0574d25629", kill_on_drop: false }`
[INFO] [stdout] a0c62ceaa925658c536ea752c83651555a16669360361ffa0a5daa0574d25629
