[INFO] fetching crate rink-core 0.9.0...
[INFO] testing rink-core-0.9.0 against 1.99.0-beta.8+cargoflags=--release for beta-release-1.100-2
[INFO] extracting crate rink-core 0.9.0 into /workspace/builds/worker-0-tc1/source
[INFO] started tweaking crates.io crate rink-core 0.9.0
[INFO] removed 0 missing tests
[INFO] finished tweaking crates.io crate rink-core 0.9.0
[INFO] tweaked toml for crates.io crate rink-core 0.9.0 written to /workspace/builds/worker-0-tc1/source/Cargo.toml
[INFO] validating manifest of crates.io crate rink-core 0.9.0 on toolchain 1.99.0-beta.8
[INFO] running `Command { std: CARGO_HOME="/workspace/cargo-home" RUSTUP_HOME="/workspace/rustup-home" "/workspace/cargo-home/bin/cargo" "+1.99.0-beta.8" "metadata" "--manifest-path" "Cargo.toml" "--no-deps", kill_on_drop: false }`
[INFO] crate crates.io crate rink-core 0.9.0 already has a lockfile, it will not be regenerated
[INFO] running `Command { std: CARGO_HOME="/workspace/cargo-home" RUSTUP_HOME="/workspace/rustup-home" "/workspace/cargo-home/bin/cargo" "+1.99.0-beta.8" "fetch" "--manifest-path" "Cargo.toml", kill_on_drop: false }`
[INFO] [stderr]  Downloading crates ...
[INFO] [stderr]   Downloaded similar v2.5.0
[INFO] [stderr]   Downloaded similar-asserts v1.5.0
[INFO] [stderr]   Downloaded num-bigint v0.4.4
[INFO] [stderr]   Downloaded serde_json v1.0.116
[INFO] running `Command { std: "docker" "create" "-v" "/var/lib/crater-agent-workspace/builds/worker-0-tc1/source:/opt/rustwide/workdir:ro,Z" "-v" "/var/lib/crater-agent-workspace/builds/worker-0-tc1/target:/opt/rustwide/target:rw,Z" "-v" "/var/lib/crater-agent-workspace/cargo-home:/opt/rustwide/cargo-home:ro,Z" "-v" "/var/lib/crater-agent-workspace/rustup-home:/opt/rustwide/rustup-home:ro,Z" "-m" "1610612736" "--network" "none" "ghcr.io/rust-lang/crates-build-env/linux@sha256:77db811e55d90add9212f6832c23229e3de5f1c1f9905e8cb07319ea15df73ac" "sleep" "infinity", kill_on_drop: false }`
[INFO] [stdout] 299e2248cad9e4771cbd3fc35cb9bbba85f0eccd9a1a13437da16ee0751d4fc7
[INFO] running `Command { std: "docker" "start" "299e2248cad9e4771cbd3fc35cb9bbba85f0eccd9a1a13437da16ee0751d4fc7", kill_on_drop: false }`
[INFO] running `Command { std: "docker" "inspect" "299e2248cad9e4771cbd3fc35cb9bbba85f0eccd9a1a13437da16ee0751d4fc7", kill_on_drop: false }`
[INFO] running `Command { std: "docker" "exec" "-e" "SOURCE_DIR=/opt/rustwide/workdir" "-e" "CARGO_HOME=/opt/rustwide/cargo-home" "-e" "RUSTUP_HOME=/opt/rustwide/rustup-home" "-e" "CARGO_TARGET_DIR=/opt/rustwide/target" "-w" "/opt/rustwide/workdir" "--user" "0:0" "299e2248cad9e4771cbd3fc35cb9bbba85f0eccd9a1a13437da16ee0751d4fc7" "/opt/rustwide/cargo-home/bin/cargo" "+1.99.0-beta.8" "metadata" "--no-deps" "--format-version=1", kill_on_drop: false }`
[INFO] running `Command { std: "docker" "inspect" "299e2248cad9e4771cbd3fc35cb9bbba85f0eccd9a1a13437da16ee0751d4fc7", kill_on_drop: false }`
[INFO] running `Command { std: "docker" "exec" "-e" "SOURCE_DIR=/opt/rustwide/workdir" "-e" "CARGO_HOME=/opt/rustwide/cargo-home" "-e" "RUSTUP_HOME=/opt/rustwide/rustup-home" "-e" "CARGO_TARGET_DIR=/opt/rustwide/target" "-e" "CARGO_INCREMENTAL=0" "-e" "RUST_BACKTRACE=full" "-e" "RUSTFLAGS=--cap-lints=warn" "-e" "RUSTDOCFLAGS=--cap-lints=warn" "-w" "/opt/rustwide/workdir" "--user" "0:0" "299e2248cad9e4771cbd3fc35cb9bbba85f0eccd9a1a13437da16ee0751d4fc7" "/opt/rustwide/cargo-home/bin/cargo" "+1.99.0-beta.8" "build" "--frozen" "--message-format=json" "--release", kill_on_drop: false }`
[INFO] [stderr]    Compiling autocfg v1.2.0
[INFO] [stderr]    Compiling serde v1.0.219
[INFO] [stderr]    Compiling hashbrown v0.14.3
[INFO] [stderr]    Compiling equivalent v1.0.1
[INFO] [stderr]    Compiling jiff v0.2.15
[INFO] [stderr]    Compiling proc-macro2 v1.0.95
[INFO] [stderr]    Compiling num-traits v0.2.18
[INFO] [stderr]    Compiling num-bigint v0.4.4
[INFO] [stderr]    Compiling num-rational v0.4.1
[INFO] [stderr]    Compiling quote v1.0.40
[INFO] [stderr]    Compiling indexmap v2.2.6
[INFO] [stderr]    Compiling syn v2.0.104
[INFO] [stderr]    Compiling num-integer v0.1.46
[INFO] [stderr]    Compiling serde_derive v1.0.219
[INFO] [stderr]    Compiling rink-core v0.9.0 (/opt/rustwide/workdir)
[INFO] [stdout] warning: use of deprecated associated function `core::num::<impl i64>::max_value`: replaced by the `MAX` associated constant on this type
[INFO] [stdout]    --> src/parsing/datetime.rs:641:34
[INFO] [stdout]     |
[INFO] [stdout] 641 |     let max = Numeric::from(i64::max_value());
[INFO] [stdout]     |                                  ^^^^^^^^^
[INFO] [stdout]     |
[INFO] [stdout]     = note: `#[warn(deprecated)]` on by default
[INFO] [stdout] 
[INFO] [stdout] 
[INFO] [stdout] warning: use of deprecated associated function `core::num::<impl i64>::max_value`: replaced by the `MAX` associated constant on this type
[INFO] [stdout]    --> src/types/numeric.rs:106:70
[INFO] [stdout]     |
[INFO] [stdout] 106 |                 if !f.is_nan() && !f.is_infinite() && f.abs() < i64::max_value() as f64 {
[INFO] [stdout]     |                                                                      ^^^^^^^^^
[INFO] [stdout] 
[INFO] [stdout] 
[INFO] [stderr]     Finished `release` profile [optimized] target(s) in 36.95s
[INFO] running `Command { std: "docker" "inspect" "299e2248cad9e4771cbd3fc35cb9bbba85f0eccd9a1a13437da16ee0751d4fc7", kill_on_drop: false }`
[INFO] running `Command { std: "docker" "exec" "-e" "SOURCE_DIR=/opt/rustwide/workdir" "-e" "CARGO_HOME=/opt/rustwide/cargo-home" "-e" "RUSTUP_HOME=/opt/rustwide/rustup-home" "-e" "CARGO_TARGET_DIR=/opt/rustwide/target" "-e" "CARGO_INCREMENTAL=0" "-e" "RUST_BACKTRACE=full" "-e" "RUSTFLAGS=--cap-lints=warn" "-e" "RUSTDOCFLAGS=--cap-lints=warn" "-w" "/opt/rustwide/workdir" "--user" "0:0" "299e2248cad9e4771cbd3fc35cb9bbba85f0eccd9a1a13437da16ee0751d4fc7" "/opt/rustwide/cargo-home/bin/cargo" "+1.99.0-beta.8" "test" "--frozen" "--no-run" "--message-format=json" "--release", kill_on_drop: false }`
[INFO] [stderr]    Compiling libc v0.2.174
[INFO] [stderr]    Compiling serde_json v1.0.116
[INFO] [stderr]    Compiling ryu v1.0.17
[INFO] [stderr]    Compiling itoa v1.0.11
[INFO] [stderr]    Compiling unicode-segmentation v1.11.0
[INFO] [stdout] warning: use of deprecated associated function `core::num::<impl i64>::max_value`: replaced by the `MAX` associated constant on this type
[INFO] [stdout]    --> src/parsing/datetime.rs:641:34
[INFO] [stdout]     |
[INFO] [stdout] 641 |     let max = Numeric::from(i64::max_value());
[INFO] [stdout]     |                                  ^^^^^^^^^
[INFO] [stdout]     |
[INFO] [stdout]     = note: `#[warn(deprecated)]` on by default
[INFO] [stdout] 
[INFO] [stdout] 
[INFO] [stdout] warning: use of deprecated associated function `core::num::<impl i64>::max_value`: replaced by the `MAX` associated constant on this type
[INFO] [stdout]    --> src/types/numeric.rs:106:70
[INFO] [stdout]     |
[INFO] [stdout] 106 |                 if !f.is_nan() && !f.is_infinite() && f.abs() < i64::max_value() as f64 {
[INFO] [stdout]     |                                                                      ^^^^^^^^^
[INFO] [stdout] 
[INFO] [stdout] 
[INFO] [stderr]    Compiling similar v2.5.0
[INFO] [stderr]    Compiling console v0.15.8
[INFO] [stderr]    Compiling similar-asserts v1.5.0
[INFO] [stderr]    Compiling assert-json-diff v2.0.2
[INFO] [stderr]    Compiling rink-core v0.9.0 (/opt/rustwide/workdir)
[INFO] [stdout] warning: use of deprecated associated function `core::num::<impl i64>::max_value`: replaced by the `MAX` associated constant on this type
[INFO] [stdout]    --> src/parsing/datetime.rs:641:34
[INFO] [stdout]     |
[INFO] [stdout] 641 |     let max = Numeric::from(i64::max_value());
[INFO] [stdout]     |                                  ^^^^^^^^^
[INFO] [stdout]     |
[INFO] [stdout]     = note: `#[warn(deprecated)]` on by default
[INFO] [stdout] 
[INFO] [stdout] 
[INFO] [stdout] warning: use of deprecated associated function `core::num::<impl i64>::max_value`: replaced by the `MAX` associated constant on this type
[INFO] [stdout]    --> src/types/numeric.rs:106:70
[INFO] [stdout]     |
[INFO] [stdout] 106 |                 if !f.is_nan() && !f.is_infinite() && f.abs() < i64::max_value() as f64 {
[INFO] [stdout]     |                                                                      ^^^^^^^^^
[INFO] [stdout] 
[INFO] [stdout] 
[INFO] [stderr]     Finished `release` profile [optimized] target(s) in 24.14s
[INFO] running `Command { std: "docker" "inspect" "299e2248cad9e4771cbd3fc35cb9bbba85f0eccd9a1a13437da16ee0751d4fc7", kill_on_drop: false }`
[INFO] running `Command { std: "docker" "exec" "-e" "SOURCE_DIR=/opt/rustwide/workdir" "-e" "CARGO_HOME=/opt/rustwide/cargo-home" "-e" "RUSTUP_HOME=/opt/rustwide/rustup-home" "-e" "CARGO_TARGET_DIR=/opt/rustwide/target" "-e" "CARGO_INCREMENTAL=0" "-e" "RUST_BACKTRACE=full" "-e" "RUSTFLAGS=--cap-lints=warn" "-e" "RUSTDOCFLAGS=--cap-lints=warn" "-w" "/opt/rustwide/workdir" "--user" "0:0" "299e2248cad9e4771cbd3fc35cb9bbba85f0eccd9a1a13437da16ee0751d4fc7" "/opt/rustwide/cargo-home/bin/cargo" "+1.99.0-beta.8" "test" "--frozen" "--release", kill_on_drop: false }`
[INFO] [stderr] warning: use of deprecated associated function `core::num::<impl i64>::max_value`: replaced by the `MAX` associated constant on this type
[INFO] [stderr]    --> src/parsing/datetime.rs:641:34
[INFO] [stderr]     |
[INFO] [stderr] 641 |     let max = Numeric::from(i64::max_value());
[INFO] [stderr]     |                                  ^^^^^^^^^
[INFO] [stderr]     |
[INFO] [stderr]     = note: `#[warn(deprecated)]` on by default
[INFO] [stderr] 
[INFO] [stderr] warning: use of deprecated associated function `core::num::<impl i64>::max_value`: replaced by the `MAX` associated constant on this type
[INFO] [stderr]    --> src/types/numeric.rs:106:70
[INFO] [stderr]     |
[INFO] [stderr] 106 |                 if !f.is_nan() && !f.is_infinite() && f.abs() < i64::max_value() as f64 {
[INFO] [stderr]     |                                                                      ^^^^^^^^^
[INFO] [stderr] 
[INFO] [stderr] warning: `rink-core` (lib) generated 2 warnings
[INFO] [stderr] warning: `rink-core` (lib test) generated 2 warnings (2 duplicates)
[INFO] [stderr]     Finished `release` profile [optimized] target(s) in 0.06s
[INFO] [stderr]      Running unittests src/lib.rs (/opt/rustwide/target/release/deps/rink_core-3f8aa870dd0e6eb3)
[INFO] [stdout] 
[INFO] [stdout] running 50 tests
[INFO] [stdout] test parsing::datetime::tests::ad_bc ... ok
[INFO] [stdout] test parsing::datetime::tests::test_full_hour12 ... ok
[INFO] [stdout] test parsing::datetime::tests::test_isoyear ... ok
[INFO] [stdout] test parsing::datetime::tests::test_full_hour24 ... ok
[INFO] [stdout] test parsing::datetime::tests::test_monthname ... ok
[INFO] [stdout] test parsing::datetime::tests::test_meridiem ... ok
[INFO] [stdout] test parsing::datetime::tests::test_ordinal ... ok
[INFO] [stdout] test parsing::datetime::tests::short_hour ... ok
[INFO] [stdout] test parsing::datetime::tests::test_24h ... ok
[INFO] [stdout] test output::number_parts::tests::test_fmt ... FAILED
[INFO] [stdout] test parsing::datetime::tests::seconds ... ok
[INFO] [stdout] test parsing::datetime::tests::test_year_plus ... ok
[INFO] [stdout] test parsing::datetime::tests::test_weekday ... ok
[INFO] [stdout] test parsing::datetime::tests::wrong_length_24h ... ok
[INFO] [stdout] test parsing::datetime::tests::test_parse_datepattern ... ok
[INFO] [stdout] test parsing::datetime::tests::test_complicated_date_input ... ok
[INFO] [stdout] test parsing::text_query::test::mul_assoc ... ok
[INFO] [stdout] test parsing::datetime::tests::test_relative ... ok
[INFO] [stdout] test parsing::text_query::test::add_assoc ... ok
[INFO] [stdout] test parsing::datetime::tests::test_today ... ok
[INFO] [stdout] test parsing::datetime::tests::test_week_date ... ok
[INFO] [stdout] test parsing::text_query::test::multiplication ... ok
[INFO] [stdout] test parsing::text_query::test::exponents ... ok
[INFO] [stdout] test parsing::text_query::test::number_lex ... ok
[INFO] [stdout] test parsing::text_query::test::parse_extra_ops ... ok
[INFO] [stdout] test parsing::datetime::tests::test_literal ... ok
[INFO] [stdout] test parsing::text_query::test::division ... ok
[INFO] [stdout] test parsing::datetime::tests::test_now ... ok
[INFO] [stdout] test types::bigint::test::test_factorial ... ok
[INFO] [stdout] test parsing::text_query::test::test_of ... ok
[INFO] [stdout] test types::bigint::test::test_fmt ... ok
[INFO] [stdout] test types::humanize::tests::test_format ... ok
[INFO] [stdout] test parsing::datetime::tests::ad_bc_wrong ... ok
[INFO] [stdout] test parsing::text_query::test::sub_crash_regression ... ok
[INFO] [stdout] test parsing::text_query::test::suffix_prec ... ok
[INFO] [stdout] test types::numeric::tests::test_tostring_simple ... ok
[INFO] [stdout] test types::numeric::tests::test_negatives ... ok
[INFO] [stdout] test parsing::text_query::test::test_prefixed_currency ... ok
[INFO] [stdout] test types::numeric::tests::test_recurring_fraction ... ok
[INFO] [stdout] test parsing::text_query::test::test_pow_prec ... ok
[INFO] [stdout] test types::numeric::tests::test_base2 ... ok
[INFO] [stdout] test types::numeric::tests::test_exponent ... ok
[INFO] [stdout] test types::bigint::test::test_size_in_base_10 ... ok
[INFO] [stdout] test types::bigrat::tests::test_scientific_small ... ok
[INFO] [stdout] test parsing::text_query::test::mono_unit_list ... ok
[INFO] [stdout] test types::humanize::tests::test_spans ... ok
[INFO] [stdout] test parsing::datetime::tests::test_offset ... ok
[INFO] [stdout] test parsing::datetime::tests::test_attempt ... ok
[INFO] [stdout] test parsing::datetime::tests::test_attempt_relative ... ok
[INFO] [stdout] test types::humanize::tests::test_with_dates ... FAILED
[INFO] [stdout] 
[INFO] [stdout] failures:
[INFO] [stdout] 
[INFO] [stdout] ---- output::number_parts::tests::test_fmt stdout ----
[INFO] [stdout] 
[INFO] [stdout] thread 'output::number_parts::tests::test_fmt' (1143) panicked at src/output/number_parts.rs:297:43:
[INFO] [stdout] called `Result::unwrap()` on an `Err` value: "bundle-files feature not enabled, cannot create simple context."
[INFO] [stdout] stack backtrace:
[INFO] [stdout]    0:     0x63ab2f3ecf11 - <<std[70759c8f55707aa4]::sys::backtrace::BacktraceLock>::print::DisplayBacktrace as core[df12db4294e9bfd3]::fmt::Display>::fmt
[INFO] [stdout]    1:     0x63ab2f40319a - core[df12db4294e9bfd3]::fmt::write
[INFO] [stdout]    2:     0x63ab2f3f176c - <alloc[2182bb758b4b3781]::vec::Vec<u8> as core[df12db4294e9bfd3]::io::write::Write>::write_fmt
[INFO] [stdout]    3:     0x63ab2f3c8846 - std[70759c8f55707aa4]::panicking::default_hook::{closure#0}
[INFO] [stdout]    4:     0x63ab2f3e5039 - std[70759c8f55707aa4]::panicking::default_hook
[INFO] [stdout]    5:     0x63ab2f34aa40 - test[9d35eded1c95d3be]::test_main_inner::<test[9d35eded1c95d3be]::test_main_static::{closure#0}>::{closure#0}
[INFO] [stdout]    6:     0x63ab2f3e51f2 - std[70759c8f55707aa4]::panicking::panic_with_hook
[INFO] [stdout]    7:     0x63ab2f3c88f2 - std[70759c8f55707aa4]::panicking::panic_handler::{closure#0}
[INFO] [stdout]    8:     0x63ab2f3c1419 - std[70759c8f55707aa4]::sys::backtrace::__rust_end_short_backtrace::<std[70759c8f55707aa4]::panicking::panic_handler::{closure#0}, !>
[INFO] [stdout]    9:     0x63ab2f3c94ed - __rustc[8fa7c3cbc660c2b3]::rust_begin_unwind
[INFO] [stdout]   10:     0x63ab2f40394c - core[df12db4294e9bfd3]::panicking::panic_fmt
[INFO] [stdout]   11:     0x63ab2f403722 - core[df12db4294e9bfd3]::result::unwrap_failed
[INFO] [stdout]   12:     0x63ab2f333982 - rink_core[a24571cd19034f29]::output::number_parts::tests::test_fmt
[INFO] [stdout]   13:     0x63ab2f326d29 - <rink_core[a24571cd19034f29]::output::number_parts::tests::test_fmt::{closure#0} as core[df12db4294e9bfd3]::ops::function::FnOnce<()>>::call_once
[INFO] [stdout]   14:     0x63ab2f33dd2b - test[9d35eded1c95d3be]::__rust_begin_short_backtrace::<core[df12db4294e9bfd3]::result::Result<(), alloc[2182bb758b4b3781]::string::String>, fn() -> core[df12db4294e9bfd3]::result::Result<(), alloc[2182bb758b4b3781]::string::String>>
[INFO] [stdout]   15:     0x63ab2f34b395 - test[9d35eded1c95d3be]::run_test::{closure#0}
[INFO] [stdout]   16:     0x63ab2f344c54 - std[70759c8f55707aa4]::sys::backtrace::__rust_begin_short_backtrace::<test[9d35eded1c95d3be]::run_test::{closure#1}, ()>
[INFO] [stdout]   17:     0x63ab2f34e4f2 - <std[70759c8f55707aa4]::thread::lifecycle::spawn_unchecked<test[9d35eded1c95d3be]::run_test::{closure#1}, ()>::{closure#1} as core[df12db4294e9bfd3]::ops::function::FnOnce<()>>::call_once::{shim:vtable#0}
[INFO] [stdout]   18:     0x63ab2f3ec459 - <std[70759c8f55707aa4]::sys::thread::unix::Thread>::new::thread_start
[INFO] [stdout]   19:     0x7268eb8ffdfa - <unknown>
[INFO] [stdout]   20:     0x7268eb9933d4 - clone
[INFO] [stdout]   21:                0x0 - <unknown>
[INFO] [stdout] 
[INFO] [stdout] ---- types::humanize::tests::test_with_dates stdout ----
[INFO] [stdout] 
[INFO] [stdout] thread 'types::humanize::tests::test_with_dates' (1187) panicked at src/types/humanize.rs:151:32:
[INFO] [stdout] called `Result::unwrap()` on an `Err` value: failed to find time zone `US/Pacific` in time zone database
[INFO] [stdout] stack backtrace:
[INFO] [stdout]    0:     0x63ab2f3ecf11 - <<std[70759c8f55707aa4]::sys::backtrace::BacktraceLock>::print::DisplayBacktrace as core[df12db4294e9bfd3]::fmt::Display>::fmt
[INFO] [stdout]    1:     0x63ab2f40319a - core[df12db4294e9bfd3]::fmt::write
[INFO] [stdout]    2:     0x63ab2f3f176c - <alloc[2182bb758b4b3781]::vec::Vec<u8> as core[df12db4294e9bfd3]::io::write::Write>::write_fmt
[INFO] [stdout]    3:     0x63ab2f3c8846 - std[70759c8f55707aa4]::panicking::default_hook::{closure#0}
[INFO] [stdout]    4:     0x63ab2f3e5039 - std[70759c8f55707aa4]::panicking::default_hook
[INFO] [stdout]    5:     0x63ab2f34aa40 - test[9d35eded1c95d3be]::test_main_inner::<test[9d35eded1c95d3be]::test_main_static::{closure#0}>::{closure#0}
[INFO] [stdout]    6:     0x63ab2f3e51f2 - std[70759c8f55707aa4]::panicking::panic_with_hook
[INFO] [stdout]    7:     0x63ab2f3c88f2 - std[70759c8f55707aa4]::panicking::panic_handler::{closure#0}
[INFO] [stdout]    8:     0x63ab2f3c1419 - std[70759c8f55707aa4]::sys::backtrace::__rust_end_short_backtrace::<std[70759c8f55707aa4]::panicking::panic_handler::{closure#0}, !>
[INFO] [stdout]    9:     0x63ab2f3c94ed - __rustc[8fa7c3cbc660c2b3]::rust_begin_unwind
[INFO] [stdout]   10:     0x63ab2f40394c - core[df12db4294e9bfd3]::panicking::panic_fmt
[INFO] [stdout]   11:     0x63ab2f403722 - core[df12db4294e9bfd3]::result::unwrap_failed
[INFO] [stdout]   12:     0x63ab2f32216d - rink_core[a24571cd19034f29]::types::humanize::tests::test_with_dates
[INFO] [stdout]   13:     0x63ab2f326d09 - <rink_core[a24571cd19034f29]::types::humanize::tests::test_with_dates::{closure#0} as core[df12db4294e9bfd3]::ops::function::FnOnce<()>>::call_once
[INFO] [stdout]   14:     0x63ab2f33dd2b - test[9d35eded1c95d3be]::__rust_begin_short_backtrace::<core[df12db4294e9bfd3]::result::Result<(), alloc[2182bb758b4b3781]::string::String>, fn() -> core[df12db4294e9bfd3]::result::Result<(), alloc[2182bb758b4b3781]::string::String>>
[INFO] [stdout]   15:     0x63ab2f34b395 - test[9d35eded1c95d3be]::run_test::{closure#0}
[INFO] [stdout]   16:     0x63ab2f344c54 - std[70759c8f55707aa4]::sys::backtrace::__rust_begin_short_backtrace::<test[9d35eded1c95d3be]::run_test::{closure#1}, ()>
[INFO] [stdout]   17:     0x63ab2f34e4f2 - <std[70759c8f55707aa4]::thread::lifecycle::spawn_unchecked<test[9d35eded1c95d3be]::run_test::{closure#1}, ()>::{closure#1} as core[df12db4294e9bfd3]::ops::function::FnOnce<()>>::call_once::{shim:vtable#0}
[INFO] [stdout]   18:     0x63ab2f3ec459 - <std[70759c8f55707aa4]::sys::thread::unix::Thread>::new::thread_start
[INFO] [stdout]   19:     0x7268eb8ffdfa - <unknown>
[INFO] [stdout]   20:     0x7268eb9933d4 - clone
[INFO] [stdout]   21:                0x0 - <unknown>
[INFO] [stdout] 
[INFO] [stdout] 
[INFO] [stdout] failures:
[INFO] [stdout]     output::number_parts::tests::test_fmt
[INFO] [stdout]     types::humanize::tests::test_with_dates
[INFO] [stdout] 
[INFO] [stdout] test result: FAILED. 48 passed; 2 failed; 0 ignored; 0 measured; 0 filtered out; finished in 0.03s
[INFO] [stdout] 
[INFO] [stderr] error: test failed, to rerun pass `--lib`
[INFO] running `Command { std: "docker" "inspect" "299e2248cad9e4771cbd3fc35cb9bbba85f0eccd9a1a13437da16ee0751d4fc7", kill_on_drop: false }`
[INFO] running `Command { std: "docker" "rm" "-f" "299e2248cad9e4771cbd3fc35cb9bbba85f0eccd9a1a13437da16ee0751d4fc7", kill_on_drop: false }`
[INFO] [stdout] 299e2248cad9e4771cbd3fc35cb9bbba85f0eccd9a1a13437da16ee0751d4fc7
