[INFO] fetching crate ringline-h3 0.6.0...
[INFO] testing ringline-h3-0.6.0 against 1.99.0-beta.8+cargoflags=--release for beta-release-1.100-2
[INFO] extracting crate ringline-h3 0.6.0 into /workspace/builds/worker-4-tc1/source
[INFO] started tweaking crates.io crate ringline-h3 0.6.0
[INFO] removed 0 missing tests
[INFO] finished tweaking crates.io crate ringline-h3 0.6.0
[INFO] tweaked toml for crates.io crate ringline-h3 0.6.0 written to /workspace/builds/worker-4-tc1/source/Cargo.toml
[INFO] validating manifest of crates.io crate ringline-h3 0.6.0 on toolchain 1.99.0-beta.8
[INFO] running `Command { std: CARGO_HOME="/workspace/cargo-home" RUSTUP_HOME="/workspace/rustup-home" "/workspace/cargo-home/bin/cargo" "+1.99.0-beta.8" "metadata" "--manifest-path" "Cargo.toml" "--no-deps", kill_on_drop: false }`
[INFO] crate crates.io crate ringline-h3 0.6.0 already has a lockfile, it will not be regenerated
[INFO] running `Command { std: CARGO_HOME="/workspace/cargo-home" RUSTUP_HOME="/workspace/rustup-home" "/workspace/cargo-home/bin/cargo" "+1.99.0-beta.8" "fetch" "--manifest-path" "Cargo.toml", kill_on_drop: false }`
[INFO] [stderr]     Updating crates.io index
[INFO] [stderr]  Downloading crates ...
[INFO] [stderr]   Downloaded ringline-quic v0.6.0
[INFO] [stderr]   Downloaded metriken v0.9.2
[INFO] [stderr]   Downloaded metriken-derive v0.5.1
[INFO] [stderr]   Downloaded metriken-core v0.2.1
[INFO] [stderr]   Downloaded linkme-impl v0.3.36
[INFO] [stderr]   Downloaded linkme v0.3.36
[INFO] [stderr]   Downloaded histogram v1.4.1
[INFO] [stderr]   Downloaded io-uring v0.7.12
[INFO] [stderr]   Downloaded quinn-proto v0.11.15
[INFO] [stderr]   Downloaded ringline v0.6.0
[INFO] running `Command { std: "docker" "create" "-v" "/var/lib/crater-agent-workspace/builds/worker-4-tc1/source:/opt/rustwide/workdir:ro,Z" "-v" "/var/lib/crater-agent-workspace/builds/worker-4-tc1/target:/opt/rustwide/target:rw,Z" "-v" "/var/lib/crater-agent-workspace/cargo-home:/opt/rustwide/cargo-home:ro,Z" "-v" "/var/lib/crater-agent-workspace/rustup-home:/opt/rustwide/rustup-home:ro,Z" "-m" "1610612736" "--network" "none" "ghcr.io/rust-lang/crates-build-env/linux@sha256:77db811e55d90add9212f6832c23229e3de5f1c1f9905e8cb07319ea15df73ac" "sleep" "infinity", kill_on_drop: false }`
[INFO] [stdout] dd472c0b3062a5b3cc114d5075f8508af0dc78cb006272db268c6e76af3bcd05
[INFO] running `Command { std: "docker" "start" "dd472c0b3062a5b3cc114d5075f8508af0dc78cb006272db268c6e76af3bcd05", kill_on_drop: false }`
[INFO] running `Command { std: "docker" "inspect" "dd472c0b3062a5b3cc114d5075f8508af0dc78cb006272db268c6e76af3bcd05", kill_on_drop: false }`
[INFO] running `Command { std: "docker" "exec" "-e" "SOURCE_DIR=/opt/rustwide/workdir" "-e" "CARGO_HOME=/opt/rustwide/cargo-home" "-e" "RUSTUP_HOME=/opt/rustwide/rustup-home" "-e" "CARGO_TARGET_DIR=/opt/rustwide/target" "-w" "/opt/rustwide/workdir" "--user" "0:0" "dd472c0b3062a5b3cc114d5075f8508af0dc78cb006272db268c6e76af3bcd05" "/opt/rustwide/cargo-home/bin/cargo" "+1.99.0-beta.8" "metadata" "--no-deps" "--format-version=1", kill_on_drop: false }`
[INFO] running `Command { std: "docker" "inspect" "dd472c0b3062a5b3cc114d5075f8508af0dc78cb006272db268c6e76af3bcd05", kill_on_drop: false }`
[INFO] running `Command { std: "docker" "exec" "-e" "SOURCE_DIR=/opt/rustwide/workdir" "-e" "CARGO_HOME=/opt/rustwide/cargo-home" "-e" "RUSTUP_HOME=/opt/rustwide/rustup-home" "-e" "CARGO_TARGET_DIR=/opt/rustwide/target" "-e" "CARGO_INCREMENTAL=0" "-e" "RUST_BACKTRACE=full" "-e" "RUSTFLAGS=--cap-lints=warn" "-e" "RUSTDOCFLAGS=--cap-lints=warn" "-w" "/opt/rustwide/workdir" "--user" "0:0" "dd472c0b3062a5b3cc114d5075f8508af0dc78cb006272db268c6e76af3bcd05" "/opt/rustwide/cargo-home/bin/cargo" "+1.99.0-beta.8" "build" "--frozen" "--message-format=json" "--release", kill_on_drop: false }`
[INFO] [stderr]    Compiling libc v0.2.186
[INFO] [stderr]    Compiling zerocopy v0.8.52
[INFO] [stderr]    Compiling rustls v0.23.41
[INFO] [stderr]    Compiling cc v1.2.65
[INFO] [stderr]    Compiling rustls-pki-types v1.14.1
[INFO] [stderr]    Compiling lru-slab v0.1.2
[INFO] [stderr]    Compiling rustc-hash v2.1.2
[INFO] [stderr]    Compiling syn v2.0.118
[INFO] [stderr]    Compiling ring v0.17.14
[INFO] [stderr]    Compiling getrandom v0.3.4
[INFO] [stderr]    Compiling getrandom v0.2.17
[INFO] [stderr]    Compiling rand_core v0.9.5
[INFO] [stderr]    Compiling thiserror-impl v2.0.18
[INFO] [stderr]    Compiling thiserror v2.0.18
[INFO] [stderr]    Compiling ppv-lite86 v0.2.21
[INFO] [stderr]    Compiling rand_chacha v0.9.0
[INFO] [stderr]    Compiling rand v0.9.4
[INFO] [stderr]    Compiling rustls-webpki v0.103.13
[INFO] [stderr]    Compiling quinn-proto v0.11.15
[INFO] [stderr]    Compiling ringline-quic v0.6.0
[INFO] [stderr]    Compiling ringline-h3 v0.6.0 (/opt/rustwide/workdir)
[INFO] [stderr]     Finished `release` profile [optimized] target(s) in 50.40s
[INFO] running `Command { std: "docker" "inspect" "dd472c0b3062a5b3cc114d5075f8508af0dc78cb006272db268c6e76af3bcd05", kill_on_drop: false }`
[INFO] running `Command { std: "docker" "exec" "-e" "SOURCE_DIR=/opt/rustwide/workdir" "-e" "CARGO_HOME=/opt/rustwide/cargo-home" "-e" "RUSTUP_HOME=/opt/rustwide/rustup-home" "-e" "CARGO_TARGET_DIR=/opt/rustwide/target" "-e" "CARGO_INCREMENTAL=0" "-e" "RUST_BACKTRACE=full" "-e" "RUSTFLAGS=--cap-lints=warn" "-e" "RUSTDOCFLAGS=--cap-lints=warn" "-w" "/opt/rustwide/workdir" "--user" "0:0" "dd472c0b3062a5b3cc114d5075f8508af0dc78cb006272db268c6e76af3bcd05" "/opt/rustwide/cargo-home/bin/cargo" "+1.99.0-beta.8" "test" "--frozen" "--no-run" "--message-format=json" "--release", kill_on_drop: false }`
[INFO] [stderr]    Compiling getrandom v0.2.17
[INFO] [stderr]    Compiling linkme-impl v0.3.36
[INFO] [stderr]    Compiling phf_shared v0.13.1
[INFO] [stderr]    Compiling fastrand v2.4.1
[INFO] [stderr]    Compiling smallvec v1.15.2
[INFO] [stderr]    Compiling linkme v0.3.36
[INFO] [stderr]    Compiling getrandom v0.3.4
[INFO] [stderr]    Compiling crossbeam-utils v0.8.21
[INFO] [stderr]    Compiling thiserror-impl v2.0.18
[INFO] [stderr]    Compiling metriken-core v0.2.1
[INFO] [stderr]    Compiling deranged v0.5.8
[INFO] [stderr]    Compiling time-core v0.1.9
[INFO] [stderr]    Compiling io-uring v0.7.12
[INFO] [stderr]    Compiling metriken-derive v0.5.1
[INFO] [stderr]    Compiling bitflags v2.13.0
[INFO] [stderr]    Compiling base64 v0.22.1
[INFO] [stderr]    Compiling ringline v0.6.0
[INFO] [stderr]    Compiling log v0.4.33
[INFO] [stderr]    Compiling ring v0.17.14
[INFO] [stderr]    Compiling webpki-roots v1.0.8
[INFO] [stderr]    Compiling mio v1.2.1
[INFO] [stderr]    Compiling rand_core v0.9.5
[INFO] [stderr]    Compiling webpki-roots v0.26.11
[INFO] [stderr]    Compiling phf_generator v0.13.1
[INFO] [stderr]    Compiling parking_lot_core v0.9.12
[INFO] [stderr]    Compiling rand_chacha v0.9.0
[INFO] [stderr]    Compiling phf_macros v0.13.1
[INFO] [stderr]    Compiling pem v3.0.6
[INFO] [stderr]    Compiling rand v0.9.4
[INFO] [stderr]    Compiling parking_lot v0.12.5
[INFO] [stderr]    Compiling phf v0.13.1
[INFO] [stderr]    Compiling crossbeam-channel v0.5.15
[INFO] [stderr]    Compiling thiserror v2.0.18
[INFO] [stderr]    Compiling histogram v1.4.1
[INFO] [stderr]    Compiling time v0.3.51
[INFO] [stderr]    Compiling metriken v0.9.2
[INFO] [stderr]    Compiling rustls-webpki v0.103.13
[INFO] [stderr]    Compiling yasna v0.5.2
[INFO] [stderr]    Compiling rustls v0.23.41
[INFO] [stderr]    Compiling rcgen v0.13.2
[INFO] [stderr]    Compiling quinn-proto v0.11.15
[INFO] [stderr]    Compiling ringline-quic v0.6.0
[INFO] [stderr]    Compiling ringline-h3 v0.6.0 (/opt/rustwide/workdir)
[INFO] [stderr]     Finished `release` profile [optimized] target(s) in 57.13s
[INFO] running `Command { std: "docker" "inspect" "dd472c0b3062a5b3cc114d5075f8508af0dc78cb006272db268c6e76af3bcd05", kill_on_drop: false }`
[INFO] running `Command { std: "docker" "exec" "-e" "SOURCE_DIR=/opt/rustwide/workdir" "-e" "CARGO_HOME=/opt/rustwide/cargo-home" "-e" "RUSTUP_HOME=/opt/rustwide/rustup-home" "-e" "CARGO_TARGET_DIR=/opt/rustwide/target" "-e" "CARGO_INCREMENTAL=0" "-e" "RUST_BACKTRACE=full" "-e" "RUSTFLAGS=--cap-lints=warn" "-e" "RUSTDOCFLAGS=--cap-lints=warn" "-w" "/opt/rustwide/workdir" "--user" "0:0" "dd472c0b3062a5b3cc114d5075f8508af0dc78cb006272db268c6e76af3bcd05" "/opt/rustwide/cargo-home/bin/cargo" "+1.99.0-beta.8" "test" "--frozen" "--release", kill_on_drop: false }`
[INFO] [stderr]     Finished `release` profile [optimized] target(s) in 0.12s
[INFO] [stderr]      Running unittests src/lib.rs (/opt/rustwide/target/release/deps/ringline_h3-3426ca81e60c451d)
[INFO] [stdout] 
[INFO] [stdout] running 36 tests
[INFO] [stdout] test connection::validate_headers_tests::forbidden_connection_specific_rejected ... ok
[INFO] [stdout] test connection::validate_headers_tests::unknown_pseudo_rejected ... ok
[INFO] [stdout] test connection::validate_headers_tests::field_section_size_includes_per_field_overhead ... ok
[INFO] [stdout] test connection::validate_headers_tests::pseudo_after_regular_rejected ... ok
[INFO] [stdout] test connection::validate_headers_tests::te_only_trailers_allowed ... ok
[INFO] [stdout] test connection::validate_headers_tests::trailers_forbid_pseudo_headers ... ok
[INFO] [stdout] test frame::tests::frame_goaway_round_trip ... ok
[INFO] [stdout] test frame::tests::incomplete_frame_returns_none ... ok
[INFO] [stdout] test connection::validate_headers_tests::response_requires_status ... ok
[INFO] [stdout] test frame::tests::frame_data_decode_in_zero_copy ... ok
[INFO] [stdout] test frame::tests::frame_data_round_trip ... ok
[INFO] [stdout] test frame::tests::frame_headers_round_trip ... ok
[INFO] [stdout] test huffman::tests::roundtrip_simple_strings ... ok
[INFO] [stdout] test frame::tests::frame_settings_round_trip ... ok
[INFO] [stdout] test qpack::tests::encode_decode_empty_value ... ok
[INFO] [stdout] test frame::tests::oversize_frame_rejected ... ok
[INFO] [stdout] test qpack::tests::encode_decode_indexed ... ok
[INFO] [stdout] test qpack::tests::encode_decode_literal ... ok
[INFO] [stdout] test qpack::tests::too_many_indexed_literals_rejected ... ok
[INFO] [stdout] test qpack::tests::encode_decode_name_reference ... ok
[INFO] [stdout] test connection::validate_headers_tests::request_requires_method_path_scheme_authority ... ok
[INFO] [stdout] test qpack::tests::encode_decode_status_200 ... ok
[INFO] [stdout] test qpack::tests::prefix_int_round_trip ... ok
[INFO] [stdout] test settings::tests::distinct_settings_accepted ... ok
[INFO] [stdout] test connection::validate_headers_tests::connect_request_requires_authority_only ... ok
[INFO] [stdout] test qpack::tests::static_table_size ... ok
[INFO] [stdout] test settings::tests::duplicate_unknown_setting_id_rejected ... ok
[INFO] [stdout] test settings::tests::duplicate_setting_id_rejected ... ok
[INFO] [stdout] test huffman::tests::all_bytes_roundtrip ... ok
[INFO] [stdout] test frame::tests::reserved_h2_type_rejected ... ok
[INFO] [stdout] test frame::tests::unknown_frame_type_accepted ... ok
[INFO] [stdout] test huffman::tests::encoded_len_matches ... ok
[INFO] [stdout] test frame::tests::varint_lengths ... ok
[INFO] [stdout] test qpack::tests::encode_decode_multiple_headers ... ok
[INFO] [stdout] test frame::tests::varint_round_trip ... ok
[INFO] [stdout] test connection::validate_headers_tests::duplicate_pseudo_rejected ... ok
[INFO] [stdout] 
[INFO] [stdout] test result: ok. 36 passed; 0 failed; 0 ignored; 0 measured; 0 filtered out; finished in 0.21s
[INFO] [stdout] 
[INFO] [stdout] 
[INFO] [stderr]      Running tests/backpressure.rs (/opt/rustwide/target/release/deps/backpressure-3f3d77c508e6334a)
[INFO] [stdout] running 2 tests
[INFO] [stderr]      Running tests/public_servers.rs (/opt/rustwide/target/release/deps/public_servers-cad28b7a72d3735a)
[INFO] [stdout] test send_data_is_resilient_to_flow_control_backpressure ... ok
[INFO] [stderr]      Running tests/round_trip.rs (/opt/rustwide/target/release/deps/round_trip-81812aafb7408e0a)
[INFO] [stdout] test send_data_bytes_is_resilient_to_flow_control_backpressure ... ok
[INFO] [stdout] 
[INFO] [stdout] test result: ok. 2 passed; 0 failed; 0 ignored; 0 measured; 0 filtered out; finished in 0.01s
[INFO] [stdout] 
[INFO] [stdout] 
[INFO] [stdout] running 3 tests
[INFO] [stdout] test h3_cloudflare ... ignored
[INFO] [stdout] test h3_google ... ignored
[INFO] [stdout] test h3_meta ... ignored
[INFO] [stdout] 
[INFO] [stdout] test result: ok. 0 passed; 0 failed; 3 ignored; 0 measured; 0 filtered out; finished in 0.00s
[INFO] [stdout] 
[INFO] [stdout] 
[INFO] [stdout] running 3 tests
[INFO] [stdout] test h3_multiple_requests ... FAILED
[INFO] [stdout] test h3_request_response ... FAILED
[INFO] [stdout] test h3_request_with_body ... FAILED
[INFO] [stdout] 
[INFO] [stdout] failures:
[INFO] [stdout] 
[INFO] [stdout] ---- h3_multiple_requests stdout ----
[INFO] [stdout] 
[INFO] [stdout] thread 'h3_multiple_requests' (1812) panicked at tests/round_trip.rs:602:10:
[INFO] [stdout] launch failed: Io(Os { code: 1, kind: PermissionDenied, message: "Operation not permitted" })
[INFO] [stdout] stack backtrace:
[INFO] [stdout]    0:     0x5df987d88ff1 - <<std[70759c8f55707aa4]::sys::backtrace::BacktraceLock>::print::DisplayBacktrace as core[df12db4294e9bfd3]::fmt::Display>::fmt
[INFO] [stdout]    1:     0x5df987d9f32a - core[df12db4294e9bfd3]::fmt::write
[INFO] [stdout]    2:     0x5df987d8dacc - <alloc[2182bb758b4b3781]::vec::Vec<u8> as core[df12db4294e9bfd3]::io::write::Write>::write_fmt
[INFO] [stdout]    3:     0x5df987d63c96 - std[70759c8f55707aa4]::panicking::default_hook::{closure#0}
[INFO] [stdout]    4:     0x5df987d805d9 - std[70759c8f55707aa4]::panicking::default_hook
[INFO] [stdout]    5:     0x5df987b66990 - test[9d35eded1c95d3be]::test_main_inner::<test[9d35eded1c95d3be]::test_main_static::{closure#0}>::{closure#0}
[INFO] [stdout]    6:     0x5df987d80792 - std[70759c8f55707aa4]::panicking::panic_with_hook
[INFO] [stdout]    7:     0x5df987d63d42 - std[70759c8f55707aa4]::panicking::panic_handler::{closure#0}
[INFO] [stdout]    8:     0x5df987d5c7d9 - std[70759c8f55707aa4]::sys::backtrace::__rust_end_short_backtrace::<std[70759c8f55707aa4]::panicking::panic_handler::{closure#0}, !>
[INFO] [stdout]    9:     0x5df987d64b2d - __rustc[8fa7c3cbc660c2b3]::rust_begin_unwind
[INFO] [stdout]   10:     0x5df987d9fa8c - core[df12db4294e9bfd3]::panicking::panic_fmt
[INFO] [stdout]   11:     0x5df987d9f862 - core[df12db4294e9bfd3]::result::unwrap_failed
[INFO] [stdout]   12:     0x5df987b17e59 - <round_trip[172141bf6d84f425]::h3_multiple_requests::{closure#0} as core[df12db4294e9bfd3]::ops::function::FnOnce<()>>::call_once
[INFO] [stdout]   13:     0x5df987b59c7b - test[9d35eded1c95d3be]::__rust_begin_short_backtrace::<core[df12db4294e9bfd3]::result::Result<(), alloc[2182bb758b4b3781]::string::String>, fn() -> core[df12db4294e9bfd3]::result::Result<(), alloc[2182bb758b4b3781]::string::String>>
[INFO] [stdout]   14:     0x5df987b672e5 - test[9d35eded1c95d3be]::run_test::{closure#0}
[INFO] [stdout]   15:     0x5df987b60ba4 - std[70759c8f55707aa4]::sys::backtrace::__rust_begin_short_backtrace::<test[9d35eded1c95d3be]::run_test::{closure#1}, ()>
[INFO] [stdout]   16:     0x5df987b6a442 - <std[70759c8f55707aa4]::thread::lifecycle::spawn_unchecked<test[9d35eded1c95d3be]::run_test::{closure#1}, ()>::{closure#1} as core[df12db4294e9bfd3]::ops::function::FnOnce<()>>::call_once::{shim:vtable#0}
[INFO] [stdout]   17:     0x5df987d87c49 - <std[70759c8f55707aa4]::sys::thread::unix::Thread>::new::thread_start
[INFO] [stdout]   18:     0x719ea3d2fdfa - <unknown>
[INFO] [stdout]   19:     0x719ea3dc33d4 - clone
[INFO] [stdout]   20:                0x0 - <unknown>
[INFO] [stdout] 
[INFO] [stdout] ---- h3_request_response stdout ----
[INFO] [stdout] 
[INFO] [stdout] thread 'h3_request_response' (1813) panicked at tests/round_trip.rs:484:10:
[INFO] [stdout] launch failed: Io(Os { code: 1, kind: PermissionDenied, message: "Operation not permitted" })
[INFO] [stdout] stack backtrace:
[INFO] [stdout]    0:     0x5df987d88ff1 - <<std[70759c8f55707aa4]::sys::backtrace::BacktraceLock>::print::DisplayBacktrace as core[df12db4294e9bfd3]::fmt::Display>::fmt
[INFO] [stdout]    1:     0x5df987d9f32a - core[df12db4294e9bfd3]::fmt::write
[INFO] [stdout]    2:     0x5df987d8dacc - <alloc[2182bb758b4b3781]::vec::Vec<u8> as core[df12db4294e9bfd3]::io::write::Write>::write_fmt
[INFO] [stdout]    3:     0x5df987d63c96 - std[70759c8f55707aa4]::panicking::default_hook::{closure#0}
[INFO] [stdout]    4:     0x5df987d805d9 - std[70759c8f55707aa4]::panicking::default_hook
[INFO] [stdout]    5:     0x5df987b66990 - test[9d35eded1c95d3be]::test_main_inner::<test[9d35eded1c95d3be]::test_main_static::{closure#0}>::{closure#0}
[INFO] [stdout]    6:     0x5df987d80792 - std[70759c8f55707aa4]::panicking::panic_with_hook
[INFO] [stdout]    7:     0x5df987d63d42 - std[70759c8f55707aa4]::panicking::panic_handler::{closure#0}
[INFO] [stdout]    8:     0x5df987d5c7d9 - std[70759c8f55707aa4]::sys::backtrace::__rust_end_short_backtrace::<std[70759c8f55707aa4]::panicking::panic_handler::{closure#0}, !>
[INFO] [stdout]    9:     0x5df987d64b2d - __rustc[8fa7c3cbc660c2b3]::rust_begin_unwind
[INFO] [stdout]   10:     0x5df987d9fa8c - core[df12db4294e9bfd3]::panicking::panic_fmt
[INFO] [stdout]   11:     0x5df987d9f862 - core[df12db4294e9bfd3]::result::unwrap_failed
[INFO] [stdout]   12:     0x5df987b16520 - <round_trip[172141bf6d84f425]::h3_request_response::{closure#0} as core[df12db4294e9bfd3]::ops::function::FnOnce<()>>::call_once
[INFO] [stdout]   13:     0x5df987b59c7b - test[9d35eded1c95d3be]::__rust_begin_short_backtrace::<core[df12db4294e9bfd3]::result::Result<(), alloc[2182bb758b4b3781]::string::String>, fn() -> core[df12db4294e9bfd3]::result::Result<(), alloc[2182bb758b4b3781]::string::String>>
[INFO] [stdout]   14:     0x5df987b672e5 - test[9d35eded1c95d3be]::run_test::{closure#0}
[INFO] [stdout]   15:     0x5df987b60ba4 - std[70759c8f55707aa4]::sys::backtrace::__rust_begin_short_backtrace::<test[9d35eded1c95d3be]::run_test::{closure#1}, ()>
[INFO] [stdout]   16:     0x5df987b6a442 - <std[70759c8f55707aa4]::thread::lifecycle::spawn_unchecked<test[9d35eded1c95d3be]::run_test::{closure#1}, ()>::{closure#1} as core[df12db4294e9bfd3]::ops::function::FnOnce<()>>::call_once::{shim:vtable#0}
[INFO] [stdout]   17:     0x5df987d87c49 - <std[70759c8f55707aa4]::sys::thread::unix::Thread>::new::thread_start
[INFO] [stdout]   18:     0x719ea3d2fdfa - <unknown>
[INFO] [stdout]   19:     0x719ea3dc33d4 - clone
[INFO] [stdout]   20:                0x0 - <unknown>
[INFO] [stdout] 
[INFO] [stdout] ---- h3_request_with_body stdout ----
[INFO] [stdout] 
[INFO] [stdout] thread 'h3_request_with_body' (1814) panicked at tests/round_trip.rs:544:10:
[INFO] [stdout] launch failed: Io(Os { code: 1, kind: PermissionDenied, message: "Operation not permitted" })
[INFO] [stdout] stack backtrace:
[INFO] [stdout]    0:     0x5df987d88ff1 - <<std[70759c8f55707aa4]::sys::backtrace::BacktraceLock>::print::DisplayBacktrace as core[df12db4294e9bfd3]::fmt::Display>::fmt
[INFO] [stdout]    1:     0x5df987d9f32a - core[df12db4294e9bfd3]::fmt::write
[INFO] [stdout]    2:     0x5df987d8dacc - <alloc[2182bb758b4b3781]::vec::Vec<u8> as core[df12db4294e9bfd3]::io::write::Write>::write_fmt
[INFO] [stdout]    3:     0x5df987d63c96 - std[70759c8f55707aa4]::panicking::default_hook::{closure#0}
[INFO] [stdout]    4:     0x5df987d805d9 - std[70759c8f55707aa4]::panicking::default_hook
[INFO] [stdout]    5:     0x5df987b66990 - test[9d35eded1c95d3be]::test_main_inner::<test[9d35eded1c95d3be]::test_main_static::{closure#0}>::{closure#0}
[INFO] [stdout]    6:     0x5df987d80792 - std[70759c8f55707aa4]::panicking::panic_with_hook
[INFO] [stdout]    7:     0x5df987d63d42 - std[70759c8f55707aa4]::panicking::panic_handler::{closure#0}
[INFO] [stdout]    8:     0x5df987d5c7d9 - std[70759c8f55707aa4]::sys::backtrace::__rust_end_short_backtrace::<std[70759c8f55707aa4]::panicking::panic_handler::{closure#0}, !>
[INFO] [stdout]    9:     0x5df987d64b2d - __rustc[8fa7c3cbc660c2b3]::rust_begin_unwind
[INFO] [stdout]   10:     0x5df987d9fa8c - core[df12db4294e9bfd3]::panicking::panic_fmt
[INFO] [stdout]   11:     0x5df987d9f862 - core[df12db4294e9bfd3]::result::unwrap_failed
[INFO] [stdout]   12:     0x5df987b19160 - <round_trip[172141bf6d84f425]::h3_request_with_body::{closure#0} as core[df12db4294e9bfd3]::ops::function::FnOnce<()>>::call_once
[INFO] [stdout]   13:     0x5df987b59c7b - test[9d35eded1c95d3be]::__rust_begin_short_backtrace::<core[df12db4294e9bfd3]::result::Result<(), alloc[2182bb758b4b3781]::string::String>, fn() -> core[df12db4294e9bfd3]::result::Result<(), alloc[2182bb758b4b3781]::string::String>>
[INFO] [stdout]   14:     0x5df987b672e5 - test[9d35eded1c95d3be]::run_test::{closure#0}
[INFO] [stdout]   15:     0x5df987b60ba4 - std[70759c8f55707aa4]::sys::backtrace::__rust_begin_short_backtrace::<test[9d35eded1c95d3be]::run_test::{closure#1}, ()>
[INFO] [stdout]   16:     0x5df987b6a442 - <std[70759c8f55707aa4]::thread::lifecycle::spawn_unchecked<test[9d35eded1c95d3be]::run_test::{closure#1}, ()>::{closure#1} as core[df12db4294e9bfd3]::ops::function::FnOnce<()>>::call_once::{shim:vtable#0}
[INFO] [stdout]   17:     0x5df987d87c49 - <std[70759c8f55707aa4]::sys::thread::unix::Thread>::new::thread_start
[INFO] [stdout]   18:     0x719ea3d2fdfa - <unknown>
[INFO] [stdout]   19:     0x719ea3dc33d4 - clone
[INFO] [stdout]   20:                0x0 - <unknown>
[INFO] [stdout] 
[INFO] [stdout] 
[INFO] [stdout] failures:
[INFO] [stdout]     h3_multiple_requests
[INFO] [stdout]     h3_request_response
[INFO] [stdout]     h3_request_with_body
[INFO] [stdout] 
[INFO] [stdout] test result: FAILED. 0 passed; 3 failed; 0 ignored; 0 measured; 0 filtered out; finished in 0.01s
[INFO] [stdout] 
[INFO] [stderr] error: test failed, to rerun pass `--test round_trip`
[INFO] running `Command { std: "docker" "inspect" "dd472c0b3062a5b3cc114d5075f8508af0dc78cb006272db268c6e76af3bcd05", kill_on_drop: false }`
[INFO] running `Command { std: "docker" "rm" "-f" "dd472c0b3062a5b3cc114d5075f8508af0dc78cb006272db268c6e76af3bcd05", kill_on_drop: false }`
[INFO] [stdout] dd472c0b3062a5b3cc114d5075f8508af0dc78cb006272db268c6e76af3bcd05
