[INFO] fetching crate ringbuffer 0.16.0...
[INFO] testing ringbuffer-0.16.0 against 1.100.0-beta.1+cargoflags=--release for beta-release-1.100-2
[INFO] extracting crate ringbuffer 0.16.0 into /workspace/builds/worker-3-tc2/source
[INFO] started tweaking crates.io crate ringbuffer 0.16.0
[INFO] removed 0 missing tests
[INFO] finished tweaking crates.io crate ringbuffer 0.16.0
[INFO] tweaked toml for crates.io crate ringbuffer 0.16.0 written to /workspace/builds/worker-3-tc2/source/Cargo.toml
[INFO] validating manifest of crates.io crate ringbuffer 0.16.0 on toolchain 1.100.0-beta.1
[INFO] running `Command { std: CARGO_HOME="/workspace/cargo-home" RUSTUP_HOME="/workspace/rustup-home" "/workspace/cargo-home/bin/cargo" "+1.100.0-beta.1" "metadata" "--manifest-path" "Cargo.toml" "--no-deps", kill_on_drop: false }`
[INFO] crate crates.io crate ringbuffer 0.16.0 already has a lockfile, it will not be regenerated
[INFO] running `Command { std: CARGO_HOME="/workspace/cargo-home" RUSTUP_HOME="/workspace/rustup-home" "/workspace/cargo-home/bin/cargo" "+1.100.0-beta.1" "fetch" "--manifest-path" "Cargo.toml", kill_on_drop: false }`
[INFO] running `Command { std: "docker" "create" "-v" "/var/lib/crater-agent-workspace/builds/worker-3-tc2/source:/opt/rustwide/workdir:ro,Z" "-v" "/var/lib/crater-agent-workspace/builds/worker-3-tc2/target:/opt/rustwide/target:rw,Z" "-v" "/var/lib/crater-agent-workspace/cargo-home:/opt/rustwide/cargo-home:ro,Z" "-v" "/var/lib/crater-agent-workspace/rustup-home:/opt/rustwide/rustup-home:ro,Z" "-m" "1610612736" "--network" "none" "ghcr.io/rust-lang/crates-build-env/linux@sha256:77db811e55d90add9212f6832c23229e3de5f1c1f9905e8cb07319ea15df73ac" "sleep" "infinity", kill_on_drop: false }`
[INFO] [stdout] 1c8eca60c5291cc6f39e5c87f47acbd4dea53dd992b68046b06a90b2deb8212f
[INFO] running `Command { std: "docker" "start" "1c8eca60c5291cc6f39e5c87f47acbd4dea53dd992b68046b06a90b2deb8212f", kill_on_drop: false }`
[INFO] running `Command { std: "docker" "inspect" "1c8eca60c5291cc6f39e5c87f47acbd4dea53dd992b68046b06a90b2deb8212f", kill_on_drop: false }`
[INFO] running `Command { std: "docker" "exec" "-e" "SOURCE_DIR=/opt/rustwide/workdir" "-e" "CARGO_HOME=/opt/rustwide/cargo-home" "-e" "RUSTUP_HOME=/opt/rustwide/rustup-home" "-e" "CARGO_TARGET_DIR=/opt/rustwide/target" "-w" "/opt/rustwide/workdir" "--user" "0:0" "1c8eca60c5291cc6f39e5c87f47acbd4dea53dd992b68046b06a90b2deb8212f" "/opt/rustwide/cargo-home/bin/cargo" "+1.100.0-beta.1" "metadata" "--no-deps" "--format-version=1", kill_on_drop: false }`
[INFO] running `Command { std: "docker" "inspect" "1c8eca60c5291cc6f39e5c87f47acbd4dea53dd992b68046b06a90b2deb8212f", kill_on_drop: false }`
[INFO] running `Command { std: "docker" "exec" "-e" "SOURCE_DIR=/opt/rustwide/workdir" "-e" "CARGO_HOME=/opt/rustwide/cargo-home" "-e" "RUSTUP_HOME=/opt/rustwide/rustup-home" "-e" "CARGO_TARGET_DIR=/opt/rustwide/target" "-e" "CARGO_INCREMENTAL=0" "-e" "RUST_BACKTRACE=full" "-e" "RUSTFLAGS=--cap-lints=warn" "-e" "RUSTDOCFLAGS=--cap-lints=warn" "-w" "/opt/rustwide/workdir" "--user" "0:0" "1c8eca60c5291cc6f39e5c87f47acbd4dea53dd992b68046b06a90b2deb8212f" "/opt/rustwide/cargo-home/bin/cargo" "+1.100.0-beta.1" "build" "--frozen" "--message-format=json" "--release", kill_on_drop: false }`
[INFO] [stderr]    Compiling ringbuffer v0.16.0 (/opt/rustwide/workdir)
[INFO] [stderr]     Finished `release` profile [optimized] target(s) in 0.49s
[INFO] running `Command { std: "docker" "inspect" "1c8eca60c5291cc6f39e5c87f47acbd4dea53dd992b68046b06a90b2deb8212f", kill_on_drop: false }`
[INFO] running `Command { std: "docker" "exec" "-e" "SOURCE_DIR=/opt/rustwide/workdir" "-e" "CARGO_HOME=/opt/rustwide/cargo-home" "-e" "RUSTUP_HOME=/opt/rustwide/rustup-home" "-e" "CARGO_TARGET_DIR=/opt/rustwide/target" "-e" "CARGO_INCREMENTAL=0" "-e" "RUST_BACKTRACE=full" "-e" "RUSTFLAGS=--cap-lints=warn" "-e" "RUSTDOCFLAGS=--cap-lints=warn" "-w" "/opt/rustwide/workdir" "--user" "0:0" "1c8eca60c5291cc6f39e5c87f47acbd4dea53dd992b68046b06a90b2deb8212f" "/opt/rustwide/cargo-home/bin/cargo" "+1.100.0-beta.1" "test" "--frozen" "--no-run" "--message-format=json" "--release", kill_on_drop: false }`
[INFO] [stderr]    Compiling proc-macro2 v1.0.95
[INFO] [stderr]    Compiling libc v0.2.174
[INFO] [stderr]    Compiling unicode-ident v1.0.18
[INFO] [stderr]    Compiling cfg-if v1.0.1
[INFO] [stderr]    Compiling autocfg v1.5.0
[INFO] [stderr]    Compiling serde v1.0.219
[INFO] [stderr]    Compiling memchr v2.7.5
[INFO] [stderr]    Compiling crossbeam-utils v0.8.21
[INFO] [stderr]    Compiling serde_json v1.0.140
[INFO] [stderr]    Compiling ryu v1.0.20
[INFO] [stderr]    Compiling itoa v1.0.15
[INFO] [stderr]    Compiling regex-syntax v0.8.5
[INFO] [stderr]    Compiling anyhow v1.0.98
[INFO] [stderr]    Compiling either v1.15.0
[INFO] [stderr]    Compiling rayon-core v1.12.1
[INFO] [stderr]    Compiling os_str_bytes v6.6.1
[INFO] [stderr]    Compiling half v2.6.0
[INFO] [stderr]    Compiling ciborium-io v0.2.2
[INFO] [stderr]    Compiling unicode-width v0.2.1
[INFO] [stderr]    Compiling hashbrown v0.12.3
[INFO] [stderr]    Compiling plotters-backend v0.3.7
[INFO] [stderr]    Compiling clap_lex v0.2.4
[INFO] [stderr]    Compiling bitflags v1.3.2
[INFO] [stderr]    Compiling itertools v0.10.5
[INFO] [stderr]    Compiling getopts v0.2.23
[INFO] [stderr]    Compiling textwrap v0.16.2
[INFO] [stderr]    Compiling compiletest_rs v0.10.2
[INFO] [stderr]    Compiling plotters-svg v0.3.7
[INFO] [stderr]    Compiling log v0.4.27
[INFO] [stderr]    Compiling same-file v1.0.6
[INFO] [stderr]    Compiling ciborium-ll v0.2.2
[INFO] [stderr]    Compiling cast v0.3.0
[INFO] [stderr]    Compiling lazy_static v1.5.0
[INFO] [stderr]    Compiling num-traits v0.2.19
[INFO] [stderr]    Compiling indexmap v1.9.3
[INFO] [stderr]    Compiling aho-corasick v1.1.3
[INFO] [stderr]    Compiling walkdir v2.5.0
[INFO] [stderr]    Compiling diff v0.1.13
[INFO] [stderr]    Compiling oorandom v11.1.5
[INFO] [stderr]    Compiling anes v0.1.6
[INFO] [stderr]    Compiling quote v1.0.40
[INFO] [stderr]    Compiling dirs-sys-next v0.1.2
[INFO] [stderr]    Compiling num_cpus v1.17.0
[INFO] [stderr]    Compiling filetime v0.2.25
[INFO] [stderr]    Compiling atty v0.2.14
[INFO] [stderr]    Compiling dirs-next v2.0.0
[INFO] [stderr]    Compiling crossbeam-epoch v0.9.18
[INFO] [stderr]    Compiling syn v2.0.104
[INFO] [stderr]    Compiling term v0.7.0
[INFO] [stderr]    Compiling crossbeam-deque v0.8.6
[INFO] [stderr]    Compiling plotters v0.3.7
[INFO] [stderr]    Compiling tester v0.9.1
[INFO] [stderr]    Compiling clap v3.2.25
[INFO] [stderr]    Compiling rayon v1.10.0
[INFO] [stderr]    Compiling regex-automata v0.4.9
[INFO] [stderr]    Compiling criterion-plot v0.5.0
[INFO] [stderr]    Compiling serde_derive v1.0.219
[INFO] [stderr]    Compiling regex v1.11.1
[INFO] [stderr]    Compiling ciborium v0.2.2
[INFO] [stderr]    Compiling rustfix v0.6.1
[INFO] [stderr]    Compiling tinytemplate v1.2.1
[INFO] [stderr]    Compiling criterion v0.4.0
[INFO] [stderr]    Compiling ringbuffer v0.16.0 (/opt/rustwide/workdir)
[INFO] [stderr]     Finished `release` profile [optimized] target(s) in 1m 27s
[INFO] running `Command { std: "docker" "inspect" "1c8eca60c5291cc6f39e5c87f47acbd4dea53dd992b68046b06a90b2deb8212f", kill_on_drop: false }`
[INFO] running `Command { std: "docker" "exec" "-e" "SOURCE_DIR=/opt/rustwide/workdir" "-e" "CARGO_HOME=/opt/rustwide/cargo-home" "-e" "RUSTUP_HOME=/opt/rustwide/rustup-home" "-e" "CARGO_TARGET_DIR=/opt/rustwide/target" "-e" "CARGO_INCREMENTAL=0" "-e" "RUST_BACKTRACE=full" "-e" "RUSTFLAGS=--cap-lints=warn" "-e" "RUSTDOCFLAGS=--cap-lints=warn" "-w" "/opt/rustwide/workdir" "--user" "0:0" "1c8eca60c5291cc6f39e5c87f47acbd4dea53dd992b68046b06a90b2deb8212f" "/opt/rustwide/cargo-home/bin/cargo" "+1.100.0-beta.1" "test" "--frozen" "--release", kill_on_drop: false }`
[INFO] [stderr]     Finished `release` profile [optimized] target(s) in 0.12s
[INFO] [stderr]      Running unittests src/lib.rs (/opt/rustwide/target/release/build/ringbuffer/32758926be6776ef/out/ringbuffer-32758926be6776ef)
[INFO] [stdout] 
[INFO] [stdout] running 93 tests
[INFO] [stdout] test tests::iter_nth_back_override ... ok
[INFO] [stdout] test tests::run_next_back_test ... ok
[INFO] [stdout] test tests::run_next_back_test_mut ... ok
[INFO] [stdout] test tests::run_test_back_none ... ok
[INFO] [stdout] test tests::run_test_clone ... ok
[INFO] [stdout] test tests::run_test_back_none_mut ... ok
[INFO] [stdout] test tests::run_test_default ... ok
[INFO] [stdout] test tests::run_test_back_some ... ok
[INFO] [stdout] test tests::run_test_empty ... ok
[INFO] [stdout] test tests::run_test_dequeue ... ok
[INFO] [stdout] test tests::run_test_enqueue_dequeue_enqueue_full ... ok
[INFO] [stdout] test tests::iter_nth_override ... ok
[INFO] [stdout] test tests::run_test_default_fill ... ok
[INFO] [stdout] test tests::run_test_contains ... ok
[INFO] [stdout] test tests::run_test_enqueue_dequeue_enqueue ... ok
[INFO] [stdout] test tests::run_test_double_iter ... ok
[INFO] [stdout] test tests::large_negative_index_mut ... ok
[INFO] [stdout] test tests::run_test_forward_iter_non_power_of_two ... ok
[INFO] [stdout] test tests::run_test_front_none ... ok
[INFO] [stdout] test tests::run_test_front_some ... ok
[INFO] [stdout] test tests::run_test_front_some_mut ... ok
[INFO] [stdout] test tests::run_test_back_some_mut ... ok
[INFO] [stdout] test tests::run_test_get_relative_negative ... ok
[INFO] [stdout] test tests::run_test_clear ... ok
[INFO] [stdout] test tests::run_test_index ... ok
[INFO] [stdout] test tests::run_test_into_iter ... ok
[INFO] [stdout] test tests::run_test_is_full ... ok
[INFO] [stdout] test tests::run_test_iter ... ok
[INFO] [stdout] test tests::run_test_iter_mut ... ok
[INFO] [stdout] test tests::run_test_iter_mut_ref ... ok
[INFO] [stdout] test tests::run_test_iter_non_power_of_two ... ok
[INFO] [stdout] test tests::run_test_eq ... ok
[INFO] [stdout] test tests::run_test_iter_ref ... ok
[INFO] [stdout] test tests::run_test_fill ... ok
[INFO] [stdout] test tests::run_test_iter_with_lifetimes ... ok
[INFO] [stdout] test tests::run_test_from_iterator ... ok
[INFO] [stdout] test tests::run_test_get ... ok
[INFO] [stdout] test tests::run_test_get_relative ... ok
[INFO] [stdout] test tests::run_test_get_relative_mut ... ok
[INFO] [stdout] test tests::run_test_get_relative_mut_zero_length ... ok
[INFO] [stdout] test tests::run_test_index_mut ... ok
[INFO] [stdout] test tests::run_test_len_wrap ... ok
[INFO] [stdout] test tests::run_test_neg_index ... ok
[INFO] [stdout] test tests::run_test_new ... ok
[INFO] [stdout] test tests::run_test_peek_none ... ok
[INFO] [stdout] test tests::run_test_len ... ok
[INFO] [stdout] test tests::run_test_to_vec_wrap ... ok
[INFO] [stdout] test tests::run_test_push_pop ... ok
[INFO] [stdout] test tests::run_test_wrapping_get_relative ... ok
[INFO] [stdout] test tests::run_test_wrapping_get_relative_mut ... ok
[INFO] [stdout] test tests::run_test_enqueue_dequeue_enqueue_full_get ... ok
[INFO] [stdout] test tests::run_test_skip ... ok
[INFO] [stdout] test tests::run_test_iter_wrap ... ok
[INFO] [stdout] test tests::run_test_skip_2 ... ok
[INFO] [stdout] test tests::run_test_peek_some ... ok
[INFO] [stdout] test tests::run_test_to_vec ... ok
[INFO] [stdout] test tests::large_negative_index ... ok
[INFO] [stdout] test tests::run_test_get_relative_zero_length ... ok
[INFO] [stdout] test tests::test_clone ... ok
[INFO] [stdout] test tests::test_copy_from_slice_capacity_smaller_than_size ... ok
[INFO] [stdout] test tests::test_copy_from_slice_non_full_rb ... ok
[INFO] [stdout] test tests::test_copy_from_slice_power_of_two ... ok
[INFO] [stdout] test tests::test_copy_to_slice_capacity_smaller_than_size ... ok
[INFO] [stdout] test tests::test_copy_to_slice_empty ... ok
[INFO] [stdout] test tests::test_copy_to_slice_non_full_rb ... ok
[INFO] [stdout] test tests::run_test_enqueue_dequeue_enqueue_full_get_rep ... ok
[INFO] [stdout] test tests::test_copy_to_slice_power_of_two ... ok
[INFO] [stdout] test tests::test_dropping::run_test_drops_contents_alloc ... ok
[INFO] [stdout] test tests::test_dropping::run_test_drops_contents_const_generic ... ok
[INFO] [stdout] test tests::test_default_eq_new ... ok
[INFO] [stdout] test tests::test_copy_from_slice_empty ... ok
[INFO] [stdout] test tests::test_iter_mut_wrap ... ok
[INFO] [stdout] test with_alloc::alloc_ringbuffer::tests::test_extend ... ok
[INFO] [stdout] test tests::test_set_len_leak ... ok
[INFO] [stdout] test tests::test_set_len_primitive ... ok
[INFO] [stdout] test tests::test_set_len_uninit_droppable ... ok
[INFO] [stdout] test tests::test_set_len_uninit_primitive ... ok
[INFO] [stdout] test with_alloc::alloc_ringbuffer::tests::test_conversions ... ok
[INFO] [stdout] test with_alloc::alloc_ringbuffer::tests::test_extend_with_overflow ... ok
[INFO] [stdout] test with_alloc::alloc_ringbuffer::tests::test_generic_clone ... ok
[INFO] [stdout] test tests::test_dropping::run_test_drops_contents_growable_alloc ... ok
[INFO] [stdout] test tests::test_fill ... ok
[INFO] [stdout] test tests::test_iter_mut_miri_fail ... ok
[INFO] [stdout] test with_alloc::alloc_ringbuffer::tests::test_index_zero_length - should panic ... ok
[INFO] [stdout] test with_alloc::alloc_ringbuffer::tests::test_not_power_of_two ... ok
[INFO] [stdout] test with_alloc::alloc_ringbuffer::tests::test_with_capacity_power_of_two ... ok
[INFO] [stdout] test with_const_generics::tests::from ... ok
[INFO] [stdout] test with_const_generics::tests::test_extend ... ok
[INFO] [stdout] test with_const_generics::tests::test_index_zero_length - should panic ... ok
[INFO] [stdout] test with_const_generics::tests::test_not_power_of_two ... ok
[INFO] [stdout] test with_const_generics::tests::test_extend_with_overflow ... ok
[INFO] [stdout] test tests::run_test_from_iterator_wrap ... ok
[INFO] [stdout] test tests::run_test_front_none_mut ... ok
[INFO] [stdout] 
[INFO] [stdout] test result: ok. 93 passed; 0 failed; 0 ignored; 0 measured; 0 filtered out; finished in 0.03s
[INFO] [stdout] 
[INFO] [stderr]      Running tests/compiletests.rs (/opt/rustwide/target/release/build/ringbuffer/68fcff0c0149e108/out/compiletests-68fcff0c0149e108)
[INFO] [stdout] 
[INFO] [stdout] running 35 tests
[INFO] [stdout] test conversions::alloc_from_str_slice ... ok
[INFO] [stdout] test conversions::alloc_from_arr ... ok
[INFO] [stdout] test conversions::alloc_from_ll ... ok
[INFO] [stdout] test conversions::alloc_from_garb ... ok
[INFO] [stdout] test conversions::alloc_from_vec ... ok
[INFO] [stdout] test conversions::const_from_arb ... ok
[INFO] [stdout] test conversions::const_from_garb ... ok
[INFO] [stdout] test conversions::const_from_const_slice ... ok
[INFO] [stdout] test conversions::alloc_from_slice ... ok
[INFO] [stdout] test conversions::const_from_ll ... ok
[INFO] [stdout] test conversions::alloc_from_str ... ok
[INFO] [stdout] 
[INFO] [stdout] running 2 tests
[INFO] [stdout] test conversions::const_from_vd ... ok
[INFO] [stdout] test conversions::alloc_from_vd ... ok
[INFO] [stdout] test conversions::growable_alloc_from_cgrb ... ok
[INFO] [stdout] test conversions::growable_alloc_from_const_slice ... ok
[INFO] [stdout] test conversions::const_from_vec ... ok
[INFO] [stdout] test conversions::growable_alloc_from_str ... ok
[INFO] [stdout] test conversions::alloc_from_cgrb ... ok
[INFO] [stdout] test conversions::growable_alloc_from_ll ... ok
[INFO] [stdout] test conversions::alloc_from_const_slice ... ok
[INFO] [stdout] test conversions::const_from_str ... ok
[INFO] [stdout] test conversions::const_from_str_slice ... ok
[INFO] [stdout] test conversions::growable_alloc_from_slice ... ok
[INFO] [stdout] test conversions::const_from_slice ... ok
[INFO] [stdout] test conversions::const_from_arr ... ok
[INFO] [stdout] test conversions::growable_alloc_from_arr ... ok
[INFO] [stdout] test conversions::test_extra_conversions_alloc ... ok
[INFO] [stdout] test conversions::growable_alloc_from_vec ... ok
[INFO] [stdout] test conversions::growable_alloc_from_arb ... ok
[INFO] [stdout] test conversions::growable_alloc_from_str_slice ... ok
[INFO] [stdout] test conversions::growable_alloc_from_vd ... ok
[INFO] [stdout] test conversions::test_const_generic_new_parameter ... ok
[INFO] [stdout] test conversions::test_extra_conversions_const ... ok
[INFO] [stdout] test conversions::test_extra_conversions_growable ... ok
[INFO] [stdout] test [compile-fail] compile-fail/test_const_generic_array_zero_length.rs ... FAILED
[INFO] [stdout] test [compile-fail] compile-fail/test_const_generic_array_zero_length_new.rs ... FAILED
[INFO] [stderr] error: test failed, to rerun pass `--test compiletests`
[INFO] [stdout] 
[INFO] [stdout] failures:
[INFO] [stdout] 
[INFO] [stdout] failures:
[INFO] [stdout]     [compile-fail] compile-fail/test_const_generic_array_zero_length.rs
[INFO] [stdout]     [compile-fail] compile-fail/test_const_generic_array_zero_length_new.rs
[INFO] [stdout] 
[INFO] [stdout] test result: FAILED. 0 passed; 2 failed; 0 ignored; 0 measured; 0 filtered out; finished in 0.17s
[INFO] [stdout] 
[INFO] [stdout] test compile_test ... FAILED
[INFO] [stdout] 
[INFO] [stdout] failures:
[INFO] [stdout] 
[INFO] [stdout] ---- compile_test stdout ----
[INFO] [stdout] 
[INFO] [stdout] error: tests/compile-fail/test_const_generic_array_zero_length.rs:6: unexpected note: '6:13: 6:52: the above error was encountered while instantiating `fn ConstGenericRingBuffer::<i32, 0>::new::<0>`'
[INFO] [stdout] 
[INFO] [stdout] error: tests/compile-fail/test_const_generic_array_zero_length.rs:6: expected note not found: the above error was encountered while instantiating `fn ringbuffer::ConstGenericRingBuffer::<i32, 0>::new::<0>`
[INFO] [stdout] 
[INFO] [stdout] error: 1 unexpected errors found, 1 expected errors not found
[INFO] [stdout] status: exit status: 1
[INFO] [stdout] command: "rustc" "tests/compile-fail/test_const_generic_array_zero_length.rs" "-L" "/tmp" "--target=x86_64-unknown-linux-gnu" "--error-format" "json" "-C" "prefer-dynamic" "-o" "/tmp/test_const_generic_array_zero_length.stage-id" "-A" "unused" "-L" "/opt/rustwide/target/release" "-L" "/opt/rustwide/rustup-home/toolchains/1.100.0-beta.1-x86_64-unknown-linux-gnu/lib/rustlib/x86_64-unknown-linux-gnu/lib" "-L" "/opt/rustwide/rustup-home/toolchains/1.100.0-beta.1-x86_64-unknown-linux-gnu/lib" "-L" "/tmp/test_const_generic_array_zero_length.stage-id.aux"
[INFO] [stdout] unexpected errors (from JSON output): [
[INFO] [stdout]     Error {
[INFO] [stdout]         line_num: 6,
[INFO] [stdout]         kind: Some(
[INFO] [stdout]             Note,
[INFO] [stdout]         ),
[INFO] [stdout]         msg: "6:13: 6:52: the above error was encountered while instantiating `fn ConstGenericRingBuffer::<i32, 0>::new::<0>`",
[INFO] [stdout]     },
[INFO] [stdout] ]
[INFO] [stdout] 
[INFO] [stdout] not found errors (from test file): [
[INFO] [stdout]     Error {
[INFO] [stdout]         line_num: 6,
[INFO] [stdout]         kind: Some(
[INFO] [stdout]             Note,
[INFO] [stdout]         ),
[INFO] [stdout]         msg: "the above error was encountered while instantiating `fn ringbuffer::ConstGenericRingBuffer::<i32, 0>::new::<0>`",
[INFO] [stdout]     },
[INFO] [stdout] ]
[INFO] [stdout] 
[INFO] [stdout] 
[INFO] [stdout] thread '[compile-fail] compile-fail/test_const_generic_array_zero_length.rs' (1274) panicked at /opt/rustwide/cargo-home/registry/src/index.crates.io-1949cf8c6b5b557f/compiletest_rs-0.10.2/src/runtest.rs:1111:13:
[INFO] [stdout] explicit panic
[INFO] [stdout] stack backtrace:
[INFO] [stdout]    0:     0x5e29f2d73c55 - <<std[617be2ca0a6fd877]::sys::backtrace::BacktraceLock>::print::DisplayBacktrace as core[a373ad73a504971]::fmt::Display>::fmt
[INFO] [stdout]    1:     0x5e29f2cc10aa - core[a373ad73a504971]::fmt::write
[INFO] [stdout]    2:     0x5e29f2d732eb - <alloc[2e1b2a31b91974c5]::vec::Vec<u8> as core[a373ad73a504971]::io::write::Write>::write_fmt
[INFO] [stdout]    3:     0x5e29f2d72dcf - std[617be2ca0a6fd877]::panicking::default_hook::{closure#0}
[INFO] [stdout]    4:     0x5e29f2d729fa - std[617be2ca0a6fd877]::panicking::default_hook
[INFO] [stdout]    5:     0x5e29f2d72535 - std[617be2ca0a6fd877]::panicking::panic_with_hook
[INFO] [stdout]    6:     0x5e29f2d71dc4 - std[617be2ca0a6fd877]::panicking::begin_panic::<&str>::{closure#0}
[INFO] [stdout]    7:     0x5e29f2d71d99 - std[617be2ca0a6fd877]::sys::backtrace::__rust_end_short_backtrace::<std[617be2ca0a6fd877]::panicking::begin_panic<&str>::{closure#0}, !>
[INFO] [stdout]    8:     0x5e29f2d71d90 - std[617be2ca0a6fd877]::panicking::begin_panic::<&str>
[INFO] [stdout]    9:     0x5e29f2c6d983 - <compiletest_rs[3cad928ac676317d]::runtest::TestCx>::run_cfail_test
[INFO] [stdout]   10:     0x5e29f2c9b21f - <compiletest_rs[3cad928ac676317d]::make_test_closure::{closure#0} as core[a373ad73a504971]::ops::function::FnOnce<()>>::call_once::{shim:vtable#0}
[INFO] [stdout]   11:     0x5e29f2e0231e - tester[cf65a950e2be625a]::__rust_begin_short_backtrace::<alloc[2e1b2a31b91974c5]::boxed::Box<dyn core[a373ad73a504971]::ops::function::FnOnce<(), Output = ()> + core[a373ad73a504971]::marker::Send>>
[INFO] [stdout]   12:     0x5e29f2e0330d - tester[cf65a950e2be625a]::run_test_in_process
[INFO] [stdout]   13:     0x5e29f2e14370 - std[617be2ca0a6fd877]::sys::backtrace::__rust_begin_short_backtrace::<tester[cf65a950e2be625a]::run_test::run_test_inner::{closure#0}, ()>
[INFO] [stdout]   14:     0x5e29f2e1418e - <std[617be2ca0a6fd877]::thread::lifecycle::spawn_unchecked<tester[cf65a950e2be625a]::run_test::run_test_inner::{closure#0}, ()>::{closure#1} as core[a373ad73a504971]::ops::function::FnOnce<()>>::call_once::{shim:vtable#0}
[INFO] [stdout]   15:     0x5e29f2d9b154 - <std[617be2ca0a6fd877]::sys::thread::unix::Thread>::new::thread_start
[INFO] [stdout]   16:     0x7004532c6dfa - <unknown>
[INFO] [stdout]   17:     0x70045335a3d4 - clone
[INFO] [stdout]   18:                0x0 - <unknown>
[INFO] [stdout] 
[INFO] [stdout] error: tests/compile-fail/test_const_generic_array_zero_length_new.rs:6: unexpected note: '6:19: 6:53: the above error was encountered while instantiating `fn ConstGenericRingBuffer::<i32, 0>::new::<0>`'
[INFO] [stdout] 
[INFO] [stdout] error: tests/compile-fail/test_const_generic_array_zero_length_new.rs:6: expected note not found: the above error was encountered while instantiating `fn ringbuffer::ConstGenericRingBuffer::<i32, 0>::new::<0>`
[INFO] [stdout] 
[INFO] [stdout] error: 1 unexpected errors found, 1 expected errors not found
[INFO] [stdout] status: exit status: 1
[INFO] [stdout] command: "rustc" "tests/compile-fail/test_const_generic_array_zero_length_new.rs" "-L" "/tmp" "--target=x86_64-unknown-linux-gnu" "--error-format" "json" "-C" "prefer-dynamic" "-o" "/tmp/test_const_generic_array_zero_length_new.stage-id" "-A" "unused" "-L" "/opt/rustwide/target/release" "-L" "/opt/rustwide/rustup-home/toolchains/1.100.0-beta.1-x86_64-unknown-linux-gnu/lib/rustlib/x86_64-unknown-linux-gnu/lib" "-L" "/opt/rustwide/rustup-home/toolchains/1.100.0-beta.1-x86_64-unknown-linux-gnu/lib" "-L" "/tmp/test_const_generic_array_zero_length_new.stage-id.aux"
[INFO] [stdout] unexpected errors (from JSON output): [
[INFO] [stdout]     Error {
[INFO] [stdout]         line_num: 6,
[INFO] [stdout]         kind: Some(
[INFO] [stdout]             Note,
[INFO] [stdout]         ),
[INFO] [stdout]         msg: "6:19: 6:53: the above error was encountered while instantiating `fn ConstGenericRingBuffer::<i32, 0>::new::<0>`",
[INFO] [stdout]     },
[INFO] [stdout] ]
[INFO] [stdout] 
[INFO] [stdout] not found errors (from test file): [
[INFO] [stdout]     Error {
[INFO] [stdout]         line_num: 6,
[INFO] [stdout]         kind: Some(
[INFO] [stdout]             Note,
[INFO] [stdout]         ),
[INFO] [stdout]         msg: "the above error was encountered while instantiating `fn ringbuffer::ConstGenericRingBuffer::<i32, 0>::new::<0>`",
[INFO] [stdout]     },
[INFO] [stdout] ]
[INFO] [stdout] 
[INFO] [stdout] 
[INFO] [stdout] thread '[compile-fail] compile-fail/test_const_generic_array_zero_length_new.rs' (1275) panicked at /opt/rustwide/cargo-home/registry/src/index.crates.io-1949cf8c6b5b557f/compiletest_rs-0.10.2/src/runtest.rs:1111:13:
[INFO] [stdout] explicit panic
[INFO] [stdout] stack backtrace:
[INFO] [stdout]    0:     0x5e29f2d73c55 - <<std[617be2ca0a6fd877]::sys::backtrace::BacktraceLock>::print::DisplayBacktrace as core[a373ad73a504971]::fmt::Display>::fmt
[INFO] [stdout]    1:     0x5e29f2cc10aa - core[a373ad73a504971]::fmt::write
[INFO] [stdout]    2:     0x5e29f2d732eb - <alloc[2e1b2a31b91974c5]::vec::Vec<u8> as core[a373ad73a504971]::io::write::Write>::write_fmt
[INFO] [stdout]    3:     0x5e29f2d72dcf - std[617be2ca0a6fd877]::panicking::default_hook::{closure#0}
[INFO] [stdout]    4:     0x5e29f2d729fa - std[617be2ca0a6fd877]::panicking::default_hook
[INFO] [stdout]    5:     0x5e29f2d72535 - std[617be2ca0a6fd877]::panicking::panic_with_hook
[INFO] [stdout]    6:     0x5e29f2d71dc4 - std[617be2ca0a6fd877]::panicking::begin_panic::<&str>::{closure#0}
[INFO] [stdout]    7:     0x5e29f2d71d99 - std[617be2ca0a6fd877]::sys::backtrace::__rust_end_short_backtrace::<std[617be2ca0a6fd877]::panicking::begin_panic<&str>::{closure#0}, !>
[INFO] [stdout]    8:     0x5e29f2d71d90 - std[617be2ca0a6fd877]::panicking::begin_panic::<&str>
[INFO] [stdout]    9:     0x5e29f2c6d983 - <compiletest_rs[3cad928ac676317d]::runtest::TestCx>::run_cfail_test
[INFO] [stdout]   10:     0x5e29f2c9b21f - <compiletest_rs[3cad928ac676317d]::make_test_closure::{closure#0} as core[a373ad73a504971]::ops::function::FnOnce<()>>::call_once::{shim:vtable#0}
[INFO] [stdout]   11:     0x5e29f2e0231e - tester[cf65a950e2be625a]::__rust_begin_short_backtrace::<alloc[2e1b2a31b91974c5]::boxed::Box<dyn core[a373ad73a504971]::ops::function::FnOnce<(), Output = ()> + core[a373ad73a504971]::marker::Send>>
[INFO] [stdout]   12:     0x5e29f2e0330d - tester[cf65a950e2be625a]::run_test_in_process
[INFO] [stdout]   13:     0x5e29f2e14370 - std[617be2ca0a6fd877]::sys::backtrace::__rust_begin_short_backtrace::<tester[cf65a950e2be625a]::run_test::run_test_inner::{closure#0}, ()>
[INFO] [stdout]   14:     0x5e29f2e1418e - <std[617be2ca0a6fd877]::thread::lifecycle::spawn_unchecked<tester[cf65a950e2be625a]::run_test::run_test_inner::{closure#0}, ()>::{closure#1} as core[a373ad73a504971]::ops::function::FnOnce<()>>::call_once::{shim:vtable#0}
[INFO] [stdout]   15:     0x5e29f2d9b154 - <std[617be2ca0a6fd877]::sys::thread::unix::Thread>::new::thread_start
[INFO] [stdout]   16:     0x7004532c6dfa - <unknown>
[INFO] [stdout]   17:     0x70045335a3d4 - clone
[INFO] [stdout]   18:                0x0 - <unknown>
[INFO] [stdout] 
[INFO] [stdout] thread 'compile_test' (1246) panicked at /opt/rustwide/cargo-home/registry/src/index.crates.io-1949cf8c6b5b557f/compiletest_rs-0.10.2/src/lib.rs:113:22:
[INFO] [stdout] Some tests failed
[INFO] [stdout] stack backtrace:
[INFO] [stdout]    0:     0x5e29f2d73c55 - <<std[617be2ca0a6fd877]::sys::backtrace::BacktraceLock>::print::DisplayBacktrace as core[a373ad73a504971]::fmt::Display>::fmt
[INFO] [stdout]    1:     0x5e29f2cc10aa - core[a373ad73a504971]::fmt::write
[INFO] [stdout]    2:     0x5e29f2d732eb - <alloc[2e1b2a31b91974c5]::vec::Vec<u8> as core[a373ad73a504971]::io::write::Write>::write_fmt
[INFO] [stdout]    3:     0x5e29f2d72dcf - std[617be2ca0a6fd877]::panicking::default_hook::{closure#0}
[INFO] [stdout]    4:     0x5e29f2d729fa - std[617be2ca0a6fd877]::panicking::default_hook
[INFO] [stdout]    5:     0x5e29f2d72535 - std[617be2ca0a6fd877]::panicking::panic_with_hook
[INFO] [stdout]    6:     0x5e29f2d71dc4 - std[617be2ca0a6fd877]::panicking::begin_panic::<&str>::{closure#0}
[INFO] [stdout]    7:     0x5e29f2d71d99 - std[617be2ca0a6fd877]::sys::backtrace::__rust_end_short_backtrace::<std[617be2ca0a6fd877]::panicking::begin_panic<&str>::{closure#0}, !>
[INFO] [stdout]    8:     0x5e29f2d71d90 - std[617be2ca0a6fd877]::panicking::begin_panic::<&str>
[INFO] [stdout]    9:     0x5e29f2c2af9b - <compiletests[de4bc0a6c8500eef]::compile_test::{closure#0} as core[a373ad73a504971]::ops::function::FnOnce<()>>::call_once
[INFO] [stdout]   10:     0x5e29f2dc541b - test[aada8e7e76ba119b]::__rust_begin_short_backtrace::<core[a373ad73a504971]::result::Result<(), alloc[2e1b2a31b91974c5]::string::String>, fn() -> core[a373ad73a504971]::result::Result<(), alloc[2e1b2a31b91974c5]::string::String>>
[INFO] [stdout]   11:     0x5e29f2dc13e1 - test[aada8e7e76ba119b]::run_test::{closure#0}
[INFO] [stdout]   12:     0x5e29f2dc0bcc - std[617be2ca0a6fd877]::sys::backtrace::__rust_begin_short_backtrace::<test[aada8e7e76ba119b]::run_test::{closure#1}, ()>
[INFO] [stdout]   13:     0x5e29f2de003c - <std[617be2ca0a6fd877]::thread::lifecycle::spawn_unchecked<test[aada8e7e76ba119b]::run_test::{closure#1}, ()>::{closure#1} as core[a373ad73a504971]::ops::function::FnOnce<()>>::call_once::{shim:vtable#0}
[INFO] [stdout]   14:     0x5e29f2d9b154 - <std[617be2ca0a6fd877]::sys::thread::unix::Thread>::new::thread_start
[INFO] [stdout]   15:     0x7004532c6dfa - <unknown>
[INFO] [stdout]   16:     0x70045335a3d4 - clone
[INFO] [stdout]   17:                0x0 - <unknown>
[INFO] [stdout] 
[INFO] [stdout] 
[INFO] [stdout] failures:
[INFO] [stdout]     compile_test
[INFO] [stdout] 
[INFO] [stdout] test result: FAILED. 34 passed; 1 failed; 0 ignored; 0 measured; 0 filtered out; finished in 0.17s
[INFO] [stdout] 
[INFO] running `Command { std: "docker" "inspect" "1c8eca60c5291cc6f39e5c87f47acbd4dea53dd992b68046b06a90b2deb8212f", kill_on_drop: false }`
[INFO] running `Command { std: "docker" "rm" "-f" "1c8eca60c5291cc6f39e5c87f47acbd4dea53dd992b68046b06a90b2deb8212f", kill_on_drop: false }`
[INFO] [stdout] 1c8eca60c5291cc6f39e5c87f47acbd4dea53dd992b68046b06a90b2deb8212f
