[INFO] fetching crate ring_handle 0.3.1...
[INFO] testing ring_handle-0.3.1 against 1.100.0-beta.1+cargoflags=--release for beta-release-1.100-2
[INFO] extracting crate ring_handle 0.3.1 into /workspace/builds/worker-1-tc2/source
[INFO] started tweaking crates.io crate ring_handle 0.3.1
[INFO] removed 0 missing tests
[INFO] finished tweaking crates.io crate ring_handle 0.3.1
[INFO] tweaked toml for crates.io crate ring_handle 0.3.1 written to /workspace/builds/worker-1-tc2/source/Cargo.toml
[INFO] validating manifest of crates.io crate ring_handle 0.3.1 on toolchain 1.100.0-beta.1
[INFO] running `Command { std: CARGO_HOME="/workspace/cargo-home" RUSTUP_HOME="/workspace/rustup-home" "/workspace/cargo-home/bin/cargo" "+1.100.0-beta.1" "metadata" "--manifest-path" "Cargo.toml" "--no-deps", kill_on_drop: false }`
[INFO] crate crates.io crate ring_handle 0.3.1 already has a lockfile, it will not be regenerated
[INFO] running `Command { std: CARGO_HOME="/workspace/cargo-home" RUSTUP_HOME="/workspace/rustup-home" "/workspace/cargo-home/bin/cargo" "+1.100.0-beta.1" "fetch" "--manifest-path" "Cargo.toml", kill_on_drop: false }`
[INFO] [stderr] warning: Cargo.toml: `lints.rust.unsafe-code` is deprecated in favor of `lints.rust.unsafe_code` and will not work in a future edition
[INFO] [stderr] warning: `ring_handle` (manifest) generated 1 warning
[INFO] running `Command { std: "docker" "create" "-v" "/var/lib/crater-agent-workspace/builds/worker-1-tc2/source:/opt/rustwide/workdir:ro,Z" "-v" "/var/lib/crater-agent-workspace/builds/worker-1-tc2/target:/opt/rustwide/target:rw,Z" "-v" "/var/lib/crater-agent-workspace/cargo-home:/opt/rustwide/cargo-home:ro,Z" "-v" "/var/lib/crater-agent-workspace/rustup-home:/opt/rustwide/rustup-home:ro,Z" "-m" "1610612736" "--network" "none" "ghcr.io/rust-lang/crates-build-env/linux@sha256:77db811e55d90add9212f6832c23229e3de5f1c1f9905e8cb07319ea15df73ac" "sleep" "infinity", kill_on_drop: false }`
[INFO] [stdout] 28824bc42a2c49b945e65c0d67f0e6ca1386a0e2c63bf5f7f39531175de78be6
[INFO] running `Command { std: "docker" "start" "28824bc42a2c49b945e65c0d67f0e6ca1386a0e2c63bf5f7f39531175de78be6", kill_on_drop: false }`
[INFO] running `Command { std: "docker" "inspect" "28824bc42a2c49b945e65c0d67f0e6ca1386a0e2c63bf5f7f39531175de78be6", kill_on_drop: false }`
[INFO] running `Command { std: "docker" "exec" "-e" "SOURCE_DIR=/opt/rustwide/workdir" "-e" "CARGO_HOME=/opt/rustwide/cargo-home" "-e" "RUSTUP_HOME=/opt/rustwide/rustup-home" "-e" "CARGO_TARGET_DIR=/opt/rustwide/target" "-w" "/opt/rustwide/workdir" "--user" "0:0" "28824bc42a2c49b945e65c0d67f0e6ca1386a0e2c63bf5f7f39531175de78be6" "/opt/rustwide/cargo-home/bin/cargo" "+1.100.0-beta.1" "metadata" "--no-deps" "--format-version=1", kill_on_drop: false }`
[INFO] running `Command { std: "docker" "inspect" "28824bc42a2c49b945e65c0d67f0e6ca1386a0e2c63bf5f7f39531175de78be6", kill_on_drop: false }`
[INFO] running `Command { std: "docker" "exec" "-e" "SOURCE_DIR=/opt/rustwide/workdir" "-e" "CARGO_HOME=/opt/rustwide/cargo-home" "-e" "RUSTUP_HOME=/opt/rustwide/rustup-home" "-e" "CARGO_TARGET_DIR=/opt/rustwide/target" "-e" "CARGO_INCREMENTAL=0" "-e" "RUST_BACKTRACE=full" "-e" "RUSTFLAGS=--cap-lints=warn" "-e" "RUSTDOCFLAGS=--cap-lints=warn" "-w" "/opt/rustwide/workdir" "--user" "0:0" "28824bc42a2c49b945e65c0d67f0e6ca1386a0e2c63bf5f7f39531175de78be6" "/opt/rustwide/cargo-home/bin/cargo" "+1.100.0-beta.1" "build" "--frozen" "--message-format=json" "--release", kill_on_drop: false }`
[INFO] [stderr] warning: Cargo.toml: `lints.rust.unsafe-code` is deprecated in favor of `lints.rust.unsafe_code` and will not work in a future edition
[INFO] [stderr] warning: `ring_handle` (manifest) generated 1 warning
[INFO] [stderr]    Compiling ring_types v0.2.1
[INFO] [stderr]    Compiling ring_align v0.2.1
[INFO] [stderr]    Compiling ring_seqno v0.2.1
[INFO] [stderr]    Compiling ring_atomic v0.2.1
[INFO] [stderr]    Compiling ring_slot v0.3.1
[INFO] [stderr]    Compiling ring_index v0.2.1
[INFO] [stderr]    Compiling ring_config v0.2.1
[INFO] [stderr]    Compiling ring_stats v0.2.1
[INFO] [stderr]    Compiling ring_cursor v0.2.1
[INFO] [stderr]    Compiling ring_overflow v0.2.1
[INFO] [stderr]    Compiling ring_store v0.3.1
[INFO] [stderr]    Compiling ring_gating v0.2.1
[INFO] [stderr]    Compiling ring_spsc v0.3.1
[INFO] [stderr]    Compiling ring_claim v0.2.1
[INFO] [stderr]    Compiling ring_mpsc v0.3.1
[INFO] [stderr]    Compiling ring_core v0.3.1
[INFO] [stderr]    Compiling ring_handle v0.3.1 (/opt/rustwide/workdir)
[INFO] [stderr]     Finished `release` profile [optimized] target(s) in 1.16s
[INFO] running `Command { std: "docker" "inspect" "28824bc42a2c49b945e65c0d67f0e6ca1386a0e2c63bf5f7f39531175de78be6", kill_on_drop: false }`
[INFO] running `Command { std: "docker" "exec" "-e" "SOURCE_DIR=/opt/rustwide/workdir" "-e" "CARGO_HOME=/opt/rustwide/cargo-home" "-e" "RUSTUP_HOME=/opt/rustwide/rustup-home" "-e" "CARGO_TARGET_DIR=/opt/rustwide/target" "-e" "CARGO_INCREMENTAL=0" "-e" "RUST_BACKTRACE=full" "-e" "RUSTFLAGS=--cap-lints=warn" "-e" "RUSTDOCFLAGS=--cap-lints=warn" "-w" "/opt/rustwide/workdir" "--user" "0:0" "28824bc42a2c49b945e65c0d67f0e6ca1386a0e2c63bf5f7f39531175de78be6" "/opt/rustwide/cargo-home/bin/cargo" "+1.100.0-beta.1" "test" "--frozen" "--no-run" "--message-format=json" "--release", kill_on_drop: false }`
[INFO] [stderr] warning: Cargo.toml: `lints.rust.unsafe-code` is deprecated in favor of `lints.rust.unsafe_code` and will not work in a future edition
[INFO] [stderr] warning: `ring_handle` (manifest) generated 1 warning
[INFO] [stderr]    Compiling target-tuple v1.0.2
[INFO] [stderr]    Compiling winnow v1.0.4
[INFO] [stderr]    Compiling toml_datetime v1.1.1+spec-1.1.0
[INFO] [stderr]    Compiling serde_spanned v1.1.1
[INFO] [stderr]    Compiling serde v1.0.229
[INFO] [stderr]    Compiling toml_writer v1.1.2+spec-1.1.0
[INFO] [stderr]    Compiling glob v0.3.4
[INFO] [stderr]    Compiling proc-macro2 v1.0.107
[INFO] [stderr]    Compiling quote v1.0.47
[INFO] [stderr]    Compiling toml_parser v1.1.3+spec-1.1.0
[INFO] [stderr]    Compiling syn v3.0.6
[INFO] [stderr]    Compiling toml v1.1.6+spec-1.1.0
[INFO] [stderr]    Compiling serde_derive v1.0.229
[INFO] [stderr]    Compiling trybuild v1.0.121
[INFO] [stderr]    Compiling ring_handle v0.3.1 (/opt/rustwide/workdir)
[INFO] [stderr]     Finished `release` profile [optimized] target(s) in 21.51s
[INFO] running `Command { std: "docker" "inspect" "28824bc42a2c49b945e65c0d67f0e6ca1386a0e2c63bf5f7f39531175de78be6", kill_on_drop: false }`
[INFO] running `Command { std: "docker" "exec" "-e" "SOURCE_DIR=/opt/rustwide/workdir" "-e" "CARGO_HOME=/opt/rustwide/cargo-home" "-e" "RUSTUP_HOME=/opt/rustwide/rustup-home" "-e" "CARGO_TARGET_DIR=/opt/rustwide/target" "-e" "CARGO_INCREMENTAL=0" "-e" "RUST_BACKTRACE=full" "-e" "RUSTFLAGS=--cap-lints=warn" "-e" "RUSTDOCFLAGS=--cap-lints=warn" "-w" "/opt/rustwide/workdir" "--user" "0:0" "28824bc42a2c49b945e65c0d67f0e6ca1386a0e2c63bf5f7f39531175de78be6" "/opt/rustwide/cargo-home/bin/cargo" "+1.100.0-beta.1" "test" "--frozen" "--release", kill_on_drop: false }`
[INFO] [stderr] warning: Cargo.toml: `lints.rust.unsafe-code` is deprecated in favor of `lints.rust.unsafe_code` and will not work in a future edition
[INFO] [stderr] warning: `ring_handle` (manifest) generated 1 warning
[INFO] [stderr]     Finished `release` profile [optimized] target(s) in 0.08s
[INFO] [stderr]      Running unittests src/lib.rs (/opt/rustwide/target/release/build/ring_handle/e3bf78d85415dde0/out/ring_handle-e3bf78d85415dde0)
[INFO] [stdout] 
[INFO] [stderr]      Running tests/handle_test.rs (/opt/rustwide/target/release/build/ring_handle/875f80ea8e348bda/out/handle_test-875f80ea8e348bda)
[INFO] [stdout] running 0 tests
[INFO] [stdout] 
[INFO] [stdout] test result: ok. 0 passed; 0 failed; 0 ignored; 0 measured; 0 filtered out; finished in 0.00s
[INFO] [stdout] 
[INFO] [stdout] 
[INFO] [stdout] running 18 tests
[INFO] [stdout] test draining_at_the_same_point_is_deterministic ... ok
[INFO] [stdout] test drain_stops_when_the_ring_empties_first ... ok
[INFO] [stdout] test every_handle_can_be_printed ... ok
[INFO] [stdout] test dropping_one_handle_leaves_the_other_usable ... ok
[INFO] [stdout] test the_in_house_backends_behave_alike ... ok
[INFO] [stdout] test try_recv_batch_moves_what_is_waiting ... ok
[INFO] [stdout] test try_push_batch_hands_back_the_record_that_did_not_fit ... ok
[INFO] [stdout] test an_empty_ring_answers_promptly ... ok
[INFO] [stdout] test no_parking_shaped_name_appears_in_the_source ... ok
[INFO] [stdout] test undrained_records_are_dropped_exactly_once ... ok
[INFO] [stdout] test a_refused_push_hands_the_record_back_unchanged ... ok
[INFO] [stdout] test debug_output_length_does_not_grow_with_item_count ... ok
[INFO] [stdout] test drain_of_an_empty_ring_yields_nothing ... ok
[INFO] [stdout] test both_handles_are_send ... ok
[INFO] [stdout] test drain_is_bounded_at_the_call_that_made_it ... ok
[INFO] [stdout] test the_two_ends_travel_to_separate_threads ... ok
[INFO] [stdout] test free_capacity_and_is_full_agree ... ok
[INFO] [stdout] test the_wrapper_costs_nothing ... ok
[INFO] [stdout] 
[INFO] [stdout] test result: ok. 18 passed; 0 failed; 0 ignored; 0 measured; 0 filtered out; finished in 0.01s
[INFO] [stdout] 
[INFO] [stderr]      Running tests/ui_test.rs (/opt/rustwide/target/release/build/ring_handle/a88b9c084711d28a/out/ui_test-a88b9c084711d28a)
[INFO] [stdout] 
[INFO] [stdout] running 1 test
[INFO] [stderr] warning: /opt/rustwide/workdir/Cargo.toml: `lints.rust.unsafe-code` is deprecated in favor of `lints.rust.unsafe_code` and will not work in a future edition
[INFO] [stderr] warning: `ring_handle` (manifest) generated 1 warning
[INFO] [stderr]     Checking ring_types v0.2.1
[INFO] [stderr]     Checking ring_align v0.2.1
[INFO] [stderr]     Checking ring_atomic v0.2.1
[INFO] [stderr]     Checking ring_seqno v0.2.1
[INFO] [stderr]     Checking ring_index v0.2.1
[INFO] [stderr]     Checking ring_slot v0.3.1
[INFO] [stderr]     Checking ring_config v0.2.1
[INFO] [stderr]     Checking ring_stats v0.2.1
[INFO] [stderr]     Checking ring_store v0.3.1
[INFO] [stderr]     Checking ring_overflow v0.2.1
[INFO] [stderr]     Checking ring_cursor v0.2.1
[INFO] [stderr]     Checking ring_gating v0.2.1
[INFO] [stderr]     Checking ring_claim v0.2.1
[INFO] [stderr]     Checking ring_spsc v0.3.1
[INFO] [stderr]     Checking ring_mpsc v0.3.1
[INFO] [stderr]     Checking ring_core v0.3.1
[INFO] [stderr]     Checking ring_handle v0.3.1 (/opt/rustwide/workdir)
[INFO] [stderr]     Checking ring_handle-tests v0.0.0 (/opt/rustwide/target/tests/trybuild/ring_handle)
[INFO] [stderr]     Finished `dev` profile [unoptimized + debuginfo] target(s) in 1.09s
[INFO] [stderr] 
[INFO] [stderr] 
[INFO] [stderr] test tests/ui/producer_drains.rs ... ok
[INFO] [stderr] test tests/ui/consumer_publishes.rs ... ok
[INFO] [stderr] test tests/ui/producer_clones.rs ... ok
[INFO] [stderr] test tests/ui/consumer_clones.rs ... ok
[INFO] [stderr] test tests/ui/producer_shared_across_threads.rs ... mismatch
[INFO] [stderr] 
[INFO] [stderr] EXPECTED:
[INFO] [stderr] ┈┈┈┈┈┈┈┈┈┈┈┈┈┈┈┈┈┈┈┈┈┈┈┈┈┈┈┈┈┈┈┈┈┈┈┈┈┈┈┈┈┈┈┈┈┈┈┈┈┈┈┈┈┈┈┈┈┈┈┈
[INFO] [stderr] error[E0277]: `Cell<()>` cannot be shared between threads safely
[INFO] [stderr]   --> tests/ui/producer_shared_across_threads.rs:35:18
[INFO] [stderr]    |
[INFO] [stderr] 35 |     scope.spawn( move || shared.is_full() );
[INFO] [stderr]    |           -----  ^^^^^^^^^^^^^^^^^^^^^^^^ `Cell<()>` cannot be shared between threads safely
[INFO] [stderr]    |           |
[INFO] [stderr]    |           required by a bound introduced by this call
[INFO] [stderr]    |
[INFO] [stderr]    = help: within `ring_handle::Producer<'_, u32>`, the trait `Sync` is not implemented for `Cell<()>`
[INFO] [stderr]    = note: if you want to do aliasing and mutation between multiple threads, use `std::sync::RwLock`
[INFO] [stderr] note: required because it appears within the type `PhantomData<Cell<()>>`
[INFO] [stderr]   --> $RUST/core/src/marker.rs
[INFO] [stderr]    |
[INFO] [stderr]    | pub struct PhantomData<T: PointeeSized>;
[INFO] [stderr]    |            ^^^^^^^^^^^
[INFO] [stderr] note: required because it appears within the type `ring_spsc::Producer<'_, ring_slot::TypedSlot<u32>>`
[INFO] [stderr]   --> $WORKSPACE/ring_spsc/src/lib.rs
[INFO] [stderr]    |
[INFO] [stderr]    | pub struct Producer<'a, S> {
[INFO] [stderr]    |            ^^^^^^^^
[INFO] [stderr] note: required because it appears within the type `ring_core::ProducerInner<'_, u32>`
[INFO] [stderr]   --> $WORKSPACE/ring_core/src/lib.rs
[INFO] [stderr]    |
[INFO] [stderr]    | enum ProducerInner<'a, T> {
[INFO] [stderr]    |      ^^^^^^^^^^^^^
[INFO] [stderr] note: required because it appears within the type `ring_core::Producer<'_, u32>`
[INFO] [stderr]   --> $WORKSPACE/ring_core/src/lib.rs
[INFO] [stderr]    |
[INFO] [stderr]    | pub struct Producer<'a, T> {
[INFO] [stderr]    |            ^^^^^^^^
[INFO] [stderr] note: required because it appears within the type `ring_handle::Producer<'_, u32>`
[INFO] [stderr]   --> src/lib.rs
[INFO] [stderr]    |
[INFO] [stderr]    | pub struct Producer<'a, T> {
[INFO] [stderr]    |            ^^^^^^^^
[INFO] [stderr]    = note: required for `&ring_handle::Producer<'_, u32>` to implement `Send`
[INFO] [stderr] note: required because it's used within this closure
[INFO] [stderr]   --> tests/ui/producer_shared_across_threads.rs:35:18
[INFO] [stderr]    |
[INFO] [stderr] 35 |     scope.spawn( move || shared.is_full() );
[INFO] [stderr]    |                  ^^^^^^^
[INFO] [stderr] note: required by a bound in `Scope::<'scope, 'env>::spawn`
[INFO] [stderr]   --> $RUST/std/src/thread/scoped.rs
[INFO] [stderr]    |
[INFO] [stderr]    |     pub fn spawn<F, T>(&'scope self, f: F) -> ScopedJoinHandle<'scope, T>
[INFO] [stderr]    |            ----- required by a bound in this associated function
[INFO] [stderr]    |     where
[INFO] [stderr]    |         F: FnOnce() -> T + Send + 'scope,
[INFO] [stderr]    |                            ^^^^ required by this bound in `Scope::<'scope, 'env>::spawn`
[INFO] [stderr] ┈┈┈┈┈┈┈┈┈┈┈┈┈┈┈┈┈┈┈┈┈┈┈┈┈┈┈┈┈┈┈┈┈┈┈┈┈┈┈┈┈┈┈┈┈┈┈┈┈┈┈┈┈┈┈┈┈┈┈┈
[INFO] [stderr] 
[INFO] [stderr] ACTUAL OUTPUT:
[INFO] [stderr] ┈┈┈┈┈┈┈┈┈┈┈┈┈┈┈┈┈┈┈┈┈┈┈┈┈┈┈┈┈┈┈┈┈┈┈┈┈┈┈┈┈┈┈┈┈┈┈┈┈┈┈┈┈┈┈┈┈┈┈┈
[INFO] [stderr] error[E0277]: `Cell<()>` cannot be shared between threads safely
[INFO] [stderr]   --> tests/ui/producer_shared_across_threads.rs:35:18
[INFO] [stderr]    |
[INFO] [stderr] 35 |     scope.spawn( move || shared.is_full() );
[INFO] [stderr]    |           -----  ^^^^^^^^^^^^^^^^^^^^^^^^ `Cell<()>` cannot be shared between threads safely
[INFO] [stderr]    |           |
[INFO] [stderr]    |           required by a bound introduced by this call
[INFO] [stderr]    |
[INFO] [stderr]    = help: within `ring_handle::Producer<'_, u32>`, the trait `Sync` is not implemented for `Cell<()>`
[INFO] [stderr]    = note: if you want to do aliasing and mutation between multiple threads, use `std::sync::RwLock`
[INFO] [stderr] note: required because it appears within the type `PhantomData<Cell<()>>`
[INFO] [stderr]   --> $RUST/core/src/marker.rs
[INFO] [stderr] note: required because it appears within the type `ring_spsc::Producer<'_, ring_slot::TypedSlot<u32>>`
[INFO] [stderr]   --> $CARGO/ring_spsc-$VERSION/src/lib.rs
[INFO] [stderr]    |
[INFO] [stderr]    | pub struct Producer<'a, S> {
[INFO] [stderr]    |            ^^^^^^^^
[INFO] [stderr] note: required because it appears within the type `ring_core::ProducerInner<'_, u32>`
[INFO] [stderr]   --> $CARGO/ring_core-$VERSION/src/lib.rs
[INFO] [stderr]    |
[INFO] [stderr]    | enum ProducerInner<'a, T> {
[INFO] [stderr]    |      ^^^^^^^^^^^^^
[INFO] [stderr] note: required because it appears within the type `ring_core::Producer<'_, u32>`
[INFO] [stderr]   --> $CARGO/ring_core-$VERSION/src/lib.rs
[INFO] [stderr]    |
[INFO] [stderr]    | pub struct Producer<'a, T> {
[INFO] [stderr]    |            ^^^^^^^^
[INFO] [stderr] note: required because it appears within the type `ring_handle::Producer<'_, u32>`
[INFO] [stderr]   --> src/lib.rs
[INFO] [stderr]    |
[INFO] [stderr]    | pub struct Producer<'a, T> {
[INFO] [stderr]    |            ^^^^^^^^
[INFO] [stderr]    = note: required for `&ring_handle::Producer<'_, u32>` to implement `Send`
[INFO] [stderr] note: required because `shared` is used within this closure
[INFO] [stderr]   --> tests/ui/producer_shared_across_threads.rs:35:26
[INFO] [stderr]    |
[INFO] [stderr] 35 |     scope.spawn( move || shared.is_full() );
[INFO] [stderr]    |                          ^^^^^^
[INFO] [stderr] note: required by a bound in `Scope::<'scope, 'env>::spawn`
[INFO] [stderr]   --> $RUST/std/src/thread/scoped.rs
[INFO] [stderr] ┈┈┈┈┈┈┈┈┈┈┈┈┈┈┈┈┈┈┈┈┈┈┈┈┈┈┈┈┈┈┈┈┈┈┈┈┈┈┈┈┈┈┈┈┈┈┈┈┈┈┈┈┈┈┈┈┈┈┈┈
[INFO] [stderr] note: If the actual output is the correct output you can bless it by rerunning
[INFO] [stderr]       your test with the environment variable TRYBUILD=overwrite
[INFO] [stderr] 
[INFO] [stderr] test tests/ui/producer_try_clones.rs ... ok
[INFO] [stderr] test tests/ui/ring_used_after_split.rs ... ok
[INFO] [stderr] 
[INFO] [stderr] 
[INFO] [stdout] test the_forbidden_programs_are_rejected ... FAILED
[INFO] [stdout] 
[INFO] [stdout] failures:
[INFO] [stdout] 
[INFO] [stdout] ---- the_forbidden_programs_are_rejected stdout ----
[INFO] [stdout] 
[INFO] [stdout] thread 'the_forbidden_programs_are_rejected' (648) panicked at /opt/rustwide/cargo-home/registry/src/index.crates.io-1949cf8c6b5b557f/trybuild-1.0.121/src/run.rs:103:13:
[INFO] [stdout] 1 of 7 tests failed
[INFO] [stdout] stack backtrace:
[INFO] [stdout]    0:     0x5f92c64e0e31 - <<std[617be2ca0a6fd877]::sys::backtrace::BacktraceLock>::print::DisplayBacktrace as core[a373ad73a504971]::fmt::Display>::fmt
[INFO] [stdout]    1:     0x5f92c64f711a - core[a373ad73a504971]::fmt::write
[INFO] [stdout]    2:     0x5f92c64e567c - <alloc[2e1b2a31b91974c5]::vec::Vec<u8> as core[a373ad73a504971]::io::write::Write>::write_fmt
[INFO] [stdout]    3:     0x5f92c64ba296 - std[617be2ca0a6fd877]::panicking::default_hook::{closure#0}
[INFO] [stdout]    4:     0x5f92c64d83d9 - std[617be2ca0a6fd877]::panicking::default_hook
[INFO] [stdout]    5:     0x5f92c64719e0 - test[aada8e7e76ba119b]::test_main_inner::{closure#0}
[INFO] [stdout]    6:     0x5f92c64d8592 - std[617be2ca0a6fd877]::panicking::panic_with_hook
[INFO] [stdout]    7:     0x5f92c64ba342 - std[617be2ca0a6fd877]::panicking::panic_handler::{closure#0}
[INFO] [stdout]    8:     0x5f92c64b2b99 - std[617be2ca0a6fd877]::sys::backtrace::__rust_end_short_backtrace::<std[617be2ca0a6fd877]::panicking::panic_handler::{closure#0}, !>
[INFO] [stdout]    9:     0x5f92c64baf4d - __rustc[ea4f61d10b84890b]::rust_begin_unwind
[INFO] [stdout]   10:     0x5f92c64f788c - core[a373ad73a504971]::panicking::panic_fmt
[INFO] [stdout]   11:     0x5f92c63c56b8 - <trybuild[aeaab9b1e29af71e]::Runner>::run
[INFO] [stdout]   12:     0x5f92c63c8920 - <trybuild[aeaab9b1e29af71e]::TestCases as core[a373ad73a504971]::ops::drop::Drop>::drop
[INFO] [stdout]   13:     0x5f92c63bf0ee - <ui_test[1da26ee8a2f550d2]::the_forbidden_programs_are_rejected::{closure#0} as core[a373ad73a504971]::ops::function::FnOnce<()>>::call_once
[INFO] [stdout]   14:     0x5f92c6464e2b - test[aada8e7e76ba119b]::__rust_begin_short_backtrace::<core[a373ad73a504971]::result::Result<(), alloc[2e1b2a31b91974c5]::string::String>, fn() -> core[a373ad73a504971]::result::Result<(), alloc[2e1b2a31b91974c5]::string::String>>
[INFO] [stdout]   15:     0x5f92c6472005 - test[aada8e7e76ba119b]::run_test::{closure#0}
[INFO] [stdout]   16:     0x5f92c646b8f4 - std[617be2ca0a6fd877]::sys::backtrace::__rust_begin_short_backtrace::<test[aada8e7e76ba119b]::run_test::{closure#1}, ()>
[INFO] [stdout]   17:     0x5f92c6475092 - <std[617be2ca0a6fd877]::thread::lifecycle::spawn_unchecked<test[aada8e7e76ba119b]::run_test::{closure#1}, ()>::{closure#1} as core[a373ad73a504971]::ops::function::FnOnce<()>>::call_once::{shim:vtable#0}
[INFO] [stdout]   18:     0x5f92c64e008f - <std[617be2ca0a6fd877]::sys::thread::unix::Thread>::new::thread_start
[INFO] [stdout]   19:     0x719c8dddcdfa - <unknown>
[INFO] [stderr] error: test failed, to rerun pass `--test ui_test`
[INFO] [stdout]   20:     0x719c8de703d4 - clone
[INFO] [stdout]   21:                0x0 - <unknown>
[INFO] [stdout] 
[INFO] [stdout] 
[INFO] [stdout] failures:
[INFO] [stdout]     the_forbidden_programs_are_rejected
[INFO] [stdout] 
[INFO] [stdout] test result: FAILED. 0 passed; 1 failed; 0 ignored; 0 measured; 0 filtered out; finished in 2.46s
[INFO] [stdout] 
[INFO] running `Command { std: "docker" "inspect" "28824bc42a2c49b945e65c0d67f0e6ca1386a0e2c63bf5f7f39531175de78be6", kill_on_drop: false }`
[INFO] running `Command { std: "docker" "rm" "-f" "28824bc42a2c49b945e65c0d67f0e6ca1386a0e2c63bf5f7f39531175de78be6", kill_on_drop: false }`
[INFO] [stdout] 28824bc42a2c49b945e65c0d67f0e6ca1386a0e2c63bf5f7f39531175de78be6
