[INFO] fetching crate rinf-router 1.5.0...
[INFO] testing rinf-router-1.5.0 against 1.100.0-beta.1+cargoflags=--release for beta-release-1.100-2
[INFO] extracting crate rinf-router 1.5.0 into /workspace/builds/worker-3-tc2/source
[INFO] removed /workspace/builds/worker-3-tc2/source/rust-toolchain.toml
[INFO] started tweaking crates.io crate rinf-router 1.5.0
[INFO] removed 0 missing tests
[INFO] finished tweaking crates.io crate rinf-router 1.5.0
[INFO] tweaked toml for crates.io crate rinf-router 1.5.0 written to /workspace/builds/worker-3-tc2/source/Cargo.toml
[INFO] validating manifest of crates.io crate rinf-router 1.5.0 on toolchain 1.100.0-beta.1
[INFO] running `Command { std: CARGO_HOME="/workspace/cargo-home" RUSTUP_HOME="/workspace/rustup-home" "/workspace/cargo-home/bin/cargo" "+1.100.0-beta.1" "metadata" "--manifest-path" "Cargo.toml" "--no-deps", kill_on_drop: false }`
[INFO] crate crates.io crate rinf-router 1.5.0 already has a lockfile, it will not be regenerated
[INFO] running `Command { std: CARGO_HOME="/workspace/cargo-home" RUSTUP_HOME="/workspace/rustup-home" "/workspace/cargo-home/bin/cargo" "+1.100.0-beta.1" "fetch" "--manifest-path" "Cargo.toml", kill_on_drop: false }`
[INFO] running `Command { std: "docker" "create" "-v" "/var/lib/crater-agent-workspace/builds/worker-3-tc2/source:/opt/rustwide/workdir:ro,Z" "-v" "/var/lib/crater-agent-workspace/builds/worker-3-tc2/target:/opt/rustwide/target:rw,Z" "-v" "/var/lib/crater-agent-workspace/cargo-home:/opt/rustwide/cargo-home:ro,Z" "-v" "/var/lib/crater-agent-workspace/rustup-home:/opt/rustwide/rustup-home:ro,Z" "-m" "1610612736" "--network" "none" "ghcr.io/rust-lang/crates-build-env/linux@sha256:77db811e55d90add9212f6832c23229e3de5f1c1f9905e8cb07319ea15df73ac" "sleep" "infinity", kill_on_drop: false }`
[INFO] [stdout] c3546310deb564ae557ea313386667de07bea2e32157fec38a57a259099c1ac0
[INFO] running `Command { std: "docker" "start" "c3546310deb564ae557ea313386667de07bea2e32157fec38a57a259099c1ac0", kill_on_drop: false }`
[INFO] running `Command { std: "docker" "inspect" "c3546310deb564ae557ea313386667de07bea2e32157fec38a57a259099c1ac0", kill_on_drop: false }`
[INFO] running `Command { std: "docker" "exec" "-e" "SOURCE_DIR=/opt/rustwide/workdir" "-e" "CARGO_HOME=/opt/rustwide/cargo-home" "-e" "RUSTUP_HOME=/opt/rustwide/rustup-home" "-e" "CARGO_TARGET_DIR=/opt/rustwide/target" "-w" "/opt/rustwide/workdir" "--user" "0:0" "c3546310deb564ae557ea313386667de07bea2e32157fec38a57a259099c1ac0" "/opt/rustwide/cargo-home/bin/cargo" "+1.100.0-beta.1" "metadata" "--no-deps" "--format-version=1", kill_on_drop: false }`
[INFO] running `Command { std: "docker" "inspect" "c3546310deb564ae557ea313386667de07bea2e32157fec38a57a259099c1ac0", kill_on_drop: false }`
[INFO] running `Command { std: "docker" "exec" "-e" "SOURCE_DIR=/opt/rustwide/workdir" "-e" "CARGO_HOME=/opt/rustwide/cargo-home" "-e" "RUSTUP_HOME=/opt/rustwide/rustup-home" "-e" "CARGO_TARGET_DIR=/opt/rustwide/target" "-e" "CARGO_INCREMENTAL=0" "-e" "RUST_BACKTRACE=full" "-e" "RUSTFLAGS=--cap-lints=warn" "-e" "RUSTDOCFLAGS=--cap-lints=warn" "-w" "/opt/rustwide/workdir" "--user" "0:0" "c3546310deb564ae557ea313386667de07bea2e32157fec38a57a259099c1ac0" "/opt/rustwide/cargo-home/bin/cargo" "+1.100.0-beta.1" "build" "--frozen" "--message-format=json" "--release", kill_on_drop: false }`
[INFO] [stderr]    Compiling proc-macro2 v1.0.95
[INFO] [stderr]    Compiling unicode-ident v1.0.18
[INFO] [stderr]    Compiling futures-core v0.3.31
[INFO] [stderr]    Compiling futures-sink v0.3.31
[INFO] [stderr]    Compiling pin-project-lite v0.2.16
[INFO] [stderr]    Compiling libc v0.2.173
[INFO] [stderr]    Compiling pin-utils v0.1.0
[INFO] [stderr]    Compiling slab v0.4.10
[INFO] [stderr]    Compiling futures-io v0.3.31
[INFO] [stderr]    Compiling serde v1.0.219
[INFO] [stderr]    Compiling memchr v2.7.5
[INFO] [stderr]    Compiling futures-task v0.3.31
[INFO] [stderr]    Compiling atomic v0.5.3
[INFO] [stderr]    Compiling heck v0.5.0
[INFO] [stderr]    Compiling tower-layer v0.3.3
[INFO] [stderr]    Compiling tower-service v0.3.3
[INFO] [stderr]    Compiling sync_wrapper v1.0.2
[INFO] [stderr]    Compiling futures-channel v0.3.31
[INFO] [stderr]    Compiling allo-isolate v0.1.27
[INFO] [stderr]    Compiling quote v1.0.40
[INFO] [stderr]    Compiling syn v2.0.103
[INFO] [stderr]    Compiling os-thread-local v0.1.3
[INFO] [stderr]    Compiling futures-macro v0.3.31
[INFO] [stderr]    Compiling serde_derive v1.0.219
[INFO] [stderr]    Compiling rinf_proc v8.6.0
[INFO] [stderr]    Compiling tokio-macros v2.5.0
[INFO] [stderr]    Compiling async-trait v0.1.88
[INFO] [stderr]    Compiling tokio v1.45.1
[INFO] [stderr]    Compiling futures-util v0.3.31
[INFO] [stderr]    Compiling futures-executor v0.3.31
[INFO] [stderr]    Compiling tower v0.5.2
[INFO] [stderr]    Compiling futures v0.3.31
[INFO] [stderr]    Compiling bincode v1.3.3
[INFO] [stderr]    Compiling rinf v8.6.0
[INFO] [stderr]    Compiling rinf-router v1.5.0 (/opt/rustwide/workdir)
[INFO] [stderr]     Finished `release` profile [optimized] target(s) in 17.86s
[INFO] running `Command { std: "docker" "inspect" "c3546310deb564ae557ea313386667de07bea2e32157fec38a57a259099c1ac0", kill_on_drop: false }`
[INFO] running `Command { std: "docker" "exec" "-e" "SOURCE_DIR=/opt/rustwide/workdir" "-e" "CARGO_HOME=/opt/rustwide/cargo-home" "-e" "RUSTUP_HOME=/opt/rustwide/rustup-home" "-e" "CARGO_TARGET_DIR=/opt/rustwide/target" "-e" "CARGO_INCREMENTAL=0" "-e" "RUST_BACKTRACE=full" "-e" "RUSTFLAGS=--cap-lints=warn" "-e" "RUSTDOCFLAGS=--cap-lints=warn" "-w" "/opt/rustwide/workdir" "--user" "0:0" "c3546310deb564ae557ea313386667de07bea2e32157fec38a57a259099c1ac0" "/opt/rustwide/cargo-home/bin/cargo" "+1.100.0-beta.1" "test" "--frozen" "--no-run" "--message-format=json" "--release", kill_on_drop: false }`
[INFO] [stderr]    Compiling libc v0.2.173
[INFO] [stderr]    Compiling autocfg v1.4.0
[INFO] [stderr]    Compiling parking_lot_core v0.9.11
[INFO] [stderr]    Compiling scopeguard v1.2.0
[INFO] [stderr]    Compiling cfg-if v1.0.1
[INFO] [stderr]    Compiling smallvec v1.15.1
[INFO] [stderr]    Compiling sdd v3.0.8
[INFO] [stderr]    Compiling log v0.4.27
[INFO] [stderr]    Compiling once_cell v1.21.3
[INFO] [stderr]    Compiling serial_test_derive v3.2.0
[INFO] [stderr]    Compiling tokio v1.45.1
[INFO] [stderr]    Compiling scc v2.3.4
[INFO] [stderr]    Compiling lock_api v0.4.13
[INFO] [stderr]    Compiling os-thread-local v0.1.3
[INFO] [stderr]    Compiling rinf v8.6.0
[INFO] [stderr]    Compiling parking_lot v0.12.4
[INFO] [stderr]    Compiling serial_test v3.2.0
[INFO] [stderr]    Compiling rinf-router v1.5.0 (/opt/rustwide/workdir)
[INFO] [stderr]     Finished `release` profile [optimized] target(s) in 9.89s
[INFO] running `Command { std: "docker" "inspect" "c3546310deb564ae557ea313386667de07bea2e32157fec38a57a259099c1ac0", kill_on_drop: false }`
[INFO] running `Command { std: "docker" "exec" "-e" "SOURCE_DIR=/opt/rustwide/workdir" "-e" "CARGO_HOME=/opt/rustwide/cargo-home" "-e" "RUSTUP_HOME=/opt/rustwide/rustup-home" "-e" "CARGO_TARGET_DIR=/opt/rustwide/target" "-e" "CARGO_INCREMENTAL=0" "-e" "RUST_BACKTRACE=full" "-e" "RUSTFLAGS=--cap-lints=warn" "-e" "RUSTDOCFLAGS=--cap-lints=warn" "-w" "/opt/rustwide/workdir" "--user" "0:0" "c3546310deb564ae557ea313386667de07bea2e32157fec38a57a259099c1ac0" "/opt/rustwide/cargo-home/bin/cargo" "+1.100.0-beta.1" "test" "--frozen" "--release", kill_on_drop: false }`
[INFO] [stderr]     Finished `release` profile [optimized] target(s) in 0.09s
[INFO] [stderr]      Running unittests src/lib.rs (/opt/rustwide/target/release/build/rinf-router/acaea66a8ce78ba5/out/rinf_router-acaea66a8ce78ba5)
[INFO] [stdout] 
[INFO] [stdout] running 3 tests
[INFO] [stdout] test into_response::tests::option_into_response ... ok
[INFO] [stdout] test into_response::tests::unit_into_response_compiles ... ok
[INFO] [stdout] test into_response::tests::dont_send_round_trip ... ok
[INFO] [stdout] 
[INFO] [stdout] test result: ok. 3 passed; 0 failed; 0 ignored; 0 measured; 0 filtered out; finished in 0.00s
[INFO] [stdout] 
[INFO] [stderr]      Running tests/handler.rs (/opt/rustwide/target/release/build/rinf-router/ab03db78478eb8b2/out/handler-ab03db78478eb8b2)
[INFO] [stdout] 
[INFO] [stdout] running 1 test
[INFO] [stdout] test handler_return_value_is_forwarded ... ok
[INFO] [stdout] 
[INFO] [stdout] test result: ok. 1 passed; 0 failed; 0 ignored; 0 measured; 0 filtered out; finished in 0.00s
[INFO] [stdout] 
[INFO] [stderr]    Doc-tests rinf_router
[INFO] [stdout] 
[INFO] [stdout] running 11 tests
[INFO] [stdout] test src/../README.md - (line 113) ... ignored
[INFO] [stdout] test src/logging.rs - logging (line 7) ... ignored
[INFO] [stdout] test src/router.rs - router (line 12) ... ignored
[INFO] [stdout] test src/../README.md - (line 131) - compile ... FAILED
[INFO] [stdout] test src/../README.md - (line 38) - compile ... ok
[INFO] [stdout] test src/../README.md - (line 92) - compile fail ... ok
[INFO] [stdout] test src/../README.md - (line 165) - compile ... ok
[INFO] [stdout] test src/extractor.rs - extractor (line 10) - compile ... ok
[INFO] [stdout] test src/router.rs - router::Router<S>::layer (line 206) - compile ... ok
[INFO] [stdout] test src/into_response.rs - into_response (line 23) ... ok
[INFO] [stdout] test src/into_response.rs - into_response::DontSend (line 86) ... ok
[INFO] [stdout] 
[INFO] [stdout] failures:
[INFO] [stdout] 
[INFO] [stdout] ---- src/../README.md - (line 131) stdout ----
[INFO] [stdout] error[E0432]: unresolved import `tower::limit`
[INFO] [stdout]    --> src/../README.md:138:29
[INFO] [stdout]     |
[INFO] [stdout] 138 |     tower::{ServiceBuilder, limit::RateLimitLayer},
[INFO] [stdout]     |                             ^^^^^ could not find `limit` in `tower`
[INFO] [stdout]     |
[INFO] [stdout] note: found an item that was configured out
[INFO] [stdout]    --> /opt/rustwide/cargo-home/registry/src/index.crates.io-1949cf8c6b5b557f/tower-0.5.2/src/lib.rs:176:9
[INFO] [stdout]     |
[INFO] [stdout] 175 | #[cfg(feature = "limit")]
[INFO] [stdout]     |       ----------------- the item is gated behind the `limit` feature
[INFO] [stdout] 176 | pub mod limit;
[INFO] [stdout]     |         ^^^^^
[INFO] [stdout] 
[INFO] [stdout] error: aborting due to 1 previous error
[INFO] [stdout] 
[INFO] [stdout] For more information about this error, try `rustc --explain E0432`.
[INFO] [stdout] Couldn't compile the test.
[INFO] [stdout] 
[INFO] [stdout] failures:
[INFO] [stdout]     src/../README.md - (line 131)
[INFO] [stdout] 
[INFO] [stdout] test result: FAILED. 7 passed; 1 failed; 3 ignored; 0 measured; 0 filtered out; finished in 0.45s
[INFO] [stdout] 
[INFO] [stdout] all doctests ran in 0.65s; merged doctests compilation took 0.20s
[INFO] [stderr] error: doctest failed, to rerun pass `--doc`
[INFO] running `Command { std: "docker" "inspect" "c3546310deb564ae557ea313386667de07bea2e32157fec38a57a259099c1ac0", kill_on_drop: false }`
[INFO] running `Command { std: "docker" "rm" "-f" "c3546310deb564ae557ea313386667de07bea2e32157fec38a57a259099c1ac0", kill_on_drop: false }`
[INFO] [stdout] c3546310deb564ae557ea313386667de07bea2e32157fec38a57a259099c1ac0
