[INFO] fetching crate rilua 0.1.27...
[INFO] testing rilua-0.1.27 against 1.100.0-beta.1+cargoflags=--release for beta-release-1.100-2
[INFO] extracting crate rilua 0.1.27 into /workspace/builds/worker-7-tc2/source
[INFO] removed /workspace/builds/worker-7-tc2/source/.cargo/config.toml
[INFO] removed /workspace/builds/worker-7-tc2/source/rust-toolchain.toml
[INFO] started tweaking crates.io crate rilua 0.1.27
[INFO] removed 0 missing examples
[INFO] removed 0 missing tests
[INFO] finished tweaking crates.io crate rilua 0.1.27
[INFO] tweaked toml for crates.io crate rilua 0.1.27 written to /workspace/builds/worker-7-tc2/source/Cargo.toml
[INFO] validating manifest of crates.io crate rilua 0.1.27 on toolchain 1.100.0-beta.1
[INFO] running `Command { std: CARGO_HOME="/workspace/cargo-home" RUSTUP_HOME="/workspace/rustup-home" "/workspace/cargo-home/bin/cargo" "+1.100.0-beta.1" "metadata" "--manifest-path" "Cargo.toml" "--no-deps", kill_on_drop: false }`
[INFO] crate crates.io crate rilua 0.1.27 already has a lockfile, it will not be regenerated
[INFO] running `Command { std: CARGO_HOME="/workspace/cargo-home" RUSTUP_HOME="/workspace/rustup-home" "/workspace/cargo-home/bin/cargo" "+1.100.0-beta.1" "fetch" "--manifest-path" "Cargo.toml", kill_on_drop: false }`
[INFO] running `Command { std: "docker" "create" "-v" "/var/lib/crater-agent-workspace/builds/worker-7-tc2/source:/opt/rustwide/workdir:ro,Z" "-v" "/var/lib/crater-agent-workspace/builds/worker-7-tc2/target:/opt/rustwide/target:rw,Z" "-v" "/var/lib/crater-agent-workspace/cargo-home:/opt/rustwide/cargo-home:ro,Z" "-v" "/var/lib/crater-agent-workspace/rustup-home:/opt/rustwide/rustup-home:ro,Z" "-m" "1610612736" "--network" "none" "ghcr.io/rust-lang/crates-build-env/linux@sha256:77db811e55d90add9212f6832c23229e3de5f1c1f9905e8cb07319ea15df73ac" "sleep" "infinity", kill_on_drop: false }`
[INFO] [stdout] c103a5ec5259ddfe92cb00eca4785bcfcacbd58ea2258a4b14905f02897a9619
[INFO] running `Command { std: "docker" "start" "c103a5ec5259ddfe92cb00eca4785bcfcacbd58ea2258a4b14905f02897a9619", kill_on_drop: false }`
[INFO] running `Command { std: "docker" "inspect" "c103a5ec5259ddfe92cb00eca4785bcfcacbd58ea2258a4b14905f02897a9619", kill_on_drop: false }`
[INFO] running `Command { std: "docker" "exec" "-e" "SOURCE_DIR=/opt/rustwide/workdir" "-e" "CARGO_HOME=/opt/rustwide/cargo-home" "-e" "RUSTUP_HOME=/opt/rustwide/rustup-home" "-e" "CARGO_TARGET_DIR=/opt/rustwide/target" "-w" "/opt/rustwide/workdir" "--user" "0:0" "c103a5ec5259ddfe92cb00eca4785bcfcacbd58ea2258a4b14905f02897a9619" "/opt/rustwide/cargo-home/bin/cargo" "+1.100.0-beta.1" "metadata" "--no-deps" "--format-version=1", kill_on_drop: false }`
[INFO] running `Command { std: "docker" "inspect" "c103a5ec5259ddfe92cb00eca4785bcfcacbd58ea2258a4b14905f02897a9619", kill_on_drop: false }`
[INFO] running `Command { std: "docker" "exec" "-e" "SOURCE_DIR=/opt/rustwide/workdir" "-e" "CARGO_HOME=/opt/rustwide/cargo-home" "-e" "RUSTUP_HOME=/opt/rustwide/rustup-home" "-e" "CARGO_TARGET_DIR=/opt/rustwide/target" "-e" "CARGO_INCREMENTAL=0" "-e" "RUST_BACKTRACE=full" "-e" "RUSTFLAGS=--cap-lints=warn" "-e" "RUSTDOCFLAGS=--cap-lints=warn" "-w" "/opt/rustwide/workdir" "--user" "0:0" "c103a5ec5259ddfe92cb00eca4785bcfcacbd58ea2258a4b14905f02897a9619" "/opt/rustwide/cargo-home/bin/cargo" "+1.100.0-beta.1" "build" "--frozen" "--message-format=json" "--release", kill_on_drop: false }`
[INFO] [stderr]    Compiling rilua v0.1.27 (/opt/rustwide/workdir)
[INFO] [stderr]     Finished `release` profile [optimized] target(s) in 29.49s
[INFO] running `Command { std: "docker" "inspect" "c103a5ec5259ddfe92cb00eca4785bcfcacbd58ea2258a4b14905f02897a9619", kill_on_drop: false }`
[INFO] running `Command { std: "docker" "exec" "-e" "SOURCE_DIR=/opt/rustwide/workdir" "-e" "CARGO_HOME=/opt/rustwide/cargo-home" "-e" "RUSTUP_HOME=/opt/rustwide/rustup-home" "-e" "CARGO_TARGET_DIR=/opt/rustwide/target" "-e" "CARGO_INCREMENTAL=0" "-e" "RUST_BACKTRACE=full" "-e" "RUSTFLAGS=--cap-lints=warn" "-e" "RUSTDOCFLAGS=--cap-lints=warn" "-w" "/opt/rustwide/workdir" "--user" "0:0" "c103a5ec5259ddfe92cb00eca4785bcfcacbd58ea2258a4b14905f02897a9619" "/opt/rustwide/cargo-home/bin/cargo" "+1.100.0-beta.1" "test" "--frozen" "--no-run" "--message-format=json" "--release", kill_on_drop: false }`
[INFO] [stderr]    Compiling proc-macro2 v1.0.106
[INFO] [stderr]    Compiling quote v1.0.45
[INFO] [stderr]    Compiling libc v0.2.184
[INFO] [stderr]    Compiling cfg-if v1.0.4
[INFO] [stderr]    Compiling zerocopy v0.8.48
[INFO] [stderr]    Compiling serde_core v1.0.228
[INFO] [stderr]    Compiling crossbeam-utils v0.8.21
[INFO] [stderr]    Compiling getrandom v0.3.4
[INFO] [stderr]    Compiling memchr v2.8.0
[INFO] [stderr]    Compiling once_cell v1.21.4
[INFO] [stderr]    Compiling serde v1.0.228
[INFO] [stderr]    Compiling utf8parse v0.2.2
[INFO] [stderr]    Compiling regex-syntax v0.8.10
[INFO] [stderr]    Compiling zmij v1.0.21
[INFO] [stderr]    Compiling itoa v1.0.18
[INFO] [stderr]    Compiling anstyle-parse v1.0.0
[INFO] [stderr]    Compiling anstyle-query v1.1.5
[INFO] [stderr]    Compiling colorchoice v1.0.5
[INFO] [stderr]    Compiling autocfg v1.5.0
[INFO] [stderr]    Compiling serde_json v1.0.149
[INFO] [stderr]    Compiling is_terminal_polyfill v1.70.2
[INFO] [stderr]    Compiling anstyle v1.0.14
[INFO] [stderr]    Compiling num-traits v0.2.19
[INFO] [stderr]    Compiling syn v2.0.117
[INFO] [stderr]    Compiling anstream v1.0.0
[INFO] [stderr]    Compiling clap_lex v1.1.0
[INFO] [stderr]    Compiling heck v0.5.0
[INFO] [stderr]    Compiling version_check v0.9.5
[INFO] [stderr]    Compiling getrandom v0.4.2
[INFO] [stderr]    Compiling parking_lot_core v0.9.12
[INFO] [stderr]    Compiling rustix v1.1.4
[INFO] [stderr]    Compiling strsim v0.11.1
[INFO] [stderr]    Compiling ahash v0.8.12
[INFO] [stderr]    Compiling clap_builder v4.6.0
[INFO] [stderr]    Compiling rand_core v0.9.5
[INFO] [stderr]    Compiling crossbeam-epoch v0.9.18
[INFO] [stderr]    Compiling portable-atomic v1.13.1
[INFO] [stderr]    Compiling smallvec v1.15.1
[INFO] [stderr]    Compiling linux-raw-sys v0.12.1
[INFO] [stderr]    Compiling either v1.15.0
[INFO] [stderr]    Compiling camino v1.2.2
[INFO] [stderr]    Compiling bitflags v2.11.0
[INFO] [stderr]    Compiling thiserror v2.0.18
[INFO] [stderr]    Compiling rayon-core v1.13.0
[INFO] [stderr]    Compiling scopeguard v1.2.0
[INFO] [stderr]    Compiling lock_api v0.4.14
[INFO] [stderr]    Compiling crossbeam-deque v0.8.6
[INFO] [stderr]    Compiling errno v0.3.14
[INFO] [stderr]    Compiling bytemuck v1.25.0
[INFO] [stderr]    Compiling hashbrown v0.14.5
[INFO] [stderr]    Compiling equivalent v1.0.2
[INFO] [stderr]    Compiling regex-automata v0.4.14
[INFO] [stderr]    Compiling hashbrown v0.17.0
[INFO] [stderr]    Compiling fastrand v2.4.1
[INFO] [stderr]    Compiling anyhow v1.0.102
[INFO] [stderr]    Compiling unicode-width v0.2.2
[INFO] [stderr]    Compiling plotters-backend v0.3.7
[INFO] [stderr]    Compiling signal-hook v0.4.4
[INFO] [stderr]    Compiling ciborium-io v0.2.2
[INFO] [stderr]    Compiling arrayvec v0.7.6
[INFO] [stderr]    Compiling plotters-svg v0.3.7
[INFO] [stderr]    Compiling indexmap v2.14.0
[INFO] [stderr]    Compiling num-format v0.4.4
[INFO] [stderr]    Compiling console v0.16.3
[INFO] [stderr]    Compiling tempfile v3.27.0
[INFO] [stderr]    Compiling zerocopy-derive v0.8.48
[INFO] [stderr]    Compiling serde_derive v1.0.228
[INFO] [stderr]    Compiling clap_derive v4.6.0
[INFO] [stderr]    Compiling thiserror-impl v2.0.18
[INFO] [stderr]    Compiling bstr v1.12.1
[INFO] [stderr]    Compiling dashmap v6.1.0
[INFO] [stderr]    Compiling semver v1.0.28
[INFO] [stderr]    Compiling cargo-platform v0.3.2
[INFO] [stderr]    Compiling rgb v0.8.53
[INFO] [stderr]    Compiling signal-hook-registry v1.4.8
[INFO] [stderr]    Compiling itertools v0.10.5
[INFO] [stderr]    Compiling clap v4.6.0
[INFO] [stderr]    Compiling wait-timeout v0.2.1
[INFO] [stderr]    Compiling quick-xml v0.39.2
[INFO] [stderr]    Compiling crossbeam-channel v0.5.15
[INFO] [stderr]    Compiling same-file v1.0.6
[INFO] [stderr]    Compiling fnv v1.0.7
[INFO] [stderr]    Compiling quick-error v1.2.3
[INFO] [stderr]    Compiling log v0.4.29
[INFO] [stderr]    Compiling cast v0.3.0
[INFO] [stderr]    Compiling bit-vec v0.8.0
[INFO] [stderr]    Compiling str_stack v0.1.0
[INFO] [stderr]    Compiling unit-prefix v0.5.2
[INFO] [stderr]    Compiling rusty-fork v0.3.1
[INFO] [stderr]    Compiling indicatif v0.18.4
[INFO] [stderr]    Compiling bit-set v0.8.0
[INFO] [stderr]    Compiling walkdir v2.5.0
[INFO] [stderr]    Compiling criterion-plot v0.5.0
[INFO] [stderr]    Compiling rayon v1.11.0
[INFO] [stderr]    Compiling clap_complete v4.6.1
[INFO] [stderr]    Compiling opener v0.8.4
[INFO] [stderr]    Compiling regex v1.12.3
[INFO] [stderr]    Compiling cargo_metadata v0.23.1
[INFO] [stderr]    Compiling tinytemplate v1.2.1
[INFO] [stderr]    Compiling plotters v0.3.7
[INFO] [stderr]    Compiling rand_xorshift v0.4.0
[INFO] [stderr]    Compiling rand v0.9.3
[INFO] [stderr]    Compiling is-terminal v0.4.17
[INFO] [stderr]    Compiling anes v0.1.6
[INFO] [stderr]    Compiling unarray v0.1.4
[INFO] [stderr]    Compiling oorandom v11.1.5
[INFO] [stderr]    Compiling shlex v1.3.0
[INFO] [stderr]    Compiling rustc-demangle v0.1.27
[INFO] [stderr]    Compiling half v2.7.1
[INFO] [stderr]    Compiling ppv-lite86 v0.2.21
[INFO] [stderr]    Compiling ciborium-ll v0.2.2
[INFO] [stderr]    Compiling inferno v0.12.6
[INFO] [stderr]    Compiling ciborium v0.2.2
[INFO] [stderr]    Compiling rand_chacha v0.9.0
[INFO] [stderr]    Compiling proptest v1.11.0
[INFO] [stderr]    Compiling criterion v0.5.1
[INFO] [stderr]    Compiling flamegraph v0.6.12
[INFO] [stderr]    Compiling rilua v0.1.27 (/opt/rustwide/workdir)
[INFO] [stderr]     Finished `release` profile [optimized] target(s) in 4m 57s
[INFO] running `Command { std: "docker" "inspect" "c103a5ec5259ddfe92cb00eca4785bcfcacbd58ea2258a4b14905f02897a9619", kill_on_drop: false }`
[INFO] running `Command { std: "docker" "exec" "-e" "SOURCE_DIR=/opt/rustwide/workdir" "-e" "CARGO_HOME=/opt/rustwide/cargo-home" "-e" "RUSTUP_HOME=/opt/rustwide/rustup-home" "-e" "CARGO_TARGET_DIR=/opt/rustwide/target" "-e" "CARGO_INCREMENTAL=0" "-e" "RUST_BACKTRACE=full" "-e" "RUSTFLAGS=--cap-lints=warn" "-e" "RUSTDOCFLAGS=--cap-lints=warn" "-w" "/opt/rustwide/workdir" "--user" "0:0" "c103a5ec5259ddfe92cb00eca4785bcfcacbd58ea2258a4b14905f02897a9619" "/opt/rustwide/cargo-home/bin/cargo" "+1.100.0-beta.1" "test" "--frozen" "--release", kill_on_drop: false }`
[INFO] [stderr]     Finished `release` profile [optimized] target(s) in 0.30s
[INFO] [stderr]      Running unittests src/lib.rs (/opt/rustwide/target/release/build/rilua/46d0163fc8197865/out/rilua-46d0163fc8197865)
[INFO] [stdout] 
[INFO] [stdout] running 624 tests
[INFO] [stdout] test compiler::ast::tests::expr_nil_span ... ok
[INFO] [stdout] test compiler::ast::tests::expr_span ... ok
[INFO] [stdout] test compiler::ast::tests::func_body_construction ... ok
[INFO] [stdout] test compiler::ast::tests::func_name_dotted_with_method ... ok
[INFO] [stdout] test compiler::ast::tests::func_name_simple ... ok
[INFO] [stdout] test compiler::ast::tests::stat_span ... ok
[INFO] [stdout] test compiler::ast::tests::binop_expr_span ... ok
[INFO] [stdout] test compiler::ast::tests::call_expr ... ok
[INFO] [stdout] test compiler::codegen::tests::compile_and_short_circuit ... ok
[INFO] [stdout] test compiler::codegen::tests::compile_concat ... ok
[INFO] [stdout] test compiler::codegen::tests::compile_do_block ... ok
[INFO] [stdout] test compiler::codegen::tests::compile_empty_table ... ok
[INFO] [stdout] test compiler::codegen::tests::compile_expr_stat_call ... ok
[INFO] [stdout] test compiler::ast::tests::unop_expr_span ... ok
[INFO] [stdout] test compiler::codegen::tests::alloc_and_free_reg ... ok
[INFO] [stdout] test compiler::codegen::tests::compile_break ... ok
[INFO] [stdout] test compiler::codegen::tests::compile_array_table ... ok
[INFO] [stdout] test compiler::codegen::tests::compile_comparison ... ok
[INFO] [stdout] test compiler::ast::tests::table_field_variants ... ok
[INFO] [stdout] test compiler::codegen::tests::compile_arithmetic ... ok
[INFO] [stdout] test compiler::codegen::tests::compile_function_call ... ok
[INFO] [stdout] test compiler::codegen::tests::compile_function_def ... ok
[INFO] [stdout] test compiler::codegen::tests::compile_generic_for ... ok
[INFO] [stdout] test compiler::codegen::tests::compile_global_assign ... ok
[INFO] [stdout] test compiler::codegen::tests::compile_if_else ... ok
[INFO] [stdout] test compiler::codegen::tests::compile_hash_table ... ok
[INFO] [stdout] test compiler::codegen::tests::compile_if_then ... ok
[INFO] [stdout] test compiler::codegen::tests::compile_index_table ... ok
[INFO] [stdout] test compiler::codegen::tests::compile_line_info ... ok
[INFO] [stdout] test compiler::codegen::tests::compile_local_decl ... ok
[INFO] [stdout] test compiler::codegen::tests::compile_method_call ... ok
[INFO] [stdout] test compiler::codegen::tests::compile_numeric_for ... ok
[INFO] [stdout] test compiler::codegen::tests::compile_numeric_for_with_step ... ok
[INFO] [stdout] test compiler::codegen::tests::compile_or_short_circuit ... ok
[INFO] [stdout] test compiler::codegen::tests::compile_repeat_until ... ok
[INFO] [stdout] test compiler::codegen::tests::compile_return_bool ... ok
[INFO] [stdout] test compiler::codegen::tests::compile_return_multiple ... ok
[INFO] [stdout] test compiler::codegen::tests::compile_return_nil ... ok
[INFO] [stdout] test compiler::codegen::tests::compile_return_number ... ok
[INFO] [stdout] test compiler::codegen::tests::compile_return_string ... ok
[INFO] [stdout] test compiler::codegen::tests::compile_single_global_assign ... ok
[INFO] [stdout] test compiler::codegen::tests::compile_local_nil_init ... ok
[INFO] [stdout] test compiler::codegen::tests::compile_string_constant ... ok
[INFO] [stdout] test compiler::codegen::tests::compile_table_index_access ... ok
[INFO] [stdout] test compiler::codegen::tests::compile_tail_call ... ok
[INFO] [stdout] test compiler::codegen::tests::compile_unary_len ... ok
[INFO] [stdout] test compiler::codegen::tests::compile_unary_neg ... ok
[INFO] [stdout] test compiler::codegen::tests::compile_unary_not ... ok
[INFO] [stdout] test compiler::codegen::tests::compile_vararg_function ... ok
[INFO] [stdout] test compiler::codegen::tests::compile_while_loop ... ok
[INFO] [stdout] test compiler::codegen::tests::constant_bool_dedup ... ok
[INFO] [stdout] test compiler::codegen::tests::constant_nan_not_deduped ... ok
[INFO] [stdout] test compiler::codegen::tests::compile_named_function ... ok
[INFO] [stdout] test compiler::codegen::tests::compile_local_assign ... ok
[INFO] [stdout] test compiler::codegen::tests::compile_nested_function ... ok
[INFO] [stdout] test compiler::codegen::tests::compile_local_function ... ok
[INFO] [stdout] test compiler::codegen::tests::discharge_number ... ok
[INFO] [stdout] test compiler::codegen::tests::discharge_local_to_different_reg ... ok
[INFO] [stdout] test compiler::codegen::tests::discharge_nil ... ok
[INFO] [stdout] test compiler::codegen::tests::discharge_true ... ok
[INFO] [stdout] test compiler::codegen::tests::empty_program_compiles ... ok
[INFO] [stdout] test compiler::codegen::tests::enter_leave_block ... ok
[INFO] [stdout] test compiler::codegen::tests::locals_removed_on_block_exit ... ok
[INFO] [stdout] test compiler::codegen::tests::number_constant_dedup ... ok
[INFO] [stdout] test compiler::codegen::tests::reserve_regs ... ok
[INFO] [stdout] test compiler::codegen::tests::resolve_global ... ok
[INFO] [stdout] test compiler::codegen::tests::return_no_values ... ok
[INFO] [stdout] test compiler::codegen::tests::stack_overflow_error ... ok
[INFO] [stdout] test compiler::lexer::tests::all_keywords ... ok
[INFO] [stdout] test compiler::lexer::tests::bare_newline_in_string ... ok
[INFO] [stdout] test compiler::lexer::tests::dot_before_number ... ok
[INFO] [stdout] test compiler::lexer::tests::dot_disambiguation ... ok
[INFO] [stdout] test compiler::lexer::tests::empty_source ... ok
[INFO] [stdout] test compiler::lexer::tests::floats ... ok
[INFO] [stdout] test compiler::lexer::tests::function_call ... ok
[INFO] [stdout] test compiler::lexer::tests::hex_numbers ... ok
[INFO] [stdout] test compiler::codegen::tests::int2fb_exact_powers ... ok
[INFO] [stdout] test compiler::codegen::tests::compile_syntax_error ... ok
[INFO] [stdout] test compiler::lexer::tests::identifiers ... ok
[INFO] [stdout] test compiler::codegen::tests::compile_table_field_access ... ok
[INFO] [stdout] test compiler::lexer::tests::integers ... ok
[INFO] [stdout] test compiler::lexer::tests::line_tracking_cr ... ok
[INFO] [stdout] test compiler::lexer::tests::line_tracking_crlf ... ok
[INFO] [stdout] test compiler::lexer::tests::long_comment ... ok
[INFO] [stdout] test compiler::lexer::tests::long_comment_multiline ... ok
[INFO] [stdout] test compiler::lexer::tests::long_comment_with_level ... ok
[INFO] [stdout] test compiler::lexer::tests::long_string_level_0 ... ok
[INFO] [stdout] test compiler::lexer::tests::long_string_level_1 ... ok
[INFO] [stdout] test compiler::codegen::tests::emit_instruction ... ok
[INFO] [stdout] test compiler::lexer::tests::long_string_level_2 ... ok
[INFO] [stdout] test compiler::codegen::tests::emit_records_line_info ... ok
[INFO] [stdout] test compiler::codegen::tests::resolve_local ... ok
[INFO] [stdout] test compiler::lexer::tests::long_string_nested_brackets ... ok
[INFO] [stdout] test compiler::lexer::tests::long_string_no_escapes ... ok
[INFO] [stdout] test compiler::lexer::tests::long_string_normalizes_newlines ... ok
[INFO] [stdout] test compiler::lexer::tests::mixed_expression ... ok
[INFO] [stdout] test compiler::lexer::tests::multi_char_operators ... ok
[INFO] [stdout] test compiler::lexer::tests::nested_long_bracket_is_an_error ... ok
[INFO] [stdout] test compiler::lexer::tests::reader_empty_chunk_signals_eof ... ok
[INFO] [stdout] test compiler::lexer::tests::reader_error_propagates ... ok
[INFO] [stdout] test compiler::lexer::tests::reader_one_byte_at_a_time ... ok
[INFO] [stdout] test compiler::lexer::tests::scientific_notation ... ok
[INFO] [stdout] test compiler::lexer::tests::long_string_skips_first_newline ... ok
[INFO] [stdout] test compiler::lexer::tests::shebang_line ... ok
[INFO] [stdout] test compiler::lexer::tests::lookahead_does_not_consume ... ok
[INFO] [stdout] test compiler::lexer::tests::reader_basic ... ok
[INFO] [stdout] test compiler::lexer::tests::shebang_line_only ... ok
[INFO] [stdout] test compiler::lexer::tests::string_decimal_escape ... ok
[INFO] [stdout] test compiler::lexer::tests::string_decimal_escape_max ... ok
[INFO] [stdout] test compiler::lexer::tests::string_decimal_escape_too_large ... ok
[INFO] [stdout] test compiler::lexer::tests::string_escapes ... ok
[INFO] [stdout] test compiler::lexer::tests::string_newline_escape ... ok
[INFO] [stdout] test compiler::lexer::tests::tilde_alone_is_error ... ok
[INFO] [stdout] test compiler::lexer::tests::unfinished_long_string ... ok
[INFO] [stdout] test compiler::lexer::tests::invalid_long_string_delimiter ... ok
[INFO] [stdout] test compiler::lexer::tests::line_tracking ... ok
[INFO] [stdout] test compiler::lexer::tests::unfinished_string ... ok
[INFO] [stdout] test compiler::codegen::tests::int2fb_small_values ... ok
[INFO] [stdout] test compiler::lexer::tests::simple_strings ... ok
[INFO] [stdout] test compiler::lexer::tests::single_char_operators ... ok
[INFO] [stdout] test compiler::parser::tests::anonymous_func ... ok
[INFO] [stdout] test compiler::lexer::tests::short_comment ... ok
[INFO] [stdout] test compiler::lexer::tests::keywords_case_sensitive ... ok
[INFO] [stdout] test compiler::lexer::tests::unknown_escape_is_the_char_itself ... ok
[INFO] [stdout] test compiler::parser::tests::all_binary_ops ... ok
[INFO] [stdout] test compiler::parser::tests::binary_precedence ... ok
[INFO] [stdout] test compiler::parser::tests::call_with_table_arg ... ok
[INFO] [stdout] test compiler::lexer::tests::whitespace_only ... ok
[INFO] [stdout] test compiler::parser::tests::break_outside_loop ... ok
[INFO] [stdout] test compiler::parser::tests::break_statement ... ok
[INFO] [stdout] test compiler::parser::tests::empty_program ... ok
[INFO] [stdout] test compiler::parser::tests::do_end ... ok
[INFO] [stdout] test compiler::parser::tests::empty_table ... ok
[INFO] [stdout] test compiler::parser::tests::call_statement ... ok
[INFO] [stdout] test compiler::parser::tests::call_with_string_arg ... ok
[INFO] [stdout] test compiler::parser::tests::for_missing_in_or_eq ... ok
[INFO] [stdout] test compiler::parser::tests::func_decl_dotted ... ok
[INFO] [stdout] test compiler::parser::tests::func_decl_method ... ok
[INFO] [stdout] test compiler::parser::tests::func_with_params ... ok
[INFO] [stdout] test compiler::parser::tests::func_decl_simple ... ok
[INFO] [stdout] test compiler::parser::tests::field_access ... ok
[INFO] [stdout] test compiler::parser::tests::function_call_expr ... ok
[INFO] [stdout] test compiler::parser::tests::if_then_end ... ok
[INFO] [stdout] test compiler::parser::tests::func_with_varargs ... ok
[INFO] [stdout] test compiler::parser::tests::method_call_statement ... ok
[INFO] [stdout] test compiler::parser::tests::local_decl_with_init ... ok
[INFO] [stdout] test compiler::parser::tests::literal_exprs ... ok
[INFO] [stdout] test compiler::parser::tests::local_decl ... ok
[INFO] [stdout] test compiler::parser::tests::local_function ... ok
[INFO] [stdout] test compiler::parser::tests::generic_for ... ok
[INFO] [stdout] test compiler::parser::tests::if_elseif_else ... ok
[INFO] [stdout] test compiler::parser::tests::index_access ... ok
[INFO] [stdout] test compiler::parser::tests::missing_closing_paren ... ok
[INFO] [stdout] test compiler::parser::tests::missing_end_multiline ... ok
[INFO] [stdout] test compiler::parser::tests::multi_assignment ... ok
[INFO] [stdout] test compiler::parser::tests::missing_end ... ok
[INFO] [stdout] test compiler::parser::tests::missing_then ... ok
[INFO] [stdout] test compiler::parser::tests::return_values ... ok
[INFO] [stdout] test compiler::parser::tests::right_associative_concat ... ok
[INFO] [stdout] test compiler::parser::tests::right_associative_pow ... ok
[INFO] [stdout] test compiler::parser::tests::repeat_until ... ok
[INFO] [stdout] test compiler::parser::tests::numeric_for_with_step ... ok
[INFO] [stdout] test compiler::parser::tests::return_must_be_last ... ok
[INFO] [stdout] test compiler::parser::tests::paren_expr ... ok
[INFO] [stdout] test compiler::parser::tests::return_no_values ... ok
[INFO] [stdout] test compiler::parser::tests::nested_do ... ok
[INFO] [stdout] test compiler::parser::tests::semicolons_only_is_error ... ok
[INFO] [stdout] test compiler::parser::tests::numeric_for ... ok
[INFO] [stdout] test compiler::parser::tests::table_with_fields ... ok
[INFO] [stdout] test compiler::parser::tests::vararg_expr ... ok
[INFO] [stdout] test compiler::parser::tests::while_loop ... ok
[INFO] [stdout] test compiler::token::tests::eos_display_name ... ok
[INFO] [stdout] test compiler::token::tests::literal_display_names ... ok
[INFO] [stdout] test compiler::parser::tests::simple_assignment ... ok
[INFO] [stdout] test compiler::parser::tests::unary_operators ... ok
[INFO] [stdout] test compiler::parser::tests::unexpected_symbol ... ok
[INFO] [stdout] test compiler::parser::tests::vararg_outside_vararg_function ... ok
[INFO] [stdout] test compiler::token::tests::lookup_keyword_matches_reserved_words ... ok
[INFO] [stdout] test compiler::token::tests::reserved_word_display_names ... ok
[INFO] [stdout] test compiler::token::tests::token2str_unquoted ... ok
[INFO] [stdout] test compiler::token::tests::token_display ... ok
[INFO] [stdout] test compiler::token::tests::token_equality ... ok
[INFO] [stdout] test conversion::tests::anyuserdata_from_wrong_type ... ok
[INFO] [stdout] test conversion::tests::anyuserdata_into_from_lua ... ok
[INFO] [stdout] test conversion::tests::bool_from_nil_is_false ... ok
[INFO] [stdout] test conversion::tests::bool_from_number_is_true ... ok
[INFO] [stdout] test conversion::tests::bytes_round_trip ... ok
[INFO] [stdout] test conversion::tests::f64_from_string_fails ... ok
[INFO] [stdout] test conversion::tests::f64_round_trip ... ok
[INFO] [stdout] test conversion::tests::i32_from_float_fails ... ok
[INFO] [stdout] test conversion::tests::i32_round_trip ... ok
[INFO] [stdout] test conversion::tests::option_none ... ok
[INFO] [stdout] test conversion::tests::option_some ... ok
[INFO] [stdout] test conversion::tests::string_owned_round_trip ... ok
[INFO] [stdout] test conversion::tests::string_round_trip ... ok
[INFO] [stdout] test conversion::tests::table_handle_conversion ... ok
[INFO] [stdout] test conversion::tests::tuple_from_multi ... ok
[INFO] [stdout] test conversion::tests::tuple_from_multi_missing_values ... ok
[INFO] [stdout] test conversion::tests::u8_negative_fails ... ok
[INFO] [stdout] test conversion::tests::u8_overflow_fails ... ok
[INFO] [stdout] test conversion::tests::unit_from_anything ... ok
[INFO] [stdout] test conversion::tests::unit_multi ... ok
[INFO] [stdout] test conversion::tests::unit_to_nil ... ok
[INFO] [stdout] test compiler::token::tests::block_follow_tokens ... ok
[INFO] [stdout] test compiler::token::tests::char_display_names ... ok
[INFO] [stdout] test compiler::token::tests::reserved_words_count ... ok
[INFO] [stdout] test conversion::tests::val_round_trip ... ok
[INFO] [stdout] test compiler::token::tests::reserved_words_sorted ... ok
[INFO] [stdout] test compiler::token::tests::span_construction ... ok
[INFO] [stdout] test conversion::tests::bool_round_trip ... ok
[INFO] [stdout] test error::tests::error_handler_display ... ok
[INFO] [stdout] test error::tests::error_is_std_error ... ok
[INFO] [stdout] test error::tests::io_error_conversion ... ok
[INFO] [stdout] test compiler::token::tests::operator_display_names ... ok
[INFO] [stdout] test error::tests::runtime_error_conversion ... ok
[INFO] [stdout] test conversion::tests::vec_val_multi_round_trip ... ok
[INFO] [stdout] test error::tests::chunkid_file_truncation ... ok
[INFO] [stdout] test error::tests::memory_error_display ... ok
[INFO] [stdout] test error::tests::chunkid_literal ... ok
[INFO] [stdout] test error::tests::chunkid_string_source ... ok
[INFO] [stdout] test handles::tests::create_userdata_and_borrow ... ok
[INFO] [stdout] test error::tests::runtime_error_display ... ok
[INFO] [stdout] test error::tests::runtime_error_with_location ... ok
[INFO] [stdout] test error::tests::syntax_error_display ... ok
[INFO] [stdout] test error::tests::chunkid_multiline_string ... ok
[INFO] [stdout] test handles::tests::table_raw_get_set ... ok
[INFO] [stdout] test error::tests::syntax_error_conversion ... ok
[INFO] [stdout] test error::tests::trace_entry_without_name ... ok
[INFO] [stdout] test handles::tests::create_userdata_type_mismatch ... ok
[INFO] [stdout] test error::tests::syntax_error_display_string_source ... ok
[INFO] [stdout] test handles::tests::function_gc_ref_round_trip ... ok
[INFO] [stdout] test handles::tests::table_raw_len_empty ... ok
[INFO] [stdout] test handles::tests::table_set_metatable ... ok
[INFO] [stdout] test handles::tests::userdata_borrow_mut ... ok
[INFO] [stdout] test handles::tests::userdata_gc_ref_round_trip ... ok
[INFO] [stdout] test handles::tests::userdata_set_metatable ... ok
[INFO] [stdout] test platform::tests::bufmode_constants_distinct ... ok
[INFO] [stdout] test platform::tests::c_localtime_roundtrip ... ok
[INFO] [stdout] test platform::tests::current_time_reasonable ... ok
[INFO] [stdout] test platform::tests::c_gmtime_epoch ... ok
[INFO] [stdout] test platform::tests::locale_constants_valid ... ok
[INFO] [stdout] test stdlib::io::tests::iofile_null_on_creation ... ok
[INFO] [stdout] test stdlib::io::tests::iofile_is_any ... ok
[INFO] [stdout] test stdlib::io::tests::libc_stderr_not_null ... ok
[INFO] [stdout] test stdlib::io::tests::libc_stdin_not_null ... ok
[INFO] [stdout] test platform::tests::std_streams_not_null ... ok
[INFO] [stdout] test stdlib::io::tests::libc_fopen_nonexistent ... ok
[INFO] [stdout] test platform::tests::tmpname_succeeds ... ok
[INFO] [stdout] test stdlib::io::tests::libc_stdout_not_null ... ok
[INFO] [stdout] test platform::tests::tm_default_zeroed ... ok
[INFO] [stdout] test stdlib::io::tests::seek_constants ... ok
[INFO] [stdout] test stdlib::io::tests::setvbuf_constants_distinct ... ok
[INFO] [stdout] test stdlib::math::tests::frexp_infinity ... ok
[INFO] [stdout] test stdlib::io::tests::libc_tmpfile_open_close ... ok
[INFO] [stdout] test stdlib::math::tests::frexp_nan ... ok
[INFO] [stdout] test stdlib::math::tests::frexp_pi ... ok
[INFO] [stdout] test stdlib::math::tests::frexp_subnormal ... ok
[INFO] [stdout] test stdlib::math::tests::frexp_ldexp_roundtrip ... ok
[INFO] [stdout] test stdlib::math::tests::frexp_negative ... ok
[INFO] [stdout] test stdlib::io::tests::libc_fopen_fwrite_fread_fclose ... ok
[INFO] [stdout] test stdlib::math::tests::frexp_one ... ok
[INFO] [stdout] test stdlib::math::tests::frexp_normal ... ok
[INFO] [stdout] test platform::tests::popen_echo ... ok
[INFO] [stdout] test stdlib::math::tests::ldexp_large_exp ... ok
[INFO] [stdout] test stdlib::os::tests::c_localtime_roundtrip ... ok
[INFO] [stdout] test stdlib::os::tests::c_tmpname_creates_file ... ok
[INFO] [stdout] test stdlib::os::tests::current_time_returns_reasonable_value ... ok
[INFO] [stdout] test stdlib::math::tests::ldexp_zero ... ok
[INFO] [stdout] test stdlib::math::tests::ldexp_negative_exp ... ok
[INFO] [stdout] test stdlib::os::tests::libc_clock_returns_nonnegative ... ok
[INFO] [stdout] test stdlib::os::tests::libc_strftime_basic ... ok
[INFO] [stdout] test stdlib::math::tests::frexp_zero ... ok
[INFO] [stdout] test stdlib::math::tests::ldexp_basic ... ok
[INFO] [stdout] test stdlib::os::tests::c_gmtime_epoch ... ok
[INFO] [stdout] test stdlib::testlib::tests::buildop_iabx ... ok
[INFO] [stdout] test stdlib::testlib::tests::buildop_iasbx ... ok
[INFO] [stdout] test stdlib::testlib::tests::log2_values ... ok
[INFO] [stdout] test stdlib::os::tests::tm_default_zeroed ... ok
[INFO] [stdout] test tests::interrupt_flag_set_and_check ... ok
[INFO] [stdout] test tests::backward_compat_exec ... ok
[INFO] [stdout] test tests::lua_call_function_no_results ... ok
[INFO] [stdout] test tests::backward_compat_exec_with_name ... ok
[INFO] [stdout] test tests::interrupt_flag_clear ... ok
[INFO] [stdout] test tests::lua_call_function_returns_results ... ok
[INFO] [stdout] test tests::lua_call_function_with_args ... ok
[INFO] [stdout] test tests::lua_create_string ... ok
[INFO] [stdout] test tests::lua_create_userdata_set_global ... ok
[INFO] [stdout] test stdlib::testlib::tests::buildop_iabc ... ok
[INFO] [stdout] test stdlib::io::tests::libc_popen_echo ... ok
[INFO] [stdout] test tests::lua_create_userdata_type_mismatch ... ok
[INFO] [stdout] test tests::lua_exec_string ... ok
[INFO] [stdout] test tests::lua_gc_methods ... ok
[INFO] [stdout] test tests::lua_load_and_check ... ok
[INFO] [stdout] test tests::lua_load_file_nonexistent ... ok
[INFO] [stdout] test tests::lua_new_with_selective ... ok
[INFO] [stdout] test tests::lua_create_table ... ok
[INFO] [stdout] test tests::lua_create_typed_userdata_with_metatable ... ok
[INFO] [stdout] test tests::lua_register_function ... ok
[INFO] [stdout] test tests::lua_set_and_get_global_nil ... ok
[INFO] [stdout] test tests::lua_set_and_get_global_bool ... ok
[INFO] [stdout] test tests::lua_create_userdata ... ok
[INFO] [stdout] test tests::lua_new_empty_has_no_libs ... ok
[INFO] [stdout] test tests::lua_new_creates_working_state ... ok
[INFO] [stdout] test tests::lua_exec_syntax_error ... ok
[INFO] [stdout] test tests::lua_gc_collect ... ok
[INFO] [stdout] test tests::lua_table_raw_set_via_api ... ok
[INFO] [stdout] test tests::lua_userdata_metatable_caching ... ok
[INFO] [stdout] test vm::callinfo::tests::callinfo_tail_calls_mutation ... ok
[INFO] [stdout] test vm::callinfo::tests::callinfo_with_fixed_results ... ok
[INFO] [stdout] test vm::callinfo::tests::lua_multret_value ... ok
[INFO] [stdout] test tests::lua_set_and_get_global_string ... ok
[INFO] [stdout] test tests::lua_set_and_get_global_f64 ... ok
[INFO] [stdout] test vm::callinfo::tests::callinfo_clone ... ok
[INFO] [stdout] test vm::closure::tests::closure_is_rust ... ok
[INFO] [stdout] test vm::closure::tests::closure_trace_is_stub ... ok
[INFO] [stdout] test vm::closure::tests::lua_closure_new ... ok
[INFO] [stdout] test vm::closure::tests::closure_debug_format ... ok
[INFO] [stdout] test vm::callinfo::tests::callinfo_debug_format ... ok
[INFO] [stdout] test vm::callinfo::tests::callinfo_new ... ok
[INFO] [stdout] test vm::closure::tests::closure_is_lua ... ok
[INFO] [stdout] test vm::closure::tests::rust_closure_new ... ok
[INFO] [stdout] test vm::callinfo::tests::callinfo_saved_pc_mutation ... ok
[INFO] [stdout] test vm::closure::tests::upvalue_close ... ok
[INFO] [stdout] test vm::closure::tests::rust_closure_with_upvalues ... ok
[INFO] [stdout] test vm::closure::tests::upvalue_set_closed ... ok
[INFO] [stdout] test vm::closure::tests::upvalue_close_already_closed ... ok
[INFO] [stdout] test vm::closure::tests::upvalue_get_closed ... ok
[INFO] [stdout] test vm::closure::tests::upvalue_new_closed ... ok
[INFO] [stdout] test vm::closure::tests::upvalue_new_open ... ok
[INFO] [stdout] test vm::closure::tests::upvalue_set_open ... ok
[INFO] [stdout] test vm::closure::tests::upvalue_shared_mutation ... ok
[INFO] [stdout] test vm::debug_info::tests::get_local_name_not_found ... ok
[INFO] [stdout] test vm::debug_info::tests::kname_with_constant ... ok
[INFO] [stdout] test vm::closure::tests::upvalue_get_open ... ok
[INFO] [stdout] test vm::debug_info::tests::symbexec_getglobal ... ok
[INFO] [stdout] test vm::debug_info::tests::kname_with_register ... ok
[INFO] [stdout] test vm::closure::tests::upvalue_get_open_out_of_bounds ... ok
[INFO] [stdout] test vm::dump::tests::dump_header_format ... ok
[INFO] [stdout] test vm::dump::tests::dump_source_elision ... ok
[INFO] [stdout] test vm::dump::tests::dump_empty_function ... ok
[INFO] [stdout] test vm::debug_info::tests::symbexec_loadnil ... ok
[INFO] [stdout] test vm::debug_info::tests::symbexec_move ... ok
[INFO] [stdout] test vm::dump::tests::dump_stripped_no_debug ... ok
[INFO] [stdout] test vm::closure::tests::upvalue_trace_is_stub ... ok
[INFO] [stdout] test vm::debug_info::tests::get_local_name_basic ... ok
[INFO] [stdout] test vm::dump::tests::make_header_matches_dump ... ok
[INFO] [stdout] test vm::execute::tests::op_div ... ok
[INFO] [stdout] test vm::execute::tests::op_forloop ... ok
[INFO] [stdout] test vm::execute::tests::op_add ... ok
[INFO] [stdout] test vm::execute::tests::op_eq_numbers_equal ... ok
[INFO] [stdout] test vm::execute::tests::fb2int_values ... ok
[INFO] [stdout] test vm::execute::tests::op_len_string ... ok
[INFO] [stdout] test vm::dump::tests::dump_with_constants ... ok
[INFO] [stdout] test vm::execute::tests::op_move ... ok
[INFO] [stdout] test vm::dump::tests::dump_with_nested_protos ... ok
[INFO] [stdout] test vm::execute::tests::op_jmp ... ok
[INFO] [stdout] test vm::execute::tests::op_not ... ok
[INFO] [stdout] test vm::execute::tests::op_pow ... ok
[INFO] [stdout] test vm::execute::tests::op_setglobal_getglobal ... ok
[INFO] [stdout] test vm::execute::tests::op_newtable_and_settable_gettable ... ok
[INFO] [stdout] test vm::execute::tests::op_loadbool ... ok
[INFO] [stdout] test vm::execute::tests::op_unm ... ok
[INFO] [stdout] test vm::execute::tests::op_sub ... ok
[INFO] [stdout] test vm::execute::tests::str_to_number_basic ... ok
[INFO] [stdout] test vm::execute::tests::str_to_number_hex ... ok
[INFO] [stdout] test vm::execute::tests::val_equal_basics ... ok
[INFO] [stdout] test vm::gc::arena::tests::alloc_and_get_mut ... ok
[INFO] [stdout] test vm::gc::arena::tests::color_get_and_set ... ok
[INFO] [stdout] test vm::execute::tests::op_mod ... ok
[INFO] [stdout] test vm::execute::tests::op_loadbool_skip ... ok
[INFO] [stdout] test vm::gc::arena::tests::color_stale_ref ... ok
[INFO] [stdout] test vm::gc::arena::tests::default_creates_empty ... ok
[INFO] [stdout] test vm::gc::arena::tests::alloc_and_get ... ok
[INFO] [stdout] test vm::gc::arena::tests::double_free_returns_none ... ok
[INFO] [stdout] test vm::gc::arena::tests::empty_arena ... ok
[INFO] [stdout] test vm::gc::arena::tests::free_returns_value ... ok
[INFO] [stdout] test vm::gc::arena::tests::free_list_reuse ... ok
[INFO] [stdout] test vm::gc::arena::tests::gcref_debug_format ... ok
[INFO] [stdout] test vm::gc::arena::tests::generation_wrapping ... ok
[INFO] [stdout] test vm::gc::arena::tests::iter_yields_occupied_only ... ok
[INFO] [stdout] test vm::gc::arena::tests::multiple_alloc_free_cycles ... ok
[INFO] [stdout] test vm::gc::arena::tests::reset_colors ... ok
[INFO] [stdout] test vm::gc::arena::tests::stale_ref_after_free ... ok
[INFO] [stdout] test vm::gc::collector::tests::full_gc_collects_unreachable_table ... ok
[INFO] [stdout] test vm::gc::collector::tests::full_gc_does_not_crash ... ok
[INFO] [stdout] test vm::execute::tests::op_loadk ... ok
[INFO] [stdout] test vm::gc::collector::tests::full_gc_preserves_reachable_table ... ok
[INFO] [stdout] test vm::execute::tests::op_loadnil ... ok
[INFO] [stdout] test vm::gc::collector::tests::full_gc_preserves_stack_values ... ok
[INFO] [stdout] test vm::gc::collector::tests::gc_collects_unreachable_closure ... ok
[INFO] [stdout] test vm::gc::collector::tests::gc_collects_unreachable_string ... ok
[INFO] [stdout] test vm::gc::collector::tests::gc_preserves_closure_on_stack ... ok
[INFO] [stdout] test vm::gc::arena::tests::gcref_equality_and_hash ... ok
[INFO] [stdout] test vm::execute::tests::op_mul ... ok
[INFO] [stdout] test vm::gc::arena::tests::generation_prevents_aba ... ok
[INFO] [stdout] test vm::gc::tests::other_white_flips ... ok
[INFO] [stdout] test vm::gc::tests::white_detection ... ok
[INFO] [stdout] test vm::gc::collector::tests::gc_threshold_updates_after_collection ... ok
[INFO] [stdout] test vm::instructions::tests::a_bx_max_value ... ok
[INFO] [stdout] test vm::gc::tests::black_detection ... ok
[INFO] [stdout] test vm::gc::tests::gray_detection ... ok
[INFO] [stdout] test vm::gc::tests::other_white_non_white_unchanged ... ok
[INFO] [stdout] test vm::instructions::tests::a_sbx_max_positive ... ok
[INFO] [stdout] test vm::instructions::tests::abc_max_values ... ok
[INFO] [stdout] test vm::instructions::tests::constants_match_puc_rio ... ok
[INFO] [stdout] test vm::instructions::tests::from_raw_round_trip ... ok
[INFO] [stdout] test vm::instructions::tests::instruction_debug ... ok
[INFO] [stdout] test vm::instructions::tests::instruction_display ... ok
[INFO] [stdout] test vm::instructions::tests::opcode_b_mode_match_puc_rio ... ok
[INFO] [stdout] test vm::instructions::tests::opcode_c_mode_match_puc_rio ... ok
[INFO] [stdout] test vm::instructions::tests::a_sbx_positive ... ok
[INFO] [stdout] test vm::instructions::tests::opcode_display ... ok
[INFO] [stdout] test vm::instructions::tests::abc_round_trip ... ok
[INFO] [stdout] test vm::instructions::tests::a_sbx_zero ... ok
[INFO] [stdout] test vm::instructions::tests::all_opcodes_round_trip ... ok
[INFO] [stdout] test vm::instructions::tests::opcode_from_u8_valid ... ok
[INFO] [stdout] test vm::instructions::tests::opcode_from_u8_invalid ... ok
[INFO] [stdout] test vm::instructions::tests::opcode_sets_register_a ... ok
[INFO] [stdout] test vm::instructions::tests::opcode_values_match_puc_rio ... ok
[INFO] [stdout] test vm::instructions::tests::rk_encoding ... ok
[INFO] [stdout] test vm::instructions::tests::set_a ... ok
[INFO] [stdout] test vm::instructions::tests::set_b ... ok
[INFO] [stdout] test vm::instructions::tests::set_c ... ok
[INFO] [stdout] test vm::instructions::tests::set_sbx ... ok
[INFO] [stdout] test vm::listing::tests::print_code_simple ... ok
[INFO] [stdout] test vm::listing::tests::print_full_listing ... ok
[INFO] [stdout] test vm::instructions::tests::opcode_modes_match_puc_rio ... ok
[INFO] [stdout] test vm::instructions::tests::opcode_names ... ok
[INFO] [stdout] test vm::listing::tests::print_global_access ... ok
[INFO] [stdout] test vm::instructions::tests::a_bx_round_trip ... ok
[INFO] [stdout] test vm::instructions::tests::a_sbx_max_negative ... ok
[INFO] [stdout] test vm::instructions::tests::a_sbx_negative ... ok
[INFO] [stdout] test vm::instructions::tests::rk_max_index ... ok
[INFO] [stdout] test vm::instructions::tests::rk_round_trip ... ok
[INFO] [stdout] test vm::metatable::tests::invalidate_clears_flags ... ok
[INFO] [stdout] test vm::metatable::tests::tms_values_match_puc_rio ... ok
[INFO] [stdout] test vm::metatable::tests::type_tag_values ... ok
[INFO] [stdout] test vm::metatable::tests::val_raw_equal_basics ... ok
[INFO] [stdout] test vm::proto::tests::local_var_construction ... ok
[INFO] [stdout] test vm::proto::tests::proto_nested ... ok
[INFO] [stdout] test vm::listing::tests::print_header_main ... ok
[INFO] [stdout] test vm::metatable::tests::tm_n_count ... ok
[INFO] [stdout] test vm::listing::tests::print_header_nested ... ok
[INFO] [stdout] test vm::listing::tests::print_jump_target ... ok
[INFO] [stdout] test vm::proto::tests::proto_ref_sharing ... ok
[INFO] [stdout] test vm::proto::tests::proto_with_code ... ok
[INFO] [stdout] test vm::metatable::tests::fast_tm_absent_cached ... ok
[INFO] [stdout] test vm::metatable::tests::fast_tm_absent_uncacheable ... ok
[INFO] [stdout] test vm::proto::tests::proto_with_constants ... ok
[INFO] [stdout] test vm::proto::tests::proto_new_defaults ... ok
[INFO] [stdout] test vm::state::tests::ci_mut_allows_modification ... ok
[INFO] [stdout] test vm::proto::tests::vararg_flags ... ok
[INFO] [stdout] test vm::state::tests::ci_returns_current_frame ... ok
[INFO] [stdout] test vm::state::tests::ensure_stack_grows ... ok
[INFO] [stdout] test vm::state::tests::gc_alloc_table ... ok
[INFO] [stdout] test vm::metatable::tests::tm_names_correct ... ok
[INFO] [stdout] test vm::state::tests::gc_intern_string ... ok
[INFO] [stdout] test vm::state::tests::get_nargs_no_args ... ok
[INFO] [stdout] test vm::state::tests::get_nargs_top_before_func ... ok
[INFO] [stdout] test vm::state::tests::gc_intern_string_dedup ... ok
[INFO] [stdout] test vm::state::tests::lua_api_read_with_ref_state ... ok
[INFO] [stdout] test vm::state::tests::get_nargs_with_args ... ok
[INFO] [stdout] test vm::state::tests::hook_mask_values ... ok
[INFO] [stdout] test vm::state::tests::lua_api_with_mut_state_create_table ... ok
[INFO] [stdout] test vm::state::tests::lua_api_with_mut_state_gc_operations ... ok
[INFO] [stdout] test vm::state::tests::lua_api_with_mut_state_global ... ok
[INFO] [stdout] test vm::state::tests::lua_api_with_mut_state_load_and_compile ... ok
[INFO] [stdout] test vm::state::tests::lua_api_with_mut_state_register_function ... ok
[INFO] [stdout] test vm::state::tests::nested_ci_push_pop ... ok
[INFO] [stdout] test vm::state::tests::constants_match_puc_rio ... ok
[INFO] [stdout] test vm::state::tests::new_state_gc_initialized ... ok
[INFO] [stdout] test vm::state::tests::lua_api_with_mut_state_create_string ... ok
[INFO] [stdout] test vm::state::tests::default_creates_new_state ... ok
[INFO] [stdout] test vm::state::tests::lua_api_generic_mutable ... ok
[INFO] [stdout] test vm::state::tests::lua_api_with_mut_state_create_userdata ... ok
[INFO] [stdout] test vm::state::tests::new_state_has_initial_ci ... ok
[INFO] [stdout] test vm::state::tests::ensure_stack_no_growth_needed ... ok
[INFO] [stdout] test vm::state::tests::new_state_has_global_table ... ok
[INFO] [stdout] test vm::state::tests::new_state_has_registry ... ok
[INFO] [stdout] test vm::state::tests::new_state_has_stack ... ok
[INFO] [stdout] test vm::state::tests::new_state_no_hooks ... ok
[INFO] [stdout] test vm::state::tests::new_state_no_ccalls ... ok
[INFO] [stdout] test vm::state::tests::new_state_no_open_upvalues ... ok
[INFO] [stdout] test vm::state::tests::pop_ci_does_not_underflow ... ok
[INFO] [stdout] test vm::state::tests::push_and_pop_ci ... ok
[INFO] [stdout] test vm::state::tests::push_grows_stack_if_needed ... ok
[INFO] [stdout] test vm::state::tests::stack_set_grows_stack ... ok
[INFO] [stdout] test vm::state::tests::stack_set_within_bounds ... ok
[INFO] [stdout] test vm::string::tests::hash_deterministic ... ok
[INFO] [stdout] test vm::state::tests::pop_empty_returns_nil ... ok
[INFO] [stdout] test vm::string::tests::hash_different_strings_differ ... ok
[INFO] [stdout] test vm::string::tests::hash_short_strings_sample_all ... ok
[INFO] [stdout] test vm::string::tests::hash_single_char ... ok
[INFO] [stdout] test vm::string::tests::intern_creates_string ... ok
[INFO] [stdout] test vm::string::tests::intern_deduplicates ... ok
[INFO] [stdout] test vm::string::tests::intern_different_strings ... ok
[INFO] [stdout] test vm::string::tests::intern_empty_string ... ok
[INFO] [stdout] test vm::string::tests::intern_triggers_resize ... ok
[INFO] [stdout] test vm::string::tests::intern_with_embedded_null ... ok
[INFO] [stdout] test vm::string::tests::interning_preserves_identity_across_types ... ok
[INFO] [stdout] test vm::string::tests::lua_string_accessors ... ok
[INFO] [stdout] test vm::string::tests::lua_string_debug ... ok
[INFO] [stdout] test vm::string::tests::lua_string_display ... ok
[INFO] [stdout] test vm::string::tests::lua_string_empty ... ok
[INFO] [stdout] test vm::string::tests::lua_string_equality ... ok
[INFO] [stdout] test vm::string::tests::lua_string_non_utf8 ... ok
[INFO] [stdout] test vm::string::tests::lua_string_trace_is_noop ... ok
[INFO] [stdout] test vm::string::tests::hash_empty_string ... ok
[INFO] [stdout] test vm::string::tests::hash_long_string_samples ... ok
[INFO] [stdout] test vm::state::tests::push_and_pop ... ok
[INFO] [stdout] test vm::string::tests::maybe_shrink_below_threshold ... ok
[INFO] [stdout] test vm::string::tests::no_shrink_below_minimum ... ok
[INFO] [stdout] test vm::string::tests::remove_decrements_count ... ok
[INFO] [stdout] test vm::string::tests::stress_many_strings ... ok
[INFO] [stdout] test vm::table::tests::compute_sizes_fifty_percent_threshold ... ok
[INFO] [stdout] test vm::string::tests::string_table_default ... ok
[INFO] [stdout] test vm::state::tests::stack_get_out_of_bounds ... ok
[INFO] [stdout] test vm::table::tests::empty_table ... ok
[INFO] [stdout] test vm::state::tests::stack_get_valid_index ... ok
[INFO] [stdout] test vm::table::tests::ceil_log2_values ... ok
[INFO] [stdout] test vm::table::tests::get_nonexistent_key_returns_nil ... ok
[INFO] [stdout] test vm::table::tests::get_set_array_integers ... ok
[INFO] [stdout] test vm::string::tests::hash_embedded_null ... ok
[INFO] [stdout] test vm::table::tests::float_key_not_integer_in_hash ... ok
[INFO] [stdout] test vm::table::tests::get_set_boolean_keys ... ok
[INFO] [stdout] test vm::table::tests::get_set_string_keys ... ok
[INFO] [stdout] test vm::table::tests::hash_collision_resolved ... ok
[INFO] [stdout] test vm::table::tests::hash_number_negative_zero_equals_positive_zero ... ok
[INFO] [stdout] test vm::table::tests::get_from_empty_table ... ok
[INFO] [stdout] test vm::table::tests::fill_hash_part_completely ... ok
[INFO] [stdout] test vm::table::tests::integer_float_equivalence ... ok
[INFO] [stdout] test vm::table::tests::len_empty_table ... ok
[INFO] [stdout] test vm::table::tests::integer_out_of_array_goes_to_hash ... ok
[INFO] [stdout] test vm::table::tests::len_only_hash_keys ... ok
[INFO] [stdout] test vm::table::tests::len_single_element ... ok
[INFO] [stdout] test vm::table::tests::many_inserts_grow_correctly ... ok
[INFO] [stdout] test vm::table::tests::len_contiguous_array ... ok
[INFO] [stdout] test vm::table::tests::len_array_with_nil_at_end ... ok
[INFO] [stdout] test vm::table::tests::len_pre_allocated_array ... ok
[INFO] [stdout] test vm::table::tests::metatable_get_set ... ok
[INFO] [stdout] test vm::table::tests::nan_key_is_error ... ok
[INFO] [stdout] test vm::table::tests::negative_key_goes_to_hash ... ok
[INFO] [stdout] test vm::table::tests::negative_zero_and_positive_zero_same_key ... ok
[INFO] [stdout] test vm::table::tests::new_key_reuses_dead_occupant_slot ... ok
[INFO] [stdout] test vm::table::tests::next_array_traversal ... ok
[INFO] [stdout] test vm::table::tests::next_collects_all_entries ... ok
[INFO] [stdout] test vm::table::tests::mixed_array_and_hash ... ok
[INFO] [stdout] test vm::table::tests::multiple_keys_in_hash ... ok
[INFO] [stdout] test vm::table::tests::next_invalid_key_errors ... ok
[INFO] [stdout] test vm::table::tests::number_to_int_key_non_integers ... ok
[INFO] [stdout] test vm::table::tests::overwrite_array_value ... ok
[INFO] [stdout] test vm::table::tests::rehash_empty_table_grows ... ok
[INFO] [stdout] test vm::table::tests::rehash_mixed_keys_splits_correctly ... ok
[INFO] [stdout] test vm::table::tests::rehash_moves_integers_to_array ... ok
[INFO] [stdout] test vm::table::tests::next_empty_table ... ok
[INFO] [stdout] test vm::table::tests::nil_get_returns_nil ... ok
[INFO] [stdout] test vm::table::tests::number_to_int_key_integers ... ok
[INFO] [stdout] test vm::table::tests::nil_key_is_error ... ok
[INFO] [stdout] test vm::table::tests::number_to_int_key_negative_zero ... ok
[INFO] [stdout] test vm::table::tests::overflow_triggers_rehash ... ok
[INFO] [stdout] test vm::table::tests::table_hash_rounds_up_to_power_of_2 ... ok
[INFO] [stdout] test vm::table::tests::table_trace_is_stub ... ok
[INFO] [stdout] test vm::table::tests::table_with_sizes ... ok
[INFO] [stdout] test vm::table::tests::zero_key_goes_to_hash ... ok
[INFO] [stdout] test vm::table::tests::rehash_sparse_keys_stay_in_hash ... ok
[INFO] [stdout] test vm::undump::tests::round_trip_debug_info ... ok
[INFO] [stdout] test vm::table::tests::set_nil_removes_array_value ... ok
[INFO] [stdout] test vm::table::tests::set_on_empty_hash_triggers_rehash ... ok
[INFO] [stdout] test vm::undump::tests::round_trip_with_nested ... ok
[INFO] [stdout] test vm::undump::tests::round_trip_with_strings ... ok
[INFO] [stdout] test vm::table::tests::rehash_preserves_live_entries_after_nil_clearing ... ok
[INFO] [stdout] test vm::table::tests::rehash_preserves_string_keys ... ok
[INFO] [stdout] test vm::table::tests::set_nil_to_nonexistent_is_noop ... ok
[INFO] [stdout] test vm::table::tests::table_default ... ok
[INFO] [stdout] test vm::undump::tests::round_trip_simple ... ok
[INFO] [stdout] test vm::undump::tests::undump_bad_signature ... ok
[INFO] [stdout] test vm::undump::tests::round_trip_stripped ... ok
[INFO] [stdout] test vm::undump::tests::undump_truncated ... ok
[INFO] [stdout] test vm::undump::tests::undump_bad_version ... ok
[INFO] [stdout] test vm::value::tests::as_bool ... ok
[INFO] [stdout] test vm::value::tests::different_types_not_equal ... ok
[INFO] [stdout] test vm::value::tests::as_number ... ok
[INFO] [stdout] test vm::value::tests::display_bool ... ok
[INFO] [stdout] test vm::value::tests::display_fractions ... ok
[INFO] [stdout] test vm::value::tests::display_nan ... ok
[INFO] [stdout] test vm::value::tests::display_infinity ... ok
[INFO] [stdout] test vm::value::tests::display_integers ... ok
[INFO] [stdout] test vm::value::tests::display_nil ... ok
[INFO] [stdout] test vm::value::tests::display_pi ... ok
[INFO] [stdout] test vm::value::tests::display_one_third ... ok
[INFO] [stdout] test vm::value::tests::display_small_number_scientific ... ok
[INFO] [stdout] test vm::value::tests::equal_values_have_equal_hashes ... ok
[INFO] [stdout] test vm::value::tests::display_small_number_fixed ... ok
[INFO] [stdout] test vm::value::tests::false_is_falsy ... ok
[INFO] [stdout] test vm::value::tests::is_nil ... ok
[INFO] [stdout] test vm::value::tests::nan_not_equal_to_nan ... ok
[INFO] [stdout] test vm::value::tests::nil_equals_nil ... ok
[INFO] [stdout] test vm::value::tests::negative_zero_equals_positive_zero ... ok
[INFO] [stdout] test vm::value::tests::nil_is_falsy ... ok
[INFO] [stdout] test vm::value::tests::negative_zero_same_hash_as_positive_zero ... ok
[INFO] [stdout] test vm::value::tests::number_equality ... ok
[INFO] [stdout] test vm::value::tests::string_ref_is_truthy ... ok
[INFO] [stdout] test vm::value::tests::table_identity_equality ... ok
[INFO] [stdout] test vm::value::tests::number_is_truthy ... ok
[INFO] [stdout] test vm::value::tests::string_identity_equality ... ok
[INFO] [stdout] test vm::value::tests::type_names ... ok
[INFO] [stdout] test vm::value::tests::userdata_downcast_mut ... ok
[INFO] [stdout] test vm::value::tests::table_ref_is_truthy ... ok
[INFO] [stdout] test vm::value::tests::true_is_truthy ... ok
[INFO] [stdout] test vm::undump::tests::undump_valid_header ... ok
[INFO] [stdout] test vm::value::tests::bool_equality ... ok
[INFO] [stdout] test vm::value::tests::userdata_identity_equality ... ok
[INFO] [stdout] test vm::value::tests::userdata_is_truthy ... ok
[INFO] [stdout] test vm::value::tests::type_name_for_refs ... ok
[INFO] [stdout] test vm::value::tests::userdata_env ... ok
[INFO] [stdout] test vm::value::tests::userdata_new_string ... ok
[INFO] [stdout] test vm::value::tests::userdata_type_name ... ok
[INFO] [stdout] test vm::value::tests::different_types_different_hashes ... ok
[INFO] [stdout] test vm::value::tests::display_large_number_scientific ... ok
[INFO] [stdout] test vm::value::tests::userdata_metatable ... ok
[INFO] [stdout] test vm::value::tests::userdata_new_i32 ... ok
[INFO] [stdout] test vm::value::tests::userdata_new_unit ... ok
[INFO] [stdout] test vm::value::tests::userdata_set_metatable ... ok
[INFO] [stdout] test vm::value::tests::zero_is_truthy ... ok
[INFO] [stdout] 
[INFO] [stdout] test result: ok. 624 passed; 0 failed; 0 ignored; 0 measured; 0 filtered out; finished in 0.12s
[INFO] [stdout] 
[INFO] [stderr]      Running unittests src/bin/rilua.rs (/opt/rustwide/target/release/build/rilua/ad77b0d217f0c07a/out/rilua-ad77b0d217f0c07a)
[INFO] [stderr]      Running unittests src/bin/riluac.rs (/opt/rustwide/target/release/build/rilua/3f1a06ce134b4086/out/riluac-3f1a06ce134b4086)
[INFO] [stdout] 
[INFO] [stdout] running 0 tests
[INFO] [stdout] 
[INFO] [stdout] test result: ok. 0 passed; 0 failed; 0 ignored; 0 measured; 0 filtered out; finished in 0.00s
[INFO] [stdout] 
[INFO] [stdout] 
[INFO] [stderr]      Running tests/dynmod.rs (/opt/rustwide/target/release/build/rilua/e5dfb418861f6b30/out/dynmod-e5dfb418861f6b30)
[INFO] [stdout] running 0 tests
[INFO] [stdout] 
[INFO] [stdout] test result: ok. 0 passed; 0 failed; 0 ignored; 0 measured; 0 filtered out; finished in 0.00s
[INFO] [stdout] 
[INFO] [stderr]      Running tests/integration.rs (/opt/rustwide/target/release/build/rilua/7723ed8fcf34a5c9/out/integration-7723ed8fcf34a5c9)
[INFO] [stdout] 
[INFO] [stdout] running 0 tests
[INFO] [stdout] 
[INFO] [stdout] test result: ok. 0 passed; 0 failed; 0 ignored; 0 measured; 0 filtered out; finished in 0.00s
[INFO] [stdout] 
[INFO] [stdout] 
[INFO] [stdout] running 435 tests
[INFO] [stdout] test cli_e_and_l_order ... ok
[INFO] [stdout] test arithmetic_print ... ok
[INFO] [stdout] test assert_function_success ... ok
[INFO] [stdout] test cli_e_flag_error_exits_1 ... ok
[INFO] [stdout] test cli_arg_table_negative_indices ... ok
[INFO] [stdout] test binary_loadfile ... ok
[INFO] [stdout] test cli_double_dash_stops_options ... ok
[INFO] [stdout] test ambiguous_syntax_function_call_new_line ... ok
[INFO] [stdout] test assert_function_failure ... ok
[INFO] [stdout] test cli_e_flag_basic ... ok
[INFO] [stdout] test cli_lua_init_file ... ok
[INFO] [stdout] test cli_l_flag_suffix_form ... ok
[INFO] [stdout] test cli_lua_init_error_exits ... ok
[INFO] [stdout] test cli_lua_init_string ... ok
[INFO] [stdout] test cli_multiple_e_flags ... ok
[INFO] [stdout] test cli_e_flag_missing_arg ... ok
[INFO] [stdout] test cli_i_implies_v ... ok
[INFO] [stdout] test cli_invalid_option ... ok
[INFO] [stdout] test cli_e_flag_suffix_form ... ok
[INFO] [stdout] test cli_stdin_pipe_no_args ... ok
[INFO] [stdout] test cli_l_flag_require_string ... ok
[INFO] [stdout] test cli_repl_eq_shorthand ... ok
[INFO] [stdout] test cli_stdin_dash ... ok
[INFO] [stdout] test cli_nonexistent_script ... ok
[INFO] [stdout] test cli_script_varargs ... ok
[INFO] [stdout] test cli_repl_multiline ... ok
[INFO] [stdout] test cli_script_with_args ... ok
[INFO] [stdout] test cli_syntax_error_in_script ... ok
[INFO] [stdout] test collectgarbage_count ... ok
[INFO] [stdout] test collectgarbage_collect ... ok
[INFO] [stdout] test cli_version_flag ... ok
[INFO] [stdout] test cli_v_implies_no_repl ... ok
[INFO] [stdout] test coroutine_create_returns_thread ... ok
[INFO] [stdout] test coroutine_error_in_body ... ok
[INFO] [stdout] test coroutine_require_loaded ... ok
[INFO] [stdout] test collectgarbage_step ... ok
[INFO] [stdout] test coroutine_resume_dead_fails ... ok
[INFO] [stdout] test coroutine_cross_thread_upvalues ... ok
[INFO] [stdout] test coroutine_functions_exist ... ok
[INFO] [stdout] test coroutine_producer_consumer ... ok
[INFO] [stdout] test coroutine_no_return_value ... ok
[INFO] [stdout] test coroutine_running_inside_coroutine ... ok
[INFO] [stdout] test coroutine_resume_with_args ... ok
[INFO] [stdout] test coroutine_resume_passes_values_to_yield ... ok
[INFO] [stdout] test coroutine_running_main_thread ... ok
[INFO] [stdout] test coroutine_status_running ... ok
[INFO] [stdout] test coroutine_status_initial ... ok
[INFO] [stdout] test coroutine_wrap_error_propagates ... ok
[INFO] [stdout] test coroutine_status_suspended ... ok
[INFO] [stdout] test coroutine_wrap_basic ... ok
[INFO] [stdout] test coroutine_status_dead ... ok
[INFO] [stdout] test coroutine_simple_resume_return ... ok
[INFO] [stdout] test coroutine_wrap_with_args ... ok
[INFO] [stdout] test coroutine_table_exists ... ok
[INFO] [stdout] test coroutine_return_multiple_values ... ok
[INFO] [stdout] test debug_getinfo_c_function ... ok
[INFO] [stdout] test debug_gethook_returns_nil_stub ... ok
[INFO] [stdout] test coroutine_yield_multiple_values ... ok
[INFO] [stdout] test debug_functions_exist ... ok
[INFO] [stdout] test coroutine_yield_across_pcall_boundary ... ok
[INFO] [stdout] test debug_getfenv_returns_env ... ok
[INFO] [stdout] test coroutine_yield_no_values ... ok
[INFO] [stdout] test debug_getinfo_function_arg ... ok
[INFO] [stdout] test coroutine_yield_basic ... ok
[INFO] [stdout] test debug_getinfo_level_0 ... ok
[INFO] [stdout] test debug_getinfo_in_pcall ... ok
[INFO] [stdout] test debug_getinfo_what_f ... ok
[INFO] [stdout] test debug_getinfo_invalid_level ... ok
[INFO] [stdout] test debug_getinfo_what_l ... ok
[INFO] [stdout] test debug_getmetatable_nil_when_none ... ok
[INFO] [stdout] test debug_getinfo_what_s ... ok
[INFO] [stdout] test debug_getlocal_name_and_value ... ok
[INFO] [stdout] test debug_getlocal_out_of_range ... ok
[INFO] [stdout] test debug_getupvalue_name_and_value ... ok
[INFO] [stdout] test debug_getinfo_what_u ... ok
[INFO] [stdout] test debug_getmetatable_returns_raw_metatable ... ok
[INFO] [stdout] test debug_setmetatable_on_table ... ok
[INFO] [stdout] test debug_setmetatable_on_number ... ok
[INFO] [stdout] test debug_setupvalue_changes_value ... ok
[INFO] [stdout] test debug_getinfo_what_n ... ok
[INFO] [stdout] test debug_setfenv_changes_env ... ok
[INFO] [stdout] test debug_setlocal_changes_value ... ok
[INFO] [stdout] test debug_getregistry_returns_table ... ok
[INFO] [stdout] test debug_require_loaded ... ok
[INFO] [stdout] test debug_traceback_nil_returns_nil ... ok
[INFO] [stdout] test debug_table_exists ... ok
[INFO] [stdout] test debug_traceback_number_as_message ... ok
[INFO] [stdout] test debug_traceback_has_stack_traceback_header ... ok
[INFO] [stdout] test double_semicolons_rejected ... ok
[INFO] [stdout] test error_function ... ok
[INFO] [stdout] test debug_traceback_with_message ... ok
[INFO] [stdout] test debug_getupvalue_out_of_range ... ok
[INFO] [stdout] test debug_traceback_returns_string ... ok
[INFO] [stdout] test eof_token_quoted_in_error_messages ... ok
[INFO] [stdout] test error_msg_call_field_with_trailing_for_loop ... ok
[INFO] [stdout] test error_msg_call_field ... ok
[INFO] [stdout] test error_msg_compare_types ... ok
[INFO] [stdout] test error_msg_concat_local ... ok
[INFO] [stdout] test error_msg_len_local ... ok
[INFO] [stdout] test error_msg_call_upvalue ... ok
[INFO] [stdout] test error_msg_arith_local ... ok
[INFO] [stdout] test error_msg_index_local ... ok
[INFO] [stdout] test g_global_is_table ... ok
[INFO] [stdout] test g_contains_print ... ok
[INFO] [stdout] test g_self_referential ... ok
[INFO] [stdout] test error_msg_call_local ... ok
[INFO] [stdout] test getfenv_level_zero ... ok
[INFO] [stdout] test io_input_output_get ... ok
[INFO] [stdout] test error_msg_call_global ... ok
[INFO] [stdout] test io_functions_exist ... ok
[INFO] [stdout] test io_close_returns_true ... ok
[INFO] [stdout] test getfenv_returns_table ... ok
[INFO] [stdout] test io_file_lines ... ok
[INFO] [stdout] test io_popen_echo ... ok
[INFO] [stdout] test io_read_all ... ok
[INFO] [stdout] test io_lines_file ... ok
[INFO] [stdout] test io_open_read_close ... ok
[INFO] [stdout] test io_read_all_empty ... ok
[INFO] [stdout] test io_global_is_table ... ok
[INFO] [stdout] test io_read_n_bytes ... ok
[INFO] [stdout] test io_input_set ... ok
[INFO] [stdout] test io_read_eof_returns_nil ... ok
[INFO] [stdout] test io_flush_default ... ok
[INFO] [stdout] test io_open_nonexistent ... ok
[INFO] [stdout] test io_tmpfile ... ok
[INFO] [stdout] test io_read_number ... ok
[INFO] [stdout] test io_read_line ... ok
[INFO] [stdout] test io_type_closed_file ... ok
[INFO] [stdout] test io_seek_returns_position ... ok
[INFO] [stdout] test io_tostring_stdin ... ok
[INFO] [stdout] test io_setvbuf_modes ... ok
[INFO] [stdout] test io_type_stdout ... ok
[INFO] [stdout] test io_seek ... ok
[INFO] [stdout] test io_type_nil ... ok
[INFO] [stdout] test io_type_stdin ... ok
[INFO] [stdout] test ipairs_basic ... ok
[INFO] [stdout] test io_type_not_file ... ok
[INFO] [stdout] test io_write_string ... ok
[INFO] [stdout] test io_type_stderr ... ok
[INFO] [stdout] test load_function ... ok
[INFO] [stdout] test io_write_number ... ok
[INFO] [stdout] test load_function_empty_reader ... ok
[INFO] [stdout] test loadstring_break_outside_loop ... ok
[INFO] [stdout] test load_function_streaming_syntax_error_stops_early ... ok
[INFO] [stdout] test loadstring_binary_chunk ... ok
[INFO] [stdout] test ipairs_stops_at_nil ... ok
[INFO] [stdout] test load_function_reader_error_propagates ... ok
[INFO] [stdout] test load_function_streaming_nested_functions ... ok
[INFO] [stdout] test math_abs_no_args ... ok
[INFO] [stdout] test load_function_streaming_char_at_a_time ... ok
[INFO] [stdout] test loadstring_returns_function ... ok
[INFO] [stdout] test loadstring_success ... ok
[INFO] [stdout] test loadstring_with_name ... ok
[INFO] [stdout] test loadstring_error ... ok
[INFO] [stdout] test math_abs_positive ... ok
[INFO] [stdout] test math_ceil_negative ... ok
[INFO] [stdout] test math_atan2_basic ... ok
[INFO] [stdout] test math_deg_rad ... ok
[INFO] [stdout] test math_cos_zero ... ok
[INFO] [stdout] test math_exp_zero ... ok
[INFO] [stdout] test math_floor_basic ... ok
[INFO] [stdout] test math_ceil_basic ... ok
[INFO] [stdout] test math_fmod_basic ... ok
[INFO] [stdout] test math_floor_negative ... ok
[INFO] [stdout] test math_abs_negative ... ok
[INFO] [stdout] test math_asin_acos_atan ... ok
[INFO] [stdout] test math_global_type ... ok
[INFO] [stdout] test math_huge_comparisons ... ok
[INFO] [stdout] test math_frexp_basic ... ok
[INFO] [stdout] test math_frexp_ldexp_roundtrip ... ok
[INFO] [stdout] test math_huge ... ok
[INFO] [stdout] test math_global_has_functions ... ok
[INFO] [stdout] test math_min_single ... ok
[INFO] [stdout] test math_log10_identity ... ok
[INFO] [stdout] test math_log_one ... ok
[INFO] [stdout] test math_mod_alias ... ok
[INFO] [stdout] test math_pi ... ok
[INFO] [stdout] test math_ldexp_basic ... ok
[INFO] [stdout] test math_max_basic ... ok
[INFO] [stdout] test math_max_single ... ok
[INFO] [stdout] test math_min_negative ... ok
[INFO] [stdout] test math_modf_positive ... ok
[INFO] [stdout] test math_pow_basic ... ok
[INFO] [stdout] test math_min_basic ... ok
[INFO] [stdout] test math_random_empty_interval ... ok
[INFO] [stdout] test math_random_two_arg_range ... ok
[INFO] [stdout] test math_modf_negative ... ok
[INFO] [stdout] test math_random_wrong_args ... ok
[INFO] [stdout] test math_random_no_args_range ... ok
[INFO] [stdout] test math_pythagorean_identity ... ok
[INFO] [stdout] test math_sinh_cosh_tanh_identity ... ok
[INFO] [stdout] test math_sqrt_basic ... ok
[INFO] [stdout] test math_random_one_arg_range ... ok
[INFO] [stdout] test math_randomseed_deterministic ... ok
[INFO] [stdout] test metamethod_concat ... ok
[INFO] [stdout] test metamethod_call ... ok
[INFO] [stdout] test metamethod_eq ... ok
[INFO] [stdout] test math_tan_identity ... ok
[INFO] [stdout] test math_sin_zero ... ok
[INFO] [stdout] test metamethod_add ... ok
[INFO] [stdout] test metamethod_lt_le ... ok
[INFO] [stdout] test metamethod_index_function ... ok
[INFO] [stdout] test metamethod_newindex ... ok
[INFO] [stdout] test metamethod_index_table ... ok
[INFO] [stdout] test metamethod_len_table_ignores ... ok
[INFO] [stdout] test metatable_protection ... ok
[INFO] [stdout] test metamethod_unm ... ok
[INFO] [stdout] test metamethod_tostring ... ok
[INFO] [stdout] test module_function_is_global ... ok
[INFO] [stdout] test missing_e_argument ... ok
[INFO] [stdout] test multiple_assignments ... ok
[INFO] [stdout] test newproxy_shared_metatable ... ok
[INFO] [stdout] test newproxy_false ... ok
[INFO] [stdout] test newproxy_index_metamethod ... ok
[INFO] [stdout] test newproxy_type_is_userdata ... ok
[INFO] [stdout] test newproxy_with_metatable ... ok
[INFO] [stdout] test newproxy_basic ... ok
[INFO] [stdout] test next_basic ... ok
[INFO] [stdout] test next_nil_at_end ... ok
[INFO] [stdout] test nonexistent_file ... ok
[INFO] [stdout] test next_empty_table ... ok
[INFO] [stdout] test not_and_or_negation_basic ... ok
[INFO] [stdout] test not_and_or_negation_complex ... ok
[INFO] [stdout] test os_date_default_format ... ok
[INFO] [stdout] test module_sets_name_fields ... ok
[INFO] [stdout] test os_date_star_t_fields ... ok
[INFO] [stdout] test os_clock_returns_number ... ok
[INFO] [stdout] test os_date_star_t_wday_yday ... ok
[INFO] [stdout] test not_and_false_expression ... ok
[INFO] [stdout] test os_date_star_t_returns_table ... ok
[INFO] [stdout] test os_date_strftime_format ... ok
[INFO] [stdout] test os_date_time_roundtrip ... ok
[INFO] [stdout] test os_date_utc_format ... ok
[INFO] [stdout] test not_or_expression ... ok
[INFO] [stdout] test os_difftime_default_t2 ... ok
[INFO] [stdout] test os_difftime_basic ... ok
[INFO] [stdout] test newproxy_tostring_metamethod ... ok
[INFO] [stdout] test os_execute_no_args ... ok
[INFO] [stdout] test os_execute_false_command ... ok
[INFO] [stdout] test os_execute_true_command ... ok
[INFO] [stdout] test os_functions_exist ... ok
[INFO] [stdout] test os_getenv_nonexistent ... ok
[INFO] [stdout] test os_global_is_table ... ok
[INFO] [stdout] test os_rename_nonexistent ... ok
[INFO] [stdout] test module_creates_global ... ok
[INFO] [stdout] test os_getenv_path ... ok
[INFO] [stdout] test os_clock_nonnegative ... ok
[INFO] [stdout] test os_setlocale_invalid ... ok
[INFO] [stdout] test os_setlocale_category ... ok
[INFO] [stdout] test os_remove_nonexistent ... ok
[INFO] [stdout] test os_remove_and_rename_file ... ok
[INFO] [stdout] test os_time_table_missing_required_field ... ok
[INFO] [stdout] test os_time_with_table ... ok
[INFO] [stdout] test os_tmpname_starts_with_slash ... ok
[INFO] [stdout] test os_tmpname_returns_string ... ok
[INFO] [stdout] test package_config_value ... ok
[INFO] [stdout] test package_cpath_is_string ... ok
[INFO] [stdout] test package_loaders_count ... ok
[INFO] [stdout] test package_loaded_is_table ... ok
[INFO] [stdout] test package_loaders_is_table ... ok
[INFO] [stdout] test package_preload_custom_loader ... ok
[INFO] [stdout] test package_path_is_string ... ok
[INFO] [stdout] test package_preload_is_table ... ok
[INFO] [stdout] test package_preload_module_cached ... ok
[INFO] [stdout] test package_seeall_enables_globals ... ok
[INFO] [stdout] test package_table_exists ... ok
[INFO] [stdout] test paren_call_as_statement_is_syntax_error ... ok
[INFO] [stdout] test pairs_iteration ... ok
[INFO] [stdout] test paren_truncates_call_return ... ok
[INFO] [stdout] test paren_truncates_in_table_ctor ... ok
[INFO] [stdout] test paren_truncates_in_call_args ... ok
[INFO] [stdout] test os_time_reasonable_value ... ok
[INFO] [stdout] test os_setlocale_c ... ok
[INFO] [stdout] test os_setlocale_query ... ok
[INFO] [stdout] test pcall_error ... ok
[INFO] [stdout] test print_bool ... ok
[INFO] [stdout] test os_time_returns_number ... ok
[INFO] [stdout] test paren_truncates_vararg ... ok
[INFO] [stdout] test pcall_success ... ok
[INFO] [stdout] test pcall_nested ... ok
[INFO] [stdout] test print_float ... ok
[INFO] [stdout] test print_nil ... ok
[INFO] [stdout] test print_string ... ok
[INFO] [stdout] test print_no_args ... ok
[INFO] [stdout] test rawget_rawset_rawequal ... ok
[INFO] [stdout] test package_loadlib_returns_nil ... ok
[INFO] [stdout] test print_multiple ... ok
[INFO] [stdout] test package_loaded_prepopulated ... ok
[INFO] [stdout] test print_negative_number ... ok
[INFO] [stdout] test require_caching ... ok
[INFO] [stdout] test print_number ... ok
[INFO] [stdout] test require_function_is_global ... ok
[INFO] [stdout] test repeat_until_upvalue_scoping ... ok
[INFO] [stdout] test require_not_found_error ... ok
[INFO] [stdout] test require_lua_file ... ok
[INFO] [stdout] test require_returns_string_lib ... ok
[INFO] [stdout] test require_returns_io_lib ... ok
[INFO] [stdout] test require_returns_os_lib ... ok
[INFO] [stdout] test require_returns_table_lib ... ok
[INFO] [stdout] test require_not_found_error_has_search_details ... ok
[INFO] [stdout] test return_double_semicolon_rejected ... ok
[INFO] [stdout] test riluac_list_simple ... FAILED
[INFO] [stdout] test require_returns_math_lib ... ok
[INFO] [stdout] test require_lua_file_from_path ... ok
[INFO] [stdout] test riluac_list_full ... FAILED
[INFO] [stdout] test require_returns_true_when_no_return_value ... ok
[INFO] [stdout] test require_returns_package_lib ... ok
[INFO] [stdout] test riluac_nonexistent_file ... ok
[INFO] [stdout] test riluac_parse_only ... ok
[INFO] [stdout] test riluac_multiple_files ... FAILED
[INFO] [stdout] test riluac_no_input_error ... ok
[INFO] [stdout] test riluac_parse_only_syntax_error ... ok
[INFO] [stdout] test riluac_stdin ... FAILED
[INFO] [stdout] test riluac_binary_redump ... ok
[INFO] [stdout] test riluac_version ... ok
[INFO] [stdout] test riluac_output_file ... ok
[INFO] [stdout] test setfenv_function ... ok
[INFO] [stdout] test riluac_default_output ... ok
[INFO] [stdout] test select_boundary_cases ... ok
[INFO] [stdout] test select_range ... ok
[INFO] [stdout] test select_count ... ok
[INFO] [stdout] test string_byte_range ... ok
[INFO] [stdout] test string_byte_single ... ok
[INFO] [stdout] test semicolons_rejected_as_empty_statements ... ok
[INFO] [stdout] test string_char ... ok
[INFO] [stdout] test setmetatable_getmetatable ... ok
[INFO] [stdout] test riluac_strip ... ok
[INFO] [stdout] test string_dump_roundtrip ... ok
[INFO] [stdout] test setfenv_level_zero ... ok
[INFO] [stdout] test string_dump_upvalues ... ok
[INFO] [stdout] test string_class_cntrl_punct ... ok
[INFO] [stdout] test string_find_anchor ... ok
[INFO] [stdout] test string_dump_vararg ... ok
[INFO] [stdout] test string_dump_with_constants ... ok
[INFO] [stdout] test string_find_anchor_no_match ... ok
[INFO] [stdout] test string_find_plain ... ok
[INFO] [stdout] test string_find_not_found ... ok
[INFO] [stdout] test string_find_pattern ... ok
[INFO] [stdout] test string_find_with_captures ... ok
[INFO] [stdout] test string_format_float ... ok
[INFO] [stdout] test string_format_basic ... ok
[INFO] [stdout] test string_format_g ... ok
[INFO] [stdout] test string_format_hex ... ok
[INFO] [stdout] test string_format_g_scientific ... ok
[INFO] [stdout] test string_format_percent ... ok
[INFO] [stdout] test string_format_quoted ... ok
[INFO] [stdout] test string_dump_error_nonfunc ... ok
[INFO] [stdout] test string_dump_nested ... ok
[INFO] [stdout] test string_global_has_functions ... ok
[INFO] [stdout] test string_dump_signature_check ... ok
[INFO] [stdout] test string_dump_error_rust_closure ... ok
[INFO] [stdout] test string_gsub_basic ... ok
[INFO] [stdout] test string_gsub_function_replacement ... ok
[INFO] [stdout] test string_gsub_pattern ... ok
[INFO] [stdout] test string_global_type ... ok
[INFO] [stdout] test string_gmatch_iteration ... ok
[INFO] [stdout] test string_class_case_sensitivity ... ok
[INFO] [stdout] test string_gsub_with_limit ... ok
[INFO] [stdout] test string_lower ... ok
[INFO] [stdout] test string_len_empty ... ok
[INFO] [stdout] test string_match_no_capture ... ok
[INFO] [stdout] test string_method_format ... ok
[INFO] [stdout] test string_match_captures ... ok
[INFO] [stdout] test string_gsub_table_replacement ... ok
[INFO] [stdout] test string_method_byte ... ok
[INFO] [stdout] test string_match_empty_capture ... ok
[INFO] [stdout] test string_len ... ok
[INFO] [stdout] test string_method_reverse ... ok
[INFO] [stdout] test string_method_find ... ok
[INFO] [stdout] test string_method_lower ... ok
[INFO] [stdout] test string_method_sub ... ok
[INFO] [stdout] test string_method_rep ... ok
[INFO] [stdout] test string_method_len ... ok
[INFO] [stdout] test string_method_upper ... ok
[INFO] [stdout] test string_method_gsub ... ok
[INFO] [stdout] test string_sub_negative ... ok
[INFO] [stdout] test string_init_clamped_to_length ... ok
[INFO] [stdout] test string_upper ... ok
[INFO] [stdout] test string_sub ... ok
[INFO] [stdout] test string_rep ... ok
[INFO] [stdout] test string_rep_zero ... ok
[INFO] [stdout] test string_reverse ... ok
[INFO] [stdout] test table_concat_default_sep ... ok
[INFO] [stdout] test syntax_error ... ok
[INFO] [stdout] test table_concat_numbers ... ok
[INFO] [stdout] test table_concat_error_non_string ... ok
[INFO] [stdout] test table_concat_range ... ok
[INFO] [stdout] test table_foreachi_basic ... ok
[INFO] [stdout] test string_variable ... ok
[INFO] [stdout] test table_foreachi_early_return ... ok
[INFO] [stdout] test table_concat_strings ... ok
[INFO] [stdout] test table_concat_basic ... ok
[INFO] [stdout] test table_foreach_basic ... ok
[INFO] [stdout] test table_concat_empty ... ok
[INFO] [stdout] test table_foreach_early_return ... ok
[INFO] [stdout] test table_global_has_functions ... ok
[INFO] [stdout] test table_getn_basic ... ok
[INFO] [stdout] test table_concat_single ... ok
[INFO] [stdout] test table_global_type ... ok
[INFO] [stdout] test table_insert_wrong_args ... ok
[INFO] [stdout] test table_maxn_basic ... ok
[INFO] [stdout] test table_maxn_empty ... ok
[INFO] [stdout] test table_maxn_float_keys ... ok
[INFO] [stdout] test table_insert_at_start ... ok
[INFO] [stdout] test table_remove_at_position ... ok
[INFO] [stdout] test table_remove_empty ... ok
[INFO] [stdout] test table_setn_error ... ok
[INFO] [stdout] test table_sort_already_sorted ... ok
[INFO] [stdout] test table_remove_last ... ok
[INFO] [stdout] test table_insert_append ... ok
[INFO] [stdout] test table_sort_reverse_sorted ... ok
[INFO] [stdout] test table_sort_empty ... ok
[INFO] [stdout] test table_insert_at_position ... ok
[INFO] [stdout] test table_remove_return_value ... ok
[INFO] [stdout] test table_sort_numbers ... ok
[INFO] [stdout] test traceback_nested_functions ... ok
[INFO] [stdout] test table_sort_custom_comparator ... ok
[INFO] [stdout] test tailcall_rust_zero_results ... ok
[INFO] [stdout] test tonumber_function ... ok
[INFO] [stdout] test table_sort_single ... ok
[INFO] [stdout] test traceback_in_stderr ... ok
[INFO] [stdout] test version_flag ... ok
[INFO] [stdout] test variable_assignment ... ok
[INFO] [stdout] test version_global ... ok
[INFO] [stdout] test tostring_function ... ok
[INFO] [stdout] test unpack_function ... ok
[INFO] [stdout] test while_true_if_break_comparison ... ok
[INFO] [stdout] test vararg_local_assign_target_register ... ok
[INFO] [stdout] test table_sort_strings ... ok
[INFO] [stdout] test traceback_type_error ... ok
[INFO] [stdout] test type_function ... ok
[INFO] [stdout] test while_true_if_break_nested ... ok
[INFO] [stdout] test while_true_if_break_complex_condition ... ok
[INFO] [stdout] test xpcall_with_handler ... ok
[INFO] [stdout] test while_true_if_break_equality ... ok
[INFO] [stderr] error: test failed, to rerun pass `--test integration`
[INFO] [stdout] 
[INFO] [stdout] failures:
[INFO] [stdout] 
[INFO] [stdout] ---- riluac_list_simple stdout ----
[INFO] [stdout] 
[INFO] [stdout] thread 'riluac_list_simple' (3044) panicked at tests/integration.rs:3742:5:
[INFO] [stdout] assertion `left == right` failed
[INFO] [stdout]   left: 1
[INFO] [stdout]  right: 0
[INFO] [stdout] stack backtrace:
[INFO] [stdout]    0:     0x61d77460abf7 - <unknown>
[INFO] [stdout]    1:     0x61d7745f2faa - <unknown>
[INFO] [stdout]    2:     0x61d77460a1ab - <unknown>
[INFO] [stdout]    3:     0x61d774609c8f - <unknown>
[INFO] [stdout]    4:     0x61d7746098ba - <unknown>
[INFO] [stdout]    5:     0x61d7746093f5 - <unknown>
[INFO] [stdout]    6:     0x61d7746301a1 - <unknown>
[INFO] [stdout]    7:     0x61d774630159 - <unknown>
[INFO] [stdout]    8:     0x61d77463065c - <unknown>
[INFO] [stdout]    9:     0x61d7745f2e3b - <unknown>
[INFO] [stdout]   10:     0x61d7745f2d59 - <unknown>
[INFO] [stdout]   11:     0x61d77462fd06 - <unknown>
[INFO] [stdout]   12:     0x61d7745dc8bb - <unknown>
[INFO] [stdout]   13:     0x61d77464b41b - <unknown>
[INFO] [stdout]   14:     0x61d7746473e1 - <unknown>
[INFO] [stdout]   15:     0x61d774646bcc - <unknown>
[INFO] [stdout]   16:     0x61d77466686c - <unknown>
[INFO] [stdout]   17:     0x61d774631ed4 - <unknown>
[INFO] [stdout]   18:     0x7f8363930dfa - <unknown>
[INFO] [stdout]   19:     0x7f83639c43d4 - clone
[INFO] [stdout]   20:                0x0 - <unknown>
[INFO] [stdout] 
[INFO] [stdout] ---- riluac_list_full stdout ----
[INFO] [stdout] 
[INFO] [stdout] thread 'riluac_list_full' (3043) panicked at tests/integration.rs:3770:5:
[INFO] [stdout] assertion `left == right` failed
[INFO] [stdout]   left: 1
[INFO] [stdout]  right: 0
[INFO] [stdout] stack backtrace:
[INFO] [stdout]    0:     0x61d77460abf7 - <unknown>
[INFO] [stdout]    1:     0x61d7745f2faa - <unknown>
[INFO] [stdout]    2:     0x61d77460a1ab - <unknown>
[INFO] [stdout]    3:     0x61d774609c8f - <unknown>
[INFO] [stdout]    4:     0x61d7746098ba - <unknown>
[INFO] [stdout]    5:     0x61d7746093f5 - <unknown>
[INFO] [stdout]    6:     0x61d7746301a1 - <unknown>
[INFO] [stdout]    7:     0x61d774630159 - <unknown>
[INFO] [stdout]    8:     0x61d77463065c - <unknown>
[INFO] [stdout]    9:     0x61d7745f2e3b - <unknown>
[INFO] [stdout]   10:     0x61d7745f2d59 - <unknown>
[INFO] [stdout]   11:     0x61d77462fd06 - <unknown>
[INFO] [stdout]   12:     0x61d7745d89c2 - <unknown>
[INFO] [stdout]   13:     0x61d77464b41b - <unknown>
[INFO] [stdout]   14:     0x61d7746473e1 - <unknown>
[INFO] [stdout]   15:     0x61d774646bcc - <unknown>
[INFO] [stdout]   16:     0x61d77466686c - <unknown>
[INFO] [stdout]   17:     0x61d774631ed4 - <unknown>
[INFO] [stdout]   18:     0x7f8363930dfa - <unknown>
[INFO] [stdout]   19:     0x7f83639c43d4 - clone
[INFO] [stdout]   20:                0x0 - <unknown>
[INFO] [stdout] 
[INFO] [stdout] ---- riluac_multiple_files stdout ----
[INFO] [stdout] 
[INFO] [stdout] thread 'riluac_multiple_files' (3047) panicked at tests/integration.rs:3830:5:
[INFO] [stdout] assertion `left == right` failed
[INFO] [stdout]   left: 1
[INFO] [stdout]  right: 0
[INFO] [stdout] stack backtrace:
[INFO] [stdout]    0:     0x61d77460abf7 - <unknown>
[INFO] [stdout]    1:     0x61d7745f2faa - <unknown>
[INFO] [stdout]    2:     0x61d77460a1ab - <unknown>
[INFO] [stdout]    3:     0x61d774609c8f - <unknown>
[INFO] [stdout]    4:     0x61d7746098ba - <unknown>
[INFO] [stdout]    5:     0x61d7746093f5 - <unknown>
[INFO] [stdout]    6:     0x61d7746301a1 - <unknown>
[INFO] [stdout]    7:     0x61d774630159 - <unknown>
[INFO] [stdout]    8:     0x61d77463065c - <unknown>
[INFO] [stdout]    9:     0x61d7745f2e3b - <unknown>
[INFO] [stdout]   10:     0x61d7745f2d59 - <unknown>
[INFO] [stdout]   11:     0x61d77462fd06 - <unknown>
[INFO] [stdout]   12:     0x61d7745e46cb - <unknown>
[INFO] [stdout]   13:     0x61d77464b41b - <unknown>
[INFO] [stdout]   14:     0x61d7746473e1 - <unknown>
[INFO] [stdout]   15:     0x61d774646bcc - <unknown>
[INFO] [stdout]   16:     0x61d77466686c - <unknown>
[INFO] [stdout]   17:     0x61d774631ed4 - <unknown>
[INFO] [stdout]   18:     0x7f8363930dfa - <unknown>
[INFO] [stdout]   19:     0x7f83639c43d4 - clone
[INFO] [stdout]   20:                0x0 - <unknown>
[INFO] [stdout] 
[INFO] [stdout] ---- riluac_stdin stdout ----
[INFO] [stdout] 
[INFO] [stdout] thread 'riluac_stdin' (3063) panicked at tests/integration.rs:3859:5:
[INFO] [stdout] assertion `left == right` failed
[INFO] [stdout]   left: 1
[INFO] [stdout]  right: 0
[INFO] [stdout] stack backtrace:
[INFO] [stdout]    0:     0x61d77460abf7 - <unknown>
[INFO] [stdout]    1:     0x61d7745f2faa - <unknown>
[INFO] [stdout]    2:     0x61d77460a1ab - <unknown>
[INFO] [stdout]    3:     0x61d774609c8f - <unknown>
[INFO] [stdout]    4:     0x61d7746098ba - <unknown>
[INFO] [stdout]    5:     0x61d7746093f5 - <unknown>
[INFO] [stdout]    6:     0x61d7746301a1 - <unknown>
[INFO] [stdout]    7:     0x61d774630159 - <unknown>
[INFO] [stdout]    8:     0x61d77463065c - <unknown>
[INFO] [stdout]    9:     0x61d7745f2e3b - <unknown>
[INFO] [stdout]   10:     0x61d7745f2d59 - <unknown>
[INFO] [stdout]   11:     0x61d77462fd06 - <unknown>
[INFO] [stdout]   12:     0x61d7745d2f6e - <unknown>
[INFO] [stdout]   13:     0x61d77464b41b - <unknown>
[INFO] [stdout]   14:     0x61d7746473e1 - <unknown>
[INFO] [stdout]   15:     0x61d774646bcc - <unknown>
[INFO] [stdout]   16:     0x61d77466686c - <unknown>
[INFO] [stdout]   17:     0x61d774631ed4 - <unknown>
[INFO] [stdout]   18:     0x7f8363930dfa - <unknown>
[INFO] [stdout]   19:     0x7f83639c43d4 - clone
[INFO] [stdout]   20:                0x0 - <unknown>
[INFO] [stdout] 
[INFO] [stdout] 
[INFO] [stdout] failures:
[INFO] [stdout]     riluac_list_full
[INFO] [stdout]     riluac_list_simple
[INFO] [stdout]     riluac_multiple_files
[INFO] [stdout]     riluac_stdin
[INFO] [stdout] 
[INFO] [stdout] test result: FAILED. 431 passed; 4 failed; 0 ignored; 0 measured; 0 filtered out; finished in 0.52s
[INFO] [stdout] 
[INFO] running `Command { std: "docker" "inspect" "c103a5ec5259ddfe92cb00eca4785bcfcacbd58ea2258a4b14905f02897a9619", kill_on_drop: false }`
[INFO] running `Command { std: "docker" "rm" "-f" "c103a5ec5259ddfe92cb00eca4785bcfcacbd58ea2258a4b14905f02897a9619", kill_on_drop: false }`
[INFO] [stdout] c103a5ec5259ddfe92cb00eca4785bcfcacbd58ea2258a4b14905f02897a9619
