[INFO] fetching crate rigs 0.0.8...
[INFO] testing rigs-0.0.8 against 1.99.0-beta.8+cargoflags=--release for beta-release-1.100-2
[INFO] extracting crate rigs 0.0.8 into /workspace/builds/worker-1-tc1/source
[INFO] removed /workspace/builds/worker-1-tc1/source/rust-toolchain.toml
[INFO] started tweaking crates.io crate rigs 0.0.8
[INFO] removed 0 missing examples
[INFO] finished tweaking crates.io crate rigs 0.0.8
[INFO] tweaked toml for crates.io crate rigs 0.0.8 written to /workspace/builds/worker-1-tc1/source/Cargo.toml
[INFO] validating manifest of crates.io crate rigs 0.0.8 on toolchain 1.99.0-beta.8
[INFO] running `Command { std: CARGO_HOME="/workspace/cargo-home" RUSTUP_HOME="/workspace/rustup-home" "/workspace/cargo-home/bin/cargo" "+1.99.0-beta.8" "metadata" "--manifest-path" "Cargo.toml" "--no-deps", kill_on_drop: false }`
[INFO] crate crates.io crate rigs 0.0.8 already has a lockfile, it will not be regenerated
[INFO] running `Command { std: CARGO_HOME="/workspace/cargo-home" RUSTUP_HOME="/workspace/rustup-home" "/workspace/cargo-home/bin/cargo" "+1.99.0-beta.8" "fetch" "--manifest-path" "Cargo.toml", kill_on_drop: false }`
[INFO] [stderr] warning: Cargo.toml: `lints.rust.rust-2018-idioms` is deprecated in favor of `lints.rust.rust_2018_idioms` and will not work in a future edition
[INFO] [stderr] warning: Cargo.toml: `lints.rust.rust-2021-compatibility` is deprecated in favor of `lints.rust.rust_2021_compatibility` and will not work in a future edition
[INFO] [stderr] warning: Cargo.toml: `lints.rust.rust-2024-compatibility` is deprecated in favor of `lints.rust.rust_2024_compatibility` and will not work in a future edition
[INFO] [stderr] warning: `rigs` (manifest) generated 3 warnings
[INFO] [stderr]     Updating crates.io index
[INFO] [stderr]  Downloading crates ...
[INFO] [stderr]   Downloaded schemars_derive v1.0.0-alpha.17
[INFO] [stderr]   Downloaded twox-hash v2.1.0
[INFO] [stderr]   Downloaded schemars v1.0.0-alpha.17
[INFO] [stderr]   Downloaded miniz_oxide v0.8.7
[INFO] [stderr]   Downloaded rigs-macro v0.0.2
[INFO] [stderr]   Downloaded openssl-sys v0.9.106
[INFO] [stderr]   Downloaded hyper-util v0.1.11
[INFO] [stderr]   Downloaded indexmap v2.8.0
[INFO] [stderr]   Downloaded tokio-util v0.7.14
[INFO] [stderr]   Downloaded h2 v0.4.8
[INFO] [stderr]   Downloaded openssl v0.10.71
[INFO] [stderr]   Downloaded rustls v0.23.25
[INFO] [stderr]   Downloaded rustix v1.0.5
[INFO] [stderr]   Downloaded tokio v1.44.1
[INFO] [stderr]   Downloaded rig-core v0.11.0
[INFO] running `Command { std: "docker" "create" "-v" "/var/lib/crater-agent-workspace/builds/worker-1-tc1/source:/opt/rustwide/workdir:ro,Z" "-v" "/var/lib/crater-agent-workspace/builds/worker-1-tc1/target:/opt/rustwide/target:rw,Z" "-v" "/var/lib/crater-agent-workspace/cargo-home:/opt/rustwide/cargo-home:ro,Z" "-v" "/var/lib/crater-agent-workspace/rustup-home:/opt/rustwide/rustup-home:ro,Z" "-m" "1610612736" "--network" "none" "ghcr.io/rust-lang/crates-build-env/linux@sha256:77db811e55d90add9212f6832c23229e3de5f1c1f9905e8cb07319ea15df73ac" "sleep" "infinity", kill_on_drop: false }`
[INFO] [stdout] 9f63d67325afa9c5a4df042a3b4eb0e2fe1dc82a4477135a40da87e82642e473
[INFO] running `Command { std: "docker" "start" "9f63d67325afa9c5a4df042a3b4eb0e2fe1dc82a4477135a40da87e82642e473", kill_on_drop: false }`
[INFO] running `Command { std: "docker" "inspect" "9f63d67325afa9c5a4df042a3b4eb0e2fe1dc82a4477135a40da87e82642e473", kill_on_drop: false }`
[INFO] running `Command { std: "docker" "exec" "-e" "SOURCE_DIR=/opt/rustwide/workdir" "-e" "CARGO_HOME=/opt/rustwide/cargo-home" "-e" "RUSTUP_HOME=/opt/rustwide/rustup-home" "-e" "CARGO_TARGET_DIR=/opt/rustwide/target" "-w" "/opt/rustwide/workdir" "--user" "0:0" "9f63d67325afa9c5a4df042a3b4eb0e2fe1dc82a4477135a40da87e82642e473" "/opt/rustwide/cargo-home/bin/cargo" "+1.99.0-beta.8" "metadata" "--no-deps" "--format-version=1", kill_on_drop: false }`
[INFO] running `Command { std: "docker" "inspect" "9f63d67325afa9c5a4df042a3b4eb0e2fe1dc82a4477135a40da87e82642e473", kill_on_drop: false }`
[INFO] running `Command { std: "docker" "exec" "-e" "SOURCE_DIR=/opt/rustwide/workdir" "-e" "CARGO_HOME=/opt/rustwide/cargo-home" "-e" "RUSTUP_HOME=/opt/rustwide/rustup-home" "-e" "CARGO_TARGET_DIR=/opt/rustwide/target" "-e" "CARGO_INCREMENTAL=0" "-e" "RUST_BACKTRACE=full" "-e" "RUSTFLAGS=--cap-lints=warn" "-e" "RUSTDOCFLAGS=--cap-lints=warn" "-w" "/opt/rustwide/workdir" "--user" "0:0" "9f63d67325afa9c5a4df042a3b4eb0e2fe1dc82a4477135a40da87e82642e473" "/opt/rustwide/cargo-home/bin/cargo" "+1.99.0-beta.8" "build" "--frozen" "--message-format=json" "--release", kill_on_drop: false }`
[INFO] [stderr] warning: Cargo.toml: `lints.rust.rust-2018-idioms` is deprecated in favor of `lints.rust.rust_2018_idioms` and will not work in a future edition
[INFO] [stderr] warning: Cargo.toml: `lints.rust.rust-2021-compatibility` is deprecated in favor of `lints.rust.rust_2021_compatibility` and will not work in a future edition
[INFO] [stderr] warning: Cargo.toml: `lints.rust.rust-2024-compatibility` is deprecated in favor of `lints.rust.rust_2024_compatibility` and will not work in a future edition
[INFO] [stderr] warning: `rigs` (manifest) generated 3 warnings
[INFO] [stderr]    Compiling proc-macro2 v1.0.94
[INFO] [stderr]    Compiling libc v0.2.171
[INFO] [stderr]    Compiling autocfg v1.4.0
[INFO] [stderr]    Compiling serde v1.0.219
[INFO] [stderr]    Compiling smallvec v1.14.0
[INFO] [stderr]    Compiling writeable v0.5.5
[INFO] [stderr]    Compiling litemap v0.7.5
[INFO] [stderr]    Compiling icu_locid_transform_data v1.5.1
[INFO] [stderr]    Compiling icu_properties_data v1.5.1
[INFO] [stderr]    Compiling hashbrown v0.15.2
[INFO] [stderr]    Compiling http v1.3.1
[INFO] [stderr]    Compiling icu_normalizer_data v1.5.1
[INFO] [stderr]    Compiling tracing-core v0.1.33
[INFO] [stderr]    Compiling openssl v0.10.71
[INFO] [stderr]    Compiling bitflags v2.9.0
[INFO] [stderr]    Compiling write16 v1.0.0
[INFO] [stderr]    Compiling native-tls v0.2.14
[INFO] [stderr]    Compiling utf16_iter v1.0.5
[INFO] [stderr]    Compiling zerocopy v0.8.24
[INFO] [stderr]    Compiling serde_json v1.0.140
[INFO] [stderr]    Compiling unicase v2.8.1
[INFO] [stderr]    Compiling sync_wrapper v1.0.2
[INFO] [stderr]    Compiling schemars v0.8.22
[INFO] [stderr]    Compiling rustls-pki-types v1.11.0
[INFO] [stderr]    Compiling getrandom v0.3.2
[INFO] [stderr]    Compiling parking_lot_core v0.9.10
[INFO] [stderr]    Compiling ref-cast v1.0.24
[INFO] [stderr]    Compiling mime_guess v2.0.5
[INFO] [stderr]    Compiling dyn-clone v1.0.19
[INFO] [stderr]    Compiling slab v0.4.9
[INFO] [stderr]    Compiling num-traits v0.2.19
[INFO] [stderr]    Compiling lock_api v0.4.12
[INFO] [stderr]    Compiling zstd-safe v7.2.4
[INFO] [stderr]    Compiling encoding_rs v0.8.35
[INFO] [stderr]    Compiling glob v0.3.2
[INFO] [stderr]    Compiling rustls-pemfile v2.2.0
[INFO] [stderr]    Compiling quote v1.0.40
[INFO] [stderr]    Compiling jobserver v0.1.33
[INFO] [stderr]    Compiling indexmap v2.8.0
[INFO] [stderr]    Compiling socket2 v0.5.9
[INFO] [stderr]    Compiling mio v1.0.3
[INFO] [stderr]    Compiling getrandom v0.2.15
[INFO] [stderr]    Compiling syn v2.0.100
[INFO] [stderr]    Compiling rand_core v0.6.4
[INFO] [stderr]    Compiling cc v1.2.17
[INFO] [stderr]    Compiling http-body v1.0.1
[INFO] [stderr]    Compiling http-body-util v0.1.3
[INFO] [stderr]    Compiling ordered-float v4.6.0
[INFO] [stderr]    Compiling tokio v1.44.1
[INFO] [stderr]    Compiling petgraph v0.7.1
[INFO] [stderr]    Compiling ppv-lite86 v0.2.21
[INFO] [stderr]    Compiling openssl-sys v0.9.106
[INFO] [stderr]    Compiling zstd-sys v2.0.15+zstd.1.5.7
[INFO] [stderr]    Compiling rand_chacha v0.3.1
[INFO] [stderr]    Compiling rand v0.8.5
[INFO] [stderr]    Compiling twox-hash v2.1.0
[INFO] [stderr]    Compiling synstructure v0.13.1
[INFO] [stderr]    Compiling serde_derive_internals v0.29.1
[INFO] [stderr]    Compiling zerofrom-derive v0.1.6
[INFO] [stderr]    Compiling yoke-derive v0.7.5
[INFO] [stderr]    Compiling zerovec-derive v0.10.3
[INFO] [stderr]    Compiling displaydoc v0.2.5
[INFO] [stderr]    Compiling serde_derive v1.0.219
[INFO] [stderr]    Compiling icu_provider_macros v1.5.0
[INFO] [stderr]    Compiling futures-macro v0.3.31
[INFO] [stderr]    Compiling tracing-attributes v0.1.28
[INFO] [stderr]    Compiling openssl-macros v0.1.1
[INFO] [stderr]    Compiling tokio-util v0.7.14
[INFO] [stderr]    Compiling thiserror-impl v1.0.69
[INFO] [stderr]    Compiling ref-cast-impl v1.0.24
[INFO] [stderr]    Compiling schemars_derive v0.8.22
[INFO] [stderr]    Compiling async-stream-impl v0.3.6
[INFO] [stderr]    Compiling schemars_derive v1.0.0-alpha.17
[INFO] [stderr]    Compiling futures-util v0.3.31
[INFO] [stderr]    Compiling thiserror-impl v2.0.12
[INFO] [stderr]    Compiling async-stream v0.3.6
[INFO] [stderr]    Compiling rigs-macro v0.0.2
[INFO] [stderr]    Compiling zerofrom v0.1.6
[INFO] [stderr]    Compiling yoke v0.7.5
[INFO] [stderr]    Compiling tracing v0.1.41
[INFO] [stderr]    Compiling zerovec v0.10.4
[INFO] [stderr]    Compiling thiserror v1.0.69
[INFO] [stderr]    Compiling h2 v0.4.8
[INFO] [stderr]    Compiling thiserror v2.0.12
[INFO] [stderr]    Compiling tinystr v0.7.6
[INFO] [stderr]    Compiling icu_collections v1.5.0
[INFO] [stderr]    Compiling icu_locid v1.5.0
[INFO] [stderr]    Compiling icu_provider v1.5.0
[INFO] [stderr]    Compiling futures-executor v0.3.31
[INFO] [stderr]    Compiling tower v0.5.2
[INFO] [stderr]    Compiling futures v0.3.31
[INFO] [stderr]    Compiling icu_locid_transform v1.5.0
[INFO] [stderr]    Compiling tokio-native-tls v0.3.1
[INFO] [stderr]    Compiling icu_properties v1.5.1
[INFO] [stderr]    Compiling hyper v1.6.0
[INFO] [stderr]    Compiling serde_urlencoded v0.7.1
[INFO] [stderr]    Compiling chrono v0.4.40
[INFO] [stderr]    Compiling dashmap v6.1.0
[INFO] [stderr]    Compiling uuid v1.16.0
[INFO] [stderr]    Compiling hyper-util v0.1.11
[INFO] [stderr]    Compiling schemars v1.0.0-alpha.17
[INFO] [stderr]    Compiling icu_normalizer v1.5.0
[INFO] [stderr]    Compiling hyper-tls v0.6.0
[INFO] [stderr]    Compiling idna_adapter v1.2.0
[INFO] [stderr]    Compiling idna v1.0.3
[INFO] [stderr]    Compiling url v2.5.4
[INFO] [stderr]    Compiling reqwest v0.12.15
[INFO] [stderr]    Compiling rig-core v0.11.0
[INFO] [stderr]    Compiling zstd v0.13.3
[INFO] [stderr]    Compiling rigs v0.0.8 (/opt/rustwide/workdir)
[INFO] [stderr]     Finished `release` profile [optimized] target(s) in 2m 18s
[INFO] running `Command { std: "docker" "inspect" "9f63d67325afa9c5a4df042a3b4eb0e2fe1dc82a4477135a40da87e82642e473", kill_on_drop: false }`
[INFO] running `Command { std: "docker" "exec" "-e" "SOURCE_DIR=/opt/rustwide/workdir" "-e" "CARGO_HOME=/opt/rustwide/cargo-home" "-e" "RUSTUP_HOME=/opt/rustwide/rustup-home" "-e" "CARGO_TARGET_DIR=/opt/rustwide/target" "-e" "CARGO_INCREMENTAL=0" "-e" "RUST_BACKTRACE=full" "-e" "RUSTFLAGS=--cap-lints=warn" "-e" "RUSTDOCFLAGS=--cap-lints=warn" "-w" "/opt/rustwide/workdir" "--user" "0:0" "9f63d67325afa9c5a4df042a3b4eb0e2fe1dc82a4477135a40da87e82642e473" "/opt/rustwide/cargo-home/bin/cargo" "+1.99.0-beta.8" "test" "--frozen" "--no-run" "--message-format=json" "--release", kill_on_drop: false }`
[INFO] [stderr] warning: Cargo.toml: `lints.rust.rust-2018-idioms` is deprecated in favor of `lints.rust.rust_2018_idioms` and will not work in a future edition
[INFO] [stderr] warning: Cargo.toml: `lints.rust.rust-2021-compatibility` is deprecated in favor of `lints.rust.rust_2021_compatibility` and will not work in a future edition
[INFO] [stderr] warning: Cargo.toml: `lints.rust.rust-2024-compatibility` is deprecated in favor of `lints.rust.rust_2024_compatibility` and will not work in a future edition
[INFO] [stderr] warning: `rigs` (manifest) generated 3 warnings
[INFO] [stderr]    Compiling tracing-core v0.1.33
[INFO] [stderr]    Compiling tokio-macros v2.5.0
[INFO] [stderr]    Compiling log v0.4.27
[INFO] [stderr]    Compiling mockall_derive v0.13.1
[INFO] [stderr]    Compiling predicates-core v1.0.9
[INFO] [stderr]    Compiling regex-syntax v0.8.5
[INFO] [stderr]    Compiling regex-automata v0.1.10
[INFO] [stderr]    Compiling termtree v0.5.1
[INFO] [stderr]    Compiling anstyle v1.0.10
[INFO] [stderr]    Compiling overload v0.1.1
[INFO] [stderr]    Compiling anyhow v1.0.97
[INFO] [stderr]    Compiling thread_local v1.1.8
[INFO] [stderr]    Compiling fragile v2.0.1
[INFO] [stderr]    Compiling downcast v0.11.0
[INFO] [stderr]    Compiling dotenv v0.15.0
[INFO] [stderr]    Compiling nu-ansi-term v0.46.0
[INFO] [stderr]    Compiling predicates-tree v1.0.12
[INFO] [stderr]    Compiling native-tls v0.2.14
[INFO] [stderr]    Compiling tokio v1.44.1
[INFO] [stderr]    Compiling predicates v3.1.3
[INFO] [stderr]    Compiling tracing v0.1.41
[INFO] [stderr]    Compiling tracing-log v0.2.0
[INFO] [stderr]    Compiling matchers v0.1.0
[INFO] [stderr]    Compiling regex-automata v0.4.9
[INFO] [stderr]    Compiling mockall v0.13.1
[INFO] [stderr]    Compiling regex v1.11.1
[INFO] [stderr]    Compiling tracing-subscriber v0.3.19
[INFO] [stderr]    Compiling tokio-util v0.7.14
[INFO] [stderr]    Compiling tokio-native-tls v0.3.1
[INFO] [stderr]    Compiling tower v0.5.2
[INFO] [stderr]    Compiling h2 v0.4.8
[INFO] [stderr]    Compiling hyper v1.6.0
[INFO] [stderr]    Compiling hyper-util v0.1.11
[INFO] [stderr]    Compiling hyper-tls v0.6.0
[INFO] [stderr]    Compiling reqwest v0.12.15
[INFO] [stderr]    Compiling rig-core v0.11.0
[INFO] [stderr]    Compiling rigs v0.0.8 (/opt/rustwide/workdir)
[INFO] [stdout] warning: struct `ExampleStructParameterToHaveADescription` is never constructed
[INFO] [stdout]    --> examples/tool.rs:125:8
[INFO] [stdout]     |
[INFO] [stdout] 125 | struct ExampleStructParameterToHaveADescription {
[INFO] [stdout]     |        ^^^^^^^^^^^^^^^^^^^^^^^^^^^^^^^^^^^^^^^^
[INFO] [stdout]     |
[INFO] [stdout]     = note: `#[warn(dead_code)]` (part of `#[warn(unused)]`) on by default
[INFO] [stdout] 
[INFO] [stdout] 
[INFO] [stdout] warning: struct `ThirdField` is never constructed
[INFO] [stdout]    --> examples/tool.rs:135:8
[INFO] [stdout]     |
[INFO] [stdout] 135 | struct ThirdField {
[INFO] [stdout]     |        ^^^^^^^^^^
[INFO] [stdout] 
[INFO] [stdout] 
[INFO] [stderr]     Finished `release` profile [optimized] target(s) in 1m 39s
[INFO] running `Command { std: "docker" "inspect" "9f63d67325afa9c5a4df042a3b4eb0e2fe1dc82a4477135a40da87e82642e473", kill_on_drop: false }`
[INFO] running `Command { std: "docker" "exec" "-e" "SOURCE_DIR=/opt/rustwide/workdir" "-e" "CARGO_HOME=/opt/rustwide/cargo-home" "-e" "RUSTUP_HOME=/opt/rustwide/rustup-home" "-e" "CARGO_TARGET_DIR=/opt/rustwide/target" "-e" "CARGO_INCREMENTAL=0" "-e" "RUST_BACKTRACE=full" "-e" "RUSTFLAGS=--cap-lints=warn" "-e" "RUSTDOCFLAGS=--cap-lints=warn" "-w" "/opt/rustwide/workdir" "--user" "0:0" "9f63d67325afa9c5a4df042a3b4eb0e2fe1dc82a4477135a40da87e82642e473" "/opt/rustwide/cargo-home/bin/cargo" "+1.99.0-beta.8" "test" "--frozen" "--release", kill_on_drop: false }`
[INFO] [stderr] warning: Cargo.toml: `lints.rust.rust-2018-idioms` is deprecated in favor of `lints.rust.rust_2018_idioms` and will not work in a future edition
[INFO] [stderr] warning: Cargo.toml: `lints.rust.rust-2021-compatibility` is deprecated in favor of `lints.rust.rust_2021_compatibility` and will not work in a future edition
[INFO] [stderr] warning: Cargo.toml: `lints.rust.rust-2024-compatibility` is deprecated in favor of `lints.rust.rust_2024_compatibility` and will not work in a future edition
[INFO] [stderr] warning: `rigs` (manifest) generated 3 warnings
[INFO] [stderr] warning: struct `ExampleStructParameterToHaveADescription` is never constructed
[INFO] [stderr]    --> examples/tool.rs:125:8
[INFO] [stderr]     |
[INFO] [stderr] 125 | struct ExampleStructParameterToHaveADescription {
[INFO] [stderr]     |        ^^^^^^^^^^^^^^^^^^^^^^^^^^^^^^^^^^^^^^^^
[INFO] [stderr]     |
[INFO] [stderr]     = note: `#[warn(dead_code)]` (part of `#[warn(unused)]`) on by default
[INFO] [stderr] 
[INFO] [stderr] warning: struct `ThirdField` is never constructed
[INFO] [stderr]    --> examples/tool.rs:135:8
[INFO] [stderr]     |
[INFO] [stderr] 135 | struct ThirdField {
[INFO] [stderr]     |        ^^^^^^^^^^
[INFO] [stderr] 
[INFO] [stderr] warning: `rigs` (example "tool") generated 2 warnings
[INFO] [stderr]     Finished `release` profile [optimized] target(s) in 0.22s
[INFO] [stderr]      Running unittests src/lib.rs (/opt/rustwide/target/release/deps/rigs-4717b9e35eb47c93)
[INFO] [stdout] 
[INFO] [stdout] running 30 tests
[INFO] [stdout] test graph_workflow::tests::test_agent_disconnection_failure ... ok
[INFO] [stdout] test graph_workflow::tests::test_agent_connection ... ok
[INFO] [stdout] test graph_workflow::tests::test_agent_removal_nonexistent ... ok
[INFO] [stdout] test graph_workflow::tests::test_caching_execution_results ... ok
[INFO] [stdout] test graph_workflow::tests::test_dag_creation ... ok
[INFO] [stdout] test graph_workflow::tests::test_detect_potential_deadlocks ... ok
[INFO] [stdout] test graph_workflow::tests::test_agent_registration ... ok
[INFO] [stdout] test graph_workflow::tests::test_execute_node_result_caching ... ok
[INFO] [stdout] test graph_workflow::tests::test_execute_single_agent ... ok
[INFO] [stdout] test graph_workflow::tests::test_cycle_detection ... ok
[INFO] [stdout] test graph_workflow::tests::test_execute_workflow_branching ... ok
[INFO] [stdout] test graph_workflow::tests::test_execute_workflow_linear ... ok
[INFO] [stdout] test graph_workflow::tests::test_execute_single_agent_failure ... ok
[INFO] [stdout] test graph_workflow::tests::test_agent_disconnection ... ok
[INFO] [stdout] test graph_workflow::tests::test_execute_workflow_with_condition_true ... ok
[INFO] [stdout] test graph_workflow::tests::test_find_execution_paths ... ok
[INFO] [stdout] test graph_workflow::tests::test_converging_multiple_starts ... FAILED
[INFO] [stdout] test graph_workflow::tests::test_export_workflow_dot ... ok
[INFO] [stdout] test graph_workflow::tests::test_find_execution_paths_start_agent_not_found ... ok
[INFO] [stdout] test graph_workflow::tests::test_execute_workflow_with_condition_false ... ok
[INFO] [stdout] test graph_workflow::tests::test_get_workflow_structure ... ok
[INFO] [stdout] test graph_workflow::tests::test_independent_multiple_starts ... ok
[INFO] [stdout] test graph_workflow::tests::test_workflow_execution_start_agent_not_found ... ok
[INFO] [stdout] test graph_workflow::tests::test_workflow_execution_with_failing_agent ... ok
[INFO] [stdout] test graph_workflow::tests::test_find_execution_paths_diamond_pattern ... ok
[INFO] [stdout] test graph_workflow::tests::test_execute_workflow_with_transformation ... ok
[INFO] [stdout] test graph_workflow::tests::test_agent_removal ... ok
[INFO] [stdout] test graph_workflow::tests::test_agent_connection_failure_nonexistent_agent ... ok
[INFO] [stdout] test graph_workflow::tests::test_execute_single_agent_not_found ... ok
[INFO] [stdout] test graph_workflow::tests::test_conditional_branches ... FAILED
[INFO] [stdout] 
[INFO] [stdout] failures:
[INFO] [stdout] 
[INFO] [stdout] ---- graph_workflow::tests::test_converging_multiple_starts stdout ----
[INFO] [stdout] 
[INFO] [stdout] thread 'graph_workflow::tests::test_converging_multiple_starts' (3691) panicked at src/graph_workflow.rs:1251:9:
[INFO] [stdout] assertion failed: last_result.as_ref().unwrap().as_ref().unwrap().contains("A_result")
[INFO] [stdout] stack backtrace:
[INFO] [stdout]    0:     0x61d24412e081 - <<std[70759c8f55707aa4]::sys::backtrace::BacktraceLock>::print::DisplayBacktrace as core[df12db4294e9bfd3]::fmt::Display>::fmt
[INFO] [stdout]    1:     0x61d24414274a - core[df12db4294e9bfd3]::fmt::write
[INFO] [stdout]    2:     0x61d2441326dc - <alloc[2182bb758b4b3781]::vec::Vec<u8> as core[df12db4294e9bfd3]::io::write::Write>::write_fmt
[INFO] [stdout]    3:     0x61d244109f36 - std[70759c8f55707aa4]::panicking::default_hook::{closure#0}
[INFO] [stdout]    4:     0x61d244126439 - std[70759c8f55707aa4]::panicking::default_hook
[INFO] [stdout]    5:     0x61d2440a2400 - test[9d35eded1c95d3be]::test_main_inner::<test[9d35eded1c95d3be]::test_main_static::{closure#0}>::{closure#0}
[INFO] [stdout]    6:     0x61d244126762 - std[70759c8f55707aa4]::panicking::panic_with_hook
[INFO] [stdout]    7:     0x61d24410a014 - std[70759c8f55707aa4]::panicking::panic_handler::{closure#0}
[INFO] [stdout]    8:     0x61d244102d39 - std[70759c8f55707aa4]::sys::backtrace::__rust_end_short_backtrace::<std[70759c8f55707aa4]::panicking::panic_handler::{closure#0}, !>
[INFO] [stdout]    9:     0x61d24410abdd - __rustc[8fa7c3cbc660c2b3]::rust_begin_unwind
[INFO] [stdout]   10:     0x61d244142eac - core[df12db4294e9bfd3]::panicking::panic_fmt
[INFO] [stdout]   11:     0x61d244142e72 - core[df12db4294e9bfd3]::panicking::panic
[INFO] [stdout]   12:     0x61d24405cfd2 - rigs[255bd817cd37cb8a]::graph_workflow::tests::test_converging_multiple_starts::{closure#0}
[INFO] [stdout]   13:     0x61d244092433 - <tokio[cad89b4b9b4274c9]::runtime::scheduler::current_thread::Context>::enter::<core[df12db4294e9bfd3]::task::poll::Poll<()>, <tokio[cad89b4b9b4274c9]::runtime::scheduler::current_thread::CoreGuard>::block_on<core[df12db4294e9bfd3]::pin::Pin<&mut core[df12db4294e9bfd3]::pin::Pin<&mut dyn core[df12db4294e9bfd3]::future::future::Future<Output = ()>>>>::{closure#0}::{closure#0}>
[INFO] [stdout]   14:     0x61d24408ede2 - <tokio[cad89b4b9b4274c9]::runtime::context::scoped::Scoped<tokio[cad89b4b9b4274c9]::runtime::scheduler::Context>>::set::<<tokio[cad89b4b9b4274c9]::runtime::scheduler::current_thread::CoreGuard>::enter<<tokio[cad89b4b9b4274c9]::runtime::scheduler::current_thread::CoreGuard>::block_on<core[df12db4294e9bfd3]::pin::Pin<&mut core[df12db4294e9bfd3]::pin::Pin<&mut dyn core[df12db4294e9bfd3]::future::future::Future<Output = ()>>>>::{closure#0}, core[df12db4294e9bfd3]::option::Option<()>>::{closure#0}, (alloc[2182bb758b4b3781]::boxed::Box<tokio[cad89b4b9b4274c9]::runtime::scheduler::current_thread::Core>, core[df12db4294e9bfd3]::option::Option<()>)>
[INFO] [stdout]   15:     0x61d244092787 - <tokio[cad89b4b9b4274c9]::runtime::scheduler::current_thread::CoreGuard>::block_on::<core[df12db4294e9bfd3]::pin::Pin<&mut core[df12db4294e9bfd3]::pin::Pin<&mut dyn core[df12db4294e9bfd3]::future::future::Future<Output = ()>>>>
[INFO] [stdout]   16:     0x61d244082450 - tokio[cad89b4b9b4274c9]::runtime::context::runtime::enter_runtime::<<tokio[cad89b4b9b4274c9]::runtime::scheduler::current_thread::CurrentThread>::block_on<core[df12db4294e9bfd3]::pin::Pin<&mut dyn core[df12db4294e9bfd3]::future::future::Future<Output = ()>>>::{closure#0}, ()>
[INFO] [stdout]   17:     0x61d244092315 - <tokio[cad89b4b9b4274c9]::runtime::runtime::Runtime>::block_on::<core[df12db4294e9bfd3]::pin::Pin<&mut dyn core[df12db4294e9bfd3]::future::future::Future<Output = ()>>>
[INFO] [stdout]   18:     0x61d24406688b - rigs[255bd817cd37cb8a]::graph_workflow::tests::test_converging_multiple_starts
[INFO] [stdout]   19:     0x61d244087709 - <rigs[255bd817cd37cb8a]::graph_workflow::tests::test_converging_multiple_starts::{closure#0} as core[df12db4294e9bfd3]::ops::function::FnOnce<()>>::call_once
[INFO] [stdout]   20:     0x61d2440956eb - test[9d35eded1c95d3be]::__rust_begin_short_backtrace::<core[df12db4294e9bfd3]::result::Result<(), alloc[2182bb758b4b3781]::string::String>, fn() -> core[df12db4294e9bfd3]::result::Result<(), alloc[2182bb758b4b3781]::string::String>>
[INFO] [stdout]   21:     0x61d2440a2d55 - test[9d35eded1c95d3be]::run_test::{closure#0}
[INFO] [stdout]   22:     0x61d24409c614 - std[70759c8f55707aa4]::sys::backtrace::__rust_begin_short_backtrace::<test[9d35eded1c95d3be]::run_test::{closure#1}, ()>
[INFO] [stdout]   23:     0x61d2440a5eb2 - <std[70759c8f55707aa4]::thread::lifecycle::spawn_unchecked<test[9d35eded1c95d3be]::run_test::{closure#1}, ()>::{closure#1} as core[df12db4294e9bfd3]::ops::function::FnOnce<()>>::call_once::{shim:vtable#0}
[INFO] [stdout]   24:     0x61d24412d919 - <std[70759c8f55707aa4]::sys::thread::unix::Thread>::new::thread_start
[INFO] [stdout]   25:     0x7d77d9966dfa - <unknown>
[INFO] [stdout]   26:     0x7d77d99fa3d4 - clone
[INFO] [stdout]   27:                0x0 - <unknown>
[INFO] [stdout] 
[INFO] [stdout] ---- graph_workflow::tests::test_conditional_branches stdout ----
[INFO] [stdout] 
[INFO] [stdout] thread 'graph_workflow::tests::test_conditional_branches' (3690) panicked at src/graph_workflow.rs:1292:9:
[INFO] [stdout] assertion failed: results.get("B").is_none()
[INFO] [stdout] stack backtrace:
[INFO] [stdout]    0:     0x61d24412e081 - <<std[70759c8f55707aa4]::sys::backtrace::BacktraceLock>::print::DisplayBacktrace as core[df12db4294e9bfd3]::fmt::Display>::fmt
[INFO] [stdout]    1:     0x61d24414274a - core[df12db4294e9bfd3]::fmt::write
[INFO] [stdout]    2:     0x61d2441326dc - <alloc[2182bb758b4b3781]::vec::Vec<u8> as core[df12db4294e9bfd3]::io::write::Write>::write_fmt
[INFO] [stdout]    3:     0x61d244109f36 - std[70759c8f55707aa4]::panicking::default_hook::{closure#0}
[INFO] [stdout]    4:     0x61d244126439 - std[70759c8f55707aa4]::panicking::default_hook
[INFO] [stdout]    5:     0x61d2440a2400 - test[9d35eded1c95d3be]::test_main_inner::<test[9d35eded1c95d3be]::test_main_static::{closure#0}>::{closure#0}
[INFO] [stdout]    6:     0x61d244126762 - std[70759c8f55707aa4]::panicking::panic_with_hook
[INFO] [stdout]    7:     0x61d24410a014 - std[70759c8f55707aa4]::panicking::panic_handler::{closure#0}
[INFO] [stdout]    8:     0x61d244102d39 - std[70759c8f55707aa4]::sys::backtrace::__rust_end_short_backtrace::<std[70759c8f55707aa4]::panicking::panic_handler::{closure#0}, !>
[INFO] [stdout]    9:     0x61d24410abdd - __rustc[8fa7c3cbc660c2b3]::rust_begin_unwind
[INFO] [stdout]   10:     0x61d244142eac - core[df12db4294e9bfd3]::panicking::panic_fmt
[INFO] [stdout]   11:     0x61d244142e72 - core[df12db4294e9bfd3]::panicking::panic
[INFO] [stdout]   12:     0x61d24405ad31 - rigs[255bd817cd37cb8a]::graph_workflow::tests::test_conditional_branches::{closure#0}
[INFO] [stdout]   13:     0x61d244092433 - <tokio[cad89b4b9b4274c9]::runtime::scheduler::current_thread::Context>::enter::<core[df12db4294e9bfd3]::task::poll::Poll<()>, <tokio[cad89b4b9b4274c9]::runtime::scheduler::current_thread::CoreGuard>::block_on<core[df12db4294e9bfd3]::pin::Pin<&mut core[df12db4294e9bfd3]::pin::Pin<&mut dyn core[df12db4294e9bfd3]::future::future::Future<Output = ()>>>>::{closure#0}::{closure#0}>
[INFO] [stdout]   14:     0x61d24408ede2 - <tokio[cad89b4b9b4274c9]::runtime::context::scoped::Scoped<tokio[cad89b4b9b4274c9]::runtime::scheduler::Context>>::set::<<tokio[cad89b4b9b4274c9]::runtime::scheduler::current_thread::CoreGuard>::enter<<tokio[cad89b4b9b4274c9]::runtime::scheduler::current_thread::CoreGuard>::block_on<core[df12db4294e9bfd3]::pin::Pin<&mut core[df12db4294e9bfd3]::pin::Pin<&mut dyn core[df12db4294e9bfd3]::future::future::Future<Output = ()>>>>::{closure#0}, core[df12db4294e9bfd3]::option::Option<()>>::{closure#0}, (alloc[2182bb758b4b3781]::boxed::Box<tokio[cad89b4b9b4274c9]::runtime::scheduler::current_thread::Core>, core[df12db4294e9bfd3]::option::Option<()>)>
[INFO] [stdout]   15:     0x61d244092787 - <tokio[cad89b4b9b4274c9]::runtime::scheduler::current_thread::CoreGuard>::block_on::<core[df12db4294e9bfd3]::pin::Pin<&mut core[df12db4294e9bfd3]::pin::Pin<&mut dyn core[df12db4294e9bfd3]::future::future::Future<Output = ()>>>>
[INFO] [stdout]   16:     0x61d244082450 - tokio[cad89b4b9b4274c9]::runtime::context::runtime::enter_runtime::<<tokio[cad89b4b9b4274c9]::runtime::scheduler::current_thread::CurrentThread>::block_on<core[df12db4294e9bfd3]::pin::Pin<&mut dyn core[df12db4294e9bfd3]::future::future::Future<Output = ()>>>::{closure#0}, ()>
[INFO] [stdout]   17:     0x61d244092315 - <tokio[cad89b4b9b4274c9]::runtime::runtime::Runtime>::block_on::<core[df12db4294e9bfd3]::pin::Pin<&mut dyn core[df12db4294e9bfd3]::future::future::Future<Output = ()>>>
[INFO] [stdout]   18:     0x61d24406480b - rigs[255bd817cd37cb8a]::graph_workflow::tests::test_conditional_branches
[INFO] [stdout]   19:     0x61d244087629 - <rigs[255bd817cd37cb8a]::graph_workflow::tests::test_conditional_branches::{closure#0} as core[df12db4294e9bfd3]::ops::function::FnOnce<()>>::call_once
[INFO] [stdout]   20:     0x61d2440956eb - test[9d35eded1c95d3be]::__rust_begin_short_backtrace::<core[df12db4294e9bfd3]::result::Result<(), alloc[2182bb758b4b3781]::string::String>, fn() -> core[df12db4294e9bfd3]::result::Result<(), alloc[2182bb758b4b3781]::string::String>>
[INFO] [stdout]   21:     0x61d2440a2d55 - test[9d35eded1c95d3be]::run_test::{closure#0}
[INFO] [stdout]   22:     0x61d24409c614 - std[70759c8f55707aa4]::sys::backtrace::__rust_begin_short_backtrace::<test[9d35eded1c95d3be]::run_test::{closure#1}, ()>
[INFO] [stdout]   23:     0x61d2440a5eb2 - <std[70759c8f55707aa4]::thread::lifecycle::spawn_unchecked<test[9d35eded1c95d3be]::run_test::{closure#1}, ()>::{closure#1} as core[df12db4294e9bfd3]::ops::function::FnOnce<()>>::call_once::{shim:vtable#0}
[INFO] [stdout]   24:     0x61d24412d919 - <std[70759c8f55707aa4]::sys::thread::unix::Thread>::new::thread_start
[INFO] [stdout]   25:     0x7d77d9966dfa - <unknown>
[INFO] [stdout]   26:     0x7d77d99fa3d4 - clone
[INFO] [stdout]   27:                0x0 - <unknown>
[INFO] [stdout] 
[INFO] [stdout] 
[INFO] [stdout] failures:
[INFO] [stdout]     graph_workflow::tests::test_conditional_branches
[INFO] [stdout]     graph_workflow::tests::test_converging_multiple_starts
[INFO] [stdout] 
[INFO] [stdout] test result: FAILED. 28 passed; 2 failed; 0 ignored; 0 measured; 0 filtered out; finished in 0.02s
[INFO] [stdout] 
[INFO] [stderr] error: test failed, to rerun pass `--lib`
[INFO] running `Command { std: "docker" "inspect" "9f63d67325afa9c5a4df042a3b4eb0e2fe1dc82a4477135a40da87e82642e473", kill_on_drop: false }`
[INFO] running `Command { std: "docker" "rm" "-f" "9f63d67325afa9c5a4df042a3b4eb0e2fe1dc82a4477135a40da87e82642e473", kill_on_drop: false }`
[INFO] [stdout] 9f63d67325afa9c5a4df042a3b4eb0e2fe1dc82a4477135a40da87e82642e473
