[INFO] fetching crate rightkit-speech-client 0.3.5...
[INFO] testing rightkit-speech-client-0.3.5 against 1.100.0-beta.1+cargoflags=--release for beta-release-1.100-2
[INFO] extracting crate rightkit-speech-client 0.3.5 into /workspace/builds/worker-6-tc2/source
[INFO] started tweaking crates.io crate rightkit-speech-client 0.3.5
[INFO] removed 0 missing tests
[INFO] finished tweaking crates.io crate rightkit-speech-client 0.3.5
[INFO] tweaked toml for crates.io crate rightkit-speech-client 0.3.5 written to /workspace/builds/worker-6-tc2/source/Cargo.toml
[INFO] validating manifest of crates.io crate rightkit-speech-client 0.3.5 on toolchain 1.100.0-beta.1
[INFO] running `Command { std: CARGO_HOME="/workspace/cargo-home" RUSTUP_HOME="/workspace/rustup-home" "/workspace/cargo-home/bin/cargo" "+1.100.0-beta.1" "metadata" "--manifest-path" "Cargo.toml" "--no-deps", kill_on_drop: false }`
[INFO] crate crates.io crate rightkit-speech-client 0.3.5 already has a lockfile, it will not be regenerated
[INFO] running `Command { std: CARGO_HOME="/workspace/cargo-home" RUSTUP_HOME="/workspace/rustup-home" "/workspace/cargo-home/bin/cargo" "+1.100.0-beta.1" "fetch" "--manifest-path" "Cargo.toml", kill_on_drop: false }`
[INFO] running `Command { std: "docker" "create" "-v" "/var/lib/crater-agent-workspace/builds/worker-6-tc2/source:/opt/rustwide/workdir:ro,Z" "-v" "/var/lib/crater-agent-workspace/builds/worker-6-tc2/target:/opt/rustwide/target:rw,Z" "-v" "/var/lib/crater-agent-workspace/cargo-home:/opt/rustwide/cargo-home:ro,Z" "-v" "/var/lib/crater-agent-workspace/rustup-home:/opt/rustwide/rustup-home:ro,Z" "-m" "1610612736" "--network" "none" "ghcr.io/rust-lang/crates-build-env/linux@sha256:77db811e55d90add9212f6832c23229e3de5f1c1f9905e8cb07319ea15df73ac" "sleep" "infinity", kill_on_drop: false }`
[INFO] [stdout] 5e7e28eca578b6f771ded2dfbd1745cd0cc6fc5ce93101dc71a7fe29bd9199a9
[INFO] running `Command { std: "docker" "start" "5e7e28eca578b6f771ded2dfbd1745cd0cc6fc5ce93101dc71a7fe29bd9199a9", kill_on_drop: false }`
[INFO] running `Command { std: "docker" "inspect" "5e7e28eca578b6f771ded2dfbd1745cd0cc6fc5ce93101dc71a7fe29bd9199a9", kill_on_drop: false }`
[INFO] running `Command { std: "docker" "exec" "-e" "SOURCE_DIR=/opt/rustwide/workdir" "-e" "CARGO_HOME=/opt/rustwide/cargo-home" "-e" "RUSTUP_HOME=/opt/rustwide/rustup-home" "-e" "CARGO_TARGET_DIR=/opt/rustwide/target" "-w" "/opt/rustwide/workdir" "--user" "0:0" "5e7e28eca578b6f771ded2dfbd1745cd0cc6fc5ce93101dc71a7fe29bd9199a9" "/opt/rustwide/cargo-home/bin/cargo" "+1.100.0-beta.1" "metadata" "--no-deps" "--format-version=1", kill_on_drop: false }`
[INFO] running `Command { std: "docker" "inspect" "5e7e28eca578b6f771ded2dfbd1745cd0cc6fc5ce93101dc71a7fe29bd9199a9", kill_on_drop: false }`
[INFO] running `Command { std: "docker" "exec" "-e" "SOURCE_DIR=/opt/rustwide/workdir" "-e" "CARGO_HOME=/opt/rustwide/cargo-home" "-e" "RUSTUP_HOME=/opt/rustwide/rustup-home" "-e" "CARGO_TARGET_DIR=/opt/rustwide/target" "-e" "CARGO_INCREMENTAL=0" "-e" "RUST_BACKTRACE=full" "-e" "RUSTFLAGS=--cap-lints=warn" "-e" "RUSTDOCFLAGS=--cap-lints=warn" "-w" "/opt/rustwide/workdir" "--user" "0:0" "5e7e28eca578b6f771ded2dfbd1745cd0cc6fc5ce93101dc71a7fe29bd9199a9" "/opt/rustwide/cargo-home/bin/cargo" "+1.100.0-beta.1" "build" "--frozen" "--message-format=json" "--release", kill_on_drop: false }`
[INFO] [stderr]    Compiling quote v1.0.46
[INFO] [stderr]    Compiling serde_json v1.0.150
[INFO] [stderr]    Compiling rightkit-child-process v0.4.0
[INFO] [stderr]    Compiling syn v3.0.6
[INFO] [stderr]    Compiling syn v2.0.118
[INFO] [stderr]    Compiling serde_derive v1.0.228
[INFO] [stderr]    Compiling thiserror-impl v2.0.21
[INFO] [stderr]    Compiling thiserror v2.0.21
[INFO] [stderr]    Compiling rightkit-fs v0.4.0
[INFO] [stderr]    Compiling serde v1.0.228
[INFO] [stderr]    Compiling rightkit-sidecar v0.2.0
[INFO] [stderr]    Compiling rightkit-transcript v0.3.0
[INFO] [stderr]    Compiling rightkit-daemon v0.2.1
[INFO] [stderr]    Compiling rightkit-speech-client v0.3.5 (/opt/rustwide/workdir)
[INFO] [stderr]     Finished `release` profile [optimized] target(s) in 18.61s
[INFO] running `Command { std: "docker" "inspect" "5e7e28eca578b6f771ded2dfbd1745cd0cc6fc5ce93101dc71a7fe29bd9199a9", kill_on_drop: false }`
[INFO] running `Command { std: "docker" "exec" "-e" "SOURCE_DIR=/opt/rustwide/workdir" "-e" "CARGO_HOME=/opt/rustwide/cargo-home" "-e" "RUSTUP_HOME=/opt/rustwide/rustup-home" "-e" "CARGO_TARGET_DIR=/opt/rustwide/target" "-e" "CARGO_INCREMENTAL=0" "-e" "RUST_BACKTRACE=full" "-e" "RUSTFLAGS=--cap-lints=warn" "-e" "RUSTDOCFLAGS=--cap-lints=warn" "-w" "/opt/rustwide/workdir" "--user" "0:0" "5e7e28eca578b6f771ded2dfbd1745cd0cc6fc5ce93101dc71a7fe29bd9199a9" "/opt/rustwide/cargo-home/bin/cargo" "+1.100.0-beta.1" "test" "--frozen" "--no-run" "--message-format=json" "--release", kill_on_drop: false }`
[INFO] [stderr]    Compiling bitflags v2.13.0
[INFO] [stderr]    Compiling rustix v1.1.4
[INFO] [stderr]    Compiling tempfile v3.27.0
[INFO] [stderr]    Compiling rightkit-speech-client v0.3.5 (/opt/rustwide/workdir)
[INFO] [stderr]     Finished `release` profile [optimized] target(s) in 10.17s
[INFO] running `Command { std: "docker" "inspect" "5e7e28eca578b6f771ded2dfbd1745cd0cc6fc5ce93101dc71a7fe29bd9199a9", kill_on_drop: false }`
[INFO] running `Command { std: "docker" "exec" "-e" "SOURCE_DIR=/opt/rustwide/workdir" "-e" "CARGO_HOME=/opt/rustwide/cargo-home" "-e" "RUSTUP_HOME=/opt/rustwide/rustup-home" "-e" "CARGO_TARGET_DIR=/opt/rustwide/target" "-e" "CARGO_INCREMENTAL=0" "-e" "RUST_BACKTRACE=full" "-e" "RUSTFLAGS=--cap-lints=warn" "-e" "RUSTDOCFLAGS=--cap-lints=warn" "-w" "/opt/rustwide/workdir" "--user" "0:0" "5e7e28eca578b6f771ded2dfbd1745cd0cc6fc5ce93101dc71a7fe29bd9199a9" "/opt/rustwide/cargo-home/bin/cargo" "+1.100.0-beta.1" "test" "--frozen" "--release", kill_on_drop: false }`
[INFO] [stderr]     Finished `release` profile [optimized] target(s) in 0.05s
[INFO] [stderr]      Running unittests src/lib.rs (/opt/rustwide/target/release/build/rightkit-speech-client/60b0273e0510f2bb/out/rightkit_speech_client-60b0273e0510f2bb)
[INFO] [stdout] 
[INFO] [stdout] running 12 tests
[INFO] [stdout] test stage::tests::macos_rule_refuses_volumes_and_accepts_home_and_temp ... ok
[INFO] [stdout] test stage::tests::always_stages_a_host_readable_path ... ok
[INFO] [stdout] test stage::tests::auto_stages_a_path_outside_home_and_temp_and_removes_the_copy_after_success ... ok
[INFO] [stdout] test stage::tests::only_the_host_read_denial_texts_count_as_unreadable ... ok
[INFO] [stdout] test stage::tests::never_submits_the_original_path_even_outside_home_and_temp ... ok
[INFO] [stdout] test stage::tests::staged_copy_is_removed_after_a_service_error ... ok
[INFO] [stdout] test stage::tests::unreadable_host_error_maps_to_input_unreadable_with_the_caller_path ... ok
[INFO] [stdout] test stage::tests::classification_follows_home_and_temp_for_an_unrecognised_platform ... ok
[INFO] [stdout] test stage::tests::over_limit_refuses_with_a_typed_error_and_stages_nothing ... ok
[INFO] [stdout] test stage::tests::staging_directory_and_copy_are_owner_only_and_removed_on_drop ... ok
[INFO] [stdout] test stage::tests::staged_copy_is_removed_after_cancel ... ok
[INFO] [stdout] test stage::tests::auto_submits_a_host_readable_path_unchanged ... ok
[INFO] [stdout] 
[INFO] [stdout] test result: ok. 12 passed; 0 failed; 0 ignored; 0 measured; 0 filtered out; finished in 0.02s
[INFO] [stdout] 
[INFO] [stderr]      Running tests/contract.rs (/opt/rustwide/target/release/build/rightkit-speech-client/bc12c17788ae8931/out/contract-bc12c17788ae8931)
[INFO] [stdout] 
[INFO] [stdout] running 5 tests
[INFO] [stdout] test role_wire_names_round_trip_and_rank_orders_takeover ... ok
[INFO] [stdout] test plan_host_with_no_live_host_self_hosts_and_takeover_needs_a_lower_ranked_other_pid ... ok
[INFO] [stdout] test verbatim_round_trips_through_the_request_and_capabilities ... ok
[INFO] [stdout] test engine_selector_serializes_as_wire_string_and_normalizes_input ... ok
[INFO] [stdout] test service_record_and_takeover_request_round_trip_through_json ... ok
[INFO] [stdout] 
[INFO] [stdout] test result: ok. 5 passed; 0 failed; 0 ignored; 0 measured; 0 filtered out; finished in 0.00s
[INFO] [stdout] 
[INFO] [stderr]      Running tests/e2e.rs (/opt/rustwide/target/release/build/rightkit-speech-client/f7998b2723c7fda9/out/e2e-f7998b2723c7fda9)
[INFO] [stdout] 
[INFO] [stdout] running 19 tests
[INFO] [stdout] test frames_match_heardright_v1_fixtures_exactly ... FAILED
[INFO] [stdout] test dictation_pause_with_progress_frames_outlives_the_stall_timeout ... FAILED
[INFO] [stdout] test pre_queue_hosts_keep_the_stall_timeout_and_refuse_status ... FAILED
[INFO] [stdout] test stall_timeout_fires_on_silence_and_the_host_sees_the_disconnect ... FAILED
[INFO] [stdout] test queue_host_reports_position_reason_and_running_with_no_stall_timeout ... FAILED
[INFO] [stdout] test allowlist_rejection_and_connection_survives ... FAILED
[INFO] [stdout] test minor1_host_reports_engines_and_honours_selection ... FAILED
[INFO] [stdout] test dictation_pause_on_a_v1_host_is_silent_so_a_short_stall_timeout_fires ... FAILED
[INFO] [stdout] test windows_pipe_name_is_heardright_fnv1a_of_the_lowercased_slashed_root ... ok
[INFO] [stdout] test host_handoff_error_is_retried_and_reaches_the_result ... FAILED
[INFO] [stdout] test newer_protocol_major_is_refused_before_connecting ... ok
[INFO] [stdout] test unchanged_v1_host_transcribes_and_never_sees_minor1_fields ... FAILED
[INFO] [stdout] test discovery_staleness_planning_and_installed_engine ... FAILED
[INFO] [stdout] test verbatim_is_sent_only_to_a_host_that_advertises_it ... FAILED
[INFO] [stdout] test takeover_by_outranking_host_hands_off_in_flight_job_and_client_follows ... FAILED
[INFO] [stdout] test cancel_closes_the_connection_and_returns_cancelled ... FAILED
[INFO] [stdout] test queue_client_resubmits_the_same_job_to_the_next_host_when_the_host_dies ... FAILED
[INFO] [stdout] test rightkit_daemon_host_publishes_a_record_heardright_clients_parse_and_yields_to_heardright_takeovers ... ok
[INFO] [stdout] test rightkit_daemon_host_ignores_lower_and_unknown_roles_but_yields_to_an_outranking_known_one ... ok
[INFO] [stdout] 
[INFO] [stdout] failures:
[INFO] [stdout] 
[INFO] [stdout] ---- frames_match_heardright_v1_fixtures_exactly stdout ----
[INFO] [stdout] 
[INFO] [stdout] thread 'frames_match_heardright_v1_fixtures_exactly' (769) panicked at tests/e2e.rs:109:6:
[INFO] [stdout] called `Result::unwrap()` on an `Err` value: Os { code: 2, kind: NotFound, message: "No such file or directory" }
[INFO] [stdout] stack backtrace:
[INFO] [stdout]    0:     0x56b728fe4281 - <<std[617be2ca0a6fd877]::sys::backtrace::BacktraceLock>::print::DisplayBacktrace as core[a373ad73a504971]::fmt::Display>::fmt
[INFO] [stdout]    1:     0x56b728ffb52a - core[a373ad73a504971]::fmt::write
[INFO] [stdout]    2:     0x56b728fe8a6c - <alloc[2e1b2a31b91974c5]::vec::Vec<u8> as core[a373ad73a504971]::io::write::Write>::write_fmt
[INFO] [stdout]    3:     0x56b728fbc846 - std[617be2ca0a6fd877]::panicking::default_hook::{closure#0}
[INFO] [stdout]    4:     0x56b728fda8c9 - std[617be2ca0a6fd877]::panicking::default_hook
[INFO] [stdout]    5:     0x56b728f10470 - test[aada8e7e76ba119b]::test_main_inner::{closure#0}
[INFO] [stdout]    6:     0x56b728fdabf2 - std[617be2ca0a6fd877]::panicking::panic_with_hook
[INFO] [stdout]    7:     0x56b728fbc8f2 - std[617be2ca0a6fd877]::panicking::panic_handler::{closure#0}
[INFO] [stdout]    8:     0x56b728fb5119 - std[617be2ca0a6fd877]::sys::backtrace::__rust_end_short_backtrace::<std[617be2ca0a6fd877]::panicking::panic_handler::{closure#0}, !>
[INFO] [stdout]    9:     0x56b728fbd79d - __rustc[ea4f61d10b84890b]::rust_begin_unwind
[INFO] [stdout]   10:     0x56b728ffbc5c - core[a373ad73a504971]::panicking::panic_fmt
[INFO] [stdout]   11:     0x56b728ffba32 - core[a373ad73a504971]::result::unwrap_failed
[INFO] [stdout]   12:     0x56b728ecce35 - e2e[90684cbe2c568e80]::fixture
[INFO] [stdout]   13:     0x56b728ecfda1 - <e2e[90684cbe2c568e80]::frames_match_heardright_v1_fixtures_exactly::{closure#0} as core[a373ad73a504971]::ops::function::FnOnce<()>>::call_once
[INFO] [stdout]   14:     0x56b728f038bb - test[aada8e7e76ba119b]::__rust_begin_short_backtrace::<core[a373ad73a504971]::result::Result<(), alloc[2e1b2a31b91974c5]::string::String>, fn() -> core[a373ad73a504971]::result::Result<(), alloc[2e1b2a31b91974c5]::string::String>>
[INFO] [stdout]   15:     0x56b728f10a95 - test[aada8e7e76ba119b]::run_test::{closure#0}
[INFO] [stdout]   16:     0x56b728f0a384 - std[617be2ca0a6fd877]::sys::backtrace::__rust_begin_short_backtrace::<test[aada8e7e76ba119b]::run_test::{closure#1}, ()>
[INFO] [stdout]   17:     0x56b728f13b22 - <std[617be2ca0a6fd877]::thread::lifecycle::spawn_unchecked<test[aada8e7e76ba119b]::run_test::{closure#1}, ()>::{closure#1} as core[a373ad73a504971]::ops::function::FnOnce<()>>::call_once::{shim:vtable#0}
[INFO] [stdout]   18:     0x56b728fe31bf - <std[617be2ca0a6fd877]::sys::thread::unix::Thread>::new::thread_start
[INFO] [stdout]   19:     0x7ad463597dfa - <unknown>
[INFO] [stdout]   20:     0x7ad46362b3d4 - clone
[INFO] [stdout]   21:                0x0 - <unknown>
[INFO] [stdout] 
[INFO] [stdout] ---- dictation_pause_with_progress_frames_outlives_the_stall_timeout stdout ----
[INFO] [stdout] 
[INFO] [stdout] thread 'dictation_pause_with_progress_frames_outlives_the_stall_timeout' (767) panicked at tests/e2e.rs:51:14:
[INFO] [stdout] spawn hr_fake_host (cargo test builds examples): Os { code: 2, kind: NotFound, message: "No such file or directory" }
[INFO] [stdout] stack backtrace:
[INFO] [stdout]    0:     0x56b728fe4281 - <<std[617be2ca0a6fd877]::sys::backtrace::BacktraceLock>::print::DisplayBacktrace as core[a373ad73a504971]::fmt::Display>::fmt
[INFO] [stdout]    1:     0x56b728ffb52a - core[a373ad73a504971]::fmt::write
[INFO] [stdout]    2:     0x56b728fe8a6c - <alloc[2e1b2a31b91974c5]::vec::Vec<u8> as core[a373ad73a504971]::io::write::Write>::write_fmt
[INFO] [stdout]    3:     0x56b728fbc846 - std[617be2ca0a6fd877]::panicking::default_hook::{closure#0}
[INFO] [stdout]    4:     0x56b728fda8c9 - std[617be2ca0a6fd877]::panicking::default_hook
[INFO] [stdout]    5:     0x56b728f10470 - test[aada8e7e76ba119b]::test_main_inner::{closure#0}
[INFO] [stdout]    6:     0x56b728fdabf2 - std[617be2ca0a6fd877]::panicking::panic_with_hook
[INFO] [stdout]    7:     0x56b728fbc8f2 - std[617be2ca0a6fd877]::panicking::panic_handler::{closure#0}
[INFO] [stdout]    8:     0x56b728fb5119 - std[617be2ca0a6fd877]::sys::backtrace::__rust_end_short_backtrace::<std[617be2ca0a6fd877]::panicking::panic_handler::{closure#0}, !>
[INFO] [stdout]    9:     0x56b728fbd79d - __rustc[ea4f61d10b84890b]::rust_begin_unwind
[INFO] [stdout]   10:     0x56b728ffbc5c - core[a373ad73a504971]::panicking::panic_fmt
[INFO] [stdout]   11:     0x56b728ffba32 - core[a373ad73a504971]::result::unwrap_failed
[INFO] [stdout]   12:     0x56b728ecd75a - <e2e[90684cbe2c568e80]::Host>::spawn_unready
[INFO] [stdout]   13:     0x56b728ed962e - <e2e[90684cbe2c568e80]::dictation_pause_with_progress_frames_outlives_the_stall_timeout::{closure#0} as core[a373ad73a504971]::ops::function::FnOnce<()>>::call_once
[INFO] [stdout]   14:     0x56b728f038bb - test[aada8e7e76ba119b]::__rust_begin_short_backtrace::<core[a373ad73a504971]::result::Result<(), alloc[2e1b2a31b91974c5]::string::String>, fn() -> core[a373ad73a504971]::result::Result<(), alloc[2e1b2a31b91974c5]::string::String>>
[INFO] [stdout]   15:     0x56b728f10a95 - test[aada8e7e76ba119b]::run_test::{closure#0}
[INFO] [stdout]   16:     0x56b728f0a384 - std[617be2ca0a6fd877]::sys::backtrace::__rust_begin_short_backtrace::<test[aada8e7e76ba119b]::run_test::{closure#1}, ()>
[INFO] [stdout]   17:     0x56b728f13b22 - <std[617be2ca0a6fd877]::thread::lifecycle::spawn_unchecked<test[aada8e7e76ba119b]::run_test::{closure#1}, ()>::{closure#1} as core[a373ad73a504971]::ops::function::FnOnce<()>>::call_once::{shim:vtable#0}
[INFO] [stdout]   18:     0x56b728fe31bf - <std[617be2ca0a6fd877]::sys::thread::unix::Thread>::new::thread_start
[INFO] [stdout]   19:     0x7ad463597dfa - <unknown>
[INFO] [stdout]   20:     0x7ad46362b3d4 - clone
[INFO] [stdout]   21:                0x0 - <unknown>
[INFO] [stdout] 
[INFO] [stdout] ---- pre_queue_hosts_keep_the_stall_timeout_and_refuse_status stdout ----
[INFO] [stdout] 
[INFO] [stdout] thread 'pre_queue_hosts_keep_the_stall_timeout_and_refuse_status' (773) panicked at tests/e2e.rs:51:14:
[INFO] [stdout] spawn hr_fake_host (cargo test builds examples): Os { code: 2, kind: NotFound, message: "No such file or directory" }
[INFO] [stdout] stack backtrace:
[INFO] [stdout]    0:     0x56b728fe4281 - <<std[617be2ca0a6fd877]::sys::backtrace::BacktraceLock>::print::DisplayBacktrace as core[a373ad73a504971]::fmt::Display>::fmt
[INFO] [stdout]    1:     0x56b728ffb52a - core[a373ad73a504971]::fmt::write
[INFO] [stdout]    2:     0x56b728fe8a6c - <alloc[2e1b2a31b91974c5]::vec::Vec<u8> as core[a373ad73a504971]::io::write::Write>::write_fmt
[INFO] [stdout]    3:     0x56b728fbc846 - std[617be2ca0a6fd877]::panicking::default_hook::{closure#0}
[INFO] [stdout]    4:     0x56b728fda8c9 - std[617be2ca0a6fd877]::panicking::default_hook
[INFO] [stdout]    5:     0x56b728f10470 - test[aada8e7e76ba119b]::test_main_inner::{closure#0}
[INFO] [stdout]    6:     0x56b728fdabf2 - std[617be2ca0a6fd877]::panicking::panic_with_hook
[INFO] [stdout]    7:     0x56b728fbc8f2 - std[617be2ca0a6fd877]::panicking::panic_handler::{closure#0}
[INFO] [stdout]    8:     0x56b728fb5119 - std[617be2ca0a6fd877]::sys::backtrace::__rust_end_short_backtrace::<std[617be2ca0a6fd877]::panicking::panic_handler::{closure#0}, !>
[INFO] [stdout]    9:     0x56b728fbd79d - __rustc[ea4f61d10b84890b]::rust_begin_unwind
[INFO] [stdout]   10:     0x56b728ffbc5c - core[a373ad73a504971]::panicking::panic_fmt
[INFO] [stdout]   11:     0x56b728ffba32 - core[a373ad73a504971]::result::unwrap_failed
[INFO] [stdout]   12:     0x56b728ecd75a - <e2e[90684cbe2c568e80]::Host>::spawn_unready
[INFO] [stdout]   13:     0x56b728ed7a85 - <e2e[90684cbe2c568e80]::pre_queue_hosts_keep_the_stall_timeout_and_refuse_status::{closure#0} as core[a373ad73a504971]::ops::function::FnOnce<()>>::call_once
[INFO] [stdout]   14:     0x56b728f038bb - test[aada8e7e76ba119b]::__rust_begin_short_backtrace::<core[a373ad73a504971]::result::Result<(), alloc[2e1b2a31b91974c5]::string::String>, fn() -> core[a373ad73a504971]::result::Result<(), alloc[2e1b2a31b91974c5]::string::String>>
[INFO] [stdout]   15:     0x56b728f10a95 - test[aada8e7e76ba119b]::run_test::{closure#0}
[INFO] [stdout]   16:     0x56b728f0a384 - std[617be2ca0a6fd877]::sys::backtrace::__rust_begin_short_backtrace::<test[aada8e7e76ba119b]::run_test::{closure#1}, ()>
[INFO] [stdout]   17:     0x56b728f13b22 - <std[617be2ca0a6fd877]::thread::lifecycle::spawn_unchecked<test[aada8e7e76ba119b]::run_test::{closure#1}, ()>::{closure#1} as core[a373ad73a504971]::ops::function::FnOnce<()>>::call_once::{shim:vtable#0}
[INFO] [stdout]   18:     0x56b728fe31bf - <std[617be2ca0a6fd877]::sys::thread::unix::Thread>::new::thread_start
[INFO] [stdout]   19:     0x7ad463597dfa - <unknown>
[INFO] [stdout]   20:     0x7ad46362b3d4 - clone
[INFO] [stdout]   21:                0x0 - <unknown>
[INFO] [stdout] 
[INFO] [stdout] ---- stall_timeout_fires_on_silence_and_the_host_sees_the_disconnect stdout ----
[INFO] [stdout] 
[INFO] [stdout] thread 'stall_timeout_fires_on_silence_and_the_host_sees_the_disconnect' (778) panicked at tests/e2e.rs:51:14:
[INFO] [stdout] spawn hr_fake_host (cargo test builds examples): Os { code: 2, kind: NotFound, message: "No such file or directory" }
[INFO] [stdout] stack backtrace:
[INFO] [stdout]    0:     0x56b728fe4281 - <<std[617be2ca0a6fd877]::sys::backtrace::BacktraceLock>::print::DisplayBacktrace as core[a373ad73a504971]::fmt::Display>::fmt
[INFO] [stdout]    1:     0x56b728ffb52a - core[a373ad73a504971]::fmt::write
[INFO] [stdout]    2:     0x56b728fe8a6c - <alloc[2e1b2a31b91974c5]::vec::Vec<u8> as core[a373ad73a504971]::io::write::Write>::write_fmt
[INFO] [stdout]    3:     0x56b728fbc846 - std[617be2ca0a6fd877]::panicking::default_hook::{closure#0}
[INFO] [stdout]    4:     0x56b728fda8c9 - std[617be2ca0a6fd877]::panicking::default_hook
[INFO] [stdout]    5:     0x56b728f10470 - test[aada8e7e76ba119b]::test_main_inner::{closure#0}
[INFO] [stdout]    6:     0x56b728fdabf2 - std[617be2ca0a6fd877]::panicking::panic_with_hook
[INFO] [stdout]    7:     0x56b728fbc8f2 - std[617be2ca0a6fd877]::panicking::panic_handler::{closure#0}
[INFO] [stdout]    8:     0x56b728fb5119 - std[617be2ca0a6fd877]::sys::backtrace::__rust_end_short_backtrace::<std[617be2ca0a6fd877]::panicking::panic_handler::{closure#0}, !>
[INFO] [stdout]    9:     0x56b728fbd79d - __rustc[ea4f61d10b84890b]::rust_begin_unwind
[INFO] [stdout]   10:     0x56b728ffbc5c - core[a373ad73a504971]::panicking::panic_fmt
[INFO] [stdout]   11:     0x56b728ffba32 - core[a373ad73a504971]::result::unwrap_failed
[INFO] [stdout]   12:     0x56b728ecd75a - <e2e[90684cbe2c568e80]::Host>::spawn_unready
[INFO] [stdout]   13:     0x56b728ed9f44 - <e2e[90684cbe2c568e80]::stall_timeout_fires_on_silence_and_the_host_sees_the_disconnect::{closure#0} as core[a373ad73a504971]::ops::function::FnOnce<()>>::call_once
[INFO] [stdout]   14:     0x56b728f038bb - test[aada8e7e76ba119b]::__rust_begin_short_backtrace::<core[a373ad73a504971]::result::Result<(), alloc[2e1b2a31b91974c5]::string::String>, fn() -> core[a373ad73a504971]::result::Result<(), alloc[2e1b2a31b91974c5]::string::String>>
[INFO] [stdout]   15:     0x56b728f10a95 - test[aada8e7e76ba119b]::run_test::{closure#0}
[INFO] [stdout]   16:     0x56b728f0a384 - std[617be2ca0a6fd877]::sys::backtrace::__rust_begin_short_backtrace::<test[aada8e7e76ba119b]::run_test::{closure#1}, ()>
[INFO] [stdout]   17:     0x56b728f13b22 - <std[617be2ca0a6fd877]::thread::lifecycle::spawn_unchecked<test[aada8e7e76ba119b]::run_test::{closure#1}, ()>::{closure#1} as core[a373ad73a504971]::ops::function::FnOnce<()>>::call_once::{shim:vtable#0}
[INFO] [stdout]   18:     0x56b728fe31bf - <std[617be2ca0a6fd877]::sys::thread::unix::Thread>::new::thread_start
[INFO] [stdout]   19:     0x7ad463597dfa - <unknown>
[INFO] [stdout]   20:     0x7ad46362b3d4 - clone
[INFO] [stdout]   21:                0x0 - <unknown>
[INFO] [stdout] 
[INFO] [stdout] ---- queue_host_reports_position_reason_and_running_with_no_stall_timeout stdout ----
[INFO] [stdout] 
[INFO] [stdout] thread 'queue_host_reports_position_reason_and_running_with_no_stall_timeout' (775) panicked at tests/e2e.rs:51:14:
[INFO] [stdout] spawn hr_fake_host (cargo test builds examples): Os { code: 2, kind: NotFound, message: "No such file or directory" }
[INFO] [stdout] stack backtrace:
[INFO] [stdout]    0:     0x56b728fe4281 - <<std[617be2ca0a6fd877]::sys::backtrace::BacktraceLock>::print::DisplayBacktrace as core[a373ad73a504971]::fmt::Display>::fmt
[INFO] [stdout]    1:     0x56b728ffb52a - core[a373ad73a504971]::fmt::write
[INFO] [stdout]    2:     0x56b728fe8a6c - <alloc[2e1b2a31b91974c5]::vec::Vec<u8> as core[a373ad73a504971]::io::write::Write>::write_fmt
[INFO] [stdout]    3:     0x56b728fbc846 - std[617be2ca0a6fd877]::panicking::default_hook::{closure#0}
[INFO] [stdout]    4:     0x56b728fda8c9 - std[617be2ca0a6fd877]::panicking::default_hook
[INFO] [stdout]    5:     0x56b728f10470 - test[aada8e7e76ba119b]::test_main_inner::{closure#0}
[INFO] [stdout]    6:     0x56b728fdabf2 - std[617be2ca0a6fd877]::panicking::panic_with_hook
[INFO] [stdout]    7:     0x56b728fbc8f2 - std[617be2ca0a6fd877]::panicking::panic_handler::{closure#0}
[INFO] [stdout]    8:     0x56b728fb5119 - std[617be2ca0a6fd877]::sys::backtrace::__rust_end_short_backtrace::<std[617be2ca0a6fd877]::panicking::panic_handler::{closure#0}, !>
[INFO] [stdout]    9:     0x56b728fbd79d - __rustc[ea4f61d10b84890b]::rust_begin_unwind
[INFO] [stdout]   10:     0x56b728ffbc5c - core[a373ad73a504971]::panicking::panic_fmt
[INFO] [stdout]   11:     0x56b728ffba32 - core[a373ad73a504971]::result::unwrap_failed
[INFO] [stdout]   12:     0x56b728ecd75a - <e2e[90684cbe2c568e80]::Host>::spawn_unready
[INFO] [stdout]   13:     0x56b728eda43e - <e2e[90684cbe2c568e80]::queue_host_reports_position_reason_and_running_with_no_stall_timeout::{closure#0} as core[a373ad73a504971]::ops::function::FnOnce<()>>::call_once
[INFO] [stdout]   14:     0x56b728f038bb - test[aada8e7e76ba119b]::__rust_begin_short_backtrace::<core[a373ad73a504971]::result::Result<(), alloc[2e1b2a31b91974c5]::string::String>, fn() -> core[a373ad73a504971]::result::Result<(), alloc[2e1b2a31b91974c5]::string::String>>
[INFO] [stdout]   15:     0x56b728f10a95 - test[aada8e7e76ba119b]::run_test::{closure#0}
[INFO] [stdout]   16:     0x56b728f0a384 - std[617be2ca0a6fd877]::sys::backtrace::__rust_begin_short_backtrace::<test[aada8e7e76ba119b]::run_test::{closure#1}, ()>
[INFO] [stdout]   17:     0x56b728f13b22 - <std[617be2ca0a6fd877]::thread::lifecycle::spawn_unchecked<test[aada8e7e76ba119b]::run_test::{closure#1}, ()>::{closure#1} as core[a373ad73a504971]::ops::function::FnOnce<()>>::call_once::{shim:vtable#0}
[INFO] [stdout]   18:     0x56b728fe31bf - <std[617be2ca0a6fd877]::sys::thread::unix::Thread>::new::thread_start
[INFO] [stdout]   19:     0x7ad463597dfa - <unknown>
[INFO] [stdout]   20:     0x7ad46362b3d4 - clone
[INFO] [stdout]   21:                0x0 - <unknown>
[INFO] [stdout] 
[INFO] [stdout] ---- allowlist_rejection_and_connection_survives stdout ----
[INFO] [stdout] 
[INFO] [stdout] thread 'allowlist_rejection_and_connection_survives' (764) panicked at tests/e2e.rs:51:14:
[INFO] [stdout] spawn hr_fake_host (cargo test builds examples): Os { code: 2, kind: NotFound, message: "No such file or directory" }
[INFO] [stdout] stack backtrace:
[INFO] [stdout]    0:     0x56b728fe4281 - <<std[617be2ca0a6fd877]::sys::backtrace::BacktraceLock>::print::DisplayBacktrace as core[a373ad73a504971]::fmt::Display>::fmt
[INFO] [stdout]    1:     0x56b728ffb52a - core[a373ad73a504971]::fmt::write
[INFO] [stdout]    2:     0x56b728fe8a6c - <alloc[2e1b2a31b91974c5]::vec::Vec<u8> as core[a373ad73a504971]::io::write::Write>::write_fmt
[INFO] [stdout]    3:     0x56b728fbc846 - std[617be2ca0a6fd877]::panicking::default_hook::{closure#0}
[INFO] [stdout]    4:     0x56b728fda8c9 - std[617be2ca0a6fd877]::panicking::default_hook
[INFO] [stdout]    5:     0x56b728f10470 - test[aada8e7e76ba119b]::test_main_inner::{closure#0}
[INFO] [stdout]    6:     0x56b728fdabf2 - std[617be2ca0a6fd877]::panicking::panic_with_hook
[INFO] [stdout]    7:     0x56b728fbc8f2 - std[617be2ca0a6fd877]::panicking::panic_handler::{closure#0}
[INFO] [stdout]    8:     0x56b728fb5119 - std[617be2ca0a6fd877]::sys::backtrace::__rust_end_short_backtrace::<std[617be2ca0a6fd877]::panicking::panic_handler::{closure#0}, !>
[INFO] [stdout]    9:     0x56b728fbd79d - __rustc[ea4f61d10b84890b]::rust_begin_unwind
[INFO] [stdout]   10:     0x56b728ffbc5c - core[a373ad73a504971]::panicking::panic_fmt
[INFO] [stdout]   11:     0x56b728ffba32 - core[a373ad73a504971]::result::unwrap_failed
[INFO] [stdout]   12:     0x56b728ecd75a - <e2e[90684cbe2c568e80]::Host>::spawn_unready
[INFO] [stdout]   13:     0x56b728ecef2b - <e2e[90684cbe2c568e80]::allowlist_rejection_and_connection_survives::{closure#0} as core[a373ad73a504971]::ops::function::FnOnce<()>>::call_once
[INFO] [stdout]   14:     0x56b728f038bb - test[aada8e7e76ba119b]::__rust_begin_short_backtrace::<core[a373ad73a504971]::result::Result<(), alloc[2e1b2a31b91974c5]::string::String>, fn() -> core[a373ad73a504971]::result::Result<(), alloc[2e1b2a31b91974c5]::string::String>>
[INFO] [stdout]   15:     0x56b728f10a95 - test[aada8e7e76ba119b]::run_test::{closure#0}
[INFO] [stdout]   16:     0x56b728f0a384 - std[617be2ca0a6fd877]::sys::backtrace::__rust_begin_short_backtrace::<test[aada8e7e76ba119b]::run_test::{closure#1}, ()>
[INFO] [stdout]   17:     0x56b728f13b22 - <std[617be2ca0a6fd877]::thread::lifecycle::spawn_unchecked<test[aada8e7e76ba119b]::run_test::{closure#1}, ()>::{closure#1} as core[a373ad73a504971]::ops::function::FnOnce<()>>::call_once::{shim:vtable#0}
[INFO] [stdout]   18:     0x56b728fe31bf - <std[617be2ca0a6fd877]::sys::thread::unix::Thread>::new::thread_start
[INFO] [stdout]   19:     0x7ad463597dfa - <unknown>
[INFO] [stdout]   20:     0x7ad46362b3d4 - clone
[INFO] [stdout]   21:                0x0 - <unknown>
[INFO] [stdout] 
[INFO] [stdout] ---- minor1_host_reports_engines_and_honours_selection stdout ----
[INFO] [stdout] 
[INFO] [stdout] thread 'minor1_host_reports_engines_and_honours_selection' (771) panicked at tests/e2e.rs:51:14:
[INFO] [stdout] spawn hr_fake_host (cargo test builds examples): Os { code: 2, kind: NotFound, message: "No such file or directory" }
[INFO] [stdout] stack backtrace:
[INFO] [stdout]    0:     0x56b728fe4281 - <<std[617be2ca0a6fd877]::sys::backtrace::BacktraceLock>::print::DisplayBacktrace as core[a373ad73a504971]::fmt::Display>::fmt
[INFO] [stdout]    1:     0x56b728ffb52a - core[a373ad73a504971]::fmt::write
[INFO] [stdout]    2:     0x56b728fe8a6c - <alloc[2e1b2a31b91974c5]::vec::Vec<u8> as core[a373ad73a504971]::io::write::Write>::write_fmt
[INFO] [stdout]    3:     0x56b728fbc846 - std[617be2ca0a6fd877]::panicking::default_hook::{closure#0}
[INFO] [stdout]    4:     0x56b728fda8c9 - std[617be2ca0a6fd877]::panicking::default_hook
[INFO] [stdout]    5:     0x56b728f10470 - test[aada8e7e76ba119b]::test_main_inner::{closure#0}
[INFO] [stdout]    6:     0x56b728fdabf2 - std[617be2ca0a6fd877]::panicking::panic_with_hook
[INFO] [stdout]    7:     0x56b728fbc8f2 - std[617be2ca0a6fd877]::panicking::panic_handler::{closure#0}
[INFO] [stdout]    8:     0x56b728fb5119 - std[617be2ca0a6fd877]::sys::backtrace::__rust_end_short_backtrace::<std[617be2ca0a6fd877]::panicking::panic_handler::{closure#0}, !>
[INFO] [stdout]    9:     0x56b728fbd79d - __rustc[ea4f61d10b84890b]::rust_begin_unwind
[INFO] [stdout]   10:     0x56b728ffbc5c - core[a373ad73a504971]::panicking::panic_fmt
[INFO] [stdout]   11:     0x56b728ffba32 - core[a373ad73a504971]::result::unwrap_failed
[INFO] [stdout]   12:     0x56b728ecd75a - <e2e[90684cbe2c568e80]::Host>::spawn_unready
[INFO] [stdout]   13:     0x56b728ed29f3 - <e2e[90684cbe2c568e80]::minor1_host_reports_engines_and_honours_selection::{closure#0} as core[a373ad73a504971]::ops::function::FnOnce<()>>::call_once
[INFO] [stdout]   14:     0x56b728f038bb - test[aada8e7e76ba119b]::__rust_begin_short_backtrace::<core[a373ad73a504971]::result::Result<(), alloc[2e1b2a31b91974c5]::string::String>, fn() -> core[a373ad73a504971]::result::Result<(), alloc[2e1b2a31b91974c5]::string::String>>
[INFO] [stdout]   15:     0x56b728f10a95 - test[aada8e7e76ba119b]::run_test::{closure#0}
[INFO] [stdout]   16:     0x56b728f0a384 - std[617be2ca0a6fd877]::sys::backtrace::__rust_begin_short_backtrace::<test[aada8e7e76ba119b]::run_test::{closure#1}, ()>
[INFO] [stdout]   17:     0x56b728f13b22 - <std[617be2ca0a6fd877]::thread::lifecycle::spawn_unchecked<test[aada8e7e76ba119b]::run_test::{closure#1}, ()>::{closure#1} as core[a373ad73a504971]::ops::function::FnOnce<()>>::call_once::{shim:vtable#0}
[INFO] [stdout]   18:     0x56b728fe31bf - <std[617be2ca0a6fd877]::sys::thread::unix::Thread>::new::thread_start
[INFO] [stdout]   19:     0x7ad463597dfa - <unknown>
[INFO] [stdout]   20:     0x7ad46362b3d4 - clone
[INFO] [stdout]   21:                0x0 - <unknown>
[INFO] [stdout] 
[INFO] [stdout] ---- dictation_pause_on_a_v1_host_is_silent_so_a_short_stall_timeout_fires stdout ----
[INFO] [stdout] 
[INFO] [stdout] thread 'dictation_pause_on_a_v1_host_is_silent_so_a_short_stall_timeout_fires' (766) panicked at tests/e2e.rs:51:14:
[INFO] [stdout] spawn hr_fake_host (cargo test builds examples): Os { code: 2, kind: NotFound, message: "No such file or directory" }
[INFO] [stdout] stack backtrace:
[INFO] [stdout]    0:     0x56b728fe4281 - <<std[617be2ca0a6fd877]::sys::backtrace::BacktraceLock>::print::DisplayBacktrace as core[a373ad73a504971]::fmt::Display>::fmt
[INFO] [stdout]    1:     0x56b728ffb52a - core[a373ad73a504971]::fmt::write
[INFO] [stdout]    2:     0x56b728fe8a6c - <alloc[2e1b2a31b91974c5]::vec::Vec<u8> as core[a373ad73a504971]::io::write::Write>::write_fmt
[INFO] [stdout]    3:     0x56b728fbc846 - std[617be2ca0a6fd877]::panicking::default_hook::{closure#0}
[INFO] [stdout]    4:     0x56b728fda8c9 - std[617be2ca0a6fd877]::panicking::default_hook
[INFO] [stdout]    5:     0x56b728f10470 - test[aada8e7e76ba119b]::test_main_inner::{closure#0}
[INFO] [stdout]    6:     0x56b728fdabf2 - std[617be2ca0a6fd877]::panicking::panic_with_hook
[INFO] [stdout]    7:     0x56b728fbc8f2 - std[617be2ca0a6fd877]::panicking::panic_handler::{closure#0}
[INFO] [stdout]    8:     0x56b728fb5119 - std[617be2ca0a6fd877]::sys::backtrace::__rust_end_short_backtrace::<std[617be2ca0a6fd877]::panicking::panic_handler::{closure#0}, !>
[INFO] [stdout]    9:     0x56b728fbd79d - __rustc[ea4f61d10b84890b]::rust_begin_unwind
[INFO] [stdout]   10:     0x56b728ffbc5c - core[a373ad73a504971]::panicking::panic_fmt
[INFO] [stdout]   11:     0x56b728ffba32 - core[a373ad73a504971]::result::unwrap_failed
[INFO] [stdout]   12:     0x56b728ecd75a - <e2e[90684cbe2c568e80]::Host>::spawn_unready
[INFO] [stdout]   13:     0x56b728edb316 - <e2e[90684cbe2c568e80]::dictation_pause_on_a_v1_host_is_silent_so_a_short_stall_timeout_fires::{closure#0} as core[a373ad73a504971]::ops::function::FnOnce<()>>::call_once
[INFO] [stdout]   14:     0x56b728f038bb - test[aada8e7e76ba119b]::__rust_begin_short_backtrace::<core[a373ad73a504971]::result::Result<(), alloc[2e1b2a31b91974c5]::string::String>, fn() -> core[a373ad73a504971]::result::Result<(), alloc[2e1b2a31b91974c5]::string::String>>
[INFO] [stdout]   15:     0x56b728f10a95 - test[aada8e7e76ba119b]::run_test::{closure#0}
[INFO] [stdout]   16:     0x56b728f0a384 - std[617be2ca0a6fd877]::sys::backtrace::__rust_begin_short_backtrace::<test[aada8e7e76ba119b]::run_test::{closure#1}, ()>
[INFO] [stdout]   17:     0x56b728f13b22 - <std[617be2ca0a6fd877]::thread::lifecycle::spawn_unchecked<test[aada8e7e76ba119b]::run_test::{closure#1}, ()>::{closure#1} as core[a373ad73a504971]::ops::function::FnOnce<()>>::call_once::{shim:vtable#0}
[INFO] [stdout]   18:     0x56b728fe31bf - <std[617be2ca0a6fd877]::sys::thread::unix::Thread>::new::thread_start
[INFO] [stdout]   19:     0x7ad463597dfa - <unknown>
[INFO] [stdout]   20:     0x7ad46362b3d4 - clone
[INFO] [stdout]   21:                0x0 - <unknown>
[INFO] [stdout] 
[INFO] [stdout] ---- host_handoff_error_is_retried_and_reaches_the_result stdout ----
[INFO] [stdout] 
[INFO] [stdout] thread 'host_handoff_error_is_retried_and_reaches_the_result' (770) panicked at tests/e2e.rs:51:14:
[INFO] [stdout] spawn hr_fake_host (cargo test builds examples): Os { code: 2, kind: NotFound, message: "No such file or directory" }
[INFO] [stdout] stack backtrace:
[INFO] [stdout]    0:     0x56b728fe4281 - <<std[617be2ca0a6fd877]::sys::backtrace::BacktraceLock>::print::DisplayBacktrace as core[a373ad73a504971]::fmt::Display>::fmt
[INFO] [stdout]    1:     0x56b728ffb52a - core[a373ad73a504971]::fmt::write
[INFO] [stdout]    2:     0x56b728fe8a6c - <alloc[2e1b2a31b91974c5]::vec::Vec<u8> as core[a373ad73a504971]::io::write::Write>::write_fmt
[INFO] [stdout]    3:     0x56b728fbc846 - std[617be2ca0a6fd877]::panicking::default_hook::{closure#0}
[INFO] [stdout]    4:     0x56b728fda8c9 - std[617be2ca0a6fd877]::panicking::default_hook
[INFO] [stdout]    5:     0x56b728f10470 - test[aada8e7e76ba119b]::test_main_inner::{closure#0}
[INFO] [stdout]    6:     0x56b728fdabf2 - std[617be2ca0a6fd877]::panicking::panic_with_hook
[INFO] [stdout]    7:     0x56b728fbc8f2 - std[617be2ca0a6fd877]::panicking::panic_handler::{closure#0}
[INFO] [stdout]    8:     0x56b728fb5119 - std[617be2ca0a6fd877]::sys::backtrace::__rust_end_short_backtrace::<std[617be2ca0a6fd877]::panicking::panic_handler::{closure#0}, !>
[INFO] [stdout]    9:     0x56b728fbd79d - __rustc[ea4f61d10b84890b]::rust_begin_unwind
[INFO] [stdout]   10:     0x56b728ffbc5c - core[a373ad73a504971]::panicking::panic_fmt
[INFO] [stdout]   11:     0x56b728ffba32 - core[a373ad73a504971]::result::unwrap_failed
[INFO] [stdout]   12:     0x56b728ecd75a - <e2e[90684cbe2c568e80]::Host>::spawn_unready
[INFO] [stdout]   13:     0x56b728ed7198 - <e2e[90684cbe2c568e80]::host_handoff_error_is_retried_and_reaches_the_result::{closure#0} as core[a373ad73a504971]::ops::function::FnOnce<()>>::call_once
[INFO] [stdout]   14:     0x56b728f038bb - test[aada8e7e76ba119b]::__rust_begin_short_backtrace::<core[a373ad73a504971]::result::Result<(), alloc[2e1b2a31b91974c5]::string::String>, fn() -> core[a373ad73a504971]::result::Result<(), alloc[2e1b2a31b91974c5]::string::String>>
[INFO] [stdout]   15:     0x56b728f10a95 - test[aada8e7e76ba119b]::run_test::{closure#0}
[INFO] [stdout]   16:     0x56b728f0a384 - std[617be2ca0a6fd877]::sys::backtrace::__rust_begin_short_backtrace::<test[aada8e7e76ba119b]::run_test::{closure#1}, ()>
[INFO] [stdout]   17:     0x56b728f13b22 - <std[617be2ca0a6fd877]::thread::lifecycle::spawn_unchecked<test[aada8e7e76ba119b]::run_test::{closure#1}, ()>::{closure#1} as core[a373ad73a504971]::ops::function::FnOnce<()>>::call_once::{shim:vtable#0}
[INFO] [stdout]   18:     0x56b728fe31bf - <std[617be2ca0a6fd877]::sys::thread::unix::Thread>::new::thread_start
[INFO] [stdout]   19:     0x7ad463597dfa - <unknown>
[INFO] [stdout]   20:     0x7ad46362b3d4 - clone
[INFO] [stdout]   21:                0x0 - <unknown>
[INFO] [stdout] 
[INFO] [stdout] ---- unchanged_v1_host_transcribes_and_never_sees_minor1_fields stdout ----
[INFO] [stdout] 
[INFO] [stdout] thread 'unchanged_v1_host_transcribes_and_never_sees_minor1_fields' (788) panicked at tests/e2e.rs:51:14:
[INFO] [stdout] spawn hr_fake_host (cargo test builds examples): Os { code: 2, kind: NotFound, message: "No such file or directory" }
[INFO] [stdout] stack backtrace:
[INFO] [stdout]    0:     0x56b728fe4281 - <<std[617be2ca0a6fd877]::sys::backtrace::BacktraceLock>::print::DisplayBacktrace as core[a373ad73a504971]::fmt::Display>::fmt
[INFO] [stdout]    1:     0x56b728ffb52a - core[a373ad73a504971]::fmt::write
[INFO] [stdout]    2:     0x56b728fe8a6c - <alloc[2e1b2a31b91974c5]::vec::Vec<u8> as core[a373ad73a504971]::io::write::Write>::write_fmt
[INFO] [stdout]    3:     0x56b728fbc846 - std[617be2ca0a6fd877]::panicking::default_hook::{closure#0}
[INFO] [stdout]    4:     0x56b728fda8c9 - std[617be2ca0a6fd877]::panicking::default_hook
[INFO] [stdout]    5:     0x56b728f10470 - test[aada8e7e76ba119b]::test_main_inner::{closure#0}
[INFO] [stdout]    6:     0x56b728fdabf2 - std[617be2ca0a6fd877]::panicking::panic_with_hook
[INFO] [stdout]    7:     0x56b728fbc8f2 - std[617be2ca0a6fd877]::panicking::panic_handler::{closure#0}
[INFO] [stdout]    8:     0x56b728fb5119 - std[617be2ca0a6fd877]::sys::backtrace::__rust_end_short_backtrace::<std[617be2ca0a6fd877]::panicking::panic_handler::{closure#0}, !>
[INFO] [stdout]    9:     0x56b728fbd79d - __rustc[ea4f61d10b84890b]::rust_begin_unwind
[INFO] [stdout]   10:     0x56b728ffbc5c - core[a373ad73a504971]::panicking::panic_fmt
[INFO] [stdout]   11:     0x56b728ffba32 - core[a373ad73a504971]::result::unwrap_failed
[INFO] [stdout]   12:     0x56b728ecd75a - <e2e[90684cbe2c568e80]::Host>::spawn_unready
[INFO] [stdout]   13:     0x56b728ed7f8b - <e2e[90684cbe2c568e80]::unchanged_v1_host_transcribes_and_never_sees_minor1_fields::{closure#0} as core[a373ad73a504971]::ops::function::FnOnce<()>>::call_once
[INFO] [stdout]   14:     0x56b728f038bb - test[aada8e7e76ba119b]::__rust_begin_short_backtrace::<core[a373ad73a504971]::result::Result<(), alloc[2e1b2a31b91974c5]::string::String>, fn() -> core[a373ad73a504971]::result::Result<(), alloc[2e1b2a31b91974c5]::string::String>>
[INFO] [stdout]   15:     0x56b728f10a95 - test[aada8e7e76ba119b]::run_test::{closure#0}
[INFO] [stdout]   16:     0x56b728f0a384 - std[617be2ca0a6fd877]::sys::backtrace::__rust_begin_short_backtrace::<test[aada8e7e76ba119b]::run_test::{closure#1}, ()>
[INFO] [stdout]   17:     0x56b728f13b22 - <std[617be2ca0a6fd877]::thread::lifecycle::spawn_unchecked<test[aada8e7e76ba119b]::run_test::{closure#1}, ()>::{closure#1} as core[a373ad73a504971]::ops::function::FnOnce<()>>::call_once::{shim:vtable#0}
[INFO] [stdout]   18:     0x56b728fe31bf - <std[617be2ca0a6fd877]::sys::thread::unix::Thread>::new::thread_start
[INFO] [stdout]   19:     0x7ad463597dfa - <unknown>
[INFO] [stdout]   20:     0x7ad46362b3d4 - clone
[INFO] [stdout]   21:                0x0 - <unknown>
[INFO] [stdout] 
[INFO] [stdout] ---- discovery_staleness_planning_and_installed_engine stdout ----
[INFO] [stdout] 
[INFO] [stdout] thread 'discovery_staleness_planning_and_installed_engine' (768) panicked at tests/e2e.rs:51:14:
[INFO] [stdout] spawn hr_fake_host (cargo test builds examples): Os { code: 2, kind: NotFound, message: "No such file or directory" }
[INFO] [stdout] stack backtrace:
[INFO] [stdout]    0:     0x56b728fe4281 - <<std[617be2ca0a6fd877]::sys::backtrace::BacktraceLock>::print::DisplayBacktrace as core[a373ad73a504971]::fmt::Display>::fmt
[INFO] [stdout]    1:     0x56b728ffb52a - core[a373ad73a504971]::fmt::write
[INFO] [stdout]    2:     0x56b728fe8a6c - <alloc[2e1b2a31b91974c5]::vec::Vec<u8> as core[a373ad73a504971]::io::write::Write>::write_fmt
[INFO] [stdout]    3:     0x56b728fbc846 - std[617be2ca0a6fd877]::panicking::default_hook::{closure#0}
[INFO] [stdout]    4:     0x56b728fda8c9 - std[617be2ca0a6fd877]::panicking::default_hook
[INFO] [stdout]    5:     0x56b728f10470 - test[aada8e7e76ba119b]::test_main_inner::{closure#0}
[INFO] [stdout]    6:     0x56b728fdabf2 - std[617be2ca0a6fd877]::panicking::panic_with_hook
[INFO] [stdout]    7:     0x56b728fbc8f2 - std[617be2ca0a6fd877]::panicking::panic_handler::{closure#0}
[INFO] [stdout]    8:     0x56b728fb5119 - std[617be2ca0a6fd877]::sys::backtrace::__rust_end_short_backtrace::<std[617be2ca0a6fd877]::panicking::panic_handler::{closure#0}, !>
[INFO] [stdout]    9:     0x56b728fbd79d - __rustc[ea4f61d10b84890b]::rust_begin_unwind
[INFO] [stdout]   10:     0x56b728ffbc5c - core[a373ad73a504971]::panicking::panic_fmt
[INFO] [stdout]   11:     0x56b728ffba32 - core[a373ad73a504971]::result::unwrap_failed
[INFO] [stdout]   12:     0x56b728ecd75a - <e2e[90684cbe2c568e80]::Host>::spawn_unready
[INFO] [stdout]   13:     0x56b728ed1868 - <e2e[90684cbe2c568e80]::discovery_staleness_planning_and_installed_engine::{closure#0} as core[a373ad73a504971]::ops::function::FnOnce<()>>::call_once
[INFO] [stdout]   14:     0x56b728f038bb - test[aada8e7e76ba119b]::__rust_begin_short_backtrace::<core[a373ad73a504971]::result::Result<(), alloc[2e1b2a31b91974c5]::string::String>, fn() -> core[a373ad73a504971]::result::Result<(), alloc[2e1b2a31b91974c5]::string::String>>
[INFO] [stdout]   15:     0x56b728f10a95 - test[aada8e7e76ba119b]::run_test::{closure#0}
[INFO] [stdout]   16:     0x56b728f0a384 - std[617be2ca0a6fd877]::sys::backtrace::__rust_begin_short_backtrace::<test[aada8e7e76ba119b]::run_test::{closure#1}, ()>
[INFO] [stdout]   17:     0x56b728f13b22 - <std[617be2ca0a6fd877]::thread::lifecycle::spawn_unchecked<test[aada8e7e76ba119b]::run_test::{closure#1}, ()>::{closure#1} as core[a373ad73a504971]::ops::function::FnOnce<()>>::call_once::{shim:vtable#0}
[INFO] [stdout]   18:     0x56b728fe31bf - <std[617be2ca0a6fd877]::sys::thread::unix::Thread>::new::thread_start
[INFO] [stdout]   19:     0x7ad463597dfa - <unknown>
[INFO] [stdout]   20:     0x7ad46362b3d4 - clone
[INFO] [stdout]   21:                0x0 - <unknown>
[INFO] [stdout] 
[INFO] [stdout] ---- verbatim_is_sent_only_to_a_host_that_advertises_it stdout ----
[INFO] [stdout] 
[INFO] [stdout] thread 'verbatim_is_sent_only_to_a_host_that_advertises_it' (789) panicked at tests/e2e.rs:51:14:
[INFO] [stdout] spawn hr_fake_host (cargo test builds examples): Os { code: 2, kind: NotFound, message: "No such file or directory" }
[INFO] [stdout] stack backtrace:
[INFO] [stdout]    0:     0x56b728fe4281 - <<std[617be2ca0a6fd877]::sys::backtrace::BacktraceLock>::print::DisplayBacktrace as core[a373ad73a504971]::fmt::Display>::fmt
[INFO] [stdout]    1:     0x56b728ffb52a - core[a373ad73a504971]::fmt::write
[INFO] [stdout]    2:     0x56b728fe8a6c - <alloc[2e1b2a31b91974c5]::vec::Vec<u8> as core[a373ad73a504971]::io::write::Write>::write_fmt
[INFO] [stdout]    3:     0x56b728fbc846 - std[617be2ca0a6fd877]::panicking::default_hook::{closure#0}
[INFO] [stdout]    4:     0x56b728fda8c9 - std[617be2ca0a6fd877]::panicking::default_hook
[INFO] [stdout]    5:     0x56b728f10470 - test[aada8e7e76ba119b]::test_main_inner::{closure#0}
[INFO] [stdout]    6:     0x56b728fdabf2 - std[617be2ca0a6fd877]::panicking::panic_with_hook
[INFO] [stdout]    7:     0x56b728fbc8f2 - std[617be2ca0a6fd877]::panicking::panic_handler::{closure#0}
[INFO] [stdout]    8:     0x56b728fb5119 - std[617be2ca0a6fd877]::sys::backtrace::__rust_end_short_backtrace::<std[617be2ca0a6fd877]::panicking::panic_handler::{closure#0}, !>
[INFO] [stdout]    9:     0x56b728fbd79d - __rustc[ea4f61d10b84890b]::rust_begin_unwind
[INFO] [stdout]   10:     0x56b728ffbc5c - core[a373ad73a504971]::panicking::panic_fmt
[INFO] [stdout]   11:     0x56b728ffba32 - core[a373ad73a504971]::result::unwrap_failed
[INFO] [stdout]   12:     0x56b728ecd75a - <e2e[90684cbe2c568e80]::Host>::spawn_unready
[INFO] [stdout]   13:     0x56b728ed5eab - <e2e[90684cbe2c568e80]::verbatim_is_sent_only_to_a_host_that_advertises_it::{closure#0} as core[a373ad73a504971]::ops::function::FnOnce<()>>::call_once
[INFO] [stdout]   14:     0x56b728f038bb - test[aada8e7e76ba119b]::__rust_begin_short_backtrace::<core[a373ad73a504971]::result::Result<(), alloc[2e1b2a31b91974c5]::string::String>, fn() -> core[a373ad73a504971]::result::Result<(), alloc[2e1b2a31b91974c5]::string::String>>
[INFO] [stdout]   15:     0x56b728f10a95 - test[aada8e7e76ba119b]::run_test::{closure#0}
[INFO] [stdout]   16:     0x56b728f0a384 - std[617be2ca0a6fd877]::sys::backtrace::__rust_begin_short_backtrace::<test[aada8e7e76ba119b]::run_test::{closure#1}, ()>
[INFO] [stdout]   17:     0x56b728f13b22 - <std[617be2ca0a6fd877]::thread::lifecycle::spawn_unchecked<test[aada8e7e76ba119b]::run_test::{closure#1}, ()>::{closure#1} as core[a373ad73a504971]::ops::function::FnOnce<()>>::call_once::{shim:vtable#0}
[INFO] [stdout]   18:     0x56b728fe31bf - <std[617be2ca0a6fd877]::sys::thread::unix::Thread>::new::thread_start
[INFO] [stdout]   19:     0x7ad463597dfa - <unknown>
[INFO] [stdout]   20:     0x7ad46362b3d4 - clone
[INFO] [stdout]   21:                0x0 - <unknown>
[INFO] [stdout] 
[INFO] [stdout] ---- takeover_by_outranking_host_hands_off_in_flight_job_and_client_follows stdout ----
[INFO] [stdout] 
[INFO] [stdout] thread 'takeover_by_outranking_host_hands_off_in_flight_job_and_client_follows' (779) panicked at tests/e2e.rs:51:14:
[INFO] [stdout] spawn hr_fake_host (cargo test builds examples): Os { code: 2, kind: NotFound, message: "No such file or directory" }
[INFO] [stdout] stack backtrace:
[INFO] [stdout]    0:     0x56b728fe4281 - <<std[617be2ca0a6fd877]::sys::backtrace::BacktraceLock>::print::DisplayBacktrace as core[a373ad73a504971]::fmt::Display>::fmt
[INFO] [stdout]    1:     0x56b728ffb52a - core[a373ad73a504971]::fmt::write
[INFO] [stdout]    2:     0x56b728fe8a6c - <alloc[2e1b2a31b91974c5]::vec::Vec<u8> as core[a373ad73a504971]::io::write::Write>::write_fmt
[INFO] [stdout]    3:     0x56b728fbc846 - std[617be2ca0a6fd877]::panicking::default_hook::{closure#0}
[INFO] [stdout]    4:     0x56b728fda8c9 - std[617be2ca0a6fd877]::panicking::default_hook
[INFO] [stdout]    5:     0x56b728f10470 - test[aada8e7e76ba119b]::test_main_inner::{closure#0}
[INFO] [stdout]    6:     0x56b728fdabf2 - std[617be2ca0a6fd877]::panicking::panic_with_hook
[INFO] [stdout]    7:     0x56b728fbc8f2 - std[617be2ca0a6fd877]::panicking::panic_handler::{closure#0}
[INFO] [stdout]    8:     0x56b728fb5119 - std[617be2ca0a6fd877]::sys::backtrace::__rust_end_short_backtrace::<std[617be2ca0a6fd877]::panicking::panic_handler::{closure#0}, !>
[INFO] [stdout]    9:     0x56b728fbd79d - __rustc[ea4f61d10b84890b]::rust_begin_unwind
[INFO] [stdout]   10:     0x56b728ffbc5c - core[a373ad73a504971]::panicking::panic_fmt
[INFO] [stdout]   11:     0x56b728ffba32 - core[a373ad73a504971]::result::unwrap_failed
[INFO] [stdout]   12:     0x56b728ecd75a - <e2e[90684cbe2c568e80]::Host>::spawn_unready
[INFO] [stdout]   13:     0x56b728edbb22 - <e2e[90684cbe2c568e80]::takeover_by_outranking_host_hands_off_in_flight_job_and_client_follows::{closure#0} as core[a373ad73a504971]::ops::function::FnOnce<()>>::call_once
[INFO] [stdout]   14:     0x56b728f038bb - test[aada8e7e76ba119b]::__rust_begin_short_backtrace::<core[a373ad73a504971]::result::Result<(), alloc[2e1b2a31b91974c5]::string::String>, fn() -> core[a373ad73a504971]::result::Result<(), alloc[2e1b2a31b91974c5]::string::String>>
[INFO] [stdout]   15:     0x56b728f10a95 - test[aada8e7e76ba119b]::run_test::{closure#0}
[INFO] [stdout]   16:     0x56b728f0a384 - std[617be2ca0a6fd877]::sys::backtrace::__rust_begin_short_backtrace::<test[aada8e7e76ba119b]::run_test::{closure#1}, ()>
[INFO] [stdout]   17:     0x56b728f13b22 - <std[617be2ca0a6fd877]::thread::lifecycle::spawn_unchecked<test[aada8e7e76ba119b]::run_test::{closure#1}, ()>::{closure#1} as core[a373ad73a504971]::ops::function::FnOnce<()>>::call_once::{shim:vtable#0}
[INFO] [stdout]   18:     0x56b728fe31bf - <std[617be2ca0a6fd877]::sys::thread::unix::Thread>::new::thread_start
[INFO] [stdout]   19:     0x7ad463597dfa - <unknown>
[INFO] [stdout]   20:     0x7ad46362b3d4 - clone
[INFO] [stdout]   21:                0x0 - <unknown>
[INFO] [stdout] 
[INFO] [stdout] ---- cancel_closes_the_connection_and_returns_cancelled stdout ----
[INFO] [stdout] 
[INFO] [stdout] thread 'cancel_closes_the_connection_and_returns_cancelled' (765) panicked at tests/e2e.rs:51:14:
[INFO] [stdout] spawn hr_fake_host (cargo test builds examples): Os { code: 2, kind: NotFound, message: "No such file or directory" }
[INFO] [stdout] stack backtrace:
[INFO] [stdout]    0:     0x56b728fe4281 - <<std[617be2ca0a6fd877]::sys::backtrace::BacktraceLock>::print::DisplayBacktrace as core[a373ad73a504971]::fmt::Display>::fmt
[INFO] [stdout]    1:     0x56b728ffb52a - core[a373ad73a504971]::fmt::write
[INFO] [stdout]    2:     0x56b728fe8a6c - <alloc[2e1b2a31b91974c5]::vec::Vec<u8> as core[a373ad73a504971]::io::write::Write>::write_fmt
[INFO] [stdout]    3:     0x56b728fbc846 - std[617be2ca0a6fd877]::panicking::default_hook::{closure#0}
[INFO] [stdout]    4:     0x56b728fda8c9 - std[617be2ca0a6fd877]::panicking::default_hook
[INFO] [stdout]    5:     0x56b728f10470 - test[aada8e7e76ba119b]::test_main_inner::{closure#0}
[INFO] [stdout]    6:     0x56b728fdabf2 - std[617be2ca0a6fd877]::panicking::panic_with_hook
[INFO] [stdout]    7:     0x56b728fbc8f2 - std[617be2ca0a6fd877]::panicking::panic_handler::{closure#0}
[INFO] [stdout]    8:     0x56b728fb5119 - std[617be2ca0a6fd877]::sys::backtrace::__rust_end_short_backtrace::<std[617be2ca0a6fd877]::panicking::panic_handler::{closure#0}, !>
[INFO] [stdout]    9:     0x56b728fbd79d - __rustc[ea4f61d10b84890b]::rust_begin_unwind
[INFO] [stdout]   10:     0x56b728ffbc5c - core[a373ad73a504971]::panicking::panic_fmt
[INFO] [stdout]   11:     0x56b728ffba32 - core[a373ad73a504971]::result::unwrap_failed
[INFO] [stdout]   12:     0x56b728ecd75a - <e2e[90684cbe2c568e80]::Host>::spawn_unready
[INFO] [stdout]   13:     0x56b728ed57c9 - <e2e[90684cbe2c568e80]::cancel_closes_the_connection_and_returns_cancelled::{closure#0} as core[a373ad73a504971]::ops::function::FnOnce<()>>::call_once
[INFO] [stdout]   14:     0x56b728f038bb - test[aada8e7e76ba119b]::__rust_begin_short_backtrace::<core[a373ad73a504971]::result::Result<(), alloc[2e1b2a31b91974c5]::string::String>, fn() -> core[a373ad73a504971]::result::Result<(), alloc[2e1b2a31b91974c5]::string::String>>
[INFO] [stdout]   15:     0x56b728f10a95 - test[aada8e7e76ba119b]::run_test::{closure#0}
[INFO] [stdout]   16:     0x56b728f0a384 - std[617be2ca0a6fd877]::sys::backtrace::__rust_begin_short_backtrace::<test[aada8e7e76ba119b]::run_test::{closure#1}, ()>
[INFO] [stdout]   17:     0x56b728f13b22 - <std[617be2ca0a6fd877]::thread::lifecycle::spawn_unchecked<test[aada8e7e76ba119b]::run_test::{closure#1}, ()>::{closure#1} as core[a373ad73a504971]::ops::function::FnOnce<()>>::call_once::{shim:vtable#0}
[INFO] [stdout]   18:     0x56b728fe31bf - <std[617be2ca0a6fd877]::sys::thread::unix::Thread>::new::thread_start
[INFO] [stdout]   19:     0x7ad463597dfa - <unknown>
[INFO] [stdout]   20:     0x7ad46362b3d4 - clone
[INFO] [stdout]   21:                0x0 - <unknown>
[INFO] [stdout] 
[INFO] [stdout] ---- queue_client_resubmits_the_same_job_to_the_next_host_when_the_host_dies stdout ----
[INFO] [stdout] 
[INFO] [stdout] thread 'queue_client_resubmits_the_same_job_to_the_next_host_when_the_host_dies' (774) panicked at tests/e2e.rs:51:14:
[INFO] [stdout] spawn hr_fake_host (cargo test builds examples): Os { code: 2, kind: NotFound, message: "No such file or directory" }
[INFO] [stdout] stack backtrace:
[INFO] [stdout]    0:     0x56b728fe4281 - <<std[617be2ca0a6fd877]::sys::backtrace::BacktraceLock>::print::DisplayBacktrace as core[a373ad73a504971]::fmt::Display>::fmt
[INFO] [stdout]    1:     0x56b728ffb52a - core[a373ad73a504971]::fmt::write
[INFO] [stdout]    2:     0x56b728fe8a6c - <alloc[2e1b2a31b91974c5]::vec::Vec<u8> as core[a373ad73a504971]::io::write::Write>::write_fmt
[INFO] [stdout]    3:     0x56b728fbc846 - std[617be2ca0a6fd877]::panicking::default_hook::{closure#0}
[INFO] [stdout]    4:     0x56b728fda8c9 - std[617be2ca0a6fd877]::panicking::default_hook
[INFO] [stdout]    5:     0x56b728f10470 - test[aada8e7e76ba119b]::test_main_inner::{closure#0}
[INFO] [stdout]    6:     0x56b728fdabf2 - std[617be2ca0a6fd877]::panicking::panic_with_hook
[INFO] [stdout]    7:     0x56b728fbc8f2 - std[617be2ca0a6fd877]::panicking::panic_handler::{closure#0}
[INFO] [stdout]    8:     0x56b728fb5119 - std[617be2ca0a6fd877]::sys::backtrace::__rust_end_short_backtrace::<std[617be2ca0a6fd877]::panicking::panic_handler::{closure#0}, !>
[INFO] [stdout]    9:     0x56b728fbd79d - __rustc[ea4f61d10b84890b]::rust_begin_unwind
[INFO] [stdout]   10:     0x56b728ffbc5c - core[a373ad73a504971]::panicking::panic_fmt
[INFO] [stdout]   11:     0x56b728ffba32 - core[a373ad73a504971]::result::unwrap_failed
[INFO] [stdout]   12:     0x56b728ecd75a - <e2e[90684cbe2c568e80]::Host>::spawn_unready
[INFO] [stdout]   13:     0x56b728edc9a3 - <e2e[90684cbe2c568e80]::queue_client_resubmits_the_same_job_to_the_next_host_when_the_host_dies::{closure#0} as core[a373ad73a504971]::ops::function::FnOnce<()>>::call_once
[INFO] [stdout]   14:     0x56b728f038bb - test[aada8e7e76ba119b]::__rust_begin_short_backtrace::<core[a373ad73a504971]::result::Result<(), alloc[2e1b2a31b91974c5]::string::String>, fn() -> core[a373ad73a504971]::result::Result<(), alloc[2e1b2a31b91974c5]::string::String>>
[INFO] [stdout]   15:     0x56b728f10a95 - test[aada8e7e76ba119b]::run_test::{closure#0}
[INFO] [stdout]   16:     0x56b728f0a384 - std[617be2ca0a6fd877]::sys::backtrace::__rust_begin_short_backtrace::<test[aada8e7e76ba119b]::run_test::{closure#1}, ()>
[INFO] [stdout]   17:     0x56b728f13b22 - <std[617be2ca0a6fd877]::thread::lifecycle::spawn_unchecked<test[aada8e7e76ba119b]::run_test::{closure#1}, ()>::{closure#1} as core[a373ad73a504971]::ops::function::FnOnce<()>>::call_once::{shim:vtable#0}
[INFO] [stdout]   18:     0x56b728fe31bf - <std[617be2ca0a6fd877]::sys::thread::unix::Thread>::new::thread_start
[INFO] [stdout]   19:     0x7ad463597dfa - <unknown>
[INFO] [stdout]   20:     0x7ad46362b3d4 - clone
[INFO] [stdout]   21:                0x0 - <unknown>
[INFO] [stdout] 
[INFO] [stdout] 
[INFO] [stdout] failures:
[INFO] [stdout]     allowlist_rejection_and_connection_survives
[INFO] [stderr] error: test failed, to rerun pass `--test e2e`
[INFO] [stdout]     cancel_closes_the_connection_and_returns_cancelled
[INFO] [stdout]     dictation_pause_on_a_v1_host_is_silent_so_a_short_stall_timeout_fires
[INFO] [stdout]     dictation_pause_with_progress_frames_outlives_the_stall_timeout
[INFO] [stdout]     discovery_staleness_planning_and_installed_engine
[INFO] [stdout]     frames_match_heardright_v1_fixtures_exactly
[INFO] [stdout]     host_handoff_error_is_retried_and_reaches_the_result
[INFO] [stdout]     minor1_host_reports_engines_and_honours_selection
[INFO] [stdout]     pre_queue_hosts_keep_the_stall_timeout_and_refuse_status
[INFO] [stdout]     queue_client_resubmits_the_same_job_to_the_next_host_when_the_host_dies
[INFO] [stdout]     queue_host_reports_position_reason_and_running_with_no_stall_timeout
[INFO] [stdout]     stall_timeout_fires_on_silence_and_the_host_sees_the_disconnect
[INFO] [stdout]     takeover_by_outranking_host_hands_off_in_flight_job_and_client_follows
[INFO] [stdout]     unchanged_v1_host_transcribes_and_never_sees_minor1_fields
[INFO] [stdout]     verbatim_is_sent_only_to_a_host_that_advertises_it
[INFO] [stdout] 
[INFO] [stdout] test result: FAILED. 4 passed; 15 failed; 0 ignored; 0 measured; 0 filtered out; finished in 1.02s
[INFO] [stdout] 
[INFO] running `Command { std: "docker" "inspect" "5e7e28eca578b6f771ded2dfbd1745cd0cc6fc5ce93101dc71a7fe29bd9199a9", kill_on_drop: false }`
[INFO] running `Command { std: "docker" "rm" "-f" "5e7e28eca578b6f771ded2dfbd1745cd0cc6fc5ce93101dc71a7fe29bd9199a9", kill_on_drop: false }`
[INFO] [stdout] 5e7e28eca578b6f771ded2dfbd1745cd0cc6fc5ce93101dc71a7fe29bd9199a9
