[INFO] fetching crate rightkit-qa 0.3.0...
[INFO] testing rightkit-qa-0.3.0 against 1.99.0-beta.8+cargoflags=--release for beta-release-1.100-2
[INFO] extracting crate rightkit-qa 0.3.0 into /workspace/builds/worker-6-tc1/source
[INFO] started tweaking crates.io crate rightkit-qa 0.3.0
[INFO] removed 0 missing tests
[INFO] finished tweaking crates.io crate rightkit-qa 0.3.0
[INFO] tweaked toml for crates.io crate rightkit-qa 0.3.0 written to /workspace/builds/worker-6-tc1/source/Cargo.toml
[INFO] validating manifest of crates.io crate rightkit-qa 0.3.0 on toolchain 1.99.0-beta.8
[INFO] running `Command { std: CARGO_HOME="/workspace/cargo-home" RUSTUP_HOME="/workspace/rustup-home" "/workspace/cargo-home/bin/cargo" "+1.99.0-beta.8" "metadata" "--manifest-path" "Cargo.toml" "--no-deps", kill_on_drop: false }`
[INFO] crate crates.io crate rightkit-qa 0.3.0 already has a lockfile, it will not be regenerated
[INFO] running `Command { std: CARGO_HOME="/workspace/cargo-home" RUSTUP_HOME="/workspace/rustup-home" "/workspace/cargo-home/bin/cargo" "+1.99.0-beta.8" "fetch" "--manifest-path" "Cargo.toml", kill_on_drop: false }`
[INFO] [stderr]     Updating crates.io index
[INFO] [stderr]  Downloading crates ...
[INFO] [stderr]   Downloaded rightkit-sidecar v0.2.0
[INFO] [stderr]   Downloaded toml v0.8.2
[INFO] [stderr]   Downloaded which v8.0.6
[INFO] [stderr]   Downloaded chromiumoxide_types v0.9.1
[INFO] [stderr]   Downloaded chromiumoxide_pdl v0.9.1
[INFO] [stderr]   Downloaded async-tungstenite v0.32.1
[INFO] [stderr]   Downloaded rightkit-sandbox v0.4.0
[INFO] [stderr]   Downloaded chromiumoxide v0.9.1
[INFO] [stderr]   Downloaded rightkit-qa-driver v0.3.0
[INFO] [stderr]   Downloaded rightkit-fs v0.4.0
[INFO] [stderr]   Downloaded rightkit-browser v0.3.1
[INFO] [stderr]   Downloaded rightkit-child-process v0.4.0
[INFO] [stderr]   Downloaded rightkit-daemon v0.2.1
[INFO] [stderr]   Downloaded chromiumoxide_cdp v0.9.1
[INFO] running `Command { std: "docker" "create" "-v" "/var/lib/crater-agent-workspace/builds/worker-6-tc1/source:/opt/rustwide/workdir:ro,Z" "-v" "/var/lib/crater-agent-workspace/builds/worker-6-tc1/target:/opt/rustwide/target:rw,Z" "-v" "/var/lib/crater-agent-workspace/cargo-home:/opt/rustwide/cargo-home:ro,Z" "-v" "/var/lib/crater-agent-workspace/rustup-home:/opt/rustwide/rustup-home:ro,Z" "-m" "1610612736" "--network" "none" "ghcr.io/rust-lang/crates-build-env/linux@sha256:77db811e55d90add9212f6832c23229e3de5f1c1f9905e8cb07319ea15df73ac" "sleep" "infinity", kill_on_drop: false }`
[INFO] [stdout] 6720d78e1398831e1e822b59b86db58c9eecf6c86dd423db9ca7f37e8b1f835e
[INFO] running `Command { std: "docker" "start" "6720d78e1398831e1e822b59b86db58c9eecf6c86dd423db9ca7f37e8b1f835e", kill_on_drop: false }`
[INFO] running `Command { std: "docker" "inspect" "6720d78e1398831e1e822b59b86db58c9eecf6c86dd423db9ca7f37e8b1f835e", kill_on_drop: false }`
[INFO] running `Command { std: "docker" "exec" "-e" "SOURCE_DIR=/opt/rustwide/workdir" "-e" "CARGO_HOME=/opt/rustwide/cargo-home" "-e" "RUSTUP_HOME=/opt/rustwide/rustup-home" "-e" "CARGO_TARGET_DIR=/opt/rustwide/target" "-w" "/opt/rustwide/workdir" "--user" "0:0" "6720d78e1398831e1e822b59b86db58c9eecf6c86dd423db9ca7f37e8b1f835e" "/opt/rustwide/cargo-home/bin/cargo" "+1.99.0-beta.8" "metadata" "--no-deps" "--format-version=1", kill_on_drop: false }`
[INFO] running `Command { std: "docker" "inspect" "6720d78e1398831e1e822b59b86db58c9eecf6c86dd423db9ca7f37e8b1f835e", kill_on_drop: false }`
[INFO] running `Command { std: "docker" "exec" "-e" "SOURCE_DIR=/opt/rustwide/workdir" "-e" "CARGO_HOME=/opt/rustwide/cargo-home" "-e" "RUSTUP_HOME=/opt/rustwide/rustup-home" "-e" "CARGO_TARGET_DIR=/opt/rustwide/target" "-e" "CARGO_INCREMENTAL=0" "-e" "RUST_BACKTRACE=full" "-e" "RUSTFLAGS=--cap-lints=warn" "-e" "RUSTDOCFLAGS=--cap-lints=warn" "-w" "/opt/rustwide/workdir" "--user" "0:0" "6720d78e1398831e1e822b59b86db58c9eecf6c86dd423db9ca7f37e8b1f835e" "/opt/rustwide/cargo-home/bin/cargo" "+1.99.0-beta.8" "build" "--frozen" "--message-format=json" "--release", kill_on_drop: false }`
[INFO] [stderr]    Compiling hybrid-array v0.4.15
[INFO] [stderr]    Compiling syn v2.0.118
[INFO] [stderr]    Compiling syn v3.0.6
[INFO] [stderr]    Compiling serde_json v1.0.150
[INFO] [stderr]    Compiling winnow v0.5.40
[INFO] [stderr]    Compiling rightkit-child-process v0.4.0
[INFO] [stderr]    Compiling png v0.18.1
[INFO] [stderr]    Compiling getrandom v0.3.4
[INFO] [stderr]    Compiling crypto-common v0.2.2
[INFO] [stderr]    Compiling block-buffer v0.12.1
[INFO] [stderr]    Compiling digest v0.11.3
[INFO] [stderr]    Compiling sha2 v0.11.0
[INFO] [stderr]    Compiling serde_derive v1.0.228
[INFO] [stderr]    Compiling thiserror-impl v2.0.21
[INFO] [stderr]    Compiling thiserror v2.0.21
[INFO] [stderr]    Compiling rightkit-fs v0.4.0
[INFO] [stderr]    Compiling serde v1.0.228
[INFO] [stderr]    Compiling toml_datetime v0.6.3
[INFO] [stderr]    Compiling serde_spanned v0.6.9
[INFO] [stderr]    Compiling rightkit-sidecar v0.2.0
[INFO] [stderr]    Compiling toml_edit v0.20.2
[INFO] [stderr]    Compiling rightkit-daemon v0.2.1
[INFO] [stderr]    Compiling toml v0.8.2
[INFO] [stderr]    Compiling rightkit-qa v0.3.0 (/opt/rustwide/workdir)
[INFO] [stderr]     Finished `release` profile [optimized] target(s) in 1m 32s
[INFO] running `Command { std: "docker" "inspect" "6720d78e1398831e1e822b59b86db58c9eecf6c86dd423db9ca7f37e8b1f835e", kill_on_drop: false }`
[INFO] running `Command { std: "docker" "exec" "-e" "SOURCE_DIR=/opt/rustwide/workdir" "-e" "CARGO_HOME=/opt/rustwide/cargo-home" "-e" "RUSTUP_HOME=/opt/rustwide/rustup-home" "-e" "CARGO_TARGET_DIR=/opt/rustwide/target" "-e" "CARGO_INCREMENTAL=0" "-e" "RUST_BACKTRACE=full" "-e" "RUSTFLAGS=--cap-lints=warn" "-e" "RUSTDOCFLAGS=--cap-lints=warn" "-w" "/opt/rustwide/workdir" "--user" "0:0" "6720d78e1398831e1e822b59b86db58c9eecf6c86dd423db9ca7f37e8b1f835e" "/opt/rustwide/cargo-home/bin/cargo" "+1.99.0-beta.8" "test" "--frozen" "--no-run" "--message-format=json" "--release", kill_on_drop: false }`
[INFO] [stderr]    Compiling rightkit-qa v0.3.0 (/opt/rustwide/workdir)
[INFO] [stderr]     Finished `release` profile [optimized] target(s) in 43.49s
[INFO] running `Command { std: "docker" "inspect" "6720d78e1398831e1e822b59b86db58c9eecf6c86dd423db9ca7f37e8b1f835e", kill_on_drop: false }`
[INFO] running `Command { std: "docker" "exec" "-e" "SOURCE_DIR=/opt/rustwide/workdir" "-e" "CARGO_HOME=/opt/rustwide/cargo-home" "-e" "RUSTUP_HOME=/opt/rustwide/rustup-home" "-e" "CARGO_TARGET_DIR=/opt/rustwide/target" "-e" "CARGO_INCREMENTAL=0" "-e" "RUST_BACKTRACE=full" "-e" "RUSTFLAGS=--cap-lints=warn" "-e" "RUSTDOCFLAGS=--cap-lints=warn" "-w" "/opt/rustwide/workdir" "--user" "0:0" "6720d78e1398831e1e822b59b86db58c9eecf6c86dd423db9ca7f37e8b1f835e" "/opt/rustwide/cargo-home/bin/cargo" "+1.99.0-beta.8" "test" "--frozen" "--release", kill_on_drop: false }`
[INFO] [stderr]     Finished `release` profile [optimized] target(s) in 0.16s
[INFO] [stderr]      Running unittests src/lib.rs (/opt/rustwide/target/release/deps/rightkit_qa-8e4d0fd154178a0e)
[INFO] [stdout] 
[INFO] [stdout] running 149 tests
[INFO] [stdout] test check::tests::selects_nested_indexed_and_fanned_paths ... ok
[INFO] [stdout] test check::tests::interpolation_keeps_types_for_whole_placeholders ... ok
[INFO] [stdout] test check::tests::every_declared_constraint_is_evaluated ... ok
[INFO] [stdout] test control::launch_path_tests::windows_foreground_is_classified_without_a_windows_host ... ok
[INFO] [stdout] test check::tests::predicates ... ok
[INFO] [stdout] test config::tests::parses_aliases_and_defaults ... ok
[INFO] [stdout] test engine::command_shape_tests::legacy_status_frames_keep_the_old_shape ... ok
[INFO] [stdout] test engine::command_shape_tests::jobs_contract_is_the_default_frame ... ok
[INFO] [stdout] test config::tests::rejects_bad_app_key_mode_and_tier ... ok
[INFO] [stdout] test control::launch_path_tests::windows_background_invariant_fails_closed ... ok
[INFO] [stdout] test engine::frame_shape_tests::detection_reads_the_hello_fields ... ok
[INFO] [stdout] test engine::frame_shape_tests::jobs_hello_selects_contract_frames ... ok
[INFO] [stdout] test engine::frame_shape_tests::legacy_hello_selects_legacy_frames_without_a_flag ... ok
[INFO] [stdout] test engine::frame_shape_tests::per_command_flag_beats_a_jobs_hello_both_ways ... ok
[INFO] [stdout] test engine::frame_shape_tests::per_command_flag_beats_a_legacy_hello ... ok
[INFO] [stdout] test engine::frame_shape_tests::sidecar_field_and_pin_beat_the_hello ... ok
[INFO] [stdout] test engine::frame_shape_tests::sidecar_pin_beats_a_legacy_hello ... ok
[INFO] [stdout] test engine::frame_shape_tests::stderr_cuts_never_split_a_character ... ok
[INFO] [stdout] test engine::frame_shape_tests::stderr_keeps_its_last_bytes_on_a_line_boundary_and_says_what_it_dropped ... ok
[INFO] [stdout] test engine::frame_shape_tests::stderr_stays_within_its_limit_however_much_is_written ... ok
[INFO] [stdout] test engine::launch_guard_tests::a_data_dir_reaches_the_engine_only_through_a_declared_variable ... ok
[INFO] [stdout] test engine::launch_guard_tests::a_forbidden_flag_is_refused_whatever_the_data_dir ... ok
[INFO] [stdout] test engine::launch_guard_tests::a_launch_without_a_data_dir_is_refused_for_cli_and_sidecar_alike ... ok
[INFO] [stdout] test engine::launch_guard_tests::the_probe_label_alone_never_opens_a_launch ... ok
[INFO] [stdout] test control::launch_path_tests::launch_environment_keeps_all_owned_paths_internal_and_rejects_external_overrides ... ok
[INFO] [stdout] test evidence::tests::check_must_reference_hashed_artifacts ... ok
[INFO] [stdout] test guard::tests::accepts_dev_inspect_behind_an_off_by_default_dev_feature ... ok
[INFO] [stdout] test guard::tests::accepts_gate_on_enclosing_function ... ok
[INFO] [stdout] test guard::tests::accepts_older_debug_only_form ... ok
[INFO] [stdout] test evidence::tests::passing_receipt_refused_when_bytes_drift ... ok
[INFO] [stdout] test guard::tests::accepts_qa_control_listed_in_dependency_features ... ok
[INFO] [stdout] test guard::tests::accepts_qa_native_gate_without_debug_assertions ... ok
[INFO] [stdout] test guard::tests::accepts_wdio_backend_gated_by_qa_native ... ok
[INFO] [stdout] test guard::tests::rejects_dev_inspect_in_default_features ... ok
[INFO] [stdout] test guard::tests::rejects_missing_registration ... ok
[INFO] [stdout] test guard::tests::rejects_negated_gate ... ok
[INFO] [stdout] test guard::tests::rejects_non_optional_dependency_that_enables_qa_control ... ok
[INFO] [stdout] test guard::tests::rejects_non_optional_dev_inspect_dependency_and_release_scripts ... ok
[INFO] [stdout] test guard::tests::rejects_other_feature_that_enables_the_dependency ... ok
[INFO] [stdout] test engine::frame_shape_tests::ambiguous_hello_with_a_frame_for_the_id_keeps_the_plain_timeout ... ok
[INFO] [stdout] test engine::frame_shape_tests::ambiguous_hello_and_silence_names_the_shape_and_the_switch ... ok
[INFO] [stdout] test guard::tests::rejects_qa_native_reached_through_a_default_feature ... ok
[INFO] [stdout] test guard::tests::rejects_qa_native_without_qa_control ... ok
[INFO] [stdout] test guard::tests::rejects_qa_native_in_default_features ... ok
[INFO] [stdout] test guard::tests::rejects_release_scripts_and_non_optional_dependency ... ok
[INFO] [stdout] test harness::tool_settings_tests::ffprobe_settings_accept_app_and_legacy_keys_before_path_discovery ... ok
[INFO] [stdout] test guard::tests::rejects_unconditional_registration ... ok
[INFO] [stdout] test engine::frame_shape_tests::explicit_shape_and_silence_keep_the_plain_timeout ... ok
[INFO] [stdout] test guard::tests::rejects_missing_qa_native_feature ... ok
[INFO] [stdout] test engine::frame_shape_tests::the_event_limit_is_configurable_and_trims_at_once ... ok
[INFO] [stdout] test loudness::tests::parses_ffmpeg_summary ... ok
[INFO] [stdout] test engine::frame_shape_tests::a_full_ring_keeps_the_newest_events_and_the_waiter_still_gets_its_answer ... ok
[INFO] [stdout] test loudness::tests::true_peak_sees_inter_sample_overs ... ok
[INFO] [stdout] test media::tests::frames_report_requires_every_frame_to_vary ... ok
[INFO] [stdout] test media::tests::image_report_rejects_flat_transparent_and_speckled ... ok
[INFO] [stdout] test media::tests::png_round_trip_and_non_trivial_verdicts ... ok
[INFO] [stdout] test lock::tests::dead_owner_is_reclaimed ... ok
[INFO] [stdout] test media::tests::reference_wav_round_trips_through_stats ... ok
[INFO] [stdout] test media::tests::wav_decodes_float_24bit_extensible_and_streamed_headers ... ok
[INFO] [stdout] test media::tests::read_audio_without_ffmpeg_needs_wav ... ok
[INFO] [stdout] test mock::tests::a_held_connection_does_not_block_other_requests ... ok
[INFO] [stdout] test mock::tests::ignore_range_and_cut_after_simulate_no_resume_and_dropped_connections ... ok
[INFO] [stdout] test lock::tests::live_owner_is_never_reclaimed_by_age ... ok
[INFO] [stdout] test mock::tests::static_routes_still_answer_json_and_404 ... ok
[INFO] [stdout] test page::tests::ambiguous_selector_names_both_documents ... ok
[INFO] [stdout] test page::tests::describes_frames_and_matches ... ok
[INFO] [stdout] test page::tests::frame_scripts_quote_selectors ... ok
[INFO] [stdout] test page::tests::paint_budget ... ok
[INFO] [stdout] test page::tests::pane_assertions ... ok
[INFO] [stdout] test scenario::tests::a_verbatim_path_is_given_to_scenarios_in_its_ordinary_form ... ok
[INFO] [stdout] test scenario::tests::parses_scenario_toml_with_flattened_params_and_expects ... ok
[INFO] [stdout] test mock::tests::static_and_dynamic_binary_replies_serve_byte_ranges ... ok
[INFO] [stdout] test scenario::tests::tier_selection_and_requirements ... ok
[INFO] [stdout] test settings::tests::discover_follows_search_order ... ok
[INFO] [stdout] test settings::tests::parses_comments_export_quotes_and_overrides ... ok
[INFO] [stdout] test lock::tests::second_run_times_out_while_first_holds ... ok
[INFO] [stdout] test scenario::tests::scenario_paths_are_untouched_off_windows ... ok
[INFO] [stdout] test settings::tests::typed_getters_reject_malformed_values ... ok
[INFO] [stdout] test loudness::tests::loudness_range_spans_quiet_and_loud_sections ... ok
[INFO] [stdout] test storage::tests::a_home_without_a_binding_counts_for_the_product_in_its_name ... ok
[INFO] [stdout] test mock::tests::dynamic_handler_is_stateful_binary_and_knows_its_base ... ok
[INFO] [stdout] test storage::tests::a_lock_held_by_a_dead_process_is_recovered ... ok
[INFO] [stdout] test storage::tests::a_homes_product_comes_from_its_binding_then_its_name ... ok
[INFO] [stdout] test storage::tests::a_symlink_above_the_root_is_resolved_and_a_link_below_it_is_refused ... ok
[INFO] [stdout] test storage::tests::a_starter_does_not_wait_for_or_fail_on_a_held_prune_lock ... ok
[INFO] [stdout] test storage::tests::a_removal_that_stops_names_the_entry_and_keeps_the_binding_file ... FAILED
[INFO] [stdout] test storage::tests::a_created_home_records_its_owner_and_start ... ok
[INFO] [stdout] test storage::tests::a_symlink_out_of_the_home_is_removed_and_what_it_points_at_stays ... ok
[INFO] [stdout] test storage::tests::an_ownerless_lock_is_recovered_only_after_the_grace_period ... ok
[INFO] [stdout] test storage::tests::an_unmarked_directory_that_is_not_named_like_a_home_is_kept ... ok
[INFO] [stdout] test storage::tests::a_symlinked_entry_named_like_a_home_is_skipped ... ok
[INFO] [stdout] test storage::tests::a_dead_unmarked_home_is_swept_and_the_sweep_unblocks_its_product ... ok
[INFO] [stdout] test storage::tests::an_explicit_prune_that_cannot_get_the_lock_fails_with_the_typed_error ... ok
[INFO] [stdout] test storage::tests::child_starter_for_the_two_process_test ... ok
[INFO] [stdout] test storage::tests::a_young_unmarked_home_is_kept_and_so_is_one_with_a_recently_written_file ... ok
[INFO] [stdout] test storage::tests::clean_refuses_a_parent_that_is_not_the_qa_root ... ok
[INFO] [stdout] test storage::tests::caller_keep_id_blocks_eviction_and_reports_overage ... ok
[INFO] [stdout] test storage::tests::clean_never_follows_a_symlink_out_of_the_root ... ok
[INFO] [stdout] test storage::tests::home_root_override_must_be_absolute ... ok
[INFO] [stdout] test storage::tests::an_unmarked_home_with_a_live_recorded_pid_is_kept ... ok
[INFO] [stdout] test storage::tests::create_refuses_when_protected_data_exceeds_cap ... ok
[INFO] [stdout] test storage::tests::malformed_and_symlink_roots_are_retained_and_reported ... ok
[INFO] [stdout] test loudness::tests::sine_matches_bs1770_reference_levels ... ok
[INFO] [stdout] test storage::tests::limits_set_in_code_win_over_the_environment_and_the_environment_over_the_default ... ok
[INFO] [stdout] test storage::tests::only_a_runner_created_home_counts_as_owned ... ok
[INFO] [stdout] test storage::tests::live_pid_and_future_lease_are_protected ... ok
[INFO] [stdout] test storage::tests::parallel_starters_in_one_process_all_proceed ... ok
[INFO] [stdout] test storage::tests::parallel_starters_in_two_processes_all_proceed ... ok
[INFO] [stdout] test loudness::tests::gates_silence_and_short_input ... ok
[INFO] [stdout] test storage::tests::clean_removes_dead_old_homes_and_never_a_live_one ... ok
[INFO] [stdout] test storage::tests::removal_refuses_a_path_that_is_not_strictly_inside_the_qa_root ... ok
[INFO] [stdout] test storage::tests::sweep_refuses_a_parent_that_is_not_the_homes_directory ... ok
[INFO] [stdout] test storage::tests::another_products_homes_never_block_a_run ... ok
[INFO] [stdout] test engine::frame_shape_tests::an_answer_seen_before_the_ring_trimmed_it_is_still_reported_as_answered ... ok
[INFO] [stdout] test storage::tests::newest_five_are_kept_under_byte_cap ... ok
[INFO] [stdout] test storage::tests::own_product_over_the_cap_refuses_and_names_own_homes ... ok
[INFO] [stdout] test storage::tests::the_home_name_pattern_matches_what_the_runners_write ... ok
[INFO] [stdout] test storage::tests::young_run_is_protected_when_cap_requires_old_eviction ... ok
[INFO] [stdout] test storage::tests::sweep_keeps_finished_homes_when_the_size_bound_cannot_be_met_by_removing_them ... ok
[INFO] [stdout] test storage::tests::root_ceiling_names_the_largest_homes_with_their_product ... ok
[INFO] [stdout] test userdata::tests::a_created_qa_root_and_its_directories_are_accepted ... ok
[INFO] [stdout] test storage::tests::sweep_enforces_the_size_bound_on_finished_homes_oldest_first ... ok
[INFO] [stdout] test userdata::tests::a_data_dir_inside_the_workspace_is_allowed ... ok
[INFO] [stdout] test userdata::tests::a_data_dir_the_target_cannot_deliver_does_not_count ... ok
[INFO] [stdout] test userdata::tests::dialog_owner_matching ... ok
[INFO] [stdout] test userdata::tests::a_launch_with_no_data_dir_is_refused_and_says_which_target ... ok
[INFO] [stdout] test userdata::tests::an_app_launch_environment_must_carry_the_isolated_data_dir ... ok
[INFO] [stdout] test userdata::tests::a_forbidden_argument_is_refused_even_with_an_isolated_data_dir ... ok
[INFO] [stdout] test userdata::tests::a_symlink_out_of_the_qa_root_is_refused ... ok
[INFO] [stdout] test userdata::tests::a_directory_that_is_not_a_qa_root_is_not_accepted_as_one ... ok
[INFO] [stdout] test userdata::tests::an_environment_path_outside_the_root_is_refused ... ok
[INFO] [stdout] test storage::tests::sweep_removes_old_orphans_and_finished_homes_and_spares_the_rest ... ok
[INFO] [stdout] test userdata::tests::engine_data_dirs_must_be_in_temp_and_clear_of_user_folders ... ok
[INFO] [stdout] test util::tests::new_id_is_a_version_4_uuid ... ok
[INFO] [stdout] test util::tests::rfc3339_known_instants ... ok
[INFO] [stdout] test userdata::tests::every_forbidden_location_is_refused_with_its_rule ... ok
[INFO] [stdout] test userdata::tests::external_volumes_and_other_accounts_are_refused ... ok
[INFO] [stdout] test userdata::tests::the_probe_does_not_excuse_a_bad_directory_or_a_forbidden_flag ... ok
[INFO] [stdout] test workspace::tests::only_the_runs_own_processes_may_be_ended_and_every_holder_is_named ... ok
[INFO] [stdout] test userdata::tests::the_probe_on_windows_is_refused_outright ... ok
[INFO] [stdout] test userdata::tests::seed_refuses_real_app_data_without_a_verified_scrub ... ok
[INFO] [stdout] test userdata::tests::the_probe_on_unix_needs_home_redirected_into_the_workspace ... ok
[INFO] [stdout] test workspace::tests::the_process_scan_is_read_row_by_row ... ok
[INFO] [stdout] test userdata::tests::the_real_per_user_folder_is_refused_whichever_way_it_is_named ... ok
[INFO] [stdout] test workspace::tests::dispose_deletes_only_a_home_the_runner_created ... ok
[INFO] [stdout] test workspace::tests::prune_spares_young_and_kept_runs ... ok
[INFO] [stdout] test workspace::tests::isolates_and_disposes ... ok
[INFO] [stdout] test workspace::tests::launched_pids_are_recorded_in_the_run_root ... ok
[INFO] [stdout] test workspace::tests::orphan_sweep_removes_registered_temp_home_but_spares_active_runs ... ok
[INFO] [stdout] 
[INFO] [stdout] failures:
[INFO] [stdout] 
[INFO] [stdout] ---- storage::tests::a_removal_that_stops_names_the_entry_and_keeps_the_binding_file stdout ----
[INFO] [stdout] 
[INFO] [stdout] thread 'storage::tests::a_removal_that_stops_names_the_entry_and_keeps_the_binding_file' (913) panicked at src/storage.rs:3128:52:
[INFO] [stdout] called `Result::unwrap_err()` on an `Ok` value: ()
[INFO] [stdout] stack backtrace:
[INFO] [stdout]    0:     0x6385c6a82b91 - <<std[70759c8f55707aa4]::sys::backtrace::BacktraceLock>::print::DisplayBacktrace as core[df12db4294e9bfd3]::fmt::Display>::fmt
[INFO] [stdout]    1:     0x6385c6a9be3a - core[df12db4294e9bfd3]::fmt::write
[INFO] [stdout]    2:     0x6385c6a8779c - <alloc[2182bb758b4b3781]::vec::Vec<u8> as core[df12db4294e9bfd3]::io::write::Write>::write_fmt
[INFO] [stdout]    3:     0x6385c6a585a6 - std[70759c8f55707aa4]::panicking::default_hook::{closure#0}
[INFO] [stdout]    4:     0x6385c6a78269 - std[70759c8f55707aa4]::panicking::default_hook
[INFO] [stdout]    5:     0x6385c69f35f0 - test[9d35eded1c95d3be]::test_main_inner::<test[9d35eded1c95d3be]::test_main_static::{closure#0}>::{closure#0}
[INFO] [stdout]    6:     0x6385c6a78422 - std[70759c8f55707aa4]::panicking::panic_with_hook
[INFO] [stdout]    7:     0x6385c6a58652 - std[70759c8f55707aa4]::panicking::panic_handler::{closure#0}
[INFO] [stdout]    8:     0x6385c6a50ea9 - std[70759c8f55707aa4]::sys::backtrace::__rust_end_short_backtrace::<std[70759c8f55707aa4]::panicking::panic_handler::{closure#0}, !>
[INFO] [stdout]    9:     0x6385c6a597cd - __rustc[8fa7c3cbc660c2b3]::rust_begin_unwind
[INFO] [stdout]   10:     0x6385c6a9c56c - core[df12db4294e9bfd3]::panicking::panic_fmt
[INFO] [stdout]   11:     0x6385c6a9c342 - core[df12db4294e9bfd3]::result::unwrap_failed
[INFO] [stdout]   12:     0x6385c69595af - rightkit_qa[74b087944005c07a]::storage::tests::a_removal_that_stops_names_the_entry_and_keeps_the_binding_file
[INFO] [stdout]   13:     0x6385c68e60b9 - <rightkit_qa[74b087944005c07a]::storage::tests::a_removal_that_stops_names_the_entry_and_keeps_the_binding_file::{closure#0} as core[df12db4294e9bfd3]::ops::function::FnOnce<()>>::call_once
[INFO] [stdout]   14:     0x6385c69e68db - test[9d35eded1c95d3be]::__rust_begin_short_backtrace::<core[df12db4294e9bfd3]::result::Result<(), alloc[2182bb758b4b3781]::string::String>, fn() -> core[df12db4294e9bfd3]::result::Result<(), alloc[2182bb758b4b3781]::string::String>>
[INFO] [stdout]   15:     0x6385c69f3f45 - test[9d35eded1c95d3be]::run_test::{closure#0}
[INFO] [stdout]   16:     0x6385c69ed804 - std[70759c8f55707aa4]::sys::backtrace::__rust_begin_short_backtrace::<test[9d35eded1c95d3be]::run_test::{closure#1}, ()>
[INFO] [stdout]   17:     0x6385c69f70a2 - <std[70759c8f55707aa4]::thread::lifecycle::spawn_unchecked<test[9d35eded1c95d3be]::run_test::{closure#1}, ()>::{closure#1} as core[df12db4294e9bfd3]::ops::function::FnOnce<()>>::call_once::{shim:vtable#0}
[INFO] [stdout]   18:     0x6385c6a813b9 - <std[70759c8f55707aa4]::sys::thread::unix::Thread>::new::thread_start
[INFO] [stdout]   19:     0x785f921cfdfa - <unknown>
[INFO] [stdout]   20:     0x785f922633d4 - clone
[INFO] [stdout]   21:                0x0 - <unknown>
[INFO] [stdout] 
[INFO] [stdout] 
[INFO] [stdout] failures:
[INFO] [stdout]     storage::tests::a_removal_that_stops_names_the_entry_and_keeps_the_binding_file
[INFO] [stdout] 
[INFO] [stdout] test result: FAILED. 148 passed; 1 failed; 0 ignored; 0 measured; 0 filtered out; finished in 0.83s
[INFO] [stdout] 
[INFO] [stderr] error: test failed, to rerun pass `--lib`
[INFO] running `Command { std: "docker" "inspect" "6720d78e1398831e1e822b59b86db58c9eecf6c86dd423db9ca7f37e8b1f835e", kill_on_drop: false }`
[INFO] running `Command { std: "docker" "rm" "-f" "6720d78e1398831e1e822b59b86db58c9eecf6c86dd423db9ca7f37e8b1f835e", kill_on_drop: false }`
[INFO] [stdout] 6720d78e1398831e1e822b59b86db58c9eecf6c86dd423db9ca7f37e8b1f835e
