[INFO] fetching crate rightkit-jobs 0.3.0...
[INFO] testing rightkit-jobs-0.3.0 against 1.99.0-beta.8+cargoflags=--release for beta-release-1.100-2
[INFO] extracting crate rightkit-jobs 0.3.0 into /workspace/builds/worker-4-tc1/source
[INFO] started tweaking crates.io crate rightkit-jobs 0.3.0
[INFO] removed 0 missing tests
[INFO] finished tweaking crates.io crate rightkit-jobs 0.3.0
[INFO] tweaked toml for crates.io crate rightkit-jobs 0.3.0 written to /workspace/builds/worker-4-tc1/source/Cargo.toml
[INFO] validating manifest of crates.io crate rightkit-jobs 0.3.0 on toolchain 1.99.0-beta.8
[INFO] running `Command { std: CARGO_HOME="/workspace/cargo-home" RUSTUP_HOME="/workspace/rustup-home" "/workspace/cargo-home/bin/cargo" "+1.99.0-beta.8" "metadata" "--manifest-path" "Cargo.toml" "--no-deps", kill_on_drop: false }`
[INFO] crate crates.io crate rightkit-jobs 0.3.0 already has a lockfile, it will not be regenerated
[INFO] running `Command { std: CARGO_HOME="/workspace/cargo-home" RUSTUP_HOME="/workspace/rustup-home" "/workspace/cargo-home/bin/cargo" "+1.99.0-beta.8" "fetch" "--manifest-path" "Cargo.toml", kill_on_drop: false }`
[INFO] [stderr]     Updating crates.io index
[INFO] [stderr]  Downloading crates ...
[INFO] [stderr]   Downloaded rightkit-fs v0.4.0
[INFO] [stderr]   Downloaded rightkit-sidecar v0.2.0
[INFO] [stderr]   Downloaded rightkit-crash v0.2.2
[INFO] [stderr]   Downloaded rightkit-framed-sidecar v0.2.0
[INFO] [stderr]   Downloaded rightkit-db v0.4.0
[INFO] [stderr]   Downloaded rightkit-logs v0.2.2
[INFO] [stderr]   Downloaded rightkit-process v0.4.0
[INFO] [stderr]   Downloaded rightkit-child-process v0.4.0
[INFO] [stderr]   Downloaded rightkit-daemon v0.2.0
[INFO] running `Command { std: "docker" "create" "-v" "/var/lib/crater-agent-workspace/builds/worker-4-tc1/source:/opt/rustwide/workdir:ro,Z" "-v" "/var/lib/crater-agent-workspace/builds/worker-4-tc1/target:/opt/rustwide/target:rw,Z" "-v" "/var/lib/crater-agent-workspace/cargo-home:/opt/rustwide/cargo-home:ro,Z" "-v" "/var/lib/crater-agent-workspace/rustup-home:/opt/rustwide/rustup-home:ro,Z" "-m" "1610612736" "--network" "none" "ghcr.io/rust-lang/crates-build-env/linux@sha256:77db811e55d90add9212f6832c23229e3de5f1c1f9905e8cb07319ea15df73ac" "sleep" "infinity", kill_on_drop: false }`
[INFO] [stdout] a346d6863463efa3c763f8ea1e0dc7efb8f245d45f49c155fbaad0d8db657b01
[INFO] running `Command { std: "docker" "start" "a346d6863463efa3c763f8ea1e0dc7efb8f245d45f49c155fbaad0d8db657b01", kill_on_drop: false }`
[INFO] running `Command { std: "docker" "inspect" "a346d6863463efa3c763f8ea1e0dc7efb8f245d45f49c155fbaad0d8db657b01", kill_on_drop: false }`
[INFO] running `Command { std: "docker" "exec" "-e" "SOURCE_DIR=/opt/rustwide/workdir" "-e" "CARGO_HOME=/opt/rustwide/cargo-home" "-e" "RUSTUP_HOME=/opt/rustwide/rustup-home" "-e" "CARGO_TARGET_DIR=/opt/rustwide/target" "-w" "/opt/rustwide/workdir" "--user" "0:0" "a346d6863463efa3c763f8ea1e0dc7efb8f245d45f49c155fbaad0d8db657b01" "/opt/rustwide/cargo-home/bin/cargo" "+1.99.0-beta.8" "metadata" "--no-deps" "--format-version=1", kill_on_drop: false }`
[INFO] running `Command { std: "docker" "inspect" "a346d6863463efa3c763f8ea1e0dc7efb8f245d45f49c155fbaad0d8db657b01", kill_on_drop: false }`
[INFO] running `Command { std: "docker" "exec" "-e" "SOURCE_DIR=/opt/rustwide/workdir" "-e" "CARGO_HOME=/opt/rustwide/cargo-home" "-e" "RUSTUP_HOME=/opt/rustwide/rustup-home" "-e" "CARGO_TARGET_DIR=/opt/rustwide/target" "-e" "CARGO_INCREMENTAL=0" "-e" "RUST_BACKTRACE=full" "-e" "RUSTFLAGS=--cap-lints=warn" "-e" "RUSTDOCFLAGS=--cap-lints=warn" "-w" "/opt/rustwide/workdir" "--user" "0:0" "a346d6863463efa3c763f8ea1e0dc7efb8f245d45f49c155fbaad0d8db657b01" "/opt/rustwide/cargo-home/bin/cargo" "+1.99.0-beta.8" "build" "--frozen" "--message-format=json" "--release", kill_on_drop: false }`
[INFO] [stderr]    Compiling quote v1.0.46
[INFO] [stderr]    Compiling syn v2.0.118
[INFO] [stderr]    Compiling serde_derive v1.0.228
[INFO] [stderr]    Compiling serde v1.0.228
[INFO] [stderr]    Compiling rightkit-jobs v0.3.0 (/opt/rustwide/workdir)
[INFO] [stderr]     Finished `release` profile [optimized] target(s) in 6.67s
[INFO] running `Command { std: "docker" "inspect" "a346d6863463efa3c763f8ea1e0dc7efb8f245d45f49c155fbaad0d8db657b01", kill_on_drop: false }`
[INFO] running `Command { std: "docker" "exec" "-e" "SOURCE_DIR=/opt/rustwide/workdir" "-e" "CARGO_HOME=/opt/rustwide/cargo-home" "-e" "RUSTUP_HOME=/opt/rustwide/rustup-home" "-e" "CARGO_TARGET_DIR=/opt/rustwide/target" "-e" "CARGO_INCREMENTAL=0" "-e" "RUST_BACKTRACE=full" "-e" "RUSTFLAGS=--cap-lints=warn" "-e" "RUSTDOCFLAGS=--cap-lints=warn" "-w" "/opt/rustwide/workdir" "--user" "0:0" "a346d6863463efa3c763f8ea1e0dc7efb8f245d45f49c155fbaad0d8db657b01" "/opt/rustwide/cargo-home/bin/cargo" "+1.99.0-beta.8" "test" "--frozen" "--no-run" "--message-format=json" "--release", kill_on_drop: false }`
[INFO] [stderr]    Compiling powerfmt v0.2.1
[INFO] [stderr]    Compiling getrandom v0.4.3
[INFO] [stderr]    Compiling tempfile v3.27.0
[INFO] [stderr]    Compiling time v0.3.55
[INFO] [stderr]    Compiling rightkit-jobs v0.3.0 (/opt/rustwide/workdir)
[INFO] [stderr]     Finished `release` profile [optimized] target(s) in 2.37s
[INFO] running `Command { std: "docker" "inspect" "a346d6863463efa3c763f8ea1e0dc7efb8f245d45f49c155fbaad0d8db657b01", kill_on_drop: false }`
[INFO] running `Command { std: "docker" "exec" "-e" "SOURCE_DIR=/opt/rustwide/workdir" "-e" "CARGO_HOME=/opt/rustwide/cargo-home" "-e" "RUSTUP_HOME=/opt/rustwide/rustup-home" "-e" "CARGO_TARGET_DIR=/opt/rustwide/target" "-e" "CARGO_INCREMENTAL=0" "-e" "RUST_BACKTRACE=full" "-e" "RUSTFLAGS=--cap-lints=warn" "-e" "RUSTDOCFLAGS=--cap-lints=warn" "-w" "/opt/rustwide/workdir" "--user" "0:0" "a346d6863463efa3c763f8ea1e0dc7efb8f245d45f49c155fbaad0d8db657b01" "/opt/rustwide/cargo-home/bin/cargo" "+1.99.0-beta.8" "test" "--frozen" "--release", kill_on_drop: false }`
[INFO] [stderr]     Finished `release` profile [optimized] target(s) in 0.07s
[INFO] [stderr]      Running unittests src/lib.rs (/opt/rustwide/target/release/deps/rightkit_jobs-38d802a1b699e56f)
[INFO] [stdout] 
[INFO] [stdout] running 0 tests
[INFO] [stdout] 
[INFO] [stdout] test result: ok. 0 passed; 0 failed; 0 ignored; 0 measured; 0 filtered out; finished in 0.00s
[INFO] [stdout] 
[INFO] [stderr]      Running tests/feature_split.rs (/opt/rustwide/target/release/deps/feature_split-6ab15da9d869ab77)
[INFO] [stdout] 
[INFO] [stdout] running 2 tests
[INFO] [stdout] test the_store_free_surface_has_no_database_types ... ok
[INFO] [stdout] test only_the_store_feature_pulls_the_database ... FAILED
[INFO] [stdout] 
[INFO] [stdout] failures:
[INFO] [stdout] 
[INFO] [stdout] ---- only_the_store_feature_pulls_the_database stdout ----
[INFO] [stdout] 
[INFO] [stdout] thread 'only_the_store_feature_pulls_the_database' (326) panicked at tests/feature_split.rs:10:10:
[INFO] [stdout] rightkit-db dependency line
[INFO] [stdout] stack backtrace:
[INFO] [stdout]    0:     0x6235023d56c1 - <<std[70759c8f55707aa4]::sys::backtrace::BacktraceLock>::print::DisplayBacktrace as core[df12db4294e9bfd3]::fmt::Display>::fmt
[INFO] [stdout]    1:     0x6235023e98ca - core[df12db4294e9bfd3]::fmt::write
[INFO] [stdout]    2:     0x6235023d9b5c - <alloc[2182bb758b4b3781]::vec::Vec<u8> as core[df12db4294e9bfd3]::io::write::Write>::write_fmt
[INFO] [stdout]    3:     0x6235023b1cb6 - std[70759c8f55707aa4]::panicking::default_hook::{closure#0}
[INFO] [stdout]    4:     0x6235023cde29 - std[70759c8f55707aa4]::panicking::default_hook
[INFO] [stdout]    5:     0x62350236a2b0 - test[9d35eded1c95d3be]::test_main_inner::<test[9d35eded1c95d3be]::test_main_static::{closure#0}>::{closure#0}
[INFO] [stdout]    6:     0x6235023cdfe2 - std[70759c8f55707aa4]::panicking::panic_with_hook
[INFO] [stdout]    7:     0x6235023b1d62 - std[70759c8f55707aa4]::panicking::panic_handler::{closure#0}
[INFO] [stdout]    8:     0x6235023aaae9 - std[70759c8f55707aa4]::sys::backtrace::__rust_end_short_backtrace::<std[70759c8f55707aa4]::panicking::panic_handler::{closure#0}, !>
[INFO] [stdout]    9:     0x6235023b295d - __rustc[8fa7c3cbc660c2b3]::rust_begin_unwind
[INFO] [stdout]   10:     0x6235023e9ffc - core[df12db4294e9bfd3]::panicking::panic_fmt
[INFO] [stdout]   11:     0x6235023e9d54 - core[df12db4294e9bfd3]::option::expect_failed
[INFO] [stdout]   12:     0x62350235d42b - <feature_split[a89663e16115433b]::only_the_store_feature_pulls_the_database::{closure#0} as core[df12db4294e9bfd3]::ops::function::FnOnce<()>>::call_once
[INFO] [stdout]   13:     0x62350235d59b - test[9d35eded1c95d3be]::__rust_begin_short_backtrace::<core[df12db4294e9bfd3]::result::Result<(), alloc[2182bb758b4b3781]::string::String>, fn() -> core[df12db4294e9bfd3]::result::Result<(), alloc[2182bb758b4b3781]::string::String>>
[INFO] [stdout]   14:     0x62350236ac05 - test[9d35eded1c95d3be]::run_test::{closure#0}
[INFO] [stdout]   15:     0x6235023644c4 - std[70759c8f55707aa4]::sys::backtrace::__rust_begin_short_backtrace::<test[9d35eded1c95d3be]::run_test::{closure#1}, ()>
[INFO] [stdout]   16:     0x62350236dd62 - <std[70759c8f55707aa4]::thread::lifecycle::spawn_unchecked<test[9d35eded1c95d3be]::run_test::{closure#1}, ()>::{closure#1} as core[df12db4294e9bfd3]::ops::function::FnOnce<()>>::call_once::{shim:vtable#0}
[INFO] [stdout]   17:     0x6235023d4f99 - <std[70759c8f55707aa4]::sys::thread::unix::Thread>::new::thread_start
[INFO] [stdout]   18:     0x72bf0f857dfa - <unknown>
[INFO] [stdout]   19:     0x72bf0f8eb3d4 - clone
[INFO] [stdout]   20:                0x0 - <unknown>
[INFO] [stdout] 
[INFO] [stdout] 
[INFO] [stdout] failures:
[INFO] [stdout]     only_the_store_feature_pulls_the_database
[INFO] [stdout] 
[INFO] [stdout] test result: FAILED. 1 passed; 1 failed; 0 ignored; 0 measured; 0 filtered out; finished in 0.00s
[INFO] [stderr] error: test failed, to rerun pass `--test feature_split`
[INFO] [stdout] 
[INFO] running `Command { std: "docker" "inspect" "a346d6863463efa3c763f8ea1e0dc7efb8f245d45f49c155fbaad0d8db657b01", kill_on_drop: false }`
[INFO] running `Command { std: "docker" "rm" "-f" "a346d6863463efa3c763f8ea1e0dc7efb8f245d45f49c155fbaad0d8db657b01", kill_on_drop: false }`
[INFO] [stdout] a346d6863463efa3c763f8ea1e0dc7efb8f245d45f49c155fbaad0d8db657b01
