[INFO] fetching crate ridstack-form 0.1.1...
[INFO] testing ridstack-form-0.1.1 against 1.99.0-beta.8+cargoflags=--release for beta-release-1.100-2
[INFO] extracting crate ridstack-form 0.1.1 into /workspace/builds/worker-5-tc1/source
[INFO] started tweaking crates.io crate ridstack-form 0.1.1
[INFO] removed 0 missing examples
[INFO] finished tweaking crates.io crate ridstack-form 0.1.1
[INFO] tweaked toml for crates.io crate ridstack-form 0.1.1 written to /workspace/builds/worker-5-tc1/source/Cargo.toml
[INFO] validating manifest of crates.io crate ridstack-form 0.1.1 on toolchain 1.99.0-beta.8
[INFO] running `Command { std: CARGO_HOME="/workspace/cargo-home" RUSTUP_HOME="/workspace/rustup-home" "/workspace/cargo-home/bin/cargo" "+1.99.0-beta.8" "metadata" "--manifest-path" "Cargo.toml" "--no-deps", kill_on_drop: false }`
[INFO] crate crates.io crate ridstack-form 0.1.1 already has a lockfile, it will not be regenerated
[INFO] running `Command { std: CARGO_HOME="/workspace/cargo-home" RUSTUP_HOME="/workspace/rustup-home" "/workspace/cargo-home/bin/cargo" "+1.99.0-beta.8" "fetch" "--manifest-path" "Cargo.toml", kill_on_drop: false }`
[INFO] [stderr]     Updating crates.io index
[INFO] [stderr]     Blocking waiting for file lock on package cache
[INFO] [stderr]  Downloading crates ...
[INFO] [stderr]   Downloaded validify v2.0.0
[INFO] [stderr]   Downloaded validify_derive v2.0.0
[INFO] [stderr]   Downloaded unic-ucd-common v0.9.0
[INFO] [stderr]   Downloaded oncemutex v0.1.1
[INFO] [stderr]   Downloaded regex-cache v0.2.1
[INFO] [stderr]   Downloaded card-validate v2.4.0
[INFO] [stderr]   Downloaded ridstack-form-macros v0.1.1
[INFO] [stderr]   Downloaded warnings-macro v0.2.0
[INFO] [stderr]   Downloaded subsecond v0.7.9
[INFO] [stderr]   Downloaded dioxus v0.7.9
[INFO] [stderr]   Downloaded phonenumber v0.3.9+9.0.21
[INFO] [stderr]   Downloaded warnings v0.2.1
[INFO] [stderr]   Downloaded subsecond-types v0.7.9
[INFO] [stderr]   Downloaded manganis v0.7.9
[INFO] [stderr]   Downloaded dioxus-cli-config v0.7.9
[INFO] [stderr]   Downloaded manganis-macro v0.7.9
[INFO] [stderr]   Downloaded dioxus-core-types v0.7.9
[INFO] [stderr]   Downloaded const-serialize v0.8.0-alpha.0
[INFO] [stderr]   Downloaded const-serialize v0.7.2
[INFO] [stderr]   Downloaded manganis-core v0.7.9
[INFO] [stderr]   Downloaded const-serialize-macro v0.8.0-alpha.0
[INFO] [stderr]   Downloaded const-serialize-macro v0.7.2
[INFO] [stderr]   Downloaded dioxus-web v0.7.9
[INFO] [stderr]   Downloaded lazy-js-bundle v0.7.9
[INFO] [stderr]   Downloaded longest-increasing-subsequence v0.1.0
[INFO] [stderr]   Downloaded generational-box v0.7.9
[INFO] [stderr]   Downloaded dioxus-signals v0.7.9
[INFO] [stderr]   Downloaded dioxus-core v0.7.9
[INFO] [stderr]   Downloaded sledgehammer_bindgen_macro v0.6.5
[INFO] [stderr]   Downloaded dioxus-interpreter-js v0.7.9
[INFO] [stderr]   Downloaded sledgehammer_utils v0.3.1
[INFO] [stderr]   Downloaded sledgehammer_bindgen v0.6.0
[INFO] [stderr]   Downloaded dioxus-html v0.7.9
[INFO] [stderr]   Downloaded dioxus-devtools v0.7.9
[INFO] [stderr]   Downloaded dioxus-rsx v0.7.9
[INFO] [stderr]   Downloaded dioxus-core-macro v0.7.9
[INFO] [stderr]   Downloaded dioxus-document v0.7.9
[INFO] [stderr]   Downloaded dioxus-hooks v0.7.9
[INFO] [stderr]   Downloaded dioxus-history v0.7.9
[INFO] [stderr]   Downloaded dioxus-html-internal-macro v0.7.9
[INFO] [stderr]   Downloaded proc-macro2-diagnostics v0.10.1
[INFO] [stderr]   Downloaded dioxus-stores v0.7.9
[INFO] [stderr]   Downloaded dioxus-logger v0.7.9
[INFO] [stderr]   Downloaded dioxus-config-macros v0.7.9
[INFO] [stderr]   Downloaded dioxus-devtools-types v0.7.9
[INFO] [stderr]   Downloaded dioxus-asset-resolver v0.7.9
[INFO] [stderr]   Downloaded dioxus-config-macro v0.7.9
[INFO] [stderr]   Downloaded dioxus-stores-macro v0.7.9
[INFO] running `Command { std: "docker" "create" "-v" "/var/lib/crater-agent-workspace/builds/worker-5-tc1/source:/opt/rustwide/workdir:ro,Z" "-v" "/var/lib/crater-agent-workspace/builds/worker-5-tc1/target:/opt/rustwide/target:rw,Z" "-v" "/var/lib/crater-agent-workspace/cargo-home:/opt/rustwide/cargo-home:ro,Z" "-v" "/var/lib/crater-agent-workspace/rustup-home:/opt/rustwide/rustup-home:ro,Z" "-m" "1610612736" "--network" "none" "ghcr.io/rust-lang/crates-build-env/linux@sha256:77db811e55d90add9212f6832c23229e3de5f1c1f9905e8cb07319ea15df73ac" "sleep" "infinity", kill_on_drop: false }`
[INFO] [stdout] 42b660e6f39ee33508c9bea4b6bf386291d9c2a3437c8140bea0c907c0177840
[INFO] running `Command { std: "docker" "start" "42b660e6f39ee33508c9bea4b6bf386291d9c2a3437c8140bea0c907c0177840", kill_on_drop: false }`
[INFO] running `Command { std: "docker" "inspect" "42b660e6f39ee33508c9bea4b6bf386291d9c2a3437c8140bea0c907c0177840", kill_on_drop: false }`
[INFO] running `Command { std: "docker" "exec" "-e" "SOURCE_DIR=/opt/rustwide/workdir" "-e" "CARGO_HOME=/opt/rustwide/cargo-home" "-e" "RUSTUP_HOME=/opt/rustwide/rustup-home" "-e" "CARGO_TARGET_DIR=/opt/rustwide/target" "-w" "/opt/rustwide/workdir" "--user" "0:0" "42b660e6f39ee33508c9bea4b6bf386291d9c2a3437c8140bea0c907c0177840" "/opt/rustwide/cargo-home/bin/cargo" "+1.99.0-beta.8" "metadata" "--no-deps" "--format-version=1", kill_on_drop: false }`
[INFO] running `Command { std: "docker" "inspect" "42b660e6f39ee33508c9bea4b6bf386291d9c2a3437c8140bea0c907c0177840", kill_on_drop: false }`
[INFO] running `Command { std: "docker" "exec" "-e" "SOURCE_DIR=/opt/rustwide/workdir" "-e" "CARGO_HOME=/opt/rustwide/cargo-home" "-e" "RUSTUP_HOME=/opt/rustwide/rustup-home" "-e" "CARGO_TARGET_DIR=/opt/rustwide/target" "-e" "CARGO_INCREMENTAL=0" "-e" "RUST_BACKTRACE=full" "-e" "RUSTFLAGS=--cap-lints=warn" "-e" "RUSTDOCFLAGS=--cap-lints=warn" "-w" "/opt/rustwide/workdir" "--user" "0:0" "42b660e6f39ee33508c9bea4b6bf386291d9c2a3437c8140bea0c907c0177840" "/opt/rustwide/cargo-home/bin/cargo" "+1.99.0-beta.8" "build" "--frozen" "--message-format=json" "--release", kill_on_drop: false }`
[INFO] [stderr]    Compiling proc-macro2 v1.0.106
[INFO] [stderr]    Compiling slotmap v1.1.1
[INFO] [stderr]    Compiling konst_macro_rules v0.2.19
[INFO] [stderr]    Compiling futures-core v0.3.32
[INFO] [stderr]    Compiling parking_lot_core v0.9.12
[INFO] [stderr]    Compiling dioxus-core-types v0.7.9
[INFO] [stderr]    Compiling memmap2 v0.9.10
[INFO] [stderr]    Compiling unicode-segmentation v1.13.3
[INFO] [stderr]    Compiling futures-util v0.3.32
[INFO] [stderr]    Compiling futures-channel v0.3.32
[INFO] [stderr]    Compiling longest-increasing-subsequence v0.1.0
[INFO] [stderr]    Compiling konst v0.2.20
[INFO] [stderr]    Compiling rustc-hash v2.1.2
[INFO] [stderr]    Compiling parking_lot v0.12.5
[INFO] [stderr]    Compiling zerocopy v0.8.50
[INFO] [stderr]    Compiling serde_core v1.0.228
[INFO] [stderr]    Compiling proc-macro2-diagnostics v0.10.1
[INFO] [stderr]    Compiling serde v1.0.228
[INFO] [stderr]    Compiling convert_case v0.8.0
[INFO] [stderr]    Compiling getrandom v0.3.4
[INFO] [stderr]    Compiling dioxus-cli-config v0.7.9
[INFO] [stderr]    Compiling rand_core v0.9.5
[INFO] [stderr]    Compiling regex-automata v0.4.14
[INFO] [stderr]    Compiling winnow v1.0.3
[INFO] [stderr]    Compiling quote v1.0.45
[INFO] [stderr]    Compiling syn v2.0.117
[INFO] [stderr]    Compiling const_format_proc_macros v0.2.34
[INFO] [stderr]    Compiling syn v1.0.109
[INFO] [stderr]    Compiling winnow v0.7.15
[INFO] [stderr]    Compiling const_format v0.2.36
[INFO] [stderr]    Compiling bitflags v2.13.0
[INFO] [stderr]    Compiling lazy-js-bundle v0.7.9
[INFO] [stderr]    Compiling memchr v2.8.2
[INFO] [stderr]    Compiling dioxus-document v0.7.9
[INFO] [stderr]    Compiling keyboard-types v0.7.0
[INFO] [stderr]    Compiling toml_parser v1.1.2+spec-1.1.0
[INFO] [stderr]    Compiling sha1 v0.10.6
[INFO] [stderr]    Compiling serde_json v1.0.150
[INFO] [stderr]    Compiling indexmap v2.14.0
[INFO] [stderr]    Compiling euclid v0.22.14
[INFO] [stderr]    Compiling matchers v0.2.0
[INFO] [stderr]    Compiling http v1.4.1
[INFO] [stderr]    Compiling data-encoding v2.11.0
[INFO] [stderr]    Compiling toml_datetime v1.1.1+spec-1.1.0
[INFO] [stderr]    Compiling log v0.4.32
[INFO] [stderr]    Compiling toml_edit v0.25.12+spec-1.1.0
[INFO] [stderr]    Compiling proc-macro-error-attr v1.0.4
[INFO] [stderr]    Compiling ppv-lite86 v0.2.21
[INFO] [stderr]    Compiling darling_core v0.21.3
[INFO] [stderr]    Compiling dioxus-rsx v0.7.9
[INFO] [stderr]    Compiling rand_chacha v0.9.0
[INFO] [stderr]    Compiling rand v0.9.4
[INFO] [stderr]    Compiling macro-string v0.1.4
[INFO] [stderr]    Compiling convert_case v0.10.0
[INFO] [stderr]    Compiling proc-macro-error v1.0.4
[INFO] [stderr]    Compiling proc-macro-crate v3.5.0
[INFO] [stderr]    Compiling dioxus-config-macro v0.7.9
[INFO] [stderr]    Compiling dioxus-config-macros v0.7.9
[INFO] [stderr]    Compiling tokio v1.52.3
[INFO] [stderr]    Compiling either v1.16.0
[INFO] [stderr]    Compiling serde_derive v1.0.228
[INFO] [stderr]    Compiling thiserror-impl v2.0.18
[INFO] [stderr]    Compiling tracing-attributes v0.1.31
[INFO] [stderr]    Compiling thiserror v2.0.18
[INFO] [stderr]    Compiling pin-project-internal v1.1.13
[INFO] [stderr]    Compiling const-serialize-macro v0.7.2
[INFO] [stderr]    Compiling warnings-macro v0.2.0
[INFO] [stderr]    Compiling const-serialize-macro v0.8.0-alpha.0
[INFO] [stderr]    Compiling tracing v0.1.44
[INFO] [stderr]    Compiling darling_macro v0.21.3
[INFO] [stderr]    Compiling const-serialize v0.7.2
[INFO] [stderr]    Compiling generational-box v0.7.9
[INFO] [stderr]    Compiling darling v0.21.3
[INFO] [stderr]    Compiling enumset_derive v0.15.0
[INFO] [stderr]    Compiling dioxus-html-internal-macro v0.7.9
[INFO] [stderr]    Compiling dioxus-core-macro v0.7.9
[INFO] [stderr]    Compiling async-trait v0.1.89
[INFO] [stderr]    Compiling tracing-subscriber v0.3.23
[INFO] [stderr]    Compiling tungstenite v0.28.0
[INFO] [stderr]    Compiling pin-project v1.1.13
[INFO] [stderr]    Compiling warnings v0.2.1
[INFO] [stderr]    Compiling dioxus-stores-macro v0.7.9
[INFO] [stderr]    Compiling dioxus-asset-resolver v0.7.9
[INFO] [stderr]    Compiling derive_more-impl v2.1.1
[INFO] [stderr]    Compiling ridstack-form-macros v0.1.1
[INFO] [stderr]    Compiling enumset v1.1.13
[INFO] [stderr]    Compiling subsecond-types v0.7.9
[INFO] [stderr]    Compiling const-serialize v0.8.0-alpha.0
[INFO] [stderr]    Compiling subsecond v0.7.9
[INFO] [stderr]    Compiling dioxus-logger v0.7.9
[INFO] [stderr]    Compiling manganis-core v0.7.9
[INFO] [stderr]    Compiling dioxus-core v0.7.9
[INFO] [stderr]    Compiling manganis-macro v0.7.9
[INFO] [stderr]    Compiling manganis v0.7.9
[INFO] [stderr]    Compiling derive_more v2.1.1
[INFO] [stderr]    Compiling dioxus-signals v0.7.9
[INFO] [stderr]    Compiling dioxus-devtools-types v0.7.9
[INFO] [stderr]    Compiling dioxus-history v0.7.9
[INFO] [stderr]    Compiling dioxus-hooks v0.7.9
[INFO] [stderr]    Compiling dioxus-stores v0.7.9
[INFO] [stderr]    Compiling dioxus-devtools v0.7.9
[INFO] [stderr]    Compiling dioxus-html v0.7.9
[INFO] [stderr]    Compiling dioxus v0.7.9
[INFO] [stderr]    Compiling ridstack-form v0.1.1 (/opt/rustwide/workdir)
[INFO] [stderr]     Finished `release` profile [optimized] target(s) in 2m 09s
[INFO] running `Command { std: "docker" "inspect" "42b660e6f39ee33508c9bea4b6bf386291d9c2a3437c8140bea0c907c0177840", kill_on_drop: false }`
[INFO] running `Command { std: "docker" "exec" "-e" "SOURCE_DIR=/opt/rustwide/workdir" "-e" "CARGO_HOME=/opt/rustwide/cargo-home" "-e" "RUSTUP_HOME=/opt/rustwide/rustup-home" "-e" "CARGO_TARGET_DIR=/opt/rustwide/target" "-e" "CARGO_INCREMENTAL=0" "-e" "RUST_BACKTRACE=full" "-e" "RUSTFLAGS=--cap-lints=warn" "-e" "RUSTDOCFLAGS=--cap-lints=warn" "-w" "/opt/rustwide/workdir" "--user" "0:0" "42b660e6f39ee33508c9bea4b6bf386291d9c2a3437c8140bea0c907c0177840" "/opt/rustwide/cargo-home/bin/cargo" "+1.99.0-beta.8" "test" "--frozen" "--no-run" "--message-format=json" "--release", kill_on_drop: false }`
[INFO] [stderr]    Compiling ridstack-form v0.1.1 (/opt/rustwide/workdir)
[INFO] [stderr]     Finished `release` profile [optimized] target(s) in 8.51s
[INFO] running `Command { std: "docker" "inspect" "42b660e6f39ee33508c9bea4b6bf386291d9c2a3437c8140bea0c907c0177840", kill_on_drop: false }`
[INFO] running `Command { std: "docker" "exec" "-e" "SOURCE_DIR=/opt/rustwide/workdir" "-e" "CARGO_HOME=/opt/rustwide/cargo-home" "-e" "RUSTUP_HOME=/opt/rustwide/rustup-home" "-e" "CARGO_TARGET_DIR=/opt/rustwide/target" "-e" "CARGO_INCREMENTAL=0" "-e" "RUST_BACKTRACE=full" "-e" "RUSTFLAGS=--cap-lints=warn" "-e" "RUSTDOCFLAGS=--cap-lints=warn" "-w" "/opt/rustwide/workdir" "--user" "0:0" "42b660e6f39ee33508c9bea4b6bf386291d9c2a3437c8140bea0c907c0177840" "/opt/rustwide/cargo-home/bin/cargo" "+1.99.0-beta.8" "test" "--frozen" "--release", kill_on_drop: false }`
[INFO] [stderr]     Finished `release` profile [optimized] target(s) in 0.18s
[INFO] [stderr]      Running unittests src/lib.rs (/opt/rustwide/target/release/deps/ridstack_form-ed1e8e10796ac33b)
[INFO] [stdout] 
[INFO] [stdout] running 0 tests
[INFO] [stdout] 
[INFO] [stdout] test result: ok. 0 passed; 0 failed; 0 ignored; 0 measured; 0 filtered out; finished in 0.00s
[INFO] [stdout] 
[INFO] [stderr]    Doc-tests ridstack_form
[INFO] [stdout] 
[INFO] [stdout] running 4 tests
[INFO] [stdout] test src/field.rs - field::FieldHandlers (line 128) - compile ... FAILED
[INFO] [stdout] test src/traits.rs - traits::FieldStateProvider (line 65) - compile ... FAILED
[INFO] [stdout] test src/field.rs - field::FieldApi (line 20) - compile ... FAILED
[INFO] [stdout] test src/lib.rs - (line 6) - compile ... ok
[INFO] [stdout] 
[INFO] [stdout] failures:
[INFO] [stdout] 
[INFO] [stdout] ---- src/field.rs - field::FieldHandlers (line 128) stdout ----
[INFO] [stdout] error: expected one of `!` or `::`, found `:`
[INFO] [stdout]    --> src/field.rs:129:7
[INFO] [stdout]     |
[INFO] [stdout] 129 | onblur: field_api.peek().handlers().on_blur(),
[INFO] [stdout]     |       ^ expected one of `!` or `::`
[INFO] [stdout] 
[INFO] [stdout] error: aborting due to 1 previous error
[INFO] [stdout] 
[INFO] [stdout] Couldn't compile the test.
[INFO] [stdout] ---- src/traits.rs - traits::FieldStateProvider (line 65) stdout ----
[INFO] [stdout] error[E0405]: cannot find trait `FieldStateProvider` in this scope
[INFO] [stdout]   --> src/traits.rs:69:6
[INFO] [stdout]    |
[INFO] [stdout] 69 | impl FieldStateProvider<GetName> for TestForm {
[INFO] [stdout]    |      ^^^^^^^^^^^^^^^^^^ not found in this scope
[INFO] [stdout] 
[INFO] [stdout] error[E0425]: cannot find type `TestForm` in this scope
[INFO] [stdout]   --> src/traits.rs:69:38
[INFO] [stdout]    |
[INFO] [stdout] 69 | impl FieldStateProvider<GetName> for TestForm {
[INFO] [stdout]    |                                      ^^^^^^^^ not found in this scope
[INFO] [stdout] 
[INFO] [stdout] error[E0425]: cannot find type `FormError` in this scope
[INFO] [stdout]   --> src/traits.rs:71:23
[INFO] [stdout]    |
[INFO] [stdout] 71 |     type FieldError = FormError;
[INFO] [stdout]    |                       ^^^^^^^^^ not found in this scope
[INFO] [stdout] 
[INFO] [stdout] error[E0425]: cannot find type `Store` in this scope
[INFO] [stdout]   --> src/traits.rs:75:10
[INFO] [stdout]    |
[INFO] [stdout] 75 |     ) -> Store<FieldState<Self::FieldValue, Self::FieldError>> {
[INFO] [stdout]    |          ^^^^^ not found in this scope
[INFO] [stdout] 
[INFO] [stdout] error[E0425]: cannot find type `FieldState` in this scope
[INFO] [stdout]   --> src/traits.rs:75:16
[INFO] [stdout]    |
[INFO] [stdout] 75 |     ) -> Store<FieldState<Self::FieldValue, Self::FieldError>> {
[INFO] [stdout]    |                ^^^^^^^^^^ not found in this scope
[INFO] [stdout] 
[INFO] [stdout] error: aborting due to 5 previous errors
[INFO] [stdout] 
[INFO] [stdout] Some errors have detailed explanations: E0405, E0425.
[INFO] [stdout] For more information about an error, try `rustc --explain E0405`.
[INFO] [stdout] Couldn't compile the test.
[INFO] [stdout] ---- src/field.rs - field::FieldApi (line 20) stdout ----
[INFO] [stdout] error: cannot find attribute `component` in this scope
[INFO] [stdout]   --> src/field.rs:21:3
[INFO] [stdout]    |
[INFO] [stdout] 21 | #[component]
[INFO] [stdout]    |   ^^^^^^^^^
[INFO] [stdout] 
[INFO] [stdout] error: cannot find attribute `props` in this scope
[INFO] [stdout]   --> src/field.rs:23:7
[INFO] [stdout]    |
[INFO] [stdout] 23 |     #[props(optional)] id: String,
[INFO] [stdout]    |       ^^^^^
[INFO] [stdout] 
[INFO] [stdout] error: cannot find attribute `props` in this scope
[INFO] [stdout]   --> src/field.rs:25:7
[INFO] [stdout]    |
[INFO] [stdout] 25 |     #[props(extends=GlobalAttributes,extends=input)] attributes: Vec<Attribute>,
[INFO] [stdout]    |       ^^^^^
[INFO] [stdout] 
[INFO] [stdout] error: cannot find macro `rsx` in this scope
[INFO] [stdout]   --> src/field.rs:32:5
[INFO] [stdout]    |
[INFO] [stdout] 32 |     rsx! {
[INFO] [stdout]    |     ^^^
[INFO] [stdout] 
[INFO] [stdout] error[E0405]: cannot find trait `FieldStateProvider` in this scope
[INFO] [stdout]   --> src/field.rs:28:12
[INFO] [stdout]    |
[INFO] [stdout] 28 |     TForm: FieldStateProvider<TField>,
[INFO] [stdout]    |            ^^^^^^^^^^^^^^^^^^ not found in this scope
[INFO] [stdout] 
[INFO] [stdout] error[E0405]: cannot find trait `FieldValue` in this scope
[INFO] [stdout]   --> src/field.rs:30:24
[INFO] [stdout]    |
[INFO] [stdout] 30 |     TForm::FieldValue: FieldValue<PrimitiveValue = String>,
[INFO] [stdout]    |                        ^^^^^^^^^^ not found in this scope
[INFO] [stdout] 
[INFO] [stdout] error[E0425]: cannot find type `ReadSignal` in this scope
[INFO] [stdout]   --> src/field.rs:24:16
[INFO] [stdout]    |
[INFO] [stdout] 24 |     field_api: ReadSignal<FieldApi<TForm, TField>>,
[INFO] [stdout]    |                ^^^^^^^^^^ not found in this scope
[INFO] [stdout] 
[INFO] [stdout] error[E0425]: cannot find type `FieldApi` in this scope
[INFO] [stdout]   --> src/field.rs:24:27
[INFO] [stdout]    |
[INFO] [stdout] 24 |     field_api: ReadSignal<FieldApi<TForm, TField>>,
[INFO] [stdout]    |                           ^^^^^^^^ not found in this scope
[INFO] [stdout] 
[INFO] [stdout] error[E0425]: cannot find type `Attribute` in this scope
[INFO] [stdout]   --> src/field.rs:25:70
[INFO] [stdout]    |
[INFO] [stdout] 25 |     #[props(extends=GlobalAttributes,extends=input)] attributes: Vec<Attribute>,
[INFO] [stdout]    |                                                                      ^^^^^^^^^ not found in this scope
[INFO] [stdout]    |
[INFO] [stdout] help: you might be missing a type parameter
[INFO] [stdout]    |
[INFO] [stdout] 22 | fn TextField<TForm, TField, Attribute>(
[INFO] [stdout]    |                           +++++++++++
[INFO] [stdout] 
[INFO] [stdout] error[E0425]: cannot find type `Element` in this scope
[INFO] [stdout]   --> src/field.rs:26:6
[INFO] [stdout]    |
[INFO] [stdout] 26 | ) -> Element
[INFO] [stdout]    |      ^^^^^^^ not found in this scope
[INFO] [stdout] 
[INFO] [stdout] error: aborting due to 10 previous errors
[INFO] [stdout] 
[INFO] [stdout] Some errors have detailed explanations: E0405, E0425.
[INFO] [stdout] For more information about an error, try `rustc --explain E0405`.
[INFO] [stdout] Couldn't compile the test.
[INFO] [stdout] 
[INFO] [stdout] failures:
[INFO] [stdout]     src/field.rs - field::FieldApi (line 20)
[INFO] [stdout]     src/field.rs - field::FieldHandlers (line 128)
[INFO] [stdout]     src/traits.rs - traits::FieldStateProvider (line 65)
[INFO] [stdout] 
[INFO] [stdout] test result: FAILED. 1 passed; 3 failed; 0 ignored; 0 measured; 0 filtered out; finished in 0.78s
[INFO] [stdout] 
[INFO] [stdout] all doctests ran in 1.17s; merged doctests compilation took 0.39s
[INFO] [stderr] error: doctest failed, to rerun pass `--doc`
[INFO] running `Command { std: "docker" "inspect" "42b660e6f39ee33508c9bea4b6bf386291d9c2a3437c8140bea0c907c0177840", kill_on_drop: false }`
[INFO] running `Command { std: "docker" "rm" "-f" "42b660e6f39ee33508c9bea4b6bf386291d9c2a3437c8140bea0c907c0177840", kill_on_drop: false }`
[INFO] [stdout] 42b660e6f39ee33508c9bea4b6bf386291d9c2a3437c8140bea0c907c0177840
