[INFO] fetching crate ricochet_robots 0.2.0...
[INFO] testing ricochet_robots-0.2.0 against 1.100.0-beta.1+cargoflags=--release for beta-release-1.100-2
[INFO] extracting crate ricochet_robots 0.2.0 into /workspace/builds/worker-0-tc2/source
[INFO] started tweaking crates.io crate ricochet_robots 0.2.0
[INFO] finished tweaking crates.io crate ricochet_robots 0.2.0
[INFO] tweaked toml for crates.io crate ricochet_robots 0.2.0 written to /workspace/builds/worker-0-tc2/source/Cargo.toml
[INFO] validating manifest of crates.io crate ricochet_robots 0.2.0 on toolchain 1.100.0-beta.1
[INFO] running `Command { std: CARGO_HOME="/workspace/cargo-home" RUSTUP_HOME="/workspace/rustup-home" "/workspace/cargo-home/bin/cargo" "+1.100.0-beta.1" "metadata" "--manifest-path" "Cargo.toml" "--no-deps", kill_on_drop: false }`
[INFO] crate crates.io crate ricochet_robots 0.2.0 already has a lockfile, it will not be regenerated
[INFO] running `Command { std: CARGO_HOME="/workspace/cargo-home" RUSTUP_HOME="/workspace/rustup-home" "/workspace/cargo-home/bin/cargo" "+1.100.0-beta.1" "fetch" "--manifest-path" "Cargo.toml", kill_on_drop: false }`
[INFO] running `Command { std: "docker" "create" "-v" "/var/lib/crater-agent-workspace/builds/worker-0-tc2/source:/opt/rustwide/workdir:ro,Z" "-v" "/var/lib/crater-agent-workspace/builds/worker-0-tc2/target:/opt/rustwide/target:rw,Z" "-v" "/var/lib/crater-agent-workspace/cargo-home:/opt/rustwide/cargo-home:ro,Z" "-v" "/var/lib/crater-agent-workspace/rustup-home:/opt/rustwide/rustup-home:ro,Z" "-m" "1610612736" "--network" "none" "ghcr.io/rust-lang/crates-build-env/linux@sha256:77db811e55d90add9212f6832c23229e3de5f1c1f9905e8cb07319ea15df73ac" "sleep" "infinity", kill_on_drop: false }`
[INFO] [stdout] e4969f48f3b2f8cff105d62526d25548b8df4a76e3016056ee46f275c9085cce
[INFO] running `Command { std: "docker" "start" "e4969f48f3b2f8cff105d62526d25548b8df4a76e3016056ee46f275c9085cce", kill_on_drop: false }`
[INFO] running `Command { std: "docker" "inspect" "e4969f48f3b2f8cff105d62526d25548b8df4a76e3016056ee46f275c9085cce", kill_on_drop: false }`
[INFO] running `Command { std: "docker" "exec" "-e" "SOURCE_DIR=/opt/rustwide/workdir" "-e" "CARGO_HOME=/opt/rustwide/cargo-home" "-e" "RUSTUP_HOME=/opt/rustwide/rustup-home" "-e" "CARGO_TARGET_DIR=/opt/rustwide/target" "-w" "/opt/rustwide/workdir" "--user" "0:0" "e4969f48f3b2f8cff105d62526d25548b8df4a76e3016056ee46f275c9085cce" "/opt/rustwide/cargo-home/bin/cargo" "+1.100.0-beta.1" "metadata" "--no-deps" "--format-version=1", kill_on_drop: false }`
[INFO] running `Command { std: "docker" "inspect" "e4969f48f3b2f8cff105d62526d25548b8df4a76e3016056ee46f275c9085cce", kill_on_drop: false }`
[INFO] running `Command { std: "docker" "exec" "-e" "SOURCE_DIR=/opt/rustwide/workdir" "-e" "CARGO_HOME=/opt/rustwide/cargo-home" "-e" "RUSTUP_HOME=/opt/rustwide/rustup-home" "-e" "CARGO_TARGET_DIR=/opt/rustwide/target" "-e" "CARGO_INCREMENTAL=0" "-e" "RUST_BACKTRACE=full" "-e" "RUSTFLAGS=--cap-lints=warn" "-e" "RUSTDOCFLAGS=--cap-lints=warn" "-w" "/opt/rustwide/workdir" "--user" "0:0" "e4969f48f3b2f8cff105d62526d25548b8df4a76e3016056ee46f275c9085cce" "/opt/rustwide/cargo-home/bin/cargo" "+1.100.0-beta.1" "build" "--frozen" "--message-format=json" "--release", kill_on_drop: false }`
[INFO] [stderr]    Compiling cfg-if v1.0.0
[INFO] [stderr]    Compiling version_check v0.9.4
[INFO] [stderr]    Compiling libc v0.2.151
[INFO] [stderr]    Compiling num-traits v0.2.17
[INFO] [stderr]    Compiling crc32fast v1.3.2
[INFO] [stderr]    Compiling simd-adler32 v0.3.7
[INFO] [stderr]    Compiling num-integer v0.1.45
[INFO] [stderr]    Compiling adler v1.0.2
[INFO] [stderr]    Compiling num-rational v0.4.1
[INFO] [stderr]    Compiling once_cell v1.19.0
[INFO] [stderr]    Compiling zerocopy v0.7.32
[INFO] [stderr]    Compiling miniquad v0.4.0-alpha.10
[INFO] [stderr]    Compiling ppv-lite86 v0.2.17
[INFO] [stderr]    Compiling ttf-parser v0.15.2
[INFO] [stderr]    Compiling bytemuck v1.14.0
[INFO] [stderr]    Compiling byteorder v1.5.0
[INFO] [stderr]    Compiling color_quant v1.1.0
[INFO] [stderr]    Compiling bumpalo v3.14.0
[INFO] [stderr]    Compiling glam v0.21.3
[INFO] [stderr]    Compiling miniz_oxide v0.7.1
[INFO] [stderr]    Compiling fdeflate v0.3.2
[INFO] [stderr]    Compiling macroquad_macro v0.1.7
[INFO] [stderr]    Compiling quad-rand v0.2.1
[INFO] [stderr]    Compiling ahash v0.8.6
[INFO] [stderr]    Compiling slotmap v1.0.7
[INFO] [stderr]    Compiling hashbrown v0.13.2
[INFO] [stderr]    Compiling flate2 v1.0.28
[INFO] [stderr]    Compiling getrandom v0.2.11
[INFO] [stderr]    Compiling rand_core v0.6.4
[INFO] [stderr]    Compiling rand_chacha v0.3.1
[INFO] [stderr]    Compiling rand v0.8.5
[INFO] [stderr]    Compiling png v0.17.10
[INFO] [stderr]    Compiling fontdue v0.7.3
[INFO] [stderr]    Compiling image v0.24.7
[INFO] [stderr]    Compiling macroquad v0.4.4
[INFO] [stderr]    Compiling ricochet_robots v0.2.0 (/opt/rustwide/workdir)
[INFO] [stdout] warning: hiding a lifetime that's elided elsewhere is confusing
[INFO] [stdout]   --> src/calculateur.rs:51:21
[INFO] [stdout]    |
[INFO] [stdout] 51 |     pub fn probleme(&self) -> &Probleme {
[INFO] [stdout]    |                     ^^^^^     ^^^^^^^^^
[INFO] [stdout]    |                     |         ||
[INFO] [stdout]    |                     |         |the same lifetime is hidden here
[INFO] [stdout]    |                     |         the same lifetime is elided here
[INFO] [stdout]    |                     the lifetime is elided here
[INFO] [stdout]    |
[INFO] [stdout]    = help: the same lifetime is referred to in inconsistent ways, making the signature confusing
[INFO] [stdout]    = note: `#[warn(mismatched_lifetime_syntaxes)]` on by default
[INFO] [stdout] help: use `'_` for type paths
[INFO] [stdout]    |
[INFO] [stdout] 51 |     pub fn probleme(&self) -> &Probleme<'_> {
[INFO] [stdout]    |                                        ++++
[INFO] [stdout] 
[INFO] [stdout] 
[INFO] [stdout] warning: hiding a lifetime that's elided elsewhere is confusing
[INFO] [stdout]    --> src/calculateur.rs:136:21
[INFO] [stdout]     |
[INFO] [stdout] 136 |     pub fn probleme(&self) -> &Probleme {
[INFO] [stdout]     |                     ^^^^^     ^^^^^^^^^
[INFO] [stdout]     |                     |         ||
[INFO] [stdout]     |                     |         |the same lifetime is hidden here
[INFO] [stdout]     |                     |         the same lifetime is elided here
[INFO] [stdout]     |                     the lifetime is elided here
[INFO] [stdout]     |
[INFO] [stdout]     = help: the same lifetime is referred to in inconsistent ways, making the signature confusing
[INFO] [stdout] help: use `'_` for type paths
[INFO] [stdout]     |
[INFO] [stdout] 136 |     pub fn probleme(&self) -> &Probleme<'_> {
[INFO] [stdout]     |                                        ++++
[INFO] [stdout] 
[INFO] [stdout] 
[INFO] [stderr]     Finished `release` profile [optimized] target(s) in 23.36s
[INFO] running `Command { std: "docker" "inspect" "e4969f48f3b2f8cff105d62526d25548b8df4a76e3016056ee46f275c9085cce", kill_on_drop: false }`
[INFO] running `Command { std: "docker" "exec" "-e" "SOURCE_DIR=/opt/rustwide/workdir" "-e" "CARGO_HOME=/opt/rustwide/cargo-home" "-e" "RUSTUP_HOME=/opt/rustwide/rustup-home" "-e" "CARGO_TARGET_DIR=/opt/rustwide/target" "-e" "CARGO_INCREMENTAL=0" "-e" "RUST_BACKTRACE=full" "-e" "RUSTFLAGS=--cap-lints=warn" "-e" "RUSTDOCFLAGS=--cap-lints=warn" "-w" "/opt/rustwide/workdir" "--user" "0:0" "e4969f48f3b2f8cff105d62526d25548b8df4a76e3016056ee46f275c9085cce" "/opt/rustwide/cargo-home/bin/cargo" "+1.100.0-beta.1" "test" "--frozen" "--no-run" "--message-format=json" "--release", kill_on_drop: false }`
[INFO] [stdout] warning: hiding a lifetime that's elided elsewhere is confusing
[INFO] [stdout]   --> src/calculateur.rs:51:21
[INFO] [stdout]    |
[INFO] [stdout] 51 |     pub fn probleme(&self) -> &Probleme {
[INFO] [stdout]    |                     ^^^^^     ^^^^^^^^^
[INFO] [stdout]    |                     |         ||
[INFO] [stdout]    |                     |         |the same lifetime is hidden here
[INFO] [stdout]    |                     |         the same lifetime is elided here
[INFO] [stdout]    |                     the lifetime is elided here
[INFO] [stdout]    |
[INFO] [stdout]    = help: the same lifetime is referred to in inconsistent ways, making the signature confusing
[INFO] [stdout]    = note: `#[warn(mismatched_lifetime_syntaxes)]` on by default
[INFO] [stdout] help: use `'_` for type paths
[INFO] [stdout]    |
[INFO] [stdout] 51 |     pub fn probleme(&self) -> &Probleme<'_> {
[INFO] [stdout]    |                                        ++++
[INFO] [stdout] 
[INFO] [stdout] 
[INFO] [stdout] warning: hiding a lifetime that's elided elsewhere is confusing
[INFO] [stdout]    --> src/calculateur.rs:136:21
[INFO] [stdout]     |
[INFO] [stdout] 136 |     pub fn probleme(&self) -> &Probleme {
[INFO] [stdout]     |                     ^^^^^     ^^^^^^^^^
[INFO] [stdout]     |                     |         ||
[INFO] [stdout]     |                     |         |the same lifetime is hidden here
[INFO] [stdout]     |                     |         the same lifetime is elided here
[INFO] [stdout]     |                     the lifetime is elided here
[INFO] [stdout]     |
[INFO] [stdout]     = help: the same lifetime is referred to in inconsistent ways, making the signature confusing
[INFO] [stdout] help: use `'_` for type paths
[INFO] [stdout]     |
[INFO] [stdout] 136 |     pub fn probleme(&self) -> &Probleme<'_> {
[INFO] [stdout]     |                                        ++++
[INFO] [stdout] 
[INFO] [stdout] 
[INFO] [stderr]    Compiling ricochet_robots v0.2.0 (/opt/rustwide/workdir)
[INFO] [stdout] warning: hiding a lifetime that's elided elsewhere is confusing
[INFO] [stdout]   --> src/calculateur.rs:51:21
[INFO] [stdout]    |
[INFO] [stdout] 51 |     pub fn probleme(&self) -> &Probleme {
[INFO] [stdout]    |                     ^^^^^     ^^^^^^^^^
[INFO] [stdout]    |                     |         ||
[INFO] [stdout]    |                     |         |the same lifetime is hidden here
[INFO] [stdout]    |                     |         the same lifetime is elided here
[INFO] [stdout]    |                     the lifetime is elided here
[INFO] [stdout]    |
[INFO] [stdout]    = help: the same lifetime is referred to in inconsistent ways, making the signature confusing
[INFO] [stdout]    = note: `#[warn(mismatched_lifetime_syntaxes)]` on by default
[INFO] [stdout] help: use `'_` for type paths
[INFO] [stdout]    |
[INFO] [stdout] 51 |     pub fn probleme(&self) -> &Probleme<'_> {
[INFO] [stdout]    |                                        ++++
[INFO] [stdout] 
[INFO] [stdout] 
[INFO] [stdout] warning: hiding a lifetime that's elided elsewhere is confusing
[INFO] [stdout]    --> src/calculateur.rs:136:21
[INFO] [stdout]     |
[INFO] [stdout] 136 |     pub fn probleme(&self) -> &Probleme {
[INFO] [stdout]     |                     ^^^^^     ^^^^^^^^^
[INFO] [stdout]     |                     |         ||
[INFO] [stdout]     |                     |         |the same lifetime is hidden here
[INFO] [stdout]     |                     |         the same lifetime is elided here
[INFO] [stdout]     |                     the lifetime is elided here
[INFO] [stdout]     |
[INFO] [stdout]     = help: the same lifetime is referred to in inconsistent ways, making the signature confusing
[INFO] [stdout] help: use `'_` for type paths
[INFO] [stdout]     |
[INFO] [stdout] 136 |     pub fn probleme(&self) -> &Probleme<'_> {
[INFO] [stdout]     |                                        ++++
[INFO] [stdout] 
[INFO] [stdout] 
[INFO] [stderr]     Finished `release` profile [optimized] target(s) in 0.30s
[INFO] running `Command { std: "docker" "inspect" "e4969f48f3b2f8cff105d62526d25548b8df4a76e3016056ee46f275c9085cce", kill_on_drop: false }`
[INFO] running `Command { std: "docker" "exec" "-e" "SOURCE_DIR=/opt/rustwide/workdir" "-e" "CARGO_HOME=/opt/rustwide/cargo-home" "-e" "RUSTUP_HOME=/opt/rustwide/rustup-home" "-e" "CARGO_TARGET_DIR=/opt/rustwide/target" "-e" "CARGO_INCREMENTAL=0" "-e" "RUST_BACKTRACE=full" "-e" "RUSTFLAGS=--cap-lints=warn" "-e" "RUSTDOCFLAGS=--cap-lints=warn" "-w" "/opt/rustwide/workdir" "--user" "0:0" "e4969f48f3b2f8cff105d62526d25548b8df4a76e3016056ee46f275c9085cce" "/opt/rustwide/cargo-home/bin/cargo" "+1.100.0-beta.1" "test" "--frozen" "--release", kill_on_drop: false }`
[INFO] [stderr] warning: hiding a lifetime that's elided elsewhere is confusing
[INFO] [stderr]   --> src/calculateur.rs:51:21
[INFO] [stderr]    |
[INFO] [stderr] 51 |     pub fn probleme(&self) -> &Probleme {
[INFO] [stderr]    |                     ^^^^^     ^^^^^^^^^
[INFO] [stderr]    |                     |         ||
[INFO] [stderr]    |                     |         |the same lifetime is hidden here
[INFO] [stderr]    |                     |         the same lifetime is elided here
[INFO] [stderr]    |                     the lifetime is elided here
[INFO] [stderr]    |
[INFO] [stderr]    = help: the same lifetime is referred to in inconsistent ways, making the signature confusing
[INFO] [stderr]    = note: `#[warn(mismatched_lifetime_syntaxes)]` on by default
[INFO] [stderr] help: use `'_` for type paths
[INFO] [stderr]    |
[INFO] [stderr] 51 |     pub fn probleme(&self) -> &Probleme<'_> {
[INFO] [stderr]    |                                        ++++
[INFO] [stderr] 
[INFO] [stderr] warning: hiding a lifetime that's elided elsewhere is confusing
[INFO] [stderr]    --> src/calculateur.rs:136:21
[INFO] [stderr]     |
[INFO] [stderr] 136 |     pub fn probleme(&self) -> &Probleme {
[INFO] [stderr]     |                     ^^^^^     ^^^^^^^^^
[INFO] [stderr]     |                     |         ||
[INFO] [stderr]     |                     |         |the same lifetime is hidden here
[INFO] [stderr]     |                     |         the same lifetime is elided here
[INFO] [stderr]     |                     the lifetime is elided here
[INFO] [stderr]     |
[INFO] [stderr]     = help: the same lifetime is referred to in inconsistent ways, making the signature confusing
[INFO] [stderr] help: use `'_` for type paths
[INFO] [stderr]     |
[INFO] [stderr] 136 |     pub fn probleme(&self) -> &Probleme<'_> {
[INFO] [stderr]     |                                        ++++
[INFO] [stderr] 
[INFO] [stderr] warning: `ricochet_robots` (lib) generated 2 warnings (run `cargo fix --lib -p ricochet_robots` to apply 2 suggestions)
[INFO] [stderr] warning: `ricochet_robots` (lib test) generated 2 warnings (2 duplicates)
[INFO] [stderr]     Finished `release` profile [optimized] target(s) in 0.08s
[INFO] [stderr]      Running unittests src/lib.rs (/opt/rustwide/target/release/build/ricochet_robots/fbdcfe7d8b4c367a/out/ricochet_robots-fbdcfe7d8b4c367a)
[INFO] [stdout] 
[INFO] [stdout] running 0 tests
[INFO] [stdout] 
[INFO] [stdout] test result: ok. 0 passed; 0 failed; 0 ignored; 0 measured; 0 filtered out; finished in 0.00s
[INFO] [stdout] 
[INFO] [stderr]      Running unittests src/main.rs (/opt/rustwide/target/release/build/ricochet_robots/dc5371d4ebdaef29/out/ricochet_robots-dc5371d4ebdaef29)
[INFO] [stdout] 
[INFO] [stdout] running 0 tests
[INFO] [stdout] 
[INFO] [stdout] test result: ok. 0 passed; 0 failed; 0 ignored; 0 measured; 0 filtered out; finished in 0.00s
[INFO] [stdout] 
[INFO] [stderr]    Doc-tests ricochet_robots
[INFO] [stdout] 
[INFO] [stdout] running 3 tests
[INFO] [stdout] test src/lib.rs - (line 38) ... FAILED
[INFO] [stdout] test src/lib.rs - (line 12) ... ok
[INFO] [stdout] test src/lib.rs - graphiques (line 69) ... FAILED
[INFO] [stdout] 
[INFO] [stdout] failures:
[INFO] [stdout] 
[INFO] [stdout] ---- src/lib.rs - (line 38) stdout ----
[INFO] [stdout] error[E0425]: cannot find value `probleme` in this scope
[INFO] [stdout]   --> src/lib.rs:45:28
[INFO] [stdout]    |
[INFO] [stdout] 45 | match verifier(&solution, &probleme) {
[INFO] [stdout]    |                            ^^^^^^^^ not found in this scope
[INFO] [stdout] 
[INFO] [stdout] error[E0433]: cannot find type `Coup` in this scope
[INFO] [stdout]   --> src/lib.rs:40:5
[INFO] [stdout]    |
[INFO] [stdout] 40 |     Coup::new(TypePion::Auxiliaire(1), Direction::Bas),
[INFO] [stdout]    |     ^^^^ use of undeclared type `Coup`
[INFO] [stdout] 
[INFO] [stdout] error[E0433]: cannot find type `TypePion` in this scope
[INFO] [stdout]   --> src/lib.rs:40:15
[INFO] [stdout]    |
[INFO] [stdout] 40 |     Coup::new(TypePion::Auxiliaire(1), Direction::Bas),
[INFO] [stdout]    |               ^^^^^^^^ use of undeclared type `TypePion`
[INFO] [stdout] 
[INFO] [stdout] error[E0433]: cannot find type `Direction` in this scope
[INFO] [stdout]   --> src/lib.rs:40:40
[INFO] [stdout]    |
[INFO] [stdout] 40 |     Coup::new(TypePion::Auxiliaire(1), Direction::Bas),
[INFO] [stdout]    |                                        ^^^^^^^^^ use of undeclared type `Direction`
[INFO] [stdout] 
[INFO] [stdout] error[E0433]: cannot find type `Coup` in this scope
[INFO] [stdout]   --> src/lib.rs:41:5
[INFO] [stdout]    |
[INFO] [stdout] 41 |     Coup::new(TypePion::Auxiliaire(1), Direction::Droite),
[INFO] [stdout]    |     ^^^^ use of undeclared type `Coup`
[INFO] [stdout] 
[INFO] [stdout] error[E0433]: cannot find type `TypePion` in this scope
[INFO] [stdout]   --> src/lib.rs:41:15
[INFO] [stdout]    |
[INFO] [stdout] 41 |     Coup::new(TypePion::Auxiliaire(1), Direction::Droite),
[INFO] [stdout]    |               ^^^^^^^^ use of undeclared type `TypePion`
[INFO] [stdout] 
[INFO] [stdout] error[E0433]: cannot find type `Direction` in this scope
[INFO] [stdout]   --> src/lib.rs:41:40
[INFO] [stdout]    |
[INFO] [stdout] 41 |     Coup::new(TypePion::Auxiliaire(1), Direction::Droite),
[INFO] [stdout]    |                                        ^^^^^^^^^ use of undeclared type `Direction`
[INFO] [stdout] 
[INFO] [stdout] error[E0433]: cannot find type `Coup` in this scope
[INFO] [stdout]   --> src/lib.rs:42:5
[INFO] [stdout]    |
[INFO] [stdout] 42 |     Coup::new(TypePion::Robot, Direction::Bas),
[INFO] [stdout]    |     ^^^^ use of undeclared type `Coup`
[INFO] [stdout] 
[INFO] [stdout] error[E0433]: cannot find type `TypePion` in this scope
[INFO] [stdout]   --> src/lib.rs:42:15
[INFO] [stdout]    |
[INFO] [stdout] 42 |     Coup::new(TypePion::Robot, Direction::Bas),
[INFO] [stdout]    |               ^^^^^^^^ use of undeclared type `TypePion`
[INFO] [stdout] 
[INFO] [stdout] error[E0433]: cannot find type `Direction` in this scope
[INFO] [stdout]   --> src/lib.rs:42:32
[INFO] [stdout]    |
[INFO] [stdout] 42 |     Coup::new(TypePion::Robot, Direction::Bas),
[INFO] [stdout]    |                                ^^^^^^^^^ use of undeclared type `Direction`
[INFO] [stdout] 
[INFO] [stdout] error[E0433]: cannot find type `Coup` in this scope
[INFO] [stdout]   --> src/lib.rs:43:5
[INFO] [stdout]    |
[INFO] [stdout] 43 |     Coup::new(TypePion::Robot, Direction::Droite),
[INFO] [stdout]    |     ^^^^ use of undeclared type `Coup`
[INFO] [stdout] 
[INFO] [stdout] error[E0433]: cannot find type `TypePion` in this scope
[INFO] [stdout]   --> src/lib.rs:43:15
[INFO] [stdout]    |
[INFO] [stdout] 43 |     Coup::new(TypePion::Robot, Direction::Droite),
[INFO] [stdout]    |               ^^^^^^^^ use of undeclared type `TypePion`
[INFO] [stdout] 
[INFO] [stdout] error[E0433]: cannot find type `Direction` in this scope
[INFO] [stdout]   --> src/lib.rs:43:32
[INFO] [stdout]    |
[INFO] [stdout] 43 |     Coup::new(TypePion::Robot, Direction::Droite),
[INFO] [stdout]    |                                ^^^^^^^^^ use of undeclared type `Direction`
[INFO] [stdout] 
[INFO] [stdout] error[E0425]: cannot find function `verifier` in this scope
[INFO] [stdout]   --> src/lib.rs:45:7
[INFO] [stdout]    |
[INFO] [stdout] 45 | match verifier(&solution, &probleme) {
[INFO] [stdout]    |       ^^^^^^^^ not found in this scope
[INFO] [stdout] 
[INFO] [stdout] error: aborting due to 14 previous errors
[INFO] [stdout] 
[INFO] [stdout] Some errors have detailed explanations: E0425, E0433.
[INFO] [stdout] For more information about an error, try `rustc --explain E0425`.
[INFO] [stdout] Couldn't compile the test.
[INFO] [stdout] ---- src/lib.rs - graphiques (line 69) stdout ----
[INFO] [stdout] Test executable failed (exit status: 101).
[INFO] [stdout] 
[INFO] [stdout] stderr:
[INFO] [stdout] 
[INFO] [stdout] thread 'main' (1018) panicked at /opt/rustwide/cargo-home/registry/src/index.crates.io-1949cf8c6b5b557f/miniquad-0.4.0-alpha.10/src/native/linux_x11.rs:528:13:
[INFO] [stdout] XOpenDisplay() failed!
[INFO] [stdout] stack backtrace:
[INFO] [stdout]    0:     0x584383c4f561 - std[617be2ca0a6fd877]::backtrace_rs::backtrace::libunwind::trace
[INFO] [stdout]                                at /rustc/e3feeb59cd1bdd011a2bfcc0747b55125d9b8527/library/std/src/../../backtrace/src/backtrace/libunwind.rs:117:9
[INFO] [stdout]    1:     0x584383c4f561 - std[617be2ca0a6fd877]::backtrace_rs::backtrace::trace_unsynchronized::<std[617be2ca0a6fd877]::sys::backtrace::_print_fmt::{closure#1}>
[INFO] [stdout]                                at /rustc/e3feeb59cd1bdd011a2bfcc0747b55125d9b8527/library/std/src/../../backtrace/src/backtrace/mod.rs:66:14
[INFO] [stdout]    2:     0x584383c4f561 - std[617be2ca0a6fd877]::sys::backtrace::_print_fmt
[INFO] [stdout]                                at /rustc/e3feeb59cd1bdd011a2bfcc0747b55125d9b8527/library/std/src/sys/backtrace.rs:74:9
[INFO] [stdout]    3:     0x584383c4f561 - <<std[617be2ca0a6fd877]::sys::backtrace::BacktraceLock>::print::DisplayBacktrace as core[a373ad73a504971]::fmt::Display>::fmt
[INFO] [stdout]                                at /rustc/e3feeb59cd1bdd011a2bfcc0747b55125d9b8527/library/std/src/sys/backtrace.rs:44:26
[INFO] [stdout]    4:     0x584383c60f5a - <core[a373ad73a504971]::fmt::rt::Argument>::fmt
[INFO] [stdout]                                at /rustc/e3feeb59cd1bdd011a2bfcc0747b55125d9b8527/library/core/src/fmt/rt.rs:152:76
[INFO] [stdout]    5:     0x584383c60f5a - core[a373ad73a504971]::fmt::write
[INFO] [stdout]    6:     0x584383c5319c - core[a373ad73a504971]::io::write::default_write_fmt::<std[617be2ca0a6fd877]::sys::stdio::unix::Stderr>
[INFO] [stdout]                                at /rustc/e3feeb59cd1bdd011a2bfcc0747b55125d9b8527/library/core/src/io/write.rs:402:11
[INFO] [stdout]    7:     0x584383c5319c - <std[617be2ca0a6fd877]::sys::stdio::unix::Stderr as core[a373ad73a504971]::io::write::Write>::write_fmt
[INFO] [stdout]                                at /rustc/e3feeb59cd1bdd011a2bfcc0747b55125d9b8527/library/core/src/io/write.rs:335:13
[INFO] [stdout]    8:     0x584383c381c6 - <std[617be2ca0a6fd877]::sys::backtrace::BacktraceLock>::print
[INFO] [stdout]                                at /rustc/e3feeb59cd1bdd011a2bfcc0747b55125d9b8527/library/std/src/sys/backtrace.rs:47:9
[INFO] [stdout]    9:     0x584383c381c6 - std[617be2ca0a6fd877]::panicking::default_hook::{closure#0}
[INFO] [stdout]                                at /rustc/e3feeb59cd1bdd011a2bfcc0747b55125d9b8527/library/std/src/panicking.rs:289:27
[INFO] [stdout]   10:     0x584383c4b0b1 - std[617be2ca0a6fd877]::panicking::default_hook
[INFO] [stdout]                                at /rustc/e3feeb59cd1bdd011a2bfcc0747b55125d9b8527/library/std/src/panicking.rs:316:9
[INFO] [stdout]   11:     0x584383c4b26b - std[617be2ca0a6fd877]::panicking::panic_with_hook
[INFO] [stdout]                                at /rustc/e3feeb59cd1bdd011a2bfcc0747b55125d9b8527/library/std/src/panicking.rs:811:13
[INFO] [stdout]   12:     0x584383c3785c - std[617be2ca0a6fd877]::panicking::begin_panic::<&str>::{closure#0}
[INFO] [stdout]                                at /rustc/e3feeb59cd1bdd011a2bfcc0747b55125d9b8527/library/std/src/panicking.rs:748:9
[INFO] [stdout]   13:     0x584383c31189 - std[617be2ca0a6fd877]::sys::backtrace::__rust_end_short_backtrace::<std[617be2ca0a6fd877]::panicking::begin_panic<&str>::{closure#0}, !>
[INFO] [stdout]                                at /rustc/e3feeb59cd1bdd011a2bfcc0747b55125d9b8527/library/std/src/sys/backtrace.rs:182:18
[INFO] [stdout]   14:     0x584383c2f4ab - std[617be2ca0a6fd877]::panicking::begin_panic::<&str>
[INFO] [stdout]                                at /rustc/e3feeb59cd1bdd011a2bfcc0747b55125d9b8527/library/std/src/panicking.rs:747:5
[INFO] [stdout]   15:     0x584383bd2180 - miniquad[83a18858455cb540]::native::linux_x11::run::<<macroquad[24c7a0ef1f485a0b]::Window>::from_config<rust_out[72a830746f8703f]::amain::{closure#0}>::{closure#0}>
[INFO] [stdout]   16:     0x584383bc4d3c - miniquad[83a18858455cb540]::start::<<macroquad[24c7a0ef1f485a0b]::Window>::from_config<rust_out[72a830746f8703f]::amain::{closure#0}>::{closure#0}>
[INFO] [stdout]   17:     0x584383bc54f8 - <macroquad[24c7a0ef1f485a0b]::Window>::from_config::<rust_out[72a830746f8703f]::amain::{closure#0}>
[INFO] [stdout]   18:     0x584383bd4857 - rust_out[72a830746f8703f]::main
[INFO] [stdout]   19:     0x584383bdce43 - <fn() as core[a373ad73a504971]::ops::function::FnOnce<()>>::call_once
[INFO] [stdout]   20:     0x584383bc90ae - std[617be2ca0a6fd877]::sys::backtrace::__rust_begin_short_backtrace::<fn(), ()>
[INFO] [stdout]   21:     0x584383bd3349 - std[617be2ca0a6fd877]::rt::lang_start::<()>::{closure#0}
[INFO] [stdout]   22:     0x584383c4a858 - <&dyn core[a373ad73a504971]::ops::function::Fn<(), Output = i32> + core[a373ad73a504971]::marker::Sync + core[a373ad73a504971]::panic::unwind_safe::RefUnwindSafe as core[a373ad73a504971]::ops::function::FnOnce<()>>::call_once
[INFO] [stdout]                                at /rustc/e3feeb59cd1bdd011a2bfcc0747b55125d9b8527/library/core/src/ops/function.rs:287:21
[INFO] [stdout]   23:     0x584383c4a858 - std[617be2ca0a6fd877]::panicking::catch_unwind::do_call::<&dyn core[a373ad73a504971]::ops::function::Fn<(), Output = i32> + core[a373ad73a504971]::marker::Sync + core[a373ad73a504971]::panic::unwind_safe::RefUnwindSafe, i32>
[INFO] [stdout]                                at /rustc/e3feeb59cd1bdd011a2bfcc0747b55125d9b8527/library/std/src/panicking.rs:573:43
[INFO] [stdout]   24:     0x584383c4a858 - std[617be2ca0a6fd877]::panicking::catch_unwind::<i32, &dyn core[a373ad73a504971]::ops::function::Fn<(), Output = i32> + core[a373ad73a504971]::marker::Sync + core[a373ad73a504971]::panic::unwind_safe::RefUnwindSafe>
[INFO] [stdout]                                at /rustc/e3feeb59cd1bdd011a2bfcc0747b55125d9b8527/library/std/src/panicking.rs:541:19
[INFO] [stdout]   25:     0x584383c4a858 - std[617be2ca0a6fd877]::panic::catch_unwind::<&dyn core[a373ad73a504971]::ops::function::Fn<(), Output = i32> + core[a373ad73a504971]::marker::Sync + core[a373ad73a504971]::panic::unwind_safe::RefUnwindSafe, i32>
[INFO] [stdout]                                at /rustc/e3feeb59cd1bdd011a2bfcc0747b55125d9b8527/library/std/src/panic.rs:359:14
[INFO] [stdout]   26:     0x584383c4a858 - std[617be2ca0a6fd877]::rt::lang_start_internal::{closure#0}
[INFO] [stdout]                                at /rustc/e3feeb59cd1bdd011a2bfcc0747b55125d9b8527/library/std/src/rt.rs:175:24
[INFO] [stdout]   27:     0x584383c4a858 - std[617be2ca0a6fd877]::panicking::catch_unwind::do_call::<std[617be2ca0a6fd877]::rt::lang_start_internal::{closure#0}, isize>
[INFO] [stdout]                                at /rustc/e3feeb59cd1bdd011a2bfcc0747b55125d9b8527/library/std/src/panicking.rs:573:43
[INFO] [stdout]   28:     0x584383c4a858 - std[617be2ca0a6fd877]::panicking::catch_unwind::<isize, std[617be2ca0a6fd877]::rt::lang_start_internal::{closure#0}>
[INFO] [stdout]                                at /rustc/e3feeb59cd1bdd011a2bfcc0747b55125d9b8527/library/std/src/panicking.rs:541:19
[INFO] [stdout]   29:     0x584383c4a858 - std[617be2ca0a6fd877]::panic::catch_unwind::<std[617be2ca0a6fd877]::rt::lang_start_internal::{closure#0}, isize>
[INFO] [stdout]                                at /rustc/e3feeb59cd1bdd011a2bfcc0747b55125d9b8527/library/std/src/panic.rs:359:14
[INFO] [stdout]   30:     0x584383c4a858 - std[617be2ca0a6fd877]::rt::lang_start_internal
[INFO] [stdout]                                at /rustc/e3feeb59cd1bdd011a2bfcc0747b55125d9b8527/library/std/src/rt.rs:171:5
[INFO] [stdout]   31:     0x584383bc6561 - std[617be2ca0a6fd877]::rt::lang_start::<()>
[INFO] [stdout]   32:     0x584383bdd185 - main
[INFO] [stdout]   33:     0x76ac7e355601 - <unknown>
[INFO] [stdout]   34:     0x76ac7e355718 - __libc_start_main
[INFO] [stdout]   35:     0x584383bc4c15 - _start
[INFO] [stdout]   36:                0x0 - <unknown>
[INFO] [stdout] 
[INFO] [stdout] 
[INFO] [stdout] 
[INFO] [stdout] failures:
[INFO] [stdout]     src/lib.rs - (line 38)
[INFO] [stdout]     src/lib.rs - graphiques (line 69)
[INFO] [stdout] 
[INFO] [stdout] test result: FAILED. 1 passed; 2 failed; 0 ignored; 0 measured; 0 filtered out; finished in 0.71s
[INFO] [stdout] 
[INFO] [stderr] error: doctest failed, to rerun pass `--doc`
[INFO] running `Command { std: "docker" "inspect" "e4969f48f3b2f8cff105d62526d25548b8df4a76e3016056ee46f275c9085cce", kill_on_drop: false }`
[INFO] running `Command { std: "docker" "rm" "-f" "e4969f48f3b2f8cff105d62526d25548b8df4a76e3016056ee46f275c9085cce", kill_on_drop: false }`
[INFO] [stdout] e4969f48f3b2f8cff105d62526d25548b8df4a76e3016056ee46f275c9085cce
