[INFO] fetching crate ricecoder-tools 0.1.71...
[INFO] testing ricecoder-tools-0.1.71 against 1.99.0-beta.8+cargoflags=--release for beta-release-1.100-2
[INFO] extracting crate ricecoder-tools 0.1.71 into /workspace/builds/worker-0-tc1/source
[INFO] started tweaking crates.io crate ricecoder-tools 0.1.71
[INFO] removed 0 missing tests
[INFO] finished tweaking crates.io crate ricecoder-tools 0.1.71
[INFO] tweaked toml for crates.io crate ricecoder-tools 0.1.71 written to /workspace/builds/worker-0-tc1/source/Cargo.toml
[INFO] validating manifest of crates.io crate ricecoder-tools 0.1.71 on toolchain 1.99.0-beta.8
[INFO] running `Command { std: CARGO_HOME="/workspace/cargo-home" RUSTUP_HOME="/workspace/rustup-home" "/workspace/cargo-home/bin/cargo" "+1.99.0-beta.8" "metadata" "--manifest-path" "Cargo.toml" "--no-deps", kill_on_drop: false }`
[INFO] crate crates.io crate ricecoder-tools 0.1.71 already has a lockfile, it will not be regenerated
[INFO] running `Command { std: CARGO_HOME="/workspace/cargo-home" RUSTUP_HOME="/workspace/rustup-home" "/workspace/cargo-home/bin/cargo" "+1.99.0-beta.8" "fetch" "--manifest-path" "Cargo.toml", kill_on_drop: false }`
[INFO] [stderr]     Updating crates.io index
[INFO] [stderr]  Downloading crates ...
[INFO] [stderr]   Downloaded ricecoder-mcp v0.1.71
[INFO] [stderr]   Downloaded ricecoder-storage v0.1.71
[INFO] [stderr]   Downloaded ricecoder-permissions v0.1.71
[INFO] [stderr]   Downloaded ricecoder-files v0.1.71
[INFO] [stderr]   Downloaded ricecoder-agents v0.1.71
[INFO] [stderr]   Downloaded ricecoder-providers v0.1.71
[INFO] [stderr]   Downloaded jsonschema v0.18.3
[INFO] [stderr]   Downloaded iso8601 v0.6.3
[INFO] [stderr]   Downloaded fancy-regex v0.13.0
[INFO] running `Command { std: "docker" "create" "-v" "/var/lib/crater-agent-workspace/builds/worker-0-tc1/source:/opt/rustwide/workdir:ro,Z" "-v" "/var/lib/crater-agent-workspace/builds/worker-0-tc1/target:/opt/rustwide/target:rw,Z" "-v" "/var/lib/crater-agent-workspace/cargo-home:/opt/rustwide/cargo-home:ro,Z" "-v" "/var/lib/crater-agent-workspace/rustup-home:/opt/rustwide/rustup-home:ro,Z" "-m" "1610612736" "--network" "none" "ghcr.io/rust-lang/crates-build-env/linux@sha256:77db811e55d90add9212f6832c23229e3de5f1c1f9905e8cb07319ea15df73ac" "sleep" "infinity", kill_on_drop: false }`
[INFO] [stdout] 62cd4a453ccda151a0d567458a049dc2451505bca0802a1a01b887c00cb73852
[INFO] running `Command { std: "docker" "start" "62cd4a453ccda151a0d567458a049dc2451505bca0802a1a01b887c00cb73852", kill_on_drop: false }`
[INFO] running `Command { std: "docker" "inspect" "62cd4a453ccda151a0d567458a049dc2451505bca0802a1a01b887c00cb73852", kill_on_drop: false }`
[INFO] running `Command { std: "docker" "exec" "-e" "SOURCE_DIR=/opt/rustwide/workdir" "-e" "CARGO_HOME=/opt/rustwide/cargo-home" "-e" "RUSTUP_HOME=/opt/rustwide/rustup-home" "-e" "CARGO_TARGET_DIR=/opt/rustwide/target" "-w" "/opt/rustwide/workdir" "--user" "0:0" "62cd4a453ccda151a0d567458a049dc2451505bca0802a1a01b887c00cb73852" "/opt/rustwide/cargo-home/bin/cargo" "+1.99.0-beta.8" "metadata" "--no-deps" "--format-version=1", kill_on_drop: false }`
[INFO] running `Command { std: "docker" "inspect" "62cd4a453ccda151a0d567458a049dc2451505bca0802a1a01b887c00cb73852", kill_on_drop: false }`
[INFO] running `Command { std: "docker" "exec" "-e" "SOURCE_DIR=/opt/rustwide/workdir" "-e" "CARGO_HOME=/opt/rustwide/cargo-home" "-e" "RUSTUP_HOME=/opt/rustwide/rustup-home" "-e" "CARGO_TARGET_DIR=/opt/rustwide/target" "-e" "CARGO_INCREMENTAL=0" "-e" "RUST_BACKTRACE=full" "-e" "RUSTFLAGS=--cap-lints=warn" "-e" "RUSTDOCFLAGS=--cap-lints=warn" "-w" "/opt/rustwide/workdir" "--user" "0:0" "62cd4a453ccda151a0d567458a049dc2451505bca0802a1a01b887c00cb73852" "/opt/rustwide/cargo-home/bin/cargo" "+1.99.0-beta.8" "build" "--frozen" "--message-format=json" "--release", kill_on_drop: false }`
[INFO] [stderr]    Compiling syn v2.0.111
[INFO] [stderr]    Compiling bytes v1.11.0
[INFO] [stderr]    Compiling jobserver v0.1.34
[INFO] [stderr]    Compiling signal-hook-registry v1.4.7
[INFO] [stderr]    Compiling tracing-core v0.1.35
[INFO] [stderr]    Compiling indexmap v2.12.1
[INFO] [stderr]    Compiling zerocopy v0.8.31
[INFO] [stderr]    Compiling serde_json v1.0.145
[INFO] [stderr]    Compiling generic-array v0.14.7
[INFO] [stderr]    Compiling aho-corasick v1.1.4
[INFO] [stderr]    Compiling getrandom v0.3.4
[INFO] [stderr]    Compiling regex-syntax v0.8.8
[INFO] [stderr]    Compiling socket2 v0.5.10
[INFO] [stderr]    Compiling inotify-sys v0.1.5
[INFO] [stderr]    Compiling pulldown-cmark v0.9.6
[INFO] [stderr]    Compiling anstyle v1.0.13
[INFO] [stderr]    Compiling inotify v0.9.6
[INFO] [stderr]    Compiling getopts v0.2.24
[INFO] [stderr]    Compiling dirs-sys v0.4.1
[INFO] [stderr]    Compiling cc v1.0.106
[INFO] [stderr]    Compiling anstream v0.6.21
[INFO] [stderr]    Compiling http v1.4.0
[INFO] [stderr]    Compiling http v0.2.12
[INFO] [stderr]    Compiling num-rational v0.4.2
[INFO] [stderr]    Compiling block-buffer v0.10.4
[INFO] [stderr]    Compiling crypto-common v0.1.7
[INFO] [stderr]    Compiling num-iter v0.1.45
[INFO] [stderr]    Compiling mio v0.8.11
[INFO] [stderr]    Compiling filetime v0.2.26
[INFO] [stderr]    Compiling digest v0.10.7
[INFO] [stderr]    Compiling clap_lex v0.7.6
[INFO] [stderr]    Compiling unsafe-libyaml v0.2.11
[INFO] [stderr]    Compiling sha2 v0.10.9
[INFO] [stderr]    Compiling clap_builder v4.5.53
[INFO] [stderr]    Compiling num v0.4.3
[INFO] [stderr]    Compiling notify v6.1.1
[INFO] [stderr]    Compiling time-macros v0.2.24
[INFO] [stderr]    Compiling bit-set v0.5.3
[INFO] [stderr]    Compiling dirs v5.0.1
[INFO] [stderr]    Compiling http-body v1.0.1
[INFO] [stderr]    Compiling http-body v0.4.6
[INFO] [stderr]    Compiling openssl-sys v0.9.111
[INFO] [stderr]    Compiling libz-sys v1.1.23
[INFO] [stderr]    Compiling openssl v0.10.75
[INFO] [stderr]    Compiling native-tls v0.2.14
[INFO] [stderr]    Compiling libssh2-sys v0.3.1
[INFO] [stderr]    Compiling regex-automata v0.4.13
[INFO] [stderr]    Compiling libgit2-sys v0.16.2+1.7.2
[INFO] [stderr]    Compiling http-body-util v0.1.3
[INFO] [stderr]    Compiling ppv-lite86 v0.2.21
[INFO] [stderr]    Compiling nom v8.0.0
[INFO] [stderr]    Compiling fraction v0.15.3
[INFO] [stderr]    Compiling time v0.3.44
[INFO] [stderr]    Compiling dotenv v0.15.0
[INFO] [stderr]    Compiling rand_chacha v0.3.1
[INFO] [stderr]    Compiling rand v0.8.5
[INFO] [stderr]    Compiling synstructure v0.13.2
[INFO] [stderr]    Compiling zerofrom-derive v0.1.6
[INFO] [stderr]    Compiling yoke-derive v0.8.1
[INFO] [stderr]    Compiling serde_derive v1.0.228
[INFO] [stderr]    Compiling zerovec-derive v0.11.2
[INFO] [stderr]    Compiling tokio-macros v2.6.0
[INFO] [stderr]    Compiling displaydoc v0.2.5
[INFO] [stderr]    Compiling futures-macro v0.3.31
[INFO] [stderr]    Compiling tracing-attributes v0.1.31
[INFO] [stderr]    Compiling zerofrom v0.1.6
[INFO] [stderr]    Compiling openssl-macros v0.1.1
[INFO] [stderr]    Compiling yoke v0.8.1
[INFO] [stderr]    Compiling thiserror-impl v1.0.69
[INFO] [stderr]    Compiling clap_derive v4.5.49
[INFO] [stderr]    Compiling async-trait v0.1.89
[INFO] [stderr]    Compiling tokio v1.48.0
[INFO] [stderr]    Compiling zerotrie v0.2.3
[INFO] [stderr]    Compiling futures-util v0.3.31
[INFO] [stderr]    Compiling iso8601 v0.6.3
[INFO] [stderr]    Compiling tracing v0.1.43
[INFO] [stderr]    Compiling regex v1.12.2
[INFO] [stderr]    Compiling fancy-regex v0.13.0
[INFO] [stderr]    Compiling zerovec v0.11.5
[INFO] [stderr]    Compiling thiserror v1.0.69
[INFO] [stderr]    Compiling clap v4.5.53
[INFO] [stderr]    Compiling tinystr v0.8.2
[INFO] [stderr]    Compiling potential_utf v0.1.4
[INFO] [stderr]    Compiling icu_locale_core v2.1.1
[INFO] [stderr]    Compiling icu_collections v2.1.1
[INFO] [stderr]    Compiling serde v1.0.228
[INFO] [stderr]    Compiling icu_provider v2.1.1
[INFO] [stderr]    Compiling toml_datetime v0.6.11
[INFO] [stderr]    Compiling icu_properties v2.1.1
[INFO] [stderr]    Compiling icu_normalizer v2.1.1
[INFO] [stderr]    Compiling serde_spanned v0.6.9
[INFO] [stderr]    Compiling serde_urlencoded v0.7.1
[INFO] [stderr]    Compiling toml_edit v0.22.27
[INFO] [stderr]    Compiling chrono v0.4.42
[INFO] [stderr]    Compiling uuid v1.18.1
[INFO] [stderr]    Compiling futures-executor v0.3.31
[INFO] [stderr]    Compiling serde_yaml v0.9.34+deprecated
[INFO] [stderr]    Compiling ahash v0.8.12
[INFO] [stderr]    Compiling idna_adapter v1.2.1
[INFO] [stderr]    Compiling idna v1.1.0
[INFO] [stderr]    Compiling futures v0.3.31
[INFO] [stderr]    Compiling ricecoder-permissions v0.1.71
[INFO] [stderr]    Compiling url v2.5.7
[INFO] [stderr]    Compiling tokio-util v0.7.17
[INFO] [stderr]    Compiling tokio-native-tls v0.3.1
[INFO] [stderr]    Compiling tower v0.5.2
[INFO] [stderr]    Compiling hyper v1.8.1
[INFO] [stderr]    Compiling h2 v0.3.27
[INFO] [stderr]    Compiling toml v0.8.23
[INFO] [stderr]    Compiling tower-http v0.6.7
[INFO] [stderr]    Compiling ricecoder-storage v0.1.71
[INFO] [stderr]    Compiling hyper-util v0.1.18
[INFO] [stderr]    Compiling reqwest v0.12.24
[INFO] [stderr]    Compiling hyper v0.14.32
[INFO] [stderr]    Compiling jsonschema v0.18.3
[INFO] [stderr]    Compiling hyper-tls v0.5.0
[INFO] [stderr]    Compiling reqwest v0.11.27
[INFO] [stderr]    Compiling ricecoder-providers v0.1.71
[INFO] [stderr]    Compiling ricecoder-agents v0.1.71
[INFO] [stderr]    Compiling git2 v0.18.3
[INFO] [stderr]    Compiling ricecoder-files v0.1.71
[INFO] [stderr]    Compiling ricecoder-mcp v0.1.71
[INFO] [stderr]    Compiling ricecoder-tools v0.1.71 (/opt/rustwide/workdir)
[INFO] [stderr]     Finished `release` profile [optimized] target(s) in 2m 51s
[INFO] running `Command { std: "docker" "inspect" "62cd4a453ccda151a0d567458a049dc2451505bca0802a1a01b887c00cb73852", kill_on_drop: false }`
[INFO] running `Command { std: "docker" "exec" "-e" "SOURCE_DIR=/opt/rustwide/workdir" "-e" "CARGO_HOME=/opt/rustwide/cargo-home" "-e" "RUSTUP_HOME=/opt/rustwide/rustup-home" "-e" "CARGO_TARGET_DIR=/opt/rustwide/target" "-e" "CARGO_INCREMENTAL=0" "-e" "RUST_BACKTRACE=full" "-e" "RUSTFLAGS=--cap-lints=warn" "-e" "RUSTDOCFLAGS=--cap-lints=warn" "-w" "/opt/rustwide/workdir" "--user" "0:0" "62cd4a453ccda151a0d567458a049dc2451505bca0802a1a01b887c00cb73852" "/opt/rustwide/cargo-home/bin/cargo" "+1.99.0-beta.8" "test" "--frozen" "--no-run" "--message-format=json" "--release", kill_on_drop: false }`
[INFO] [stderr]    Compiling tokio v1.48.0
[INFO] [stderr]    Compiling openssl v0.10.75
[INFO] [stderr]    Compiling uuid v1.18.1
[INFO] [stderr]    Compiling pulldown-cmark v0.9.6
[INFO] [stderr]    Compiling ahash v0.8.12
[INFO] [stderr]    Compiling git2 v0.18.3
[INFO] [stderr]    Compiling wait-timeout v0.2.1
[INFO] [stderr]    Compiling async-stream-impl v0.3.6
[INFO] [stderr]    Compiling bit-vec v0.8.0
[INFO] [stderr]    Compiling rand_xorshift v0.4.0
[INFO] [stderr]    Compiling tempfile v3.23.0
[INFO] [stderr]    Compiling rand v0.9.2
[INFO] [stderr]    Compiling rand_chacha v0.9.0
[INFO] [stderr]    Compiling bit-set v0.8.0
[INFO] [stderr]    Compiling rusty-fork v0.3.1
[INFO] [stderr]    Compiling async-stream v0.3.6
[INFO] [stderr]    Compiling ricecoder-permissions v0.1.71
[INFO] [stderr]    Compiling proptest v1.9.0
[INFO] [stderr]    Compiling native-tls v0.2.14
[INFO] [stderr]    Compiling tokio-util v0.7.17
[INFO] [stderr]    Compiling hyper v1.8.1
[INFO] [stderr]    Compiling tokio-native-tls v0.3.1
[INFO] [stderr]    Compiling tower v0.5.2
[INFO] [stderr]    Compiling ricecoder-storage v0.1.71
[INFO] [stderr]    Compiling ricecoder-files v0.1.71
[INFO] [stderr]    Compiling tokio-stream v0.1.17
[INFO] [stderr]    Compiling tokio-test v0.4.4
[INFO] [stderr]    Compiling tower-http v0.6.7
[INFO] [stderr]    Compiling h2 v0.3.27
[INFO] [stderr]    Compiling hyper-util v0.1.18
[INFO] [stderr]    Compiling reqwest v0.12.24
[INFO] [stderr]    Compiling hyper v0.14.32
[INFO] [stderr]    Compiling jsonschema v0.18.3
[INFO] [stderr]    Compiling hyper-tls v0.5.0
[INFO] [stderr]    Compiling reqwest v0.11.27
[INFO] [stderr]    Compiling ricecoder-providers v0.1.71
[INFO] [stderr]    Compiling ricecoder-agents v0.1.71
[INFO] [stderr]    Compiling ricecoder-mcp v0.1.71
[INFO] [stderr]    Compiling ricecoder-tools v0.1.71 (/opt/rustwide/workdir)
[INFO] [stderr]     Finished `release` profile [optimized] target(s) in 1m 53s
[INFO] running `Command { std: "docker" "inspect" "62cd4a453ccda151a0d567458a049dc2451505bca0802a1a01b887c00cb73852", kill_on_drop: false }`
[INFO] running `Command { std: "docker" "exec" "-e" "SOURCE_DIR=/opt/rustwide/workdir" "-e" "CARGO_HOME=/opt/rustwide/cargo-home" "-e" "RUSTUP_HOME=/opt/rustwide/rustup-home" "-e" "CARGO_TARGET_DIR=/opt/rustwide/target" "-e" "CARGO_INCREMENTAL=0" "-e" "RUST_BACKTRACE=full" "-e" "RUSTFLAGS=--cap-lints=warn" "-e" "RUSTDOCFLAGS=--cap-lints=warn" "-w" "/opt/rustwide/workdir" "--user" "0:0" "62cd4a453ccda151a0d567458a049dc2451505bca0802a1a01b887c00cb73852" "/opt/rustwide/cargo-home/bin/cargo" "+1.99.0-beta.8" "test" "--frozen" "--release", kill_on_drop: false }`
[INFO] [stderr]     Finished `release` profile [optimized] target(s) in 0.31s
[INFO] [stderr]      Running unittests src/lib.rs (/opt/rustwide/target/release/deps/ricecoder_tools-0aa2910992c0de87)
[INFO] [stdout] 
[INFO] [stdout] running 70 tests
[INFO] [stdout] test error::tests::test_tool_error_display ... ok
[INFO] [stdout] test error::tests::test_tool_error_with_suggestion ... ok
[INFO] [stdout] test error::tests::test_tool_error_with_details ... ok
[INFO] [stdout] test error::tests::test_tool_error_creation ... ok
[INFO] [stdout] test patch::tests::test_parse_range_single_line ... ok
[INFO] [stdout] test patch::tests::test_parse_simple_patch ... ok
[INFO] [stdout] test patch::tests::test_invalid_patch_format ... ok
[INFO] [stdout] test patch::tests::test_parse_range_multiple_lines ... ok
[INFO] [stdout] test patch::tests::test_apply_simple_patch ... ok
[INFO] [stdout] test patch::tests::test_patch_conflict_detection ... ok
[INFO] [stdout] test patch::tests::test_patch_file_not_found ... ok
[INFO] [stdout] test provider::tests::test_cache_invalidation ... ok
[INFO] [stdout] test provider::tests::test_provider_not_found ... ok
[INFO] [stdout] test provider::tests::test_mcp_priority_over_builtin ... ok
[INFO] [stdout] test search::tests::test_search_input_with_limit ... ok
[INFO] [stdout] test provider::tests::test_get_provider_simple ... ok
[INFO] [stdout] test result::tests::test_tool_result_serialization ... ok
[INFO] [stdout] test search::tests::test_search_output_serialization ... ok
[INFO] [stdout] test patch::tests::test_patch_timeout_enforcement ... ok
[INFO] [stdout] test result::tests::test_tool_error_info_conversion ... ok
[INFO] [stdout] test patch::tests::test_builtin_provider ... ok
[INFO] [stdout] test provider::tests::test_register_builtin_provider ... ok
[INFO] [stdout] test search::tests::test_search_result_creation ... ok
[INFO] [stdout] test result::tests::test_tool_result_err ... ok
[INFO] [stdout] test search::tests::test_search_input_creation ... ok
[INFO] [stdout] test result::tests::test_tool_result_ok ... ok
[INFO] [stdout] test search::tests::test_search_input_with_offset ... ok
[INFO] [stdout] test search::tests::test_search_output_creation ... ok
[INFO] [stdout] test search::tests::test_search_input_limit_capped ... ok
[INFO] [stdout] test search::tests::test_search_result_serialization ... ok
[INFO] [stdout] test todo::tests::test_todo_creation ... ok
[INFO] [stdout] test search::tests::test_validate_query_whitespace_only ... ok
[INFO] [stdout] test search::tests::test_validate_query_too_long ... ok
[INFO] [stdout] test search::tests::test_validate_query_empty ... ok
[INFO] [stdout] test todo::tests::test_todo_read_timeout_enforcement ... ok
[INFO] [stdout] test search::tests::test_validate_query_sql_injection ... ok
[INFO] [stdout] test todo::tests::test_todo_status_parsing ... ok
[INFO] [stdout] test todo::tests::test_todo_tools_filter_by_status ... ok
[INFO] [stdout] test todo::tests::test_todo_empty_title_validation ... ok
[INFO] [stdout] test todo::tests::test_todo_priority_parsing ... ok
[INFO] [stdout] test todo::tests::test_todo_storage_load_empty ... ok
[INFO] [stdout] test todo::tests::test_todo_tools_filter_by_priority ... ok
[INFO] [stdout] test todo::tests::test_todo_storage_save_and_load ... ok
[INFO] [stdout] test todo::tests::test_todo_with_description ... ok
[INFO] [stdout] test todo::tests::test_todo_tools_write_and_read ... ok
[INFO] [stdout] test webfetch::tests::test_validate_url_127_0_0_1_rejection ... ok
[INFO] [stdout] test search::tests::test_validate_query_valid ... ok
[INFO] [stdout] test todo::tests::test_todo_write_timeout_enforcement ... ok
[INFO] [stdout] test webfetch::tests::test_validate_url_invalid_scheme ... ok
[INFO] [stdout] test webfetch::tests::test_validate_url_invalid_format ... ok
[INFO] [stdout] test webfetch::tests::test_validate_url_valid_https ... ok
[INFO] [stdout] test webfetch::tests::test_webfetch_input_creation ... ok
[INFO] [stdout] test webfetch::tests::test_webfetch_input_with_max_size ... ok
[INFO] [stdout] test todo::tests::test_todo_tools_update ... ok
[INFO] [stdout] test webfetch::tests::test_validate_url_private_ip_rejection ... ok
[INFO] [stdout] test webfetch::tests::test_validate_url_localhost_rejection ... ok
[INFO] [stdout] test webfetch::tests::test_validate_url_valid_http ... ok
[INFO] [stdout] test webfetch::tests::test_webfetch_output_creation ... ok
[INFO] [stdout] test webfetch::tests::test_webfetch_output_truncation ... ok
[INFO] [stdout] test result::tests::test_result_metadata_creation ... ok
[INFO] [stdout] test provider::tests::test_registry_creation ... ok
[INFO] [stdout] test provider::tests::test_provider_selection_callback ... ok
[INFO] [stdout] test search::tests::test_search_tool_with_mcp ... ok
[INFO] [stdout] test search::tests::test_search_empty_query ... ok
[INFO] [stdout] test webfetch::tests::test_webfetch_tool_creation ... ok
[INFO] [stdout] test search::tests::test_search_pagination ... ok
[INFO] [stdout] test search::tests::test_search_mcp_fallback ... ok
[INFO] [stdout] test search::tests::test_search_tool_creation ... ok
[INFO] [stdout] test search::tests::test_search_valid_query ... ok
[INFO] [stdout] test webfetch::tests::test_webfetch_timeout_enforcement ... FAILED
[INFO] [stdout] 
[INFO] [stdout] failures:
[INFO] [stdout] 
[INFO] [stdout] ---- webfetch::tests::test_webfetch_timeout_enforcement stdout ----
[INFO] [stdout] 
[INFO] [stdout] thread 'webfetch::tests::test_webfetch_timeout_enforcement' (4522) panicked at src/webfetch.rs:387:13:
[INFO] [stdout] Expected TIMEOUT or HTTP_ERROR, got: NETWORK_ERROR
[INFO] [stdout] stack backtrace:
[INFO] [stdout]    0:     0x5618ab9c3171 - <<std[70759c8f55707aa4]::sys::backtrace::BacktraceLock>::print::DisplayBacktrace as core[df12db4294e9bfd3]::fmt::Display>::fmt
[INFO] [stdout]    1:     0x5618ab9da84a - core[df12db4294e9bfd3]::fmt::write
[INFO] [stdout]    2:     0x5618ab9c7f3c - <alloc[2182bb758b4b3781]::vec::Vec<u8> as core[df12db4294e9bfd3]::io::write::Write>::write_fmt
[INFO] [stdout]    3:     0x5618ab99c7f6 - std[70759c8f55707aa4]::panicking::default_hook::{closure#0}
[INFO] [stdout]    4:     0x5618ab9ba319 - std[70759c8f55707aa4]::panicking::default_hook
[INFO] [stdout]    5:     0x5618ab828540 - test[9d35eded1c95d3be]::test_main_inner::<test[9d35eded1c95d3be]::test_main_static::{closure#0}>::{closure#0}
[INFO] [stdout]    6:     0x5618ab9ba642 - std[70759c8f55707aa4]::panicking::panic_with_hook
[INFO] [stdout]    7:     0x5618ab99c8a2 - std[70759c8f55707aa4]::panicking::panic_handler::{closure#0}
[INFO] [stdout]    8:     0x5618ab995239 - std[70759c8f55707aa4]::sys::backtrace::__rust_end_short_backtrace::<std[70759c8f55707aa4]::panicking::panic_handler::{closure#0}, !>
[INFO] [stdout]    9:     0x5618ab99d77d - __rustc[8fa7c3cbc660c2b3]::rust_begin_unwind
[INFO] [stdout]   10:     0x5618ab9db02c - core[df12db4294e9bfd3]::panicking::panic_fmt
[INFO] [stdout]   11:     0x5618ab6f3946 - ricecoder_tools[20f4b3c23aa704a4]::webfetch::tests::test_webfetch_timeout_enforcement::{closure#0}
[INFO] [stdout]   12:     0x5618ab718693 - <tokio[a625c966e56f966e]::runtime::scheduler::current_thread::Context>::enter::<core[df12db4294e9bfd3]::task::poll::Poll<()>, <tokio[a625c966e56f966e]::runtime::scheduler::current_thread::CoreGuard>::block_on<core[df12db4294e9bfd3]::pin::Pin<&mut core[df12db4294e9bfd3]::pin::Pin<&mut dyn core[df12db4294e9bfd3]::future::future::Future<Output = ()>>>>::{closure#0}::{closure#0}>
[INFO] [stdout]   13:     0x5618ab6fe37c - <tokio[a625c966e56f966e]::runtime::context::scoped::Scoped<tokio[a625c966e56f966e]::runtime::scheduler::Context>>::set::<<tokio[a625c966e56f966e]::runtime::scheduler::current_thread::CoreGuard>::enter<<tokio[a625c966e56f966e]::runtime::scheduler::current_thread::CoreGuard>::block_on<core[df12db4294e9bfd3]::pin::Pin<&mut core[df12db4294e9bfd3]::pin::Pin<&mut dyn core[df12db4294e9bfd3]::future::future::Future<Output = ()>>>>::{closure#0}, core[df12db4294e9bfd3]::option::Option<()>>::{closure#0}, (alloc[2182bb758b4b3781]::boxed::Box<tokio[a625c966e56f966e]::runtime::scheduler::current_thread::Core>, core[df12db4294e9bfd3]::option::Option<()>)>
[INFO] [stdout]   14:     0x5618ab7178fc - <tokio[a625c966e56f966e]::runtime::runtime::Runtime>::block_on::<core[df12db4294e9bfd3]::pin::Pin<&mut dyn core[df12db4294e9bfd3]::future::future::Future<Output = ()>>>
[INFO] [stdout]   15:     0x5618ab6f487b - ricecoder_tools[20f4b3c23aa704a4]::webfetch::tests::test_webfetch_timeout_enforcement
[INFO] [stdout]   16:     0x5618ab7039a9 - <ricecoder_tools[20f4b3c23aa704a4]::webfetch::tests::test_webfetch_timeout_enforcement::{closure#0} as core[df12db4294e9bfd3]::ops::function::FnOnce<()>>::call_once
[INFO] [stdout]   17:     0x5618ab81b82b - test[9d35eded1c95d3be]::__rust_begin_short_backtrace::<core[df12db4294e9bfd3]::result::Result<(), alloc[2182bb758b4b3781]::string::String>, fn() -> core[df12db4294e9bfd3]::result::Result<(), alloc[2182bb758b4b3781]::string::String>>
[INFO] [stdout]   18:     0x5618ab828e95 - test[9d35eded1c95d3be]::run_test::{closure#0}
[INFO] [stdout]   19:     0x5618ab822754 - std[70759c8f55707aa4]::sys::backtrace::__rust_begin_short_backtrace::<test[9d35eded1c95d3be]::run_test::{closure#1}, ()>
[INFO] [stdout]   20:     0x5618ab82bff2 - <std[70759c8f55707aa4]::thread::lifecycle::spawn_unchecked<test[9d35eded1c95d3be]::run_test::{closure#1}, ()>::{closure#1} as core[df12db4294e9bfd3]::ops::function::FnOnce<()>>::call_once::{shim:vtable#0}
[INFO] [stdout]   21:     0x5618ab9c2139 - <std[70759c8f55707aa4]::sys::thread::unix::Thread>::new::thread_start
[INFO] [stdout]   22:     0x7a678d5f9dfa - <unknown>
[INFO] [stdout]   23:     0x7a678d68d3d4 - clone
[INFO] [stdout]   24:                0x0 - <unknown>
[INFO] [stdout] 
[INFO] [stdout] 
[INFO] [stdout] failures:
[INFO] [stdout]     webfetch::tests::test_webfetch_timeout_enforcement
[INFO] [stdout] 
[INFO] [stdout] test result: FAILED. 69 passed; 1 failed; 0 ignored; 0 measured; 0 filtered out; finished in 0.18s
[INFO] [stdout] 
[INFO] [stderr] error: test failed, to rerun pass `--lib`
[INFO] running `Command { std: "docker" "inspect" "62cd4a453ccda151a0d567458a049dc2451505bca0802a1a01b887c00cb73852", kill_on_drop: false }`
[INFO] running `Command { std: "docker" "rm" "-f" "62cd4a453ccda151a0d567458a049dc2451505bca0802a1a01b887c00cb73852", kill_on_drop: false }`
[INFO] [stdout] 62cd4a453ccda151a0d567458a049dc2451505bca0802a1a01b887c00cb73852
