[INFO] fetching crate ricecoder-sessions 0.1.71...
[INFO] testing ricecoder-sessions-0.1.71 against 1.100.0-beta.1+cargoflags=--release for beta-release-1.100-2
[INFO] extracting crate ricecoder-sessions 0.1.71 into /workspace/builds/worker-1-tc2/source
[INFO] started tweaking crates.io crate ricecoder-sessions 0.1.71
[INFO] removed 0 missing tests
[INFO] finished tweaking crates.io crate ricecoder-sessions 0.1.71
[INFO] tweaked toml for crates.io crate ricecoder-sessions 0.1.71 written to /workspace/builds/worker-1-tc2/source/Cargo.toml
[INFO] validating manifest of crates.io crate ricecoder-sessions 0.1.71 on toolchain 1.100.0-beta.1
[INFO] running `Command { std: CARGO_HOME="/workspace/cargo-home" RUSTUP_HOME="/workspace/rustup-home" "/workspace/cargo-home/bin/cargo" "+1.100.0-beta.1" "metadata" "--manifest-path" "Cargo.toml" "--no-deps", kill_on_drop: false }`
[INFO] crate crates.io crate ricecoder-sessions 0.1.71 already has a lockfile, it will not be regenerated
[INFO] running `Command { std: CARGO_HOME="/workspace/cargo-home" RUSTUP_HOME="/workspace/rustup-home" "/workspace/cargo-home/bin/cargo" "+1.100.0-beta.1" "fetch" "--manifest-path" "Cargo.toml", kill_on_drop: false }`
[INFO] [stderr] warning: `package.homepage` is redundant with `package.repository`
[INFO] [stderr]   --> Cargo.toml:59:12
[INFO] [stderr]    |
[INFO] [stderr] 59 | homepage = "https://github.com/moabualruz/ricecoder"
[INFO] [stderr]    |            ^^^^^^^^^^^^^^^^^^^^^^^^^^^^^^^^^^^^^^^^^
[INFO] [stderr] ...
[INFO] [stderr] 63 | repository = "https://github.com/moabualruz/ricecoder"
[INFO] [stderr]    |              -----------------------------------------
[INFO] [stderr]    |
[INFO] [stderr]    = note: `cargo::redundant_homepage` is set to `warn` by default
[INFO] [stderr] help: consider removing `package.homepage`
[INFO] [stderr] warning: `ricecoder-sessions` (manifest) generated 1 warning
[INFO] running `Command { std: "docker" "create" "-v" "/var/lib/crater-agent-workspace/builds/worker-1-tc2/source:/opt/rustwide/workdir:ro,Z" "-v" "/var/lib/crater-agent-workspace/builds/worker-1-tc2/target:/opt/rustwide/target:rw,Z" "-v" "/var/lib/crater-agent-workspace/cargo-home:/opt/rustwide/cargo-home:ro,Z" "-v" "/var/lib/crater-agent-workspace/rustup-home:/opt/rustwide/rustup-home:ro,Z" "-m" "1610612736" "--network" "none" "ghcr.io/rust-lang/crates-build-env/linux@sha256:77db811e55d90add9212f6832c23229e3de5f1c1f9905e8cb07319ea15df73ac" "sleep" "infinity", kill_on_drop: false }`
[INFO] [stdout] 76e5344b8e0bb21be4cfe1decfb5bf3dabaaf0560ad5a09fd77bed1d5a9b1899
[INFO] running `Command { std: "docker" "start" "76e5344b8e0bb21be4cfe1decfb5bf3dabaaf0560ad5a09fd77bed1d5a9b1899", kill_on_drop: false }`
[INFO] running `Command { std: "docker" "inspect" "76e5344b8e0bb21be4cfe1decfb5bf3dabaaf0560ad5a09fd77bed1d5a9b1899", kill_on_drop: false }`
[INFO] running `Command { std: "docker" "exec" "-e" "SOURCE_DIR=/opt/rustwide/workdir" "-e" "CARGO_HOME=/opt/rustwide/cargo-home" "-e" "RUSTUP_HOME=/opt/rustwide/rustup-home" "-e" "CARGO_TARGET_DIR=/opt/rustwide/target" "-w" "/opt/rustwide/workdir" "--user" "0:0" "76e5344b8e0bb21be4cfe1decfb5bf3dabaaf0560ad5a09fd77bed1d5a9b1899" "/opt/rustwide/cargo-home/bin/cargo" "+1.100.0-beta.1" "metadata" "--no-deps" "--format-version=1", kill_on_drop: false }`
[INFO] running `Command { std: "docker" "inspect" "76e5344b8e0bb21be4cfe1decfb5bf3dabaaf0560ad5a09fd77bed1d5a9b1899", kill_on_drop: false }`
[INFO] running `Command { std: "docker" "exec" "-e" "SOURCE_DIR=/opt/rustwide/workdir" "-e" "CARGO_HOME=/opt/rustwide/cargo-home" "-e" "RUSTUP_HOME=/opt/rustwide/rustup-home" "-e" "CARGO_TARGET_DIR=/opt/rustwide/target" "-e" "CARGO_INCREMENTAL=0" "-e" "RUST_BACKTRACE=full" "-e" "RUSTFLAGS=--cap-lints=warn" "-e" "RUSTDOCFLAGS=--cap-lints=warn" "-w" "/opt/rustwide/workdir" "--user" "0:0" "76e5344b8e0bb21be4cfe1decfb5bf3dabaaf0560ad5a09fd77bed1d5a9b1899" "/opt/rustwide/cargo-home/bin/cargo" "+1.100.0-beta.1" "build" "--frozen" "--message-format=json" "--release", kill_on_drop: false }`
[INFO] [stderr] warning: `package.homepage` is redundant with `package.repository`
[INFO] [stderr]   --> Cargo.toml:59:12
[INFO] [stderr]    |
[INFO] [stderr] 59 | homepage = "https://github.com/moabualruz/ricecoder"
[INFO] [stderr]    |            ^^^^^^^^^^^^^^^^^^^^^^^^^^^^^^^^^^^^^^^^^
[INFO] [stderr] ...
[INFO] [stderr] 63 | repository = "https://github.com/moabualruz/ricecoder"
[INFO] [stderr]    |              -----------------------------------------
[INFO] [stderr]    |
[INFO] [stderr]    = note: `cargo::redundant_homepage` is set to `warn` by default
[INFO] [stderr] help: consider removing `package.homepage`
[INFO] [stderr] warning: `ricecoder-sessions` (manifest) generated 1 warning
[INFO] [stderr]    Compiling quote v1.0.42
[INFO] [stderr]    Compiling serde_json v1.0.145
[INFO] [stderr]    Compiling tracing-core v0.1.35
[INFO] [stderr]    Compiling memchr v2.7.6
[INFO] [stderr]    Compiling bytes v1.11.0
[INFO] [stderr]    Compiling parking_lot_core v0.9.12
[INFO] [stderr]    Compiling socket2 v0.6.1
[INFO] [stderr]    Compiling getrandom v0.3.4
[INFO] [stderr]    Compiling dirs-sys v0.4.1
[INFO] [stderr]    Compiling signal-hook-registry v1.4.7
[INFO] [stderr]    Compiling mio v1.1.0
[INFO] [stderr]    Compiling dirs v5.0.1
[INFO] [stderr]    Compiling parking_lot v0.12.5
[INFO] [stderr]    Compiling syn v2.0.111
[INFO] [stderr]    Compiling serde_derive v1.0.228
[INFO] [stderr]    Compiling tokio-macros v2.6.0
[INFO] [stderr]    Compiling thiserror-impl v1.0.69
[INFO] [stderr]    Compiling tracing-attributes v0.1.31
[INFO] [stderr]    Compiling tokio v1.48.0
[INFO] [stderr]    Compiling thiserror v1.0.69
[INFO] [stderr]    Compiling tracing v0.1.43
[INFO] [stderr]    Compiling serde v1.0.228
[INFO] [stderr]    Compiling chrono v0.4.42
[INFO] [stderr]    Compiling uuid v1.18.1
[INFO] [stderr]    Compiling ricecoder-sessions v0.1.71 (/opt/rustwide/workdir)
[INFO] [stderr] warning: unused dependency `anyhow`
[INFO] [stderr]  --> Cargo.toml:1:15
[INFO] [stderr]   |
[INFO] [stderr] 1 | [dependencies.anyhow]
[INFO] [stderr]   |               ^^^^^^^
[INFO] [stderr]   |
[INFO] [stderr]   = note: `cargo::unused_dependencies` is set to `warn` by default
[INFO] [stderr] help: consider removing the dependency on `anyhow`
[INFO] [stderr] warning: `ricecoder-sessions` (manifest) generated 1 warning
[INFO] [stderr]     Finished `release` profile [optimized] target(s) in 23.52s
[INFO] running `Command { std: "docker" "inspect" "76e5344b8e0bb21be4cfe1decfb5bf3dabaaf0560ad5a09fd77bed1d5a9b1899", kill_on_drop: false }`
[INFO] running `Command { std: "docker" "exec" "-e" "SOURCE_DIR=/opt/rustwide/workdir" "-e" "CARGO_HOME=/opt/rustwide/cargo-home" "-e" "RUSTUP_HOME=/opt/rustwide/rustup-home" "-e" "CARGO_TARGET_DIR=/opt/rustwide/target" "-e" "CARGO_INCREMENTAL=0" "-e" "RUST_BACKTRACE=full" "-e" "RUSTFLAGS=--cap-lints=warn" "-e" "RUSTDOCFLAGS=--cap-lints=warn" "-w" "/opt/rustwide/workdir" "--user" "0:0" "76e5344b8e0bb21be4cfe1decfb5bf3dabaaf0560ad5a09fd77bed1d5a9b1899" "/opt/rustwide/cargo-home/bin/cargo" "+1.100.0-beta.1" "test" "--frozen" "--no-run" "--message-format=json" "--release", kill_on_drop: false }`
[INFO] [stderr] warning: `package.homepage` is redundant with `package.repository`
[INFO] [stderr]   --> Cargo.toml:59:12
[INFO] [stderr]    |
[INFO] [stderr] 59 | homepage = "https://github.com/moabualruz/ricecoder"
[INFO] [stderr]    |            ^^^^^^^^^^^^^^^^^^^^^^^^^^^^^^^^^^^^^^^^^
[INFO] [stderr] ...
[INFO] [stderr] 63 | repository = "https://github.com/moabualruz/ricecoder"
[INFO] [stderr]    |              -----------------------------------------
[INFO] [stderr]    |
[INFO] [stderr]    = note: `cargo::redundant_homepage` is set to `warn` by default
[INFO] [stderr] help: consider removing `package.homepage`
[INFO] [stderr] warning: `ricecoder-sessions` (manifest) generated 1 warning
[INFO] [stderr]    Compiling getrandom v0.3.4
[INFO] [stderr]    Compiling rustix v1.1.2
[INFO] [stderr]    Compiling zerocopy v0.8.31
[INFO] [stderr]    Compiling num-traits v0.2.19
[INFO] [stderr]    Compiling bitflags v2.10.0
[INFO] [stderr]    Compiling async-stream-impl v0.3.6
[INFO] [stderr]    Compiling wait-timeout v0.2.1
[INFO] [stderr]    Compiling bit-vec v0.8.0
[INFO] [stderr]    Compiling tokio v1.48.0
[INFO] [stderr]    Compiling quick-error v1.2.3
[INFO] [stderr]    Compiling regex-syntax v0.8.8
[INFO] [stderr]    Compiling unarray v0.1.4
[INFO] [stderr]    Compiling bit-set v0.8.0
[INFO] [stderr]    Compiling rand_core v0.9.3
[INFO] [stderr]    Compiling uuid v1.18.1
[INFO] [stderr]    Compiling async-stream v0.3.6
[INFO] [stderr]    Compiling rand_xorshift v0.4.0
[INFO] [stderr]    Compiling rand v0.9.2
[INFO] [stderr]    Compiling chrono v0.4.42
[INFO] [stderr]    Compiling tempfile v3.23.0
[INFO] [stderr]    Compiling ppv-lite86 v0.2.21
[INFO] [stderr]    Compiling rusty-fork v0.3.1
[INFO] [stderr]    Compiling rand_chacha v0.9.0
[INFO] [stderr]    Compiling proptest v1.9.0
[INFO] [stderr]    Compiling tokio-stream v0.1.17
[INFO] [stderr]    Compiling ricecoder-sessions v0.1.71 (/opt/rustwide/workdir)
[INFO] [stderr]    Compiling tokio-test v0.4.4
[INFO] [stdout] warning: variable does not need to be mutable
[INFO] [stdout]    --> tests/sharing_properties_comprehensive_tests.rs:348:9
[INFO] [stdout]     |
[INFO] [stdout] 348 |         mut session in arb_session_with_content(),
[INFO] [stdout]     |         ----^^^^^^^
[INFO] [stdout]     |         |
[INFO] [stdout]     |         help: remove this `mut`
[INFO] [stdout]     |
[INFO] [stdout]     = note: `#[warn(unused_mut)]` (part of `#[warn(unused)]`) on by default
[INFO] [stdout] 
[INFO] [stdout] 
[INFO] [stderr] warning: unused dependency `anyhow`
[INFO] [stderr]  --> Cargo.toml:1:15
[INFO] [stderr]   |
[INFO] [stderr] 1 | [dependencies.anyhow]
[INFO] [stderr]   |               ^^^^^^^
[INFO] [stderr]   |
[INFO] [stderr]   = note: `cargo::unused_dependencies` is set to `warn` by default
[INFO] [stderr] help: consider removing the dependency on `anyhow`
[INFO] [stderr] warning: `ricecoder-sessions` (manifest) generated 1 warning
[INFO] [stderr]     Finished `release` profile [optimized] target(s) in 1m 08s
[INFO] running `Command { std: "docker" "inspect" "76e5344b8e0bb21be4cfe1decfb5bf3dabaaf0560ad5a09fd77bed1d5a9b1899", kill_on_drop: false }`
[INFO] running `Command { std: "docker" "exec" "-e" "SOURCE_DIR=/opt/rustwide/workdir" "-e" "CARGO_HOME=/opt/rustwide/cargo-home" "-e" "RUSTUP_HOME=/opt/rustwide/rustup-home" "-e" "CARGO_TARGET_DIR=/opt/rustwide/target" "-e" "CARGO_INCREMENTAL=0" "-e" "RUST_BACKTRACE=full" "-e" "RUSTFLAGS=--cap-lints=warn" "-e" "RUSTDOCFLAGS=--cap-lints=warn" "-w" "/opt/rustwide/workdir" "--user" "0:0" "76e5344b8e0bb21be4cfe1decfb5bf3dabaaf0560ad5a09fd77bed1d5a9b1899" "/opt/rustwide/cargo-home/bin/cargo" "+1.100.0-beta.1" "test" "--frozen" "--release", kill_on_drop: false }`
[INFO] [stderr] warning: `package.homepage` is redundant with `package.repository`
[INFO] [stderr]   --> Cargo.toml:59:12
[INFO] [stderr]    |
[INFO] [stderr] 59 | homepage = "https://github.com/moabualruz/ricecoder"
[INFO] [stderr]    |            ^^^^^^^^^^^^^^^^^^^^^^^^^^^^^^^^^^^^^^^^^
[INFO] [stderr] ...
[INFO] [stderr] 63 | repository = "https://github.com/moabualruz/ricecoder"
[INFO] [stderr]    |              -----------------------------------------
[INFO] [stderr]    |
[INFO] [stderr]    = note: `cargo::redundant_homepage` is set to `warn` by default
[INFO] [stderr] help: consider removing `package.homepage`
[INFO] [stderr] warning: `ricecoder-sessions` (manifest) generated 1 warning
[INFO] [stderr] warning: variable does not need to be mutable
[INFO] [stderr]    --> tests/sharing_properties_comprehensive_tests.rs:348:9
[INFO] [stderr]     |
[INFO] [stderr] 348 |         mut session in arb_session_with_content(),
[INFO] [stderr]     |         ----^^^^^^^
[INFO] [stderr]     |         |
[INFO] [stderr]     |         help: remove this `mut`
[INFO] [stderr]     |
[INFO] [stderr]     = note: `#[warn(unused_mut)]` (part of `#[warn(unused)]`) on by default
[INFO] [stderr] 
[INFO] [stderr] warning: `ricecoder-sessions` (test "sharing_properties_comprehensive_tests") generated 1 warning (run `cargo fix --test "sharing_properties_comprehensive_tests" -p ricecoder-sessions` to apply 1 suggestion)
[INFO] [stderr] warning: unused dependency `anyhow`
[INFO] [stderr]  --> Cargo.toml:1:15
[INFO] [stderr]   |
[INFO] [stderr] 1 | [dependencies.anyhow]
[INFO] [stderr]   |               ^^^^^^^
[INFO] [stderr]   |
[INFO] [stderr]   = note: `cargo::unused_dependencies` is set to `warn` by default
[INFO] [stderr] help: consider removing the dependency on `anyhow`
[INFO] [stderr] warning: `ricecoder-sessions` (manifest) generated 1 warning
[INFO] [stderr]     Finished `release` profile [optimized] target(s) in 0.14s
[INFO] [stderr]      Running unittests src/lib.rs (/opt/rustwide/target/release/build/ricecoder-sessions/15d86ec54a12ad4e/out/ricecoder_sessions-15d86ec54a12ad4e)
[INFO] [stdout] 
[INFO] [stdout] running 32 tests
[INFO] [stdout] test context::tests::test_context_isolation ... ok
[INFO] [stdout] test context::tests::test_remove_file ... ok
[INFO] [stdout] test context::tests::test_has_file ... ok
[INFO] [stdout] test context::tests::test_clear_context ... ok
[INFO] [stdout] test context::tests::test_add_duplicate_file ... ok
[INFO] [stdout] test context::tests::test_clear_files ... ok
[INFO] [stdout] test context::tests::test_add_file ... ok
[INFO] [stdout] test background_agent::tests::test_get_agent_status ... ok
[INFO] [stdout] test context::tests::test_operations_without_context ... ok
[INFO] [stdout] test background_agent::tests::test_cancel_agent ... ok
[INFO] [stdout] test background_agent::tests::test_list_agents ... ok
[INFO] [stdout] test context::tests::test_context_isolation_with_operations ... ok
[INFO] [stdout] test context::tests::test_persistence_roundtrip ... ok
[INFO] [stdout] test context::tests::test_project_path ... ok
[INFO] [stdout] test context::tests::test_switch_project ... ok
[INFO] [stdout] test context::tests::test_set_and_get_context ... ok
[INFO] [stdout] test context::tests::test_context_manager_new ... ok
[INFO] [stdout] test manager::tests::test_switch_session ... ok
[INFO] [stdout] test router::tests::test_create_session ... ok
[INFO] [stdout] test router::tests::test_message_isolation ... ok
[INFO] [stdout] test manager::tests::test_delete_session ... ok
[INFO] [stdout] test manager::tests::test_list_sessions ... ok
[INFO] [stdout] test router::tests::test_route_to_specific_session ... ok
[INFO] [stdout] test router::tests::test_switch_session ... ok
[INFO] [stdout] test manager::tests::test_session_limit_enforcement ... ok
[INFO] [stdout] test router::tests::test_route_to_active_session ... ok
[INFO] [stdout] test manager::tests::test_create_session ... ok
[INFO] [stdout] test router::tests::test_delete_session ... ok
[INFO] [stdout] test router::tests::test_verify_message_in_session ... ok
[INFO] [stdout] test router::tests::test_get_message_session ... ok
[INFO] [stdout] test background_agent::tests::test_start_agent ... ok
[INFO] [stderr]      Running tests/background_agent_async_execution_property_tests.rs (/opt/rustwide/target/release/build/ricecoder-sessions/90822e4bb7b30881/out/background_agent_async_execution_property_tests-90822e4bb7b30881)
[INFO] [stdout] test background_agent::tests::test_completion_events ... ok
[INFO] [stdout] 
[INFO] [stdout] test result: ok. 32 passed; 0 failed; 0 ignored; 0 measured; 0 filtered out; finished in 0.21s
[INFO] [stdout] 
[INFO] [stdout] 
[INFO] [stdout] running 2 tests
[INFO] [stdout] test prop_concurrent_agent_execution ... ok
[INFO] [stdout] test prop_background_agent_async_execution ... ok
[INFO] [stdout] 
[INFO] [stdout] test result: ok. 2 passed; 0 failed; 0 ignored; 0 measured; 0 filtered out; finished in 1.10s
[INFO] [stdout] 
[INFO] [stderr]      Running tests/background_agent_completion_notification_property_tests.rs (/opt/rustwide/target/release/build/ricecoder-sessions/2e75b9d99bc5f939/out/background_agent_completion_notification_property_tests-2e75b9d99bc5f939)
[INFO] [stdout] 
[INFO] [stdout] running 3 tests
[INFO] [stdout] test prop_agent_cancellation_notification ... ok
[INFO] [stdout] test prop_background_agent_completion_notification ... ok
[INFO] [stdout] test prop_completion_events_clearable ... ok
[INFO] [stdout] 
[INFO] [stdout] test result: ok. 3 passed; 0 failed; 0 ignored; 0 measured; 0 filtered out; finished in 1.21s
[INFO] [stdout] 
[INFO] [stderr]      Running tests/background_agent_isolation_property_tests.rs (/opt/rustwide/target/release/build/ricecoder-sessions/46ba20601705dc69/out/background_agent_isolation_property_tests-46ba20601705dc69)
[INFO] [stdout] 
[INFO] [stdout] running 4 tests
[INFO] [stdout] test prop_background_agent_isolation ... ok
[INFO] [stdout] test prop_manager_isolation ... ok
[INFO] [stdout] test prop_agent_metadata_isolation ... ok
[INFO] [stdout] test prop_agent_events_isolation ... ok
[INFO] [stdout] 
[INFO] [stdout] test result: ok. 4 passed; 0 failed; 0 ignored; 0 measured; 0 filtered out; finished in 0.43s
[INFO] [stdout] 
[INFO] [stderr]      Running tests/background_agent_state_transitions_property_tests.rs (/opt/rustwide/target/release/build/ricecoder-sessions/e24ed4f7c13b7bad/out/background_agent_state_transitions_property_tests-e24ed4f7c13b7bad)
[INFO] [stdout] 
[INFO] [stdout] running 4 tests
[INFO] [stdout] test prop_agent_completion_timestamp_on_cancel ... ok
[INFO] [stdout] test prop_atomic_state_transitions ... ok
[INFO] [stdout] test prop_pause_only_running_agents ... ok
[INFO] [stdout] test prop_background_agent_state_transitions ... ok
[INFO] [stdout] 
[INFO] [stdout] test result: ok. 4 passed; 0 failed; 0 ignored; 0 measured; 0 filtered out; finished in 0.00s
[INFO] [stdout] 
[INFO] [stderr]      Running tests/background_agent_status_display_property_tests.rs (/opt/rustwide/target/release/build/ricecoder-sessions/27dceb6a08e7e0ca/out/background_agent_status_display_property_tests-27dceb6a08e7e0ca)
[INFO] [stdout] 
[INFO] [stdout] running 3 tests
[INFO] [stdout] test prop_agent_list_completeness ... ok
[INFO] [stdout] test prop_agent_status_after_cancellation ... ok
[INFO] [stdout] test prop_background_agent_status_display ... ok
[INFO] [stderr]      Running tests/context_isolation_property_tests.rs (/opt/rustwide/target/release/build/ricecoder-sessions/fe66949911821caf/out/context_isolation_property_tests-fe66949911821caf)
[INFO] [stdout] 
[INFO] [stdout] test result: ok. 3 passed; 0 failed; 0 ignored; 0 measured; 0 filtered out; finished in 0.54s
[INFO] [stdout] 
[INFO] [stdout] 
[INFO] [stdout] running 5 tests
[INFO] [stdout] test prop_context_isolation_file_operations ... FAILED
[INFO] [stdout] test prop_context_isolation_persistence ... FAILED
[INFO] [stdout] test prop_context_isolation_clearing ... ok
[INFO] [stdout] test prop_context_isolation_project_switching ... ok
[INFO] [stdout] test prop_context_isolation_independent_managers ... ok
[INFO] [stdout] 
[INFO] [stdout] failures:
[INFO] [stdout] 
[INFO] [stdout] ---- prop_context_isolation_file_operations stdout ----
[INFO] [stdout] proptest: FileFailurePersistence::SourceParallel set, but failed to find lib.rs or main.rs
[INFO] [stdout] 
[INFO] [stdout] thread 'prop_context_isolation_file_operations' (2463) panicked at tests/context_isolation_property_tests.rs:90:5:
[INFO] [stdout] Test failed: assertion failed: !ctx1_files.contains(file) at tests/context_isolation_property_tests.rs:136.
[INFO] [stdout] minimal failing input: files1 = [
[INFO] [stdout]     "0.rs",
[INFO] [stdout]     "_.rs",
[INFO] [stdout] ], files2 = [
[INFO] [stdout]     "_.rs",
[INFO] [stdout] ], remove_idx1 = 2
[INFO] [stdout] 	successes: 0
[INFO] [stdout] 	local rejects: 0
[INFO] [stdout] 	global rejects: 0
[INFO] [stdout] 
[INFO] [stdout] stack backtrace:
[INFO] [stdout]    0:     0x5b1c70d47921 - <<std[617be2ca0a6fd877]::sys::backtrace::BacktraceLock>::print::DisplayBacktrace as core[a373ad73a504971]::fmt::Display>::fmt
[INFO] [stdout]    1:     0x5b1c70d5cc1a - core[a373ad73a504971]::fmt::write
[INFO] [stdout]    2:     0x5b1c70d4bf9c - <alloc[2e1b2a31b91974c5]::vec::Vec<u8> as core[a373ad73a504971]::io::write::Write>::write_fmt
[INFO] [stdout]    3:     0x5b1c70d22856 - std[617be2ca0a6fd877]::panicking::default_hook::{closure#0}
[INFO] [stdout]    4:     0x5b1c70d3fe09 - std[617be2ca0a6fd877]::panicking::default_hook
[INFO] [stdout]    5:     0x5b1c70c87e00 - test[aada8e7e76ba119b]::test_main_inner::{closure#0}
[INFO] [stdout]    6:     0x5b1c70d3ffc2 - std[617be2ca0a6fd877]::panicking::panic_with_hook
[INFO] [stdout]    7:     0x5b1c70d22902 - std[617be2ca0a6fd877]::panicking::panic_handler::{closure#0}
[INFO] [stdout]    8:     0x5b1c70d1b4c9 - std[617be2ca0a6fd877]::sys::backtrace::__rust_end_short_backtrace::<std[617be2ca0a6fd877]::panicking::panic_handler::{closure#0}, !>
[INFO] [stdout]    9:     0x5b1c70d2350d - __rustc[ea4f61d10b84890b]::rust_begin_unwind
[INFO] [stdout]   10:     0x5b1c70d5d3fc - core[a373ad73a504971]::panicking::panic_fmt
[INFO] [stdout]   11:     0x5b1c70c70618 - <context_isolation_property_tests[b97bc9530bdbe627]::prop_context_isolation_file_operations::{closure#0} as core[a373ad73a504971]::ops::function::FnOnce<()>>::call_once
[INFO] [stdout]   12:     0x5b1c70c7b24b - test[aada8e7e76ba119b]::__rust_begin_short_backtrace::<core[a373ad73a504971]::result::Result<(), alloc[2e1b2a31b91974c5]::string::String>, fn() -> core[a373ad73a504971]::result::Result<(), alloc[2e1b2a31b91974c5]::string::String>>
[INFO] [stdout]   13:     0x5b1c70c88425 - test[aada8e7e76ba119b]::run_test::{closure#0}
[INFO] [stdout]   14:     0x5b1c70c81d14 - std[617be2ca0a6fd877]::sys::backtrace::__rust_begin_short_backtrace::<test[aada8e7e76ba119b]::run_test::{closure#1}, ()>
[INFO] [stdout]   15:     0x5b1c70c8b4b2 - <std[617be2ca0a6fd877]::thread::lifecycle::spawn_unchecked<test[aada8e7e76ba119b]::run_test::{closure#1}, ()>::{closure#1} as core[a373ad73a504971]::ops::function::FnOnce<()>>::call_once::{shim:vtable#0}
[INFO] [stdout]   16:     0x5b1c70d4717f - <std[617be2ca0a6fd877]::sys::thread::unix::Thread>::new::thread_start
[INFO] [stdout]   17:     0x727ee1127dfa - <unknown>
[INFO] [stdout]   18:     0x727ee11bb3d4 - clone
[INFO] [stdout]   19:                0x0 - <unknown>
[INFO] [stdout] 
[INFO] [stdout] ---- prop_context_isolation_persistence stdout ----
[INFO] [stdout] proptest: FileFailurePersistence::SourceParallel set, but failed to find lib.rs or main.rs
[INFO] [stdout] proptest: FileFailurePersistence::SourceParallel set, but failed to find lib.rs or main.rs
[INFO] [stdout] proptest: failed to append to /opt/rustwide/workdir/tests/context_isolation_property_tests.proptest-regressions: Read-only file system (os error 30)
[INFO] [stdout] 
[INFO] [stdout] thread 'prop_context_isolation_persistence' (2465) panicked at tests/context_isolation_property_tests.rs:205:5:
[INFO] [stdout] Test failed: assertion failed: !restored2.files.contains(file) at tests/context_isolation_property_tests.rs:255.
[INFO] [stdout] minimal failing input: provider1 = "openai", model1 = "gpt-4", provider2 = "openai", model2 = "gpt-4", files1 = [
[INFO] [stdout]     "x.rs",
[INFO] [stdout] ], files2 = [
[INFO] [stdout]     "x.rs",
[INFO] [stdout] ]
[INFO] [stdout] 	successes: 16
[INFO] [stdout] 	local rejects: 0
[INFO] [stdout] 	global rejects: 0
[INFO] [stdout] 
[INFO] [stdout] stack backtrace:
[INFO] [stdout]    0:     0x5b1c70d47921 - <<std[617be2ca0a6fd877]::sys::backtrace::BacktraceLock>::print::DisplayBacktrace as core[a373ad73a504971]::fmt::Display>::fmt
[INFO] [stdout]    1:     0x5b1c70d5cc1a - core[a373ad73a504971]::fmt::write
[INFO] [stdout]    2:     0x5b1c70d4bf9c - <alloc[2e1b2a31b91974c5]::vec::Vec<u8> as core[a373ad73a504971]::io::write::Write>::write_fmt
[INFO] [stdout]    3:     0x5b1c70d22856 - std[617be2ca0a6fd877]::panicking::default_hook::{closure#0}
[INFO] [stdout]    4:     0x5b1c70d3fe09 - std[617be2ca0a6fd877]::panicking::default_hook
[INFO] [stdout]    5:     0x5b1c70c87e00 - test[aada8e7e76ba119b]::test_main_inner::{closure#0}
[INFO] [stdout]    6:     0x5b1c70d3ffc2 - std[617be2ca0a6fd877]::panicking::panic_with_hook
[INFO] [stdout]    7:     0x5b1c70d22902 - std[617be2ca0a6fd877]::panicking::panic_handler::{closure#0}
[INFO] [stdout]    8:     0x5b1c70d1b4c9 - std[617be2ca0a6fd877]::sys::backtrace::__rust_end_short_backtrace::<std[617be2ca0a6fd877]::panicking::panic_handler::{closure#0}, !>
[INFO] [stdout]    9:     0x5b1c70d2350d - __rustc[ea4f61d10b84890b]::rust_begin_unwind
[INFO] [stdout]   10:     0x5b1c70d5d3fc - core[a373ad73a504971]::panicking::panic_fmt
[INFO] [stdout]   11:     0x5b1c70c701a8 - <context_isolation_property_tests[b97bc9530bdbe627]::prop_context_isolation_persistence::{closure#0} as core[a373ad73a504971]::ops::function::FnOnce<()>>::call_once
[INFO] [stdout]   12:     0x5b1c70c7b24b - test[aada8e7e76ba119b]::__rust_begin_short_backtrace::<core[a373ad73a504971]::result::Result<(), alloc[2e1b2a31b91974c5]::string::String>, fn() -> core[a373ad73a504971]::result::Result<(), alloc[2e1b2a31b91974c5]::string::String>>
[INFO] [stdout]   13:     0x5b1c70c88425 - test[aada8e7e76ba119b]::run_test::{closure#0}
[INFO] [stdout]   14:     0x5b1c70c81d14 - std[617be2ca0a6fd877]::sys::backtrace::__rust_begin_short_backtrace::<test[aada8e7e76ba119b]::run_test::{closure#1}, ()>
[INFO] [stdout]   15:     0x5b1c70c8b4b2 - <std[617be2ca0a6fd877]::thread::lifecycle::spawn_unchecked<test[aada8e7e76ba119b]::run_test::{closure#1}, ()>::{closure#1} as core[a373ad73a504971]::ops::function::FnOnce<()>>::call_once::{shim:vtable#0}
[INFO] [stdout]   16:     0x5b1c70d4717f - <std[617be2ca0a6fd877]::sys::thread::unix::Thread>::new::thread_start
[INFO] [stdout]   17:     0x727ee1127dfa - <unknown>
[INFO] [stdout]   18:     0x727ee11bb3d4 - clone
[INFO] [stdout]   19:                0x0 - <unknown>
[INFO] [stdout] 
[INFO] [stdout] 
[INFO] [stdout] failures:
[INFO] [stdout]     prop_context_isolation_file_operations
[INFO] [stdout]     prop_context_isolation_persistence
[INFO] [stdout] 
[INFO] [stdout] test result: FAILED. 3 passed; 2 failed; 0 ignored; 0 measured; 0 filtered out; finished in 0.04s
[INFO] [stdout] 
[INFO] [stderr] error: test failed, to rerun pass `--test context_isolation_property_tests`
[INFO] running `Command { std: "docker" "inspect" "76e5344b8e0bb21be4cfe1decfb5bf3dabaaf0560ad5a09fd77bed1d5a9b1899", kill_on_drop: false }`
[INFO] running `Command { std: "docker" "rm" "-f" "76e5344b8e0bb21be4cfe1decfb5bf3dabaaf0560ad5a09fd77bed1d5a9b1899", kill_on_drop: false }`
[INFO] [stdout] 76e5344b8e0bb21be4cfe1decfb5bf3dabaaf0560ad5a09fd77bed1d5a9b1899
