[INFO] fetching crate ricecoder-refactoring 0.1.71...
[INFO] testing ricecoder-refactoring-0.1.71 against 1.99.0-beta.8+cargoflags=--release for beta-release-1.100-2
[INFO] extracting crate ricecoder-refactoring 0.1.71 into /workspace/builds/worker-2-tc1/source
[INFO] started tweaking crates.io crate ricecoder-refactoring 0.1.71
[INFO] removed 0 missing tests
[INFO] finished tweaking crates.io crate ricecoder-refactoring 0.1.71
[INFO] tweaked toml for crates.io crate ricecoder-refactoring 0.1.71 written to /workspace/builds/worker-2-tc1/source/Cargo.toml
[INFO] validating manifest of crates.io crate ricecoder-refactoring 0.1.71 on toolchain 1.99.0-beta.8
[INFO] running `Command { std: CARGO_HOME="/workspace/cargo-home" RUSTUP_HOME="/workspace/rustup-home" "/workspace/cargo-home/bin/cargo" "+1.99.0-beta.8" "metadata" "--manifest-path" "Cargo.toml" "--no-deps", kill_on_drop: false }`
[INFO] crate crates.io crate ricecoder-refactoring 0.1.71 already has a lockfile, it will not be regenerated
[INFO] running `Command { std: CARGO_HOME="/workspace/cargo-home" RUSTUP_HOME="/workspace/rustup-home" "/workspace/cargo-home/bin/cargo" "+1.99.0-beta.8" "fetch" "--manifest-path" "Cargo.toml", kill_on_drop: false }`
[INFO] [stderr]     Updating crates.io index
[INFO] [stderr]  Downloading crates ...
[INFO] [stderr]   Downloaded ricecoder-storage v0.1.71
[INFO] [stderr]   Downloaded inotify-sys v0.1.5
[INFO] [stderr]   Downloaded libredox v0.1.10
[INFO] [stderr]   Downloaded kqueue-sys v1.0.4
[INFO] [stderr]   Downloaded kqueue v1.1.1
[INFO] [stderr]   Downloaded inotify v0.9.6
[INFO] [stderr]   Downloaded unicase v2.8.1
[INFO] [stderr]   Downloaded notify v6.1.1
[INFO] [stderr]   Downloaded ricecoder-files v0.1.71
[INFO] [stderr]   Downloaded tree-sitter v0.20.10
[INFO] [stderr]   Downloaded tree-sitter-python v0.20.4
[INFO] [stderr]   Downloaded tree-sitter-rust v0.20.4
[INFO] [stderr]   Downloaded git2 v0.18.3
[INFO] [stderr]   Downloaded libz-sys v1.1.23
[INFO] [stderr]   Downloaded tree-sitter-typescript v0.20.5
[INFO] [stderr]   Downloaded libgit2-sys v0.16.2+1.7.2
[INFO] running `Command { std: "docker" "create" "-v" "/var/lib/crater-agent-workspace/builds/worker-2-tc1/source:/opt/rustwide/workdir:ro,Z" "-v" "/var/lib/crater-agent-workspace/builds/worker-2-tc1/target:/opt/rustwide/target:rw,Z" "-v" "/var/lib/crater-agent-workspace/cargo-home:/opt/rustwide/cargo-home:ro,Z" "-v" "/var/lib/crater-agent-workspace/rustup-home:/opt/rustwide/rustup-home:ro,Z" "-m" "1610612736" "--network" "none" "ghcr.io/rust-lang/crates-build-env/linux@sha256:77db811e55d90add9212f6832c23229e3de5f1c1f9905e8cb07319ea15df73ac" "sleep" "infinity", kill_on_drop: false }`
[INFO] [stdout] a53cfedabfd39a2fa377e388f71abace10c7c462d4cd2b21e8ab09d0846c7714
[INFO] running `Command { std: "docker" "start" "a53cfedabfd39a2fa377e388f71abace10c7c462d4cd2b21e8ab09d0846c7714", kill_on_drop: false }`
[INFO] running `Command { std: "docker" "inspect" "a53cfedabfd39a2fa377e388f71abace10c7c462d4cd2b21e8ab09d0846c7714", kill_on_drop: false }`
[INFO] running `Command { std: "docker" "exec" "-e" "SOURCE_DIR=/opt/rustwide/workdir" "-e" "CARGO_HOME=/opt/rustwide/cargo-home" "-e" "RUSTUP_HOME=/opt/rustwide/rustup-home" "-e" "CARGO_TARGET_DIR=/opt/rustwide/target" "-w" "/opt/rustwide/workdir" "--user" "0:0" "a53cfedabfd39a2fa377e388f71abace10c7c462d4cd2b21e8ab09d0846c7714" "/opt/rustwide/cargo-home/bin/cargo" "+1.99.0-beta.8" "metadata" "--no-deps" "--format-version=1", kill_on_drop: false }`
[INFO] running `Command { std: "docker" "inspect" "a53cfedabfd39a2fa377e388f71abace10c7c462d4cd2b21e8ab09d0846c7714", kill_on_drop: false }`
[INFO] running `Command { std: "docker" "exec" "-e" "SOURCE_DIR=/opt/rustwide/workdir" "-e" "CARGO_HOME=/opt/rustwide/cargo-home" "-e" "RUSTUP_HOME=/opt/rustwide/rustup-home" "-e" "CARGO_TARGET_DIR=/opt/rustwide/target" "-e" "CARGO_INCREMENTAL=0" "-e" "RUST_BACKTRACE=full" "-e" "RUSTFLAGS=--cap-lints=warn" "-e" "RUSTDOCFLAGS=--cap-lints=warn" "-w" "/opt/rustwide/workdir" "--user" "0:0" "a53cfedabfd39a2fa377e388f71abace10c7c462d4cd2b21e8ab09d0846c7714" "/opt/rustwide/cargo-home/bin/cargo" "+1.99.0-beta.8" "build" "--frozen" "--message-format=json" "--release", kill_on_drop: false }`
[INFO] [stderr]    Compiling libc v0.2.177
[INFO] [stderr]    Compiling once_cell v1.21.3
[INFO] [stderr]    Compiling smallvec v1.15.1
[INFO] [stderr]    Compiling crossbeam-utils v0.8.21
[INFO] [stderr]    Compiling regex-automata v0.4.13
[INFO] [stderr]    Compiling log v0.4.28
[INFO] [stderr]    Compiling num-traits v0.2.19
[INFO] [stderr]    Compiling percent-encoding v2.3.2
[INFO] [stderr]    Compiling serde_derive v1.0.228
[INFO] [stderr]    Compiling thiserror-impl v1.0.69
[INFO] [stderr]    Compiling zerofrom v0.1.6
[INFO] [stderr]    Compiling winnow v0.7.14
[INFO] [stderr]    Compiling toml_write v0.1.2
[INFO] [stderr]    Compiling pulldown-cmark v0.9.6
[INFO] [stderr]    Compiling bitflags v1.3.2
[INFO] [stderr]    Compiling same-file v1.0.6
[INFO] [stderr]    Compiling form_urlencoded v1.2.2
[INFO] [stderr]    Compiling anyhow v1.0.100
[INFO] [stderr]    Compiling option-ext v0.2.0
[INFO] [stderr]    Compiling getopts v0.2.24
[INFO] [stderr]    Compiling walkdir v2.5.0
[INFO] [stderr]    Compiling yoke v0.8.1
[INFO] [stderr]    Compiling tracing v0.1.43
[INFO] [stderr]    Compiling serde_json v1.0.145
[INFO] [stderr]    Compiling unsafe-libyaml v0.2.11
[INFO] [stderr]    Compiling unicase v2.8.1
[INFO] [stderr]    Compiling zerovec v0.11.5
[INFO] [stderr]    Compiling zerotrie v0.2.3
[INFO] [stderr]    Compiling iana-time-zone v0.1.64
[INFO] [stderr]    Compiling crossbeam-channel v0.5.15
[INFO] [stderr]    Compiling sha2 v0.10.9
[INFO] [stderr]    Compiling fxhash v0.2.1
[INFO] [stderr]    Compiling similar v2.7.0
[INFO] [stderr]    Compiling tinystr v0.8.2
[INFO] [stderr]    Compiling potential_utf v0.1.4
[INFO] [stderr]    Compiling icu_locale_core v2.1.1
[INFO] [stderr]    Compiling icu_collections v2.1.1
[INFO] [stderr]    Compiling thiserror v1.0.69
[INFO] [stderr]    Compiling jobserver v0.1.34
[INFO] [stderr]    Compiling parking_lot_core v0.9.12
[INFO] [stderr]    Compiling inotify-sys v0.1.5
[INFO] [stderr]    Compiling mio v1.1.0
[INFO] [stderr]    Compiling signal-hook-registry v1.4.7
[INFO] [stderr]    Compiling socket2 v0.6.1
[INFO] [stderr]    Compiling cc v1.0.106
[INFO] [stderr]    Compiling parking_lot v0.12.5
[INFO] [stderr]    Compiling tokio v1.48.0
[INFO] [stderr]    Compiling inotify v0.9.6
[INFO] [stderr]    Compiling filetime v0.2.26
[INFO] [stderr]    Compiling getrandom v0.3.4
[INFO] [stderr]    Compiling mio v0.8.11
[INFO] [stderr]    Compiling dirs-sys v0.4.1
[INFO] [stderr]    Compiling icu_provider v2.1.1
[INFO] [stderr]    Compiling dirs v5.0.1
[INFO] [stderr]    Compiling icu_normalizer v2.1.1
[INFO] [stderr]    Compiling icu_properties v2.1.1
[INFO] [stderr]    Compiling notify v6.1.1
[INFO] [stderr]    Compiling serde v1.0.228
[INFO] [stderr]    Compiling openssl-sys v0.9.111
[INFO] [stderr]    Compiling libz-sys v1.1.23
[INFO] [stderr]    Compiling libssh2-sys v0.3.1
[INFO] [stderr]    Compiling tree-sitter v0.20.10
[INFO] [stderr]    Compiling regex v1.12.2
[INFO] [stderr]    Compiling idna_adapter v1.2.1
[INFO] [stderr]    Compiling libgit2-sys v0.16.2+1.7.2
[INFO] [stderr]    Compiling tree-sitter-rust v0.20.4
[INFO] [stderr]    Compiling tree-sitter-python v0.20.4
[INFO] [stderr]    Compiling idna v1.1.0
[INFO] [stderr]    Compiling tree-sitter-typescript v0.20.5
[INFO] [stderr]    Compiling toml_datetime v0.6.11
[INFO] [stderr]    Compiling serde_spanned v0.6.9
[INFO] [stderr]    Compiling url v2.5.7
[INFO] [stderr]    Compiling toml_edit v0.22.27
[INFO] [stderr]    Compiling uuid v1.18.1
[INFO] [stderr]    Compiling serde_yaml v0.9.34+deprecated
[INFO] [stderr]    Compiling chrono v0.4.42
[INFO] [stderr]    Compiling toml v0.8.23
[INFO] [stderr]    Compiling ricecoder-storage v0.1.71
[INFO] [stderr]    Compiling git2 v0.18.3
[INFO] [stderr]    Compiling ricecoder-files v0.1.71
[INFO] [stderr]    Compiling ricecoder-refactoring v0.1.71 (/opt/rustwide/workdir)
[INFO] [stderr]     Finished `release` profile [optimized] target(s) in 2m 28s
[INFO] running `Command { std: "docker" "inspect" "a53cfedabfd39a2fa377e388f71abace10c7c462d4cd2b21e8ab09d0846c7714", kill_on_drop: false }`
[INFO] running `Command { std: "docker" "exec" "-e" "SOURCE_DIR=/opt/rustwide/workdir" "-e" "CARGO_HOME=/opt/rustwide/cargo-home" "-e" "RUSTUP_HOME=/opt/rustwide/rustup-home" "-e" "CARGO_TARGET_DIR=/opt/rustwide/target" "-e" "CARGO_INCREMENTAL=0" "-e" "RUST_BACKTRACE=full" "-e" "RUSTFLAGS=--cap-lints=warn" "-e" "RUSTDOCFLAGS=--cap-lints=warn" "-w" "/opt/rustwide/workdir" "--user" "0:0" "a53cfedabfd39a2fa377e388f71abace10c7c462d4cd2b21e8ab09d0846c7714" "/opt/rustwide/cargo-home/bin/cargo" "+1.99.0-beta.8" "test" "--frozen" "--no-run" "--message-format=json" "--release", kill_on_drop: false }`
[INFO] [stderr]    Compiling bitflags v2.10.0
[INFO] [stderr]    Compiling getrandom v0.3.4
[INFO] [stderr]    Compiling num-traits v0.2.19
[INFO] [stderr]    Compiling tokio v1.48.0
[INFO] [stderr]    Compiling rustix v1.1.2
[INFO] [stderr]    Compiling linux-raw-sys v0.11.0
[INFO] [stderr]    Compiling fastrand v2.3.0
[INFO] [stderr]    Compiling ppv-lite86 v0.2.21
[INFO] [stderr]    Compiling wait-timeout v0.2.1
[INFO] [stderr]    Compiling async-stream-impl v0.3.6
[INFO] [stderr]    Compiling bit-vec v0.8.0
[INFO] [stderr]    Compiling quick-error v1.2.3
[INFO] [stderr]    Compiling unarray v0.1.4
[INFO] [stderr]    Compiling pulldown-cmark v0.9.6
[INFO] [stderr]    Compiling git2 v0.18.3
[INFO] [stderr]    Compiling rand_core v0.9.3
[INFO] [stderr]    Compiling uuid v1.18.1
[INFO] [stderr]    Compiling bit-set v0.8.0
[INFO] [stderr]    Compiling async-stream v0.3.6
[INFO] [stderr]    Compiling rand_xorshift v0.4.0
[INFO] [stderr]    Compiling rand v0.9.2
[INFO] [stderr]    Compiling rand_chacha v0.9.0
[INFO] [stderr]    Compiling chrono v0.4.42
[INFO] [stderr]    Compiling tempfile v3.23.0
[INFO] [stderr]    Compiling rusty-fork v0.3.1
[INFO] [stderr]    Compiling proptest v1.9.0
[INFO] [stderr]    Compiling ricecoder-files v0.1.71
[INFO] [stderr]    Compiling tokio-stream v0.1.17
[INFO] [stderr]    Compiling ricecoder-storage v0.1.71
[INFO] [stderr]    Compiling tokio-test v0.4.4
[INFO] [stderr]    Compiling ricecoder-refactoring v0.1.71 (/opt/rustwide/workdir)
[INFO] [stdout] warning: unused doc comment
[INFO] [stdout]   --> tests/impact_analysis_properties.rs:34:1
[INFO] [stdout]    |
[INFO] [stdout] 34 | / /// Property: For any code change, impact analysis correctly identifies all affected symbols
[INFO] [stdout] 35 | | /// This property tests that when we change a symbol, all symbols that transitively depend on it
[INFO] [stdout] 36 | | /// are correctly identified as affected.
[INFO] [stdout]    | |_----------------------------------------^
[INFO] [stdout]    |   |
[INFO] [stdout]    |   rustdoc does not generate documentation for macro invocations
[INFO] [stdout]    |
[INFO] [stdout]    = help: to document an item produced by a macro, the macro must produce the documentation as part of its expansion
[INFO] [stdout]    = note: `#[warn(unused_doc_comments)]` (part of `#[warn(unused)]`) on by default
[INFO] [stdout] 
[INFO] [stdout] 
[INFO] [stdout] warning: unused doc comment
[INFO] [stdout]    --> tests/impact_analysis_properties.rs:107:1
[INFO] [stdout]     |
[INFO] [stdout] 107 | / /// Property: Transitive dependencies are correctly identified
[INFO] [stdout] 108 | | /// When symbol A depends on B, and B depends on C, changing C should affect both B and A
[INFO] [stdout]     | |_----------------------------------------------------------------------------------------^
[INFO] [stdout]     |   |
[INFO] [stdout]     |   rustdoc does not generate documentation for macro invocations
[INFO] [stdout]     |
[INFO] [stdout]     = help: to document an item produced by a macro, the macro must produce the documentation as part of its expansion
[INFO] [stdout] 
[INFO] [stdout] 
[INFO] [stdout] warning: unused doc comment
[INFO] [stdout]    --> tests/impact_analysis_properties.rs:177:1
[INFO] [stdout]     |
[INFO] [stdout] 177 | / /// Property: Impact analysis is deterministic
[INFO] [stdout] 178 | | /// Running the same analysis twice should produce the same result
[INFO] [stdout]     | |_-----------------------------------------------------------------^
[INFO] [stdout]     |   |
[INFO] [stdout]     |   rustdoc does not generate documentation for macro invocations
[INFO] [stdout]     |
[INFO] [stdout]     = help: to document an item produced by a macro, the macro must produce the documentation as part of its expansion
[INFO] [stdout] 
[INFO] [stdout] 
[INFO] [stdout] warning: unused doc comment
[INFO] [stdout]    --> tests/impact_analysis_properties.rs:241:1
[INFO] [stdout]     |
[INFO] [stdout] 241 | / /// Property: Risk level increases with impact scope
[INFO] [stdout] 242 | | /// Higher number of affected symbols should result in higher or equal risk level
[INFO] [stdout]     | |_--------------------------------------------------------------------------------^
[INFO] [stdout]     |   |
[INFO] [stdout]     |   rustdoc does not generate documentation for macro invocations
[INFO] [stdout]     |
[INFO] [stdout]     = help: to document an item produced by a macro, the macro must produce the documentation as part of its expansion
[INFO] [stdout] 
[INFO] [stdout] 
[INFO] [stdout] warning: unused doc comment
[INFO] [stdout]    --> tests/impact_analysis_properties.rs:316:1
[INFO] [stdout]     |
[INFO] [stdout] 316 | / /// Property: Affected files correspond to affected symbols
[INFO] [stdout] 317 | | /// Every affected symbol should have a corresponding file in affected_files
[INFO] [stdout]     | |_---------------------------------------------------------------------------^
[INFO] [stdout]     |   |
[INFO] [stdout]     |   rustdoc does not generate documentation for macro invocations
[INFO] [stdout]     |
[INFO] [stdout]     = help: to document an item produced by a macro, the macro must produce the documentation as part of its expansion
[INFO] [stdout] 
[INFO] [stdout] 
[INFO] [stdout] warning: unused import: `ricecoder_refactoring::RefactoringEngine`
[INFO] [stdout]    --> tests/graceful_degradation_properties.rs:246:9
[INFO] [stdout]     |
[INFO] [stdout] 246 |     use ricecoder_refactoring::RefactoringEngine;
[INFO] [stdout]     |         ^^^^^^^^^^^^^^^^^^^^^^^^^^^^^^^^^^^^^^^^
[INFO] [stdout]     |
[INFO] [stdout]     = note: `#[warn(unused_imports)]` (part of `#[warn(unused)]`) on by default
[INFO] [stdout] 
[INFO] [stdout] 
[INFO] [stdout] warning: unused import: `std::sync::Arc`
[INFO] [stdout]    --> tests/graceful_degradation_properties.rs:247:9
[INFO] [stdout]     |
[INFO] [stdout] 247 |     use std::sync::Arc;
[INFO] [stdout]     |         ^^^^^^^^^^^^^^
[INFO] [stdout] 
[INFO] [stdout] 
[INFO] [stdout] warning: function `dependency_strategy` is never used
[INFO] [stdout]   --> tests/impact_analysis_properties.rs:30:4
[INFO] [stdout]    |
[INFO] [stdout] 30 | fn dependency_strategy() -> impl Strategy<Value = (Symbol, Symbol)> {
[INFO] [stdout]    |    ^^^^^^^^^^^^^^^^^^^
[INFO] [stdout]    |
[INFO] [stdout]    = note: `#[warn(dead_code)]` (part of `#[warn(unused)]`) on by default
[INFO] [stdout] 
[INFO] [stdout] 
[INFO] [stdout] warning: unused import: `RefactoringEngine`
[INFO] [stdout]  --> tests/refactoring_engine_tests.rs:4:5
[INFO] [stdout]   |
[INFO] [stdout] 4 |     RefactoringEngine, Refactoring, RefactoringType, RefactoringTarget, RefactoringOptions,
[INFO] [stdout]   |     ^^^^^^^^^^^^^^^^^
[INFO] [stdout]   |
[INFO] [stdout]   = note: `#[warn(unused_imports)]` (part of `#[warn(unused)]`) on by default
[INFO] [stdout] 
[INFO] [stdout] 
[INFO] [stdout] warning: unused import: `chrono::Utc`
[INFO] [stdout]   --> tests/safety_and_rollback_properties.rs:12:5
[INFO] [stdout]    |
[INFO] [stdout] 12 | use chrono::Utc;
[INFO] [stdout]    |     ^^^^^^^^^^^
[INFO] [stdout]    |
[INFO] [stdout]    = note: `#[warn(unused_imports)]` (part of `#[warn(unused)]`) on by default
[INFO] [stdout] 
[INFO] [stdout] 
[INFO] [stderr]     Finished `release` profile [optimized] target(s) in 1m 00s
[INFO] running `Command { std: "docker" "inspect" "a53cfedabfd39a2fa377e388f71abace10c7c462d4cd2b21e8ab09d0846c7714", kill_on_drop: false }`
[INFO] running `Command { std: "docker" "exec" "-e" "SOURCE_DIR=/opt/rustwide/workdir" "-e" "CARGO_HOME=/opt/rustwide/cargo-home" "-e" "RUSTUP_HOME=/opt/rustwide/rustup-home" "-e" "CARGO_TARGET_DIR=/opt/rustwide/target" "-e" "CARGO_INCREMENTAL=0" "-e" "RUST_BACKTRACE=full" "-e" "RUSTFLAGS=--cap-lints=warn" "-e" "RUSTDOCFLAGS=--cap-lints=warn" "-w" "/opt/rustwide/workdir" "--user" "0:0" "a53cfedabfd39a2fa377e388f71abace10c7c462d4cd2b21e8ab09d0846c7714" "/opt/rustwide/cargo-home/bin/cargo" "+1.99.0-beta.8" "test" "--frozen" "--release", kill_on_drop: false }`
[INFO] [stderr] warning: unused import: `RefactoringEngine`
[INFO] [stderr]  --> tests/refactoring_engine_tests.rs:4:5
[INFO] [stderr]   |
[INFO] [stderr] 4 |     RefactoringEngine, Refactoring, RefactoringType, RefactoringTarget, RefactoringOptions,
[INFO] [stderr]   |     ^^^^^^^^^^^^^^^^^
[INFO] [stderr]   |
[INFO] [stderr]   = note: `#[warn(unused_imports)]` (part of `#[warn(unused)]`) on by default
[INFO] [stderr] 
[INFO] [stderr] warning: unused doc comment
[INFO] [stderr]   --> tests/impact_analysis_properties.rs:34:1
[INFO] [stderr]    |
[INFO] [stderr] 34 | / /// Property: For any code change, impact analysis correctly identifies all affected symbols
[INFO] [stderr] 35 | | /// This property tests that when we change a symbol, all symbols that transitively depend on it
[INFO] [stderr] 36 | | /// are correctly identified as affected.
[INFO] [stderr]    | |_----------------------------------------^
[INFO] [stderr]    |   |
[INFO] [stderr]    |   rustdoc does not generate documentation for macro invocations
[INFO] [stderr]    |
[INFO] [stderr]    = help: to document an item produced by a macro, the macro must produce the documentation as part of its expansion
[INFO] [stderr]    = note: `#[warn(unused_doc_comments)]` (part of `#[warn(unused)]`) on by default
[INFO] [stderr] 
[INFO] [stderr] warning: unused doc comment
[INFO] [stderr]    --> tests/impact_analysis_properties.rs:107:1
[INFO] [stderr]     |
[INFO] [stderr] 107 | / /// Property: Transitive dependencies are correctly identified
[INFO] [stderr] 108 | | /// When symbol A depends on B, and B depends on C, changing C should affect both B and A
[INFO] [stderr]     | |_----------------------------------------------------------------------------------------^
[INFO] [stderr]     |   |
[INFO] [stderr]     |   rustdoc does not generate documentation for macro invocations
[INFO] [stderr]     |
[INFO] [stderr]     = help: to document an item produced by a macro, the macro must produce the documentation as part of its expansion
[INFO] [stderr] 
[INFO] [stderr] warning: unused doc comment
[INFO] [stderr]    --> tests/impact_analysis_properties.rs:177:1
[INFO] [stderr]     |
[INFO] [stderr] 177 | / /// Property: Impact analysis is deterministic
[INFO] [stderr] 178 | | /// Running the same analysis twice should produce the same result
[INFO] [stderr]     | |_-----------------------------------------------------------------^
[INFO] [stderr]     |   |
[INFO] [stderr]     |   rustdoc does not generate documentation for macro invocations
[INFO] [stderr]     |
[INFO] [stderr]     = help: to document an item produced by a macro, the macro must produce the documentation as part of its expansion
[INFO] [stderr] 
[INFO] [stderr] warning: unused doc comment
[INFO] [stderr]    --> tests/impact_analysis_properties.rs:241:1
[INFO] [stderr]     |
[INFO] [stderr] 241 | / /// Property: Risk level increases with impact scope
[INFO] [stderr] 242 | | /// Higher number of affected symbols should result in higher or equal risk level
[INFO] [stderr]     | |_--------------------------------------------------------------------------------^
[INFO] [stderr]     |   |
[INFO] [stderr]     |   rustdoc does not generate documentation for macro invocations
[INFO] [stderr]     |
[INFO] [stderr]     = help: to document an item produced by a macro, the macro must produce the documentation as part of its expansion
[INFO] [stderr] 
[INFO] [stderr] warning: unused doc comment
[INFO] [stderr]    --> tests/impact_analysis_properties.rs:316:1
[INFO] [stderr]     |
[INFO] [stderr] 316 | / /// Property: Affected files correspond to affected symbols
[INFO] [stderr] 317 | | /// Every affected symbol should have a corresponding file in affected_files
[INFO] [stderr]     | |_---------------------------------------------------------------------------^
[INFO] [stderr]     |   |
[INFO] [stderr]     |   rustdoc does not generate documentation for macro invocations
[INFO] [stderr]     |
[INFO] [stderr]     = help: to document an item produced by a macro, the macro must produce the documentation as part of its expansion
[INFO] [stderr] 
[INFO] [stderr] warning: function `dependency_strategy` is never used
[INFO] [stderr]   --> tests/impact_analysis_properties.rs:30:4
[INFO] [stderr]    |
[INFO] [stderr] 30 | fn dependency_strategy() -> impl Strategy<Value = (Symbol, Symbol)> {
[INFO] [stderr]    |    ^^^^^^^^^^^^^^^^^^^
[INFO] [stderr]    |
[INFO] [stderr]    = note: `#[warn(dead_code)]` (part of `#[warn(unused)]`) on by default
[INFO] [stderr] 
[INFO] [stderr] warning: unused import: `ricecoder_refactoring::RefactoringEngine`
[INFO] [stderr]    --> tests/graceful_degradation_properties.rs:246:9
[INFO] [stderr]     |
[INFO] [stderr] 246 |     use ricecoder_refactoring::RefactoringEngine;
[INFO] [stderr]     |         ^^^^^^^^^^^^^^^^^^^^^^^^^^^^^^^^^^^^^^^^
[INFO] [stderr]     |
[INFO] [stderr]     = note: `#[warn(unused_imports)]` (part of `#[warn(unused)]`) on by default
[INFO] [stderr] 
[INFO] [stderr] warning: unused import: `std::sync::Arc`
[INFO] [stderr]    --> tests/graceful_degradation_properties.rs:247:9
[INFO] [stderr]     |
[INFO] [stderr] 247 |     use std::sync::Arc;
[INFO] [stderr]     |         ^^^^^^^^^^^^^^
[INFO] [stderr] 
[INFO] [stderr] warning: unused import: `chrono::Utc`
[INFO] [stderr]   --> tests/safety_and_rollback_properties.rs:12:5
[INFO] [stderr]    |
[INFO] [stderr] 12 | use chrono::Utc;
[INFO] [stderr]    |     ^^^^^^^^^^^
[INFO] [stderr]    |
[INFO] [stderr]    = note: `#[warn(unused_imports)]` (part of `#[warn(unused)]`) on by default
[INFO] [stderr] 
[INFO] [stderr] warning: `ricecoder-refactoring` (test "refactoring_engine_tests") generated 1 warning (run `cargo fix --test "refactoring_engine_tests" -p ricecoder-refactoring` to apply 1 suggestion)
[INFO] [stderr] warning: `ricecoder-refactoring` (test "impact_analysis_properties") generated 6 warnings
[INFO] [stderr] warning: `ricecoder-refactoring` (test "graceful_degradation_properties") generated 2 warnings (run `cargo fix --test "graceful_degradation_properties" -p ricecoder-refactoring` to apply 2 suggestions)
[INFO] [stderr] warning: `ricecoder-refactoring` (test "safety_and_rollback_properties") generated 1 warning (run `cargo fix --test "safety_and_rollback_properties" -p ricecoder-refactoring` to apply 1 suggestion)
[INFO] [stderr]     Finished `release` profile [optimized] target(s) in 0.26s
[INFO] [stderr]      Running unittests src/lib.rs (/opt/rustwide/target/release/deps/ricecoder_refactoring-1509a3f5e2e504f1)
[INFO] [stdout] 
[INFO] [stdout] running 120 tests
[INFO] [stdout] test adapters::rust::tests::test_rust_provider_analyze ... ok
[INFO] [stdout] test adapters::python::tests::test_python_provider_validate_valid ... ok
[INFO] [stdout] test adapters::rust::tests::test_is_valid_rust ... ok
[INFO] [stdout] test adapters::python::tests::test_python_provider_analyze ... ok
[INFO] [stdout] test adapters::python::tests::test_is_valid_python ... ok
[INFO] [stdout] test adapters::generic::tests::test_generic_provider_analyze ... ok
[INFO] [stdout] test adapters::rust::tests::test_rust_provider_validate_invalid_braces ... ok
[INFO] [stdout] test config::loader::tests::test_validate_config ... ok
[INFO] [stdout] test config::loader::tests::test_load_yaml_config ... ok
[INFO] [stdout] test adapters::rust::tests::test_rust_provider_validate_valid ... ok
[INFO] [stdout] test adapters::generic::tests::test_generic_provider_validate_empty ... ok
[INFO] [stdout] test adapters::typescript::tests::test_typescript_provider_validate_valid ... ok
[INFO] [stdout] test adapters::typescript::tests::test_typescript_provider_analyze ... ok
[INFO] [stdout] test adapters::typescript::tests::test_typescript_provider_validate_invalid_braces ... ok
[INFO] [stdout] test config::types::tests::test_validate_empty_extensions ... ok
[INFO] [stdout] test config::types::tests::test_validate_empty_language ... ok
[INFO] [stdout] test config::types::tests::test_validate_empty_rule_name ... ok
[INFO] [stdout] test config::types::tests::test_validate_valid_config ... ok
[INFO] [stdout] test config::storage_loader::tests::test_load_language_config_fallback ... ok
[INFO] [stdout] test impact::analyzer::tests::test_estimate_effort ... ok
[INFO] [stdout] test adapters::typescript::tests::test_is_valid_typescript ... ok
[INFO] [stdout] test adapters::generic::tests::test_generic_provider_validate ... ok
[INFO] [stdout] test adapters::python::tests::test_python_provider_validate_invalid_parens ... ok
[INFO] [stdout] test config::storage_loader::tests::test_has_language_config ... ok
[INFO] [stdout] test config::types::tests::test_validate_empty_rule_pattern ... ok
[INFO] [stdout] test config::loader::tests::test_validate_config_empty_language ... ok
[INFO] [stdout] test impact::analyzer::tests::test_risk_level_medium ... ok
[INFO] [stdout] test config::storage_loader::tests::test_list_available_languages ... ok
[INFO] [stdout] test impact::analyzer::tests::test_generate_report ... ok
[INFO] [stdout] test impact::analyzer::tests::test_risk_level_high ... ok
[INFO] [stdout] test adapters::generic::tests::test_generic_provider_apply_refactoring ... ok
[INFO] [stdout] test config::manager::tests::test_get_languages ... ok
[INFO] [stdout] test impact::analyzer::tests::test_analyze_refactoring ... ok
[INFO] [stdout] test config::manager::tests::test_register_and_get_config ... ok
[INFO] [stdout] test config::manager::tests::test_has_language ... ok
[INFO] [stdout] test impact::analyzer::tests::test_risk_level_low ... ok
[INFO] [stdout] test impact::analyzer::tests::test_transitive_impact ... ok
[INFO] [stdout] test impact::graph::tests::test_add_dependency ... ok
[INFO] [stdout] test impact::graph::tests::test_add_symbol ... ok
[INFO] [stdout] test impact::graph::tests::test_circular_dependencies ... ok
[INFO] [stdout] test patterns::exporter::tests::test_export_import_json ... ok
[INFO] [stdout] test patterns::exporter::tests::test_export_import_multiple_yaml ... ok
[INFO] [stdout] test patterns::matcher::tests::test_match_rule_string ... ok
[INFO] [stdout] test patterns::exporter::tests::test_import_invalid_yaml ... ok
[INFO] [stdout] test impact::graph::tests::test_transitive_dependents ... ok
[INFO] [stdout] test patterns::exporter::tests::test_export_import_multiple_json ... ok
[INFO] [stdout] test patterns::matcher::tests::test_match_rules ... ok
[INFO] [stdout] test impact::graph::tests::test_get_direct_dependents ... ok
[INFO] [stdout] test patterns::matcher::tests::test_count_matches ... ok
[INFO] [stdout] test patterns::tests::test_pattern_application ... ok
[INFO] [stdout] test patterns::validator::tests::test_validate_empty_name ... ok
[INFO] [stdout] test patterns::validator::tests::test_validate_empty_template ... ok
[INFO] [stdout] test patterns::store::tests::test_add_and_get_pattern ... ok
[INFO] [stdout] test patterns::validator::tests::test_validate_unused_placeholder ... ok
[INFO] [stdout] test patterns::store::tests::test_list_patterns ... ok
[INFO] [stdout] test patterns::store::tests::test_project_patterns_take_precedence ... ok
[INFO] [stdout] test patterns::store::tests::test_remove_pattern ... ok
[INFO] [stdout] test preview::generator::tests::test_generate_preview ... ok
[INFO] [stdout] test preview::generator::tests::test_compute_hunks_multiple_changes ... ok
[INFO] [stdout] test preview::generator::tests::test_generate_side_by_side_diff ... ok
[INFO] [stdout] test config::manager::tests::test_clear ... ok
[INFO] [stdout] test patterns::exporter::tests::test_export_import_yaml ... ok
[INFO] [stdout] test preview::generator::tests::test_compute_hunks_empty_original ... ok
[INFO] [stdout] test patterns::exporter::tests::test_import_invalid_json ... ok
[INFO] [stdout] test preview::generator::tests::test_generate_unified_diff_multiline ... ok
[INFO] [stdout] test patterns::matcher::tests::test_is_applicable ... ok
[INFO] [stdout] test providers::lsp::tests::test_get_languages ... ok
[INFO] [stdout] test providers::lsp::tests::test_unregister_provider ... ok
[INFO] [stdout] test preview::generator::tests::test_compute_hunks_simple ... ok
[INFO] [stdout] test patterns::validator::tests::test_extract_placeholders ... ok
[INFO] [stdout] test preview::generator::tests::test_generate_diff_identical ... ok
[INFO] [stdout] test patterns::validator::tests::test_validate_valid_pattern ... ok
[INFO] [stdout] test preview::generator::tests::test_generate_unified_diff_simple ... ok
[INFO] [stdout] test preview::generator::tests::test_compute_hunks_empty_new ... ok
[INFO] [stdout] test providers::lsp_integration::tests::test_create_lsp_provider ... ok
[INFO] [stdout] test providers::lsp_integration::tests::test_detect_system_lsp_servers ... ok
[INFO] [stdout] test providers::lsp_integration::tests::test_query_available_lsp_servers ... ok
[INFO] [stdout] test providers::lsp_watcher::tests::test_configuration_watcher_lifecycle ... ok
[INFO] [stdout] test providers::lsp_watcher::tests::test_lsp_watcher_lifecycle ... ok
[INFO] [stdout] test providers::lsp_watcher::tests::test_watcher_cannot_start_twice ... ok
[INFO] [stdout] test providers::tests::test_get_languages ... ok
[INFO] [stdout] test providers::tests::test_lsp_provider_registration ... ok
[INFO] [stdout] test providers::lsp::tests::test_lsp_provider_registry ... ok
[INFO] [stdout] test safety::checker::tests::test_validate_changes_no_change ... ok
[INFO] [stdout] test safety::checker::tests::test_check_refactoring_empty_symbol ... ok
[INFO] [stdout] test providers::tests::test_provider_priority_chain ... ok
[INFO] [stdout] test providers::tests::test_provider_registry ... ok
[INFO] [stdout] test patterns::matcher::tests::test_match_rule_regex ... ok
[INFO] [stdout] test validation::engine::tests::test_validate_generic_syntax_invalid ... ok
[INFO] [stdout] test validation::engine::tests::test_parse_rust_test_output_with_failures ... ok
[INFO] [stdout] test validation::engine::tests::test_test_execution_result_creation ... ok
[INFO] [stdout] test safety::rollback::tests::test_verify_backup ... ok
[INFO] [stdout] test safety::rollback::tests::test_verify_backup_empty ... ok
[INFO] [stdout] test validation::engine::tests::test_parse_npm_test_output_success ... ok
[INFO] [stdout] test validation::engine::tests::test_parse_pytest_output_success ... ok
[INFO] [stdout] test validation::engine::tests::test_parse_rust_test_output_success ... ok
[INFO] [stdout] test safety::rollback::tests::test_create_backup ... ok
[INFO] [stdout] test validation::engine::tests::test_parse_pytest_output_with_failures ... ok
[INFO] [stdout] test safety::checker::tests::test_check_refactoring_invalid_file ... ok
[INFO] [stdout] test validation::engine::tests::test_parse_rust_test_output_no_tests ... ok
[INFO] [stdout] test safety::checker::tests::test_validate_changes_empty_new ... ok
[INFO] [stdout] test validation::engine::tests::test_parse_npm_test_output_with_failures ... ok
[INFO] [stdout] test validation::engine::tests::test_test_execution_result_with_errors ... ok
[INFO] [stdout] test validation::engine::tests::test_validate_semantics_valid_typescript ... ok
[INFO] [stdout] test validation::engine::tests::test_validate_generic_syntax_valid ... ok
[INFO] [stdout] test validation::engine::tests::test_validate_rust_syntax_invalid_braces ... ok
[INFO] [stdout] test safety::rollback::tests::test_restore_from_backup ... ok
[INFO] [stdout] test validation::engine::tests::test_validate_python_syntax_exec_warning ... ok
[INFO] [stderr]      Running tests/graceful_degradation_properties.rs (/opt/rustwide/target/release/deps/graceful_degradation_properties-c8434de083a3e499)
[INFO] [stdout] test validation::engine::tests::test_validate_python_syntax_invalid_brackets ... ok
[INFO] [stdout] test validation::engine::tests::test_validate_typescript_syntax_valid ... ok
[INFO] [stdout] test validation::engine::tests::test_validate_python_syntax_valid ... ok
[INFO] [stdout] test validation::engine::tests::test_validate_python_syntax_invalid_parens ... ok
[INFO] [stdout] test validation::engine::tests::test_validate_semantics_empty ... ok
[INFO] [stdout] test validation::engine::tests::test_validate_semantics_valid ... ok
[INFO] [stdout] test validation::engine::tests::test_validate_semantics_valid_python ... ok
[INFO] [stdout] test validation::engine::tests::test_validate_typescript_syntax_any_warning ... ok
[INFO] [stdout] test validation::engine::tests::test_validate_typescript_syntax_invalid_braces ... ok
[INFO] [stdout] test validation::engine::tests::test_validate_rust_syntax_invalid_parens ... ok
[INFO] [stdout] test validation::engine::tests::test_validate_rust_syntax_unsafe_warning ... ok
[INFO] [stdout] test validation::engine::tests::test_validate_rust_syntax_valid ... ok
[INFO] [stdout] 
[INFO] [stdout] test result: ok. 120 passed; 0 failed; 0 ignored; 0 measured; 0 filtered out; finished in 0.02s
[INFO] [stdout] 
[INFO] [stdout] 
[INFO] [stdout] running 13 tests
[INFO] [stderr]      Running tests/impact_analysis_properties.rs (/opt/rustwide/target/release/deps/impact_analysis_properties-f4fa1bca8d29fe37)
[INFO] [stdout] test prop_generic_provider_consistency ... ok
[INFO] [stdout] test tests::test_generic_provider_all_refactoring_types ... ok
[INFO] [stdout] test tests::test_generic_provider_validation_changed ... ok
[INFO] [stdout] test tests::test_generic_provider_validation_unchanged ... ok
[INFO] [stdout] test tests::test_unknown_language_cobol ... ok
[INFO] [stdout] test tests::test_unknown_language_custom_dsl ... ok
[INFO] [stdout] test tests::test_unknown_language_haskell ... ok
[INFO] [stdout] test tests::test_unknown_language_lisp ... ok
[INFO] [stdout] test prop_generic_provider_fallback ... ok
[INFO] [stdout] test prop_no_failure_for_unknown_languages ... ok
[INFO] [stdout] test prop_generic_provider_validation ... ok
[INFO] [stdout] test prop_graceful_degradation_unknown_language ... ok
[INFO] [stdout] test prop_multiple_unknown_languages ... ok
[INFO] [stdout] 
[INFO] [stdout] test result: ok. 13 passed; 0 failed; 0 ignored; 0 measured; 0 filtered out; finished in 0.02s
[INFO] [stdout] 
[INFO] [stdout] 
[INFO] [stdout] running 5 tests
[INFO] [stdout] test prop_risk_level_correlates_with_impact ... ok
[INFO] [stdout] test prop_impact_analysis_is_deterministic ... ok
[INFO] [stdout] test prop_transitive_dependencies_are_complete ... ok
[INFO] [stdout] test prop_impact_analysis_identifies_all_affected_symbols ... ok
[INFO] [stdout] test prop_affected_files_match_affected_symbols ... ok
[INFO] [stdout] 
[INFO] [stdout] test result: ok. 5 passed; 0 failed; 0 ignored; 0 measured; 0 filtered out; finished in 0.09s
[INFO] [stdout] 
[INFO] [stderr]      Running tests/refactoring_engine_tests.rs (/opt/rustwide/target/release/deps/refactoring_engine_tests-079bc36b24df7122)
[INFO] [stdout] 
[INFO] [stdout] running 20 tests
[INFO] [stdout] test test_provider_registry_get_languages ... ok
[INFO] [stdout] test test_refactoring_type_equality ... ok
[INFO] [stdout] test test_generic_provider_creation ... ok
[INFO] [stdout] test test_python_provider_validate_valid_code ... ok
[INFO] [stdout] test test_python_provider_creation ... ok
[INFO] [stdout] test test_generic_provider_validate_no_changes ... ok
[INFO] [stdout] test test_generic_provider_validate_empty_code ... ok
[INFO] [stdout] test test_refactoring_options_default ... ok
[INFO] [stdout] test test_generic_provider_count_occurrences ... ok
[INFO] [stdout] test test_refactoring_creation ... ok
[INFO] [stdout] test test_refactoring_target_creation ... ok
[INFO] [stdout] test test_provider_registry_registration ... ok
[INFO] [stdout] test test_provider_registry_fallback ... ok
[INFO] [stdout] test test_generic_provider_apply_rename ... ok
[INFO] [stdout] test test_config_manager_creation ... ok
[INFO] [stdout] test test_rust_provider_creation ... ok
[INFO] [stderr]      Running tests/safety_and_rollback_properties.rs (/opt/rustwide/target/release/deps/safety_and_rollback_properties-790ed2181302bfc3)
[INFO] [stdout] test test_rust_provider_validate_invalid_braces ... ok
[INFO] [stdout] test test_typescript_provider_validate_valid_code ... ok
[INFO] [stdout] test test_rust_provider_validate_valid_code ... ok
[INFO] [stdout] test test_typescript_provider_creation ... ok
[INFO] [stdout] 
[INFO] [stdout] test result: ok. 20 passed; 0 failed; 0 ignored; 0 measured; 0 filtered out; finished in 0.02s
[INFO] [stdout] 
[INFO] [stdout] 
[INFO] [stdout] running 14 tests
[INFO] [stdout] test prop_refactoring_options_defaults ... ok
[INFO] [stdout] test prop_empty_backup_rejection ... ok
[INFO] [stdout] test tests::test_backup_verification ... ok
[INFO] [stdout] test tests::test_backup_creation_basic ... ok
[INFO] [stdout] test tests::test_safety_checker_basic ... ok
[INFO] [stdout] test prop_safety_checker_validation ... ok
[INFO] [stdout] test prop_no_change_detection ... ok
[INFO] [stdout] test prop_refactoring_reversibility ... FAILED
[INFO] [stdout] test prop_empty_content_rejection ... ok
[INFO] [stdout] test tests::test_safety_checker_empty ... ok
[INFO] [stdout] test prop_content_validation ... ok
[INFO] [stdout] test prop_backup_integrity ... ok
[INFO] [stdout] test prop_backup_id_uniqueness ... ok
[INFO] [stdout] test prop_backup_timestamp ... ok
[INFO] [stdout] 
[INFO] [stdout] failures:
[INFO] [stdout] 
[INFO] [stdout] ---- prop_refactoring_reversibility stdout ----
[INFO] [stdout] proptest: FileFailurePersistence::SourceParallel set, but failed to find lib.rs or main.rs
[INFO] [stdout] proptest: FileFailurePersistence::SourceParallel set, but failed to find lib.rs or main.rs
[INFO] [stdout] proptest: failed to append to /opt/rustwide/workdir/tests/safety_and_rollback_properties.proptest-regressions: Read-only file system (os error 30)
[INFO] [stdout] 
[INFO] [stdout] thread 'prop_refactoring_reversibility' (3531) panicked at tests/safety_and_rollback_properties.rs:51:1:
[INFO] [stdout] Test failed: Restore should succeed at tests/safety_and_rollback_properties.rs:100.
[INFO] [stdout] minimal failing input: files = [
[INFO] [stdout]     (
[INFO] [stdout]         "src/a.rs",
[INFO] [stdout]         "\u{a0}",
[INFO] [stdout]     ),
[INFO] [stdout] ]
[INFO] [stdout] 	successes: 0
[INFO] [stdout] 	local rejects: 0
[INFO] [stdout] 	global rejects: 0
[INFO] [stdout] 
[INFO] [stdout] stack backtrace:
[INFO] [stdout]    0:     0x5bb24500ce91 - <<std[70759c8f55707aa4]::sys::backtrace::BacktraceLock>::print::DisplayBacktrace as core[df12db4294e9bfd3]::fmt::Display>::fmt
[INFO] [stdout]    1:     0x5bb24502246a - core[df12db4294e9bfd3]::fmt::write
[INFO] [stdout]    2:     0x5bb24501178c - <alloc[2182bb758b4b3781]::vec::Vec<u8> as core[df12db4294e9bfd3]::io::write::Write>::write_fmt
[INFO] [stdout]    3:     0x5bb244fe7c66 - std[70759c8f55707aa4]::panicking::default_hook::{closure#0}
[INFO] [stdout]    4:     0x5bb245005219 - std[70759c8f55707aa4]::panicking::default_hook
[INFO] [stdout]    5:     0x5bb244f4b580 - test[9d35eded1c95d3be]::test_main_inner::<test[9d35eded1c95d3be]::test_main_static::{closure#0}>::{closure#0}
[INFO] [stdout]    6:     0x5bb2450053d2 - std[70759c8f55707aa4]::panicking::panic_with_hook
[INFO] [stdout]    7:     0x5bb244fe7d12 - std[70759c8f55707aa4]::panicking::panic_handler::{closure#0}
[INFO] [stdout]    8:     0x5bb244fe0949 - std[70759c8f55707aa4]::sys::backtrace::__rust_end_short_backtrace::<std[70759c8f55707aa4]::panicking::panic_handler::{closure#0}, !>
[INFO] [stdout]    9:     0x5bb244fe890d - __rustc[8fa7c3cbc660c2b3]::rust_begin_unwind
[INFO] [stdout]   10:     0x5bb245022c4c - core[df12db4294e9bfd3]::panicking::panic_fmt
[INFO] [stdout]   11:     0x5bb244f3301c - <safety_and_rollback_properties[ebfaf9a3740e757d]::prop_refactoring_reversibility::{closure#0} as core[df12db4294e9bfd3]::ops::function::FnOnce<()>>::call_once
[INFO] [stdout]   12:     0x5bb244f3e86b - test[9d35eded1c95d3be]::__rust_begin_short_backtrace::<core[df12db4294e9bfd3]::result::Result<(), alloc[2182bb758b4b3781]::string::String>, fn() -> core[df12db4294e9bfd3]::result::Result<(), alloc[2182bb758b4b3781]::string::String>>
[INFO] [stdout]   13:     0x5bb244f4bed5 - test[9d35eded1c95d3be]::run_test::{closure#0}
[INFO] [stdout]   14:     0x5bb244f45794 - std[70759c8f55707aa4]::sys::backtrace::__rust_begin_short_backtrace::<test[9d35eded1c95d3be]::run_test::{closure#1}, ()>
[INFO] [stdout]   15:     0x5bb244f4f032 - <std[70759c8f55707aa4]::thread::lifecycle::spawn_unchecked<test[9d35eded1c95d3be]::run_test::{closure#1}, ()>::{closure#1} as core[df12db4294e9bfd3]::ops::function::FnOnce<()>>::call_once::{shim:vtable#0}
[INFO] [stdout]   16:     0x5bb24500c579 - <std[70759c8f55707aa4]::sys::thread::unix::Thread>::new::thread_start
[INFO] [stdout]   17:     0x70a03e572dfa - <unknown>
[INFO] [stdout]   18:     0x70a03e6063d4 - clone
[INFO] [stdout]   19:                0x0 - <unknown>
[INFO] [stdout] 
[INFO] [stdout] 
[INFO] [stdout] failures:
[INFO] [stdout]     prop_refactoring_reversibility
[INFO] [stdout] 
[INFO] [stdout] test result: FAILED. 13 passed; 1 failed; 0 ignored; 0 measured; 0 filtered out; finished in 0.07s
[INFO] [stdout] 
[INFO] [stderr] error: test failed, to rerun pass `--test safety_and_rollback_properties`
[INFO] running `Command { std: "docker" "inspect" "a53cfedabfd39a2fa377e388f71abace10c7c462d4cd2b21e8ab09d0846c7714", kill_on_drop: false }`
[INFO] running `Command { std: "docker" "rm" "-f" "a53cfedabfd39a2fa377e388f71abace10c7c462d4cd2b21e8ab09d0846c7714", kill_on_drop: false }`
[INFO] [stdout] a53cfedabfd39a2fa377e388f71abace10c7c462d4cd2b21e8ab09d0846c7714
