[INFO] fetching crate ribir-bot 0.1.15...
[INFO] testing ribir-bot-0.1.15 against 1.99.0-beta.8+cargoflags=--release for beta-release-1.100-2
[INFO] extracting crate ribir-bot 0.1.15 into /workspace/builds/worker-5-tc1/source
[INFO] removed /workspace/builds/worker-5-tc1/source/.cargo/config.toml
[INFO] started tweaking crates.io crate ribir-bot 0.1.15
[INFO] finished tweaking crates.io crate ribir-bot 0.1.15
[INFO] tweaked toml for crates.io crate ribir-bot 0.1.15 written to /workspace/builds/worker-5-tc1/source/Cargo.toml
[INFO] validating manifest of crates.io crate ribir-bot 0.1.15 on toolchain 1.99.0-beta.8
[INFO] running `Command { std: CARGO_HOME="/workspace/cargo-home" RUSTUP_HOME="/workspace/rustup-home" "/workspace/cargo-home/bin/cargo" "+1.99.0-beta.8" "metadata" "--manifest-path" "Cargo.toml" "--no-deps", kill_on_drop: false }`
[INFO] crate crates.io crate ribir-bot 0.1.15 already has a lockfile, it will not be regenerated
[INFO] running `Command { std: CARGO_HOME="/workspace/cargo-home" RUSTUP_HOME="/workspace/rustup-home" "/workspace/cargo-home/bin/cargo" "+1.99.0-beta.8" "fetch" "--manifest-path" "Cargo.toml", kill_on_drop: false }`
[INFO] [stderr]     Updating crates.io index
[INFO] [stderr]  Downloading crates ...
[INFO] [stderr]   Downloaded jetscii v0.5.3
[INFO] [stderr]   Downloaded xdg v3.0.0
[INFO] [stderr]   Downloaded onig v6.5.1
[INFO] [stderr]   Downloaded fmt2io v1.0.0
[INFO] [stderr]   Downloaded caseless v0.2.2
[INFO] [stderr]   Downloaded entities v1.0.1
[INFO] [stderr]   Downloaded emojis v0.8.0
[INFO] [stderr]   Downloaded comrak v0.50.0
[INFO] [stderr]   Downloaded onig_sys v69.9.1
[INFO] running `Command { std: "docker" "create" "-v" "/var/lib/crater-agent-workspace/builds/worker-5-tc1/source:/opt/rustwide/workdir:ro,Z" "-v" "/var/lib/crater-agent-workspace/builds/worker-5-tc1/target:/opt/rustwide/target:rw,Z" "-v" "/var/lib/crater-agent-workspace/cargo-home:/opt/rustwide/cargo-home:ro,Z" "-v" "/var/lib/crater-agent-workspace/rustup-home:/opt/rustwide/rustup-home:ro,Z" "-m" "1610612736" "--network" "none" "ghcr.io/rust-lang/crates-build-env/linux@sha256:77db811e55d90add9212f6832c23229e3de5f1c1f9905e8cb07319ea15df73ac" "sleep" "infinity", kill_on_drop: false }`
[INFO] [stdout] 2b42ddcf0646985176b7d2325ed0fbaeb07e55f6517de81407363f695340efc3
[INFO] running `Command { std: "docker" "start" "2b42ddcf0646985176b7d2325ed0fbaeb07e55f6517de81407363f695340efc3", kill_on_drop: false }`
[INFO] running `Command { std: "docker" "inspect" "2b42ddcf0646985176b7d2325ed0fbaeb07e55f6517de81407363f695340efc3", kill_on_drop: false }`
[INFO] running `Command { std: "docker" "exec" "-e" "SOURCE_DIR=/opt/rustwide/workdir" "-e" "CARGO_HOME=/opt/rustwide/cargo-home" "-e" "RUSTUP_HOME=/opt/rustwide/rustup-home" "-e" "CARGO_TARGET_DIR=/opt/rustwide/target" "-w" "/opt/rustwide/workdir" "--user" "0:0" "2b42ddcf0646985176b7d2325ed0fbaeb07e55f6517de81407363f695340efc3" "/opt/rustwide/cargo-home/bin/cargo" "+1.99.0-beta.8" "metadata" "--no-deps" "--format-version=1", kill_on_drop: false }`
[INFO] running `Command { std: "docker" "inspect" "2b42ddcf0646985176b7d2325ed0fbaeb07e55f6517de81407363f695340efc3", kill_on_drop: false }`
[INFO] running `Command { std: "docker" "exec" "-e" "SOURCE_DIR=/opt/rustwide/workdir" "-e" "CARGO_HOME=/opt/rustwide/cargo-home" "-e" "RUSTUP_HOME=/opt/rustwide/rustup-home" "-e" "CARGO_TARGET_DIR=/opt/rustwide/target" "-e" "CARGO_INCREMENTAL=0" "-e" "RUST_BACKTRACE=full" "-e" "RUSTFLAGS=--cap-lints=warn" "-e" "RUSTDOCFLAGS=--cap-lints=warn" "-w" "/opt/rustwide/workdir" "--user" "0:0" "2b42ddcf0646985176b7d2325ed0fbaeb07e55f6517de81407363f695340efc3" "/opt/rustwide/cargo-home/bin/cargo" "+1.99.0-beta.8" "build" "--frozen" "--message-format=json" "--release", kill_on_drop: false }`
[INFO] [stderr]    Compiling bitflags v2.11.0
[INFO] [stderr]    Compiling rustix v1.1.4
[INFO] [stderr]    Compiling cc v1.2.57
[INFO] [stderr]    Compiling siphasher v1.0.2
[INFO] [stderr]    Compiling fastrand v2.3.0
[INFO] [stderr]    Compiling serde_derive v1.0.228
[INFO] [stderr]    Compiling jetscii v0.5.3
[INFO] [stderr]    Compiling phf_shared v0.13.1
[INFO] [stderr]    Compiling entities v1.0.1
[INFO] [stderr]    Compiling clap_derive v4.6.0
[INFO] [stderr]    Compiling thiserror v2.0.18
[INFO] [stderr]    Compiling unicode-normalization v0.1.25
[INFO] [stderr]    Compiling phf_generator v0.13.1
[INFO] [stderr]    Compiling phf v0.13.1
[INFO] [stderr]    Compiling xdg v3.0.0
[INFO] [stderr]    Compiling phf_codegen v0.13.1
[INFO] [stderr]    Compiling emojis v0.8.0
[INFO] [stderr]    Compiling comrak v0.50.0
[INFO] [stderr]    Compiling caseless v0.2.2
[INFO] [stderr]    Compiling typed-arena v2.0.2
[INFO] [stderr]    Compiling terminal_size v0.4.3
[INFO] [stderr]    Compiling clap_builder v4.6.0
[INFO] [stderr]    Compiling unicode_categories v0.1.1
[INFO] [stderr]    Compiling fmt2io v1.0.0
[INFO] [stderr]    Compiling serde_json v1.0.149
[INFO] [stderr]    Compiling semver v1.0.27
[INFO] [stderr]    Compiling onig_sys v69.9.1
[INFO] [stderr]    Compiling serde v1.0.228
[INFO] [stderr]    Compiling bincode v1.3.3
[INFO] [stderr]    Compiling clap v4.6.0
[INFO] [stderr]    Compiling onig v6.5.1
[INFO] [stderr]    Compiling syntect v5.3.0
[INFO] [stderr]    Compiling ribir-bot v0.1.15 (/opt/rustwide/workdir)
[INFO] [stderr]     Finished `release` profile [optimized] target(s) in 1m 22s
[INFO] running `Command { std: "docker" "inspect" "2b42ddcf0646985176b7d2325ed0fbaeb07e55f6517de81407363f695340efc3", kill_on_drop: false }`
[INFO] running `Command { std: "docker" "exec" "-e" "SOURCE_DIR=/opt/rustwide/workdir" "-e" "CARGO_HOME=/opt/rustwide/cargo-home" "-e" "RUSTUP_HOME=/opt/rustwide/rustup-home" "-e" "CARGO_TARGET_DIR=/opt/rustwide/target" "-e" "CARGO_INCREMENTAL=0" "-e" "RUST_BACKTRACE=full" "-e" "RUSTFLAGS=--cap-lints=warn" "-e" "RUSTDOCFLAGS=--cap-lints=warn" "-w" "/opt/rustwide/workdir" "--user" "0:0" "2b42ddcf0646985176b7d2325ed0fbaeb07e55f6517de81407363f695340efc3" "/opt/rustwide/cargo-home/bin/cargo" "+1.99.0-beta.8" "test" "--frozen" "--no-run" "--message-format=json" "--release", kill_on_drop: false }`
[INFO] [stderr]    Compiling ribir-bot v0.1.15 (/opt/rustwide/workdir)
[INFO] [stderr]     Finished `release` profile [optimized] target(s) in 6.21s
[INFO] running `Command { std: "docker" "inspect" "2b42ddcf0646985176b7d2325ed0fbaeb07e55f6517de81407363f695340efc3", kill_on_drop: false }`
[INFO] running `Command { std: "docker" "exec" "-e" "SOURCE_DIR=/opt/rustwide/workdir" "-e" "CARGO_HOME=/opt/rustwide/cargo-home" "-e" "RUSTUP_HOME=/opt/rustwide/rustup-home" "-e" "CARGO_TARGET_DIR=/opt/rustwide/target" "-e" "CARGO_INCREMENTAL=0" "-e" "RUST_BACKTRACE=full" "-e" "RUSTFLAGS=--cap-lints=warn" "-e" "RUSTDOCFLAGS=--cap-lints=warn" "-w" "/opt/rustwide/workdir" "--user" "0:0" "2b42ddcf0646985176b7d2325ed0fbaeb07e55f6517de81407363f695340efc3" "/opt/rustwide/cargo-home/bin/cargo" "+1.99.0-beta.8" "test" "--frozen" "--release", kill_on_drop: false }`
[INFO] [stderr]     Finished `release` profile [optimized] target(s) in 0.12s
[INFO] [stderr]      Running unittests src/main.rs (/opt/rustwide/target/release/deps/ribir_bot-5c223c156dc04222)
[INFO] [stdout] 
[INFO] [stdout] running 45 tests
[INFO] [stdout] test changelog::tests::test_extract_version_section ... ok
[INFO] [stdout] test changelog::tests::test_find_merge_candidates ... ok
[INFO] [stdout] test changelog::tests::test_format_highlights ... ok
[INFO] [stdout] test changelog::tests::test_is_prerelease ... ok
[INFO] [stdout] test changelog::tests::test_parse_latest_version ... ok
[INFO] [stdout] test changelog::tests::test_parse_multiple_releases ... ok
[INFO] [stdout] test changelog::tests::test_extract_highlights_from_pr_body ... ok
[INFO] [stdout] test changelog::tests::test_parse_release_header ... ok
[INFO] [stdout] test changelog::tests::test_update_pr_body_highlights ... ok
[INFO] [stdout] test commands::changelog::tests::test_clear_release_content ... ok
[INFO] [stdout] test changelog::tests::test_extract_highlights_from_pr_body_no_markers ... ok
[INFO] [stdout] test commands::changelog::tests::test_conventional_head ... ok
[INFO] [stdout] test commands::changelog::tests::test_extract_entries_fallback_to_title_when_block_empty ... ok
[INFO] [stdout] test commands::changelog::tests::test_extract_entries_preserves_additional_docs ... ok
[INFO] [stdout] test commands::changelog::tests::test_extract_entries_with_multiline_docs ... ok
[INFO] [stdout] test commands::changelog::tests::test_section_parsing ... ok
[INFO] [stdout] test commands::changelog::tests::test_extract_block ... ok
[INFO] [stdout] test commands::pr::tests::test_mode_needs ... ok
[INFO] [stdout] test commands::changelog::tests::test_select_base_version ... ok
[INFO] [stdout] test commands::pr::tests::test_sanitize_response_invalid_changelog ... ok
[INFO] [stdout] test commands::pr::tests::test_sanitize_response_valid ... ok
[INFO] [stdout] test commands::pr::tests::test_sanitize_response_empty_summary ... ok
[INFO] [stdout] test commands::pr::tests::test_update_pr_body_regenerate ... ok
[INFO] [stdout] test commands::pr::tests::test_update_pr_body_with_placeholder ... ok
[INFO] [stdout] test commands::pr::tests::test_update_pr_body_user_skipped_changelog ... ok
[INFO] [stdout] test commands::release::tests::test_highlights_validation_count ... ok
[INFO] [stdout] test commands::release::tests::test_parse_highlights_response ... ok
[INFO] [stdout] test commands::release::tests::test_strip_tag_prefix ... ok
[INFO] [stdout] test commands::workflow::tests::test_parse_bot_command ... ok
[INFO] [stdout] test external::tests::test_extract_json ... ok
[INFO] [stdout] test external::tests::test_get_origin_repo_parsing_prefers_upstream ... ok
[INFO] [stdout] test external::tests::test_get_repo_from_remote_parsing ... ok
[INFO] [stdout] test utils::tests::test_changelog_path_feature_branch ... ok
[INFO] [stdout] test utils::tests::test_changelog_path_release_branch_specific ... ok
[INFO] [stdout] test utils::tests::test_changelog_path_release_branch_x ... ok
[INFO] [stdout] test utils::tests::test_is_rc_branch ... ok
[INFO] [stdout] test utils::tests::test_is_rc_pr ... ok
[INFO] [stdout] test utils::tests::test_sanitize_markdown ... ok
[INFO] [stdout] test utils::tests::test_truncate ... ok
[INFO] [stdout] test utils::tests::test_changelog_path_master ... ok
[INFO] [stdout] test utils::tests::test_changelog_path_main ... ok
[INFO] [stdout] test changelog::tests::test_render_release_link_without_escaping ... FAILED
[INFO] [stdout] test changelog_merge::tests::test_merge_prereleases_with_collapsible_internal ... ok
[INFO] [stdout] test changelog_merge::tests::test_merge_prereleases_with_grouping ... FAILED
[INFO] [stdout] test changelog_merge::tests::test_merge_prereleases_sorts_by_scope ... ok
[INFO] [stdout] 
[INFO] [stdout] failures:
[INFO] [stdout] 
[INFO] [stdout] ---- changelog::tests::test_render_release_link_without_escaping stdout ----
[INFO] [stdout] 
[INFO] [stdout] thread 'changelog::tests::test_render_release_link_without_escaping' (919) panicked at src/changelog.rs:497:5:
[INFO] [stdout] assertion failed: output.contains("## [0.5.0-alpha.1]")
[INFO] [stdout] stack backtrace:
[INFO] [stdout]    0:     0x5942654d8571 - <<std[70759c8f55707aa4]::sys::backtrace::BacktraceLock>::print::DisplayBacktrace as core[df12db4294e9bfd3]::fmt::Display>::fmt
[INFO] [stdout]    1:     0x5942654ee77a - core[df12db4294e9bfd3]::fmt::write
[INFO] [stdout]    2:     0x5942654dca0c - <alloc[2182bb758b4b3781]::vec::Vec<u8> as core[df12db4294e9bfd3]::io::write::Write>::write_fmt
[INFO] [stdout]    3:     0x5942654b4696 - std[70759c8f55707aa4]::panicking::default_hook::{closure#0}
[INFO] [stdout]    4:     0x5942654d0b29 - std[70759c8f55707aa4]::panicking::default_hook
[INFO] [stdout]    5:     0x594265436260 - test[9d35eded1c95d3be]::test_main_inner::<test[9d35eded1c95d3be]::test_main_static::{closure#0}>::{closure#0}
[INFO] [stdout]    6:     0x5942654d0ce2 - std[70759c8f55707aa4]::panicking::panic_with_hook
[INFO] [stdout]    7:     0x5942654b4774 - std[70759c8f55707aa4]::panicking::panic_handler::{closure#0}
[INFO] [stdout]    8:     0x5942654ad289 - std[70759c8f55707aa4]::sys::backtrace::__rust_end_short_backtrace::<std[70759c8f55707aa4]::panicking::panic_handler::{closure#0}, !>
[INFO] [stdout]    9:     0x5942654b555d - __rustc[8fa7c3cbc660c2b3]::rust_begin_unwind
[INFO] [stdout]   10:     0x5942654eeedc - core[df12db4294e9bfd3]::panicking::panic_fmt
[INFO] [stdout]   11:     0x5942654eeea2 - core[df12db4294e9bfd3]::panicking::panic
[INFO] [stdout]   12:     0x59426541d2b4 - ribir_bot[97ff393d7f33f59c]::changelog::tests::test_render_release_link_without_escaping
[INFO] [stdout]   13:     0x594265421f09 - <ribir_bot[97ff393d7f33f59c]::changelog::tests::test_render_release_link_without_escaping::{closure#0} as core[df12db4294e9bfd3]::ops::function::FnOnce<()>>::call_once
[INFO] [stdout]   14:     0x59426542954b - test[9d35eded1c95d3be]::__rust_begin_short_backtrace::<core[df12db4294e9bfd3]::result::Result<(), alloc[2182bb758b4b3781]::string::String>, fn() -> core[df12db4294e9bfd3]::result::Result<(), alloc[2182bb758b4b3781]::string::String>>
[INFO] [stdout]   15:     0x594265436bb5 - test[9d35eded1c95d3be]::run_test::{closure#0}
[INFO] [stdout]   16:     0x594265430474 - std[70759c8f55707aa4]::sys::backtrace::__rust_begin_short_backtrace::<test[9d35eded1c95d3be]::run_test::{closure#1}, ()>
[INFO] [stdout]   17:     0x594265439d12 - <std[70759c8f55707aa4]::thread::lifecycle::spawn_unchecked<test[9d35eded1c95d3be]::run_test::{closure#1}, ()>::{closure#1} as core[df12db4294e9bfd3]::ops::function::FnOnce<()>>::call_once::{shim:vtable#0}
[INFO] [stdout]   18:     0x5942654d7e49 - <std[70759c8f55707aa4]::sys::thread::unix::Thread>::new::thread_start
[INFO] [stdout]   19:     0x77978f9a4dfa - <unknown>
[INFO] [stdout]   20:     0x77978fa383d4 - clone
[INFO] [stdout]   21:                0x0 - <unknown>
[INFO] [stdout] 
[INFO] [stdout] ---- changelog_merge::tests::test_merge_prereleases_with_grouping stdout ----
[INFO] [stdout] 📦 Merging 2 pre-releases
[INFO] [stdout] 
[INFO] [stdout] thread 'changelog_merge::tests::test_merge_prereleases_with_grouping' (923) panicked at src/changelog_merge.rs:307:5:
[INFO] [stdout] assertion failed: output.contains("## [0.5.0]") || output.contains("## \\[0.5.0\\]")
[INFO] [stdout] stack backtrace:
[INFO] [stdout]    0:     0x5942654d8571 - <<std[70759c8f55707aa4]::sys::backtrace::BacktraceLock>::print::DisplayBacktrace as core[df12db4294e9bfd3]::fmt::Display>::fmt
[INFO] [stdout]    1:     0x5942654ee77a - core[df12db4294e9bfd3]::fmt::write
[INFO] [stdout]    2:     0x5942654dca0c - <alloc[2182bb758b4b3781]::vec::Vec<u8> as core[df12db4294e9bfd3]::io::write::Write>::write_fmt
[INFO] [stdout]    3:     0x5942654b4696 - std[70759c8f55707aa4]::panicking::default_hook::{closure#0}
[INFO] [stdout]    4:     0x5942654d0b29 - std[70759c8f55707aa4]::panicking::default_hook
[INFO] [stdout]    5:     0x594265436260 - test[9d35eded1c95d3be]::test_main_inner::<test[9d35eded1c95d3be]::test_main_static::{closure#0}>::{closure#0}
[INFO] [stdout]    6:     0x5942654d0ce2 - std[70759c8f55707aa4]::panicking::panic_with_hook
[INFO] [stdout]    7:     0x5942654b4774 - std[70759c8f55707aa4]::panicking::panic_handler::{closure#0}
[INFO] [stdout]    8:     0x5942654ad289 - std[70759c8f55707aa4]::sys::backtrace::__rust_end_short_backtrace::<std[70759c8f55707aa4]::panicking::panic_handler::{closure#0}, !>
[INFO] [stdout]    9:     0x5942654b555d - __rustc[8fa7c3cbc660c2b3]::rust_begin_unwind
[INFO] [stdout]   10:     0x5942654eeedc - core[df12db4294e9bfd3]::panicking::panic_fmt
[INFO] [stdout]   11:     0x5942654eeea2 - core[df12db4294e9bfd3]::panicking::panic
[INFO] [stdout]   12:     0x594265420f06 - <ribir_bot[97ff393d7f33f59c]::changelog_merge::tests::test_merge_prereleases_with_grouping::{closure#0} as core[df12db4294e9bfd3]::ops::function::FnOnce<()>>::call_once
[INFO] [stdout]   13:     0x59426542954b - test[9d35eded1c95d3be]::__rust_begin_short_backtrace::<core[df12db4294e9bfd3]::result::Result<(), alloc[2182bb758b4b3781]::string::String>, fn() -> core[df12db4294e9bfd3]::result::Result<(), alloc[2182bb758b4b3781]::string::String>>
[INFO] [stdout]   14:     0x594265436bb5 - test[9d35eded1c95d3be]::run_test::{closure#0}
[INFO] [stdout]   15:     0x594265430474 - std[70759c8f55707aa4]::sys::backtrace::__rust_begin_short_backtrace::<test[9d35eded1c95d3be]::run_test::{closure#1}, ()>
[INFO] [stdout]   16:     0x594265439d12 - <std[70759c8f55707aa4]::thread::lifecycle::spawn_unchecked<test[9d35eded1c95d3be]::run_test::{closure#1}, ()>::{closure#1} as core[df12db4294e9bfd3]::ops::function::FnOnce<()>>::call_once::{shim:vtable#0}
[INFO] [stdout]   17:     0x5942654d7e49 - <std[70759c8f55707aa4]::sys::thread::unix::Thread>::new::thread_start
[INFO] [stdout]   18:     0x77978f9a4dfa - <unknown>
[INFO] [stdout]   19:     0x77978fa383d4 - clone
[INFO] [stdout]   20:                0x0 - <unknown>
[INFO] [stdout] 
[INFO] [stdout] 
[INFO] [stdout] failures:
[INFO] [stderr] error: test failed, to rerun pass `--bin ribir-bot`
[INFO] [stdout]     changelog::tests::test_render_release_link_without_escaping
[INFO] [stdout]     changelog_merge::tests::test_merge_prereleases_with_grouping
[INFO] [stdout] 
[INFO] [stdout] test result: FAILED. 43 passed; 2 failed; 0 ignored; 0 measured; 0 filtered out; finished in 0.05s
[INFO] [stdout] 
[INFO] running `Command { std: "docker" "inspect" "2b42ddcf0646985176b7d2325ed0fbaeb07e55f6517de81407363f695340efc3", kill_on_drop: false }`
[INFO] running `Command { std: "docker" "rm" "-f" "2b42ddcf0646985176b7d2325ed0fbaeb07e55f6517de81407363f695340efc3", kill_on_drop: false }`
[INFO] [stdout] 2b42ddcf0646985176b7d2325ed0fbaeb07e55f6517de81407363f695340efc3
