[INFO] fetching crate ribergshamra-dsig 0.11.0...
[INFO] testing ribergshamra-dsig-0.11.0 against 1.99.0-beta.8+cargoflags=--release for beta-release-1.100-2
[INFO] extracting crate ribergshamra-dsig 0.11.0 into /workspace/builds/worker-5-tc1/source
[INFO] started tweaking crates.io crate ribergshamra-dsig 0.11.0
[INFO] removed 0 missing tests
[INFO] finished tweaking crates.io crate ribergshamra-dsig 0.11.0
[INFO] tweaked toml for crates.io crate ribergshamra-dsig 0.11.0 written to /workspace/builds/worker-5-tc1/source/Cargo.toml
[INFO] validating manifest of crates.io crate ribergshamra-dsig 0.11.0 on toolchain 1.99.0-beta.8
[INFO] running `Command { std: CARGO_HOME="/workspace/cargo-home" RUSTUP_HOME="/workspace/rustup-home" "/workspace/cargo-home/bin/cargo" "+1.99.0-beta.8" "metadata" "--manifest-path" "Cargo.toml" "--no-deps", kill_on_drop: false }`
[INFO] crate crates.io crate ribergshamra-dsig 0.11.0 already has a lockfile, it will not be regenerated
[INFO] running `Command { std: CARGO_HOME="/workspace/cargo-home" RUSTUP_HOME="/workspace/rustup-home" "/workspace/cargo-home/bin/cargo" "+1.99.0-beta.8" "fetch" "--manifest-path" "Cargo.toml", kill_on_drop: false }`
[INFO] [stderr]     Updating crates.io index
[INFO] [stderr]     Blocking waiting for file lock on package cache
[INFO] [stderr]  Downloading crates ...
[INFO] [stderr]   Downloaded slh-dsa v0.2.0-rc.5
[INFO] [stderr]   Downloaded hash2curve v0.14.0
[INFO] [stderr]   Downloaded ed448 v0.5.0
[INFO] [stderr]   Downloaded ribergshamra-xml v0.11.0
[INFO] [stderr]   Downloaded ribergshamra-core v0.11.0
[INFO] [stderr]   Downloaded ribergshamra-transforms v0.11.0
[INFO] [stderr]   Downloaded ed448-goldilocks v0.14.0-pre.15
[INFO] [stderr]   Downloaded ribergshamra-c14n v0.11.0
[INFO] [stderr]   Downloaded ribergshamra-pkcs12 v0.11.0
[INFO] [stderr]   Downloaded ribergshamra-keys v0.11.0
[INFO] [stderr]   Downloaded ribergshamra-crypto v0.11.0
[INFO] [stderr]   Downloaded cryptoki v0.12.1
[INFO] [stderr]   Downloaded uppsala v0.10.1
[INFO] [stderr]   Downloaded riptering v0.7.0
[INFO] [stderr]   Downloaded ritsp-ltv v0.6.0
[INFO] [stderr]   Downloaded aws-lc-fips-sys v0.14.2
[INFO] running `Command { std: "docker" "create" "-v" "/var/lib/crater-agent-workspace/builds/worker-5-tc1/source:/opt/rustwide/workdir:ro,Z" "-v" "/var/lib/crater-agent-workspace/builds/worker-5-tc1/target:/opt/rustwide/target:rw,Z" "-v" "/var/lib/crater-agent-workspace/cargo-home:/opt/rustwide/cargo-home:ro,Z" "-v" "/var/lib/crater-agent-workspace/rustup-home:/opt/rustwide/rustup-home:ro,Z" "-m" "1610612736" "--network" "none" "ghcr.io/rust-lang/crates-build-env/linux@sha256:77db811e55d90add9212f6832c23229e3de5f1c1f9905e8cb07319ea15df73ac" "sleep" "infinity", kill_on_drop: false }`
[INFO] [stdout] 38716b1e09a35c7398824e8fa2357fc602e67bb5d2967d499918dee864ffc94a
[INFO] running `Command { std: "docker" "start" "38716b1e09a35c7398824e8fa2357fc602e67bb5d2967d499918dee864ffc94a", kill_on_drop: false }`
[INFO] running `Command { std: "docker" "inspect" "38716b1e09a35c7398824e8fa2357fc602e67bb5d2967d499918dee864ffc94a", kill_on_drop: false }`
[INFO] running `Command { std: "docker" "exec" "-e" "SOURCE_DIR=/opt/rustwide/workdir" "-e" "CARGO_HOME=/opt/rustwide/cargo-home" "-e" "RUSTUP_HOME=/opt/rustwide/rustup-home" "-e" "CARGO_TARGET_DIR=/opt/rustwide/target" "-w" "/opt/rustwide/workdir" "--user" "0:0" "38716b1e09a35c7398824e8fa2357fc602e67bb5d2967d499918dee864ffc94a" "/opt/rustwide/cargo-home/bin/cargo" "+1.99.0-beta.8" "metadata" "--no-deps" "--format-version=1", kill_on_drop: false }`
[INFO] running `Command { std: "docker" "inspect" "38716b1e09a35c7398824e8fa2357fc602e67bb5d2967d499918dee864ffc94a", kill_on_drop: false }`
[INFO] running `Command { std: "docker" "exec" "-e" "SOURCE_DIR=/opt/rustwide/workdir" "-e" "CARGO_HOME=/opt/rustwide/cargo-home" "-e" "RUSTUP_HOME=/opt/rustwide/rustup-home" "-e" "CARGO_TARGET_DIR=/opt/rustwide/target" "-e" "CARGO_INCREMENTAL=0" "-e" "RUST_BACKTRACE=full" "-e" "RUSTFLAGS=--cap-lints=warn" "-e" "RUSTDOCFLAGS=--cap-lints=warn" "-w" "/opt/rustwide/workdir" "--user" "0:0" "38716b1e09a35c7398824e8fa2357fc602e67bb5d2967d499918dee864ffc94a" "/opt/rustwide/cargo-home/bin/cargo" "+1.99.0-beta.8" "build" "--frozen" "--message-format=json" "--release", kill_on_drop: false }`
[INFO] [stderr]    Compiling syn v2.0.119
[INFO] [stderr]    Compiling subtle v2.6.1
[INFO] [stderr]    Compiling getrandom v0.4.3
[INFO] [stderr]    Compiling const-oid v0.10.2
[INFO] [stderr]    Compiling cpubits v0.1.1
[INFO] [stderr]    Compiling keccak v0.2.2
[INFO] [stderr]    Compiling syn v3.0.4
[INFO] [stderr]    Compiling serde v1.0.229
[INFO] [stderr]    Compiling num-bigint-dig v0.8.6
[INFO] [stderr]    Compiling curve25519-dalek v4.1.3
[INFO] [stderr]    Compiling base16ct v1.0.0
[INFO] [stderr]    Compiling sponge-cursor v0.1.0
[INFO] [stderr]    Compiling cryptoki-sys v0.5.0
[INFO] [stderr]    Compiling smallvec v1.16.0
[INFO] [stderr]    Compiling libloading v0.8.9
[INFO] [stderr]    Compiling quick-xml v0.41.0
[INFO] [stderr]    Compiling uppsala v0.10.1
[INFO] [stderr]    Compiling yasna v0.5.2
[INFO] [stderr]    Compiling ctutils v0.4.2
[INFO] [stderr]    Compiling ff v0.13.1
[INFO] [stderr]    Compiling ff v0.14.0
[INFO] [stderr]    Compiling group v0.13.0
[INFO] [stderr]    Compiling group v0.14.0
[INFO] [stderr]    Compiling thiserror-impl v2.0.20
[INFO] [stderr]    Compiling thiserror v2.0.20
[INFO] [stderr]    Compiling ribergshamra-core v0.11.0
[INFO] [stderr]    Compiling ribergshamra-xml v0.11.0
[INFO] [stderr]    Compiling ribergshamra-c14n v0.11.0
[INFO] [stderr]    Compiling zeroize_derive v1.5.0
[INFO] [stderr]    Compiling der_derive v0.7.3
[INFO] [stderr]    Compiling zerocopy-derive v0.8.56
[INFO] [stderr]    Compiling curve25519-dalek-derive v0.1.1
[INFO] [stderr]    Compiling zeroize v1.9.0
[INFO] [stderr]    Compiling generic-array v0.14.7
[INFO] [stderr]    Compiling hybrid-array v0.4.14
[INFO] [stderr]    Compiling der v0.7.10
[INFO] [stderr]    Compiling der v0.8.1
[INFO] [stderr]    Compiling secrecy v0.10.3
[INFO] [stderr]    Compiling cryptoki v0.12.1
[INFO] [stderr]    Compiling crypto-common v0.1.7
[INFO] [stderr]    Compiling block-buffer v0.10.4
[INFO] [stderr]    Compiling block-padding v0.3.3
[INFO] [stderr]    Compiling digest v0.10.7
[INFO] [stderr]    Compiling crypto-bigint v0.5.5
[INFO] [stderr]    Compiling zerocopy v0.8.56
[INFO] [stderr]    Compiling inout v0.1.4
[INFO] [stderr]    Compiling cipher v0.4.4
[INFO] [stderr]    Compiling hmac v0.12.1
[INFO] [stderr]    Compiling sha2 v0.10.9
[INFO] [stderr]    Compiling sha1 v0.10.7
[INFO] [stderr]    Compiling signature v2.2.0
[INFO] [stderr]    Compiling sha3 v0.10.9
[INFO] [stderr]    Compiling md-5 v0.10.6
[INFO] [stderr]    Compiling pbkdf2 v0.12.2
[INFO] [stderr]    Compiling hkdf v0.12.4
[INFO] [stderr]    Compiling salsa20 v0.10.2
[INFO] [stderr]    Compiling aes v0.8.4
[INFO] [stderr]    Compiling des v0.8.1
[INFO] [stderr]    Compiling cbc v0.1.2
[INFO] [stderr]    Compiling rfc6979 v0.4.0
[INFO] [stderr]    Compiling crypto-common v0.2.2
[INFO] [stderr]    Compiling block-buffer v0.12.1
[INFO] [stderr]    Compiling scrypt v0.11.0
[INFO] [stderr]    Compiling block-padding v0.4.2
[INFO] [stderr]    Compiling spki v0.7.3
[INFO] [stderr]    Compiling inout v0.2.2
[INFO] [stderr]    Compiling crypto-bigint v0.7.5
[INFO] [stderr]    Compiling module-lattice v0.2.3
[INFO] [stderr]    Compiling ripemd v0.1.3
[INFO] [stderr]    Compiling x509-cert v0.2.5
[INFO] [stderr]    Compiling digest v0.11.3
[INFO] [stderr]    Compiling cipher v0.5.2
[INFO] [stderr]    Compiling universal-hash v0.6.1
[INFO] [stderr]    Compiling kem v0.3.0
[INFO] [stderr]    Compiling pkcs5 v0.7.1
[INFO] [stderr]    Compiling polyval v0.7.3
[INFO] [stderr]    Compiling signature v3.0.0
[INFO] [stderr]    Compiling spki v0.8.0
[INFO] [stderr]    Compiling sec1 v0.8.1
[INFO] [stderr]    Compiling aes v0.9.1
[INFO] [stderr]    Compiling pkcs8 v0.11.0
[INFO] [stderr]    Compiling shake v0.1.0
[INFO] [stderr]    Compiling sha3 v0.11.0
[INFO] [stderr]    Compiling ctr v0.10.1
[INFO] [stderr]    Compiling pkcs8 v0.10.2
[INFO] [stderr]    Compiling ghash v0.6.0
[INFO] [stderr]    Compiling ed448 v0.5.0
[INFO] [stderr]    Compiling hmac v0.13.0
[INFO] [stderr]    Compiling sha2 v0.11.0
[INFO] [stderr]    Compiling aead v0.6.1
[INFO] [stderr]    Compiling sec1 v0.7.3
[INFO] [stderr]    Compiling pkcs1 v0.7.5
[INFO] [stderr]    Compiling ed25519 v2.2.3
[INFO] [stderr]    Compiling aes-gcm v0.11.1
[INFO] [stderr]    Compiling ml-kem v0.3.2
[INFO] [stderr]    Compiling elliptic-curve v0.13.8
[INFO] [stderr]    Compiling ed25519-dalek v2.2.0
[INFO] [stderr]    Compiling ml-dsa v0.1.1
[INFO] [stderr]    Compiling aes-kw v0.3.1
[INFO] [stderr]    Compiling x25519-dalek v2.0.1
[INFO] [stderr]    Compiling cbc v0.2.1
[INFO] [stderr]    Compiling des v0.9.0
[INFO] [stderr]    Compiling cms v0.2.3
[INFO] [stderr]    Compiling ecdsa v0.16.9
[INFO] [stderr]    Compiling primeorder v0.13.6
[INFO] [stderr]    Compiling p256 v0.13.2
[INFO] [stderr]    Compiling p521 v0.13.3
[INFO] [stderr]    Compiling p384 v0.13.1
[INFO] [stderr]    Compiling elliptic-curve v0.14.1
[INFO] [stderr]    Compiling ppv-lite86 v0.2.21
[INFO] [stderr]    Compiling slh-dsa v0.2.0-rc.5
[INFO] [stderr]    Compiling hash2curve v0.14.0
[INFO] [stderr]    Compiling ed448-goldilocks v0.14.0-pre.15
[INFO] [stderr]    Compiling rand_chacha v0.3.1
[INFO] [stderr]    Compiling rand v0.8.8
[INFO] [stderr]    Compiling dsa v0.6.3
[INFO] [stderr]    Compiling rsa v0.9.10
[INFO] [stderr]    Compiling riptering v0.7.0
[INFO] [stderr]    Compiling ritsp-ltv v0.6.0
[INFO] [stderr]    Compiling ribergshamra-pkcs12 v0.11.0
[INFO] [stderr]    Compiling ribergshamra-crypto v0.11.0
[INFO] [stderr]    Compiling ribergshamra-keys v0.11.0
[INFO] [stderr]    Compiling ribergshamra-transforms v0.11.0
[INFO] [stderr]    Compiling ribergshamra-dsig v0.11.0 (/opt/rustwide/workdir)
[INFO] [stderr]     Finished `release` profile [optimized] target(s) in 1m 53s
[INFO] running `Command { std: "docker" "inspect" "38716b1e09a35c7398824e8fa2357fc602e67bb5d2967d499918dee864ffc94a", kill_on_drop: false }`
[INFO] running `Command { std: "docker" "exec" "-e" "SOURCE_DIR=/opt/rustwide/workdir" "-e" "CARGO_HOME=/opt/rustwide/cargo-home" "-e" "RUSTUP_HOME=/opt/rustwide/rustup-home" "-e" "CARGO_TARGET_DIR=/opt/rustwide/target" "-e" "CARGO_INCREMENTAL=0" "-e" "RUST_BACKTRACE=full" "-e" "RUSTFLAGS=--cap-lints=warn" "-e" "RUSTDOCFLAGS=--cap-lints=warn" "-w" "/opt/rustwide/workdir" "--user" "0:0" "38716b1e09a35c7398824e8fa2357fc602e67bb5d2967d499918dee864ffc94a" "/opt/rustwide/cargo-home/bin/cargo" "+1.99.0-beta.8" "test" "--frozen" "--no-run" "--message-format=json" "--release", kill_on_drop: false }`
[INFO] [stderr]    Compiling ribergshamra-dsig v0.11.0 (/opt/rustwide/workdir)
[INFO] [stderr]     Finished `release` profile [optimized] target(s) in 12.84s
[INFO] running `Command { std: "docker" "inspect" "38716b1e09a35c7398824e8fa2357fc602e67bb5d2967d499918dee864ffc94a", kill_on_drop: false }`
[INFO] running `Command { std: "docker" "exec" "-e" "SOURCE_DIR=/opt/rustwide/workdir" "-e" "CARGO_HOME=/opt/rustwide/cargo-home" "-e" "RUSTUP_HOME=/opt/rustwide/rustup-home" "-e" "CARGO_TARGET_DIR=/opt/rustwide/target" "-e" "CARGO_INCREMENTAL=0" "-e" "RUST_BACKTRACE=full" "-e" "RUSTFLAGS=--cap-lints=warn" "-e" "RUSTDOCFLAGS=--cap-lints=warn" "-w" "/opt/rustwide/workdir" "--user" "0:0" "38716b1e09a35c7398824e8fa2357fc602e67bb5d2967d499918dee864ffc94a" "/opt/rustwide/cargo-home/bin/cargo" "+1.99.0-beta.8" "test" "--frozen" "--release", kill_on_drop: false }`
[INFO] [stderr]     Finished `release` profile [optimized] target(s) in 0.18s
[INFO] [stderr]      Running unittests src/lib.rs (/opt/rustwide/target/release/deps/ribergshamra_dsig-56ed3df2db0ab50f)
[INFO] [stdout] 
[INFO] [stdout] running 88 tests
[INFO] [stdout] test sign::tests::signing_rejects_non_regular_mapped_file ... ok
[INFO] [stdout] test sign::tests::sign_enveloped_document_accepts_borrowed_input_document ... ok
[INFO] [stdout] test sign::tests::sign_owned_rejects_parent_directory_relative_file_uri ... ok
[INFO] [stdout] test sign::tests::signing_with_authorized_base_reads_regular_detached_file ... ok
[INFO] [stdout] test context::external_file_policy_tests::final_file_handle_is_nonblocking_and_close_on_exec ... ok
[INFO] [stdout] test context::external_file_policy_tests::opened_handle_rejects_nonregular_and_oversized_files ... ok
[INFO] [stdout] test verify::tests::external_uri_rejects_oversized_files_before_loading ... ok
[INFO] [stdout] test verify::tests::external_uri_rejects_directories_for_relative_and_mapped_reads ... ok
[INFO] [stdout] test sign::tests::sign_owned_allows_scheme_uri_from_explicit_url_map ... ok
[INFO] [stdout] test verify::tests::external_uri_rejects_non_regular_socket_without_reading ... ok
[INFO] [stdout] test context::external_file_policy_tests::initial_contained_symlinks_and_explicit_mapped_symlinks_remain_supported ... ok
[INFO] [stdout] test verify::tests::certificate_free_session_key_obeys_anchored_inline_policy ... ok
[INFO] [stdout] test verify::tests::resolve_reference_uri_reads_document_relative_file_without_debug_dump ... ok
[INFO] [stdout] test sign::tests::generated_issuer_names_preserve_email_values_rdn_groups_and_escaping ... ok
[INFO] [stdout] test verify::tests::external_uri_without_authorization_never_reads_current_directory ... FAILED
[INFO] [stdout] test verify::tests::key_info_reference_requires_dsig_key_info_target ... ok
[INFO] [stdout] test verify::tests::reference_digest_policy_reports_no_digests_when_all_references_are_unverified ... ok
[INFO] [stdout] test verify::tests::reference_digest_policy_reports_some_missing_digests_for_mixed_references ... ok
[INFO] [stdout] test sign::tests::sign_owned_rejects_scheme_uri_local_file_fallback ... ok
[INFO] [stdout] test sign::tests::reference_digest_sink_preserves_mixed_write_order ... ok
[INFO] [stdout] test verify::tests::resolve_reference_uri_allows_url_map_fragment_suffix ... ok
[INFO] [stdout] test context::external_file_policy_tests::canonical_directory_walk_rejects_symlink_parent_components ... ok
[INFO] [stdout] test verify::tests::retrieval_uri_reads_contained_symlinks_and_exact_file_mappings ... ok
[INFO] [stdout] test verify::tests::resolve_reference_uri_reads_explicit_url_map ... ok
[INFO] [stdout] test sign::tests::signing_without_file_authorization_never_reads_current_directory ... FAILED
[INFO] [stdout] test verify::tests::retrieval_uri_rejects_symlink_outside_base ... ok
[INFO] [stdout] test verify::tests::retrieval_uri_uses_explicit_mapping_and_relative_containment ... ok
[INFO] [stdout] test context::external_file_policy_tests::anchored_file_open_rejects_leaf_and_parent_symlinks ... ok
[INFO] [stdout] test context::external_file_policy_tests::nested_regular_file_and_missing_relative_file ... ok
[INFO] [stdout] test verify::tests::resolve_reference_uri_rejects_parent_directory_local_file_reference ... ok
[INFO] [stdout] test sign::tests::sign_enveloped_document_mutates_and_verifies_document ... ok
[INFO] [stdout] test verify::tests::resolve_reference_uri_rejects_symlink_escape_from_base_dir ... ok
[INFO] [stdout] test verify::tests::test_build_id_map_allows_different_ids ... ok
[INFO] [stdout] test verify::tests::test_anchor_policy_prefers_x509data_over_earlier_raw_keyvalue ... ok
[INFO] [stdout] test verify::tests::resolve_reference_uri_rejects_url_map_prefix_lookalike ... ok
[INFO] [stdout] test verify::tests::test_build_id_map_cross_attr_duplicate_rejected ... ok
[INFO] [stdout] test verify::tests::test_missing_canonicalization_method ... ok
[INFO] [stdout] test verify::tests::test_missing_canonicalization_method_algorithm ... ok
[INFO] [stdout] test verify::tests::test_inline_x509_rejected_when_chain_misses_anchor ... ok
[INFO] [stdout] test verify::tests::retrieval_directory_mapping_requires_boundary_and_containment ... ok
[INFO] [stdout] test verify::tests::test_missing_signature_method ... ok
[INFO] [stdout] test verify::tests::test_missing_signed_info_element ... ok
[INFO] [stdout] test verify::tests::test_missing_signature_method_algorithm ... ok
[INFO] [stdout] test verify::tests::test_invalid_signature_non_existing_reference ... ok
[INFO] [stdout] test verify::tests::resolve_reference_uri_rejects_absolute_local_file_reference ... ok
[INFO] [stdout] test verify::tests::test_inline_x509_verifies_without_anchors ... ok
[INFO] [stdout] test verify::tests::test_build_id_map_includes_assertionid ... ok
[INFO] [stdout] test verify::tests::test_raw_inline_keyvalue_allowed_by_explicit_compatibility_policy ... ok
[INFO] [stdout] test verify::tests::test_build_id_map_rejects_duplicate_id ... ok
[INFO] [stdout] test verify::tests::test_invalid_signature_wrong_signature_value ... ok
[INFO] [stdout] test verify::tests::test_build_id_map_standard_id_attrs ... ok
[INFO] [stdout] test verify::tests::reference_transform_count_is_bounded_before_dispatch ... ok
[INFO] [stdout] test verify::tests::test_validate_reference_position_document_element_ok ... ok
[INFO] [stdout] test verify::tests::test_raw_inline_keyvalue_rejected_when_anchor_configured ... ok
[INFO] [stdout] test verify::tests::test_missing_signature_element ... ok
[INFO] [stdout] test verify::tests::test_validate_reference_position_sibling_ok ... ok
[INFO] [stdout] test verify::tests::test_validate_reference_position_unrelated_rejected ... ok
[INFO] [stdout] test verify::tests::test_raw_inline_keyvalue_verifies_without_anchors ... ok
[INFO] [stdout] test verify::tests::test_invalid_signature_changed_content ... ok
[INFO] [stdout] test verify::tests::test_validate_bbauth_metadata ... ok
[INFO] [stdout] test verify::tests::test_validate_reference_position_ancestor_ok ... ok
[INFO] [stdout] test verify::tests::test_validate_rootxmlns_with_external_cert ... ok
[INFO] [stdout] test verify::tests::external_uri_missing_from_explicit_base_never_falls_back_to_current_directory ... FAILED
[INFO] [stdout] test verify::tests::test_verify_all_reports_per_signature_errors_as_invalid ... ok
[INFO] [stdout] test verify::tests::test_validate_signature_with_inclusive_namespaces ... ok
[INFO] [stdout] test verify::tests::test_validate_valid_saml ... ok
[INFO] [stdout] test verify::tests::test_verify_all_errors_when_no_signature ... ok
[INFO] [stdout] test verify::tests::test_validate_wsfed_metadata ... ok
[INFO] [stdout] test verify::tests::test_validate_saml_external_ns ... ok
[INFO] [stdout] test verify::tests::verify_allows_no_reference_signature_when_policy_disabled ... ok
[INFO] [stdout] test verify::tests::test_verify_reference_does_not_skip_non_cid_fragment ... ok
[INFO] [stdout] test verify::tests::test_verify_reference_skips_cid_uri ... ok
[INFO] [stdout] test verify::tests::verify_result_helpers_are_false_for_invalid_result ... ok
[INFO] [stdout] test verify::tests::xpath_boolean_nesting_has_an_explicit_depth_limit ... ok
[INFO] [stdout] test verify::tests::verify_rejects_no_reference_signature_by_default ... ok
[INFO] [stdout] test verify::tests::xpath_filter2_union_chains_share_the_recursion_limit ... ok
[INFO] [stdout] test verify::tests::verify_result_helpers_report_all_verified_references ... ok
[INFO] [stdout] test verify::tests::xpath_depth_check_respects_string_literals_and_balancing ... ok
[INFO] [stdout] test verify::tests::xslt_execution_bounds_default_recursion_at_the_boundary ... ok
[INFO] [stdout] test verify::tests::verify_result_helpers_do_not_treat_zero_references_as_complete_coverage ... ok
[INFO] [stdout] test verify::tests::xpath_transforms_reject_excessive_predicate_nesting ... ok
[INFO] [stdout] test verify::tests::verify_result_helpers_report_unverified_references ... ok
[INFO] [stdout] test verify::tests::xslt_execution_counts_repeated_template_applications ... ok
[INFO] [stdout] test verify::tests::xslt_value_and_attribute_copy_preserve_supported_output ... ok
[INFO] [stdout] test verify::tests::xpath_flat_boolean_chains_share_the_recursion_limit ... ok
[INFO] [stdout] test verify::tests::test_find_all_elements_returns_every_match_in_document_order ... ok
[INFO] [stdout] test verify::tests::test_inline_x509_accepted_when_chain_reaches_anchor ... ok
[INFO] [stdout] test verify::tests::xslt_output_limit_includes_escaping_and_utf8 ... ok
[INFO] [stdout] 
[INFO] [stdout] failures:
[INFO] [stdout] 
[INFO] [stdout] ---- verify::tests::external_uri_without_authorization_never_reads_current_directory stdout ----
[INFO] [stdout] 
[INFO] [stdout] thread 'verify::tests::external_uri_without_authorization_never_reads_current_directory' (2098) panicked at src/verify.rs:4441:25:
[INFO] [stdout] temporary resolver fixture /opt/rustwide/workdir/ribergshamra-dsig-reference-2076-1792337023467442042-0.bin must be creatable: Read-only file system (os error 30)
[INFO] [stdout] stack backtrace:
[INFO] [stdout]    0:     0x5dae16004161 - <<std[70759c8f55707aa4]::sys::backtrace::BacktraceLock>::print::DisplayBacktrace as core[df12db4294e9bfd3]::fmt::Display>::fmt
[INFO] [stdout]    1:     0x5dae1601a89a - core[df12db4294e9bfd3]::fmt::write
[INFO] [stdout]    2:     0x5dae1600891c - <alloc[2182bb758b4b3781]::vec::Vec<u8> as core[df12db4294e9bfd3]::io::write::Write>::write_fmt
[INFO] [stdout]    3:     0x5dae15fde486 - std[70759c8f55707aa4]::panicking::default_hook::{closure#0}
[INFO] [stdout]    4:     0x5dae15ffb7d9 - std[70759c8f55707aa4]::panicking::default_hook
[INFO] [stdout]    5:     0x5dae15d12930 - test[9d35eded1c95d3be]::test_main_inner::<test[9d35eded1c95d3be]::test_main_static::{closure#0}>::{closure#0}
[INFO] [stdout]    6:     0x5dae15ffb992 - std[70759c8f55707aa4]::panicking::panic_with_hook
[INFO] [stdout]    7:     0x5dae15fde532 - std[70759c8f55707aa4]::panicking::panic_handler::{closure#0}
[INFO] [stdout]    8:     0x5dae15fd6fa9 - std[70759c8f55707aa4]::sys::backtrace::__rust_end_short_backtrace::<std[70759c8f55707aa4]::panicking::panic_handler::{closure#0}, !>
[INFO] [stdout]    9:     0x5dae15fdf21d - __rustc[8fa7c3cbc660c2b3]::rust_begin_unwind
[INFO] [stdout]   10:     0x5dae1601afcc - core[df12db4294e9bfd3]::panicking::panic_fmt
[INFO] [stdout]   11:     0x5dae15c9c202 - <ribergshamra_dsig[ca2f9e054ea127d6]::verify::tests::TestFile>::new_in
[INFO] [stdout]   12:     0x5dae15cb1f4b - ribergshamra_dsig[ca2f9e054ea127d6]::verify::tests::external_uri_without_authorization_never_reads_current_directory
[INFO] [stdout]   13:     0x5dae15ce5f89 - <ribergshamra_dsig[ca2f9e054ea127d6]::verify::tests::external_uri_without_authorization_never_reads_current_directory::{closure#0} as core[df12db4294e9bfd3]::ops::function::FnOnce<()>>::call_once
[INFO] [stdout]   14:     0x5dae15d05c1b - test[9d35eded1c95d3be]::__rust_begin_short_backtrace::<core[df12db4294e9bfd3]::result::Result<(), alloc[2182bb758b4b3781]::string::String>, fn() -> core[df12db4294e9bfd3]::result::Result<(), alloc[2182bb758b4b3781]::string::String>>
[INFO] [stdout]   15:     0x5dae15d13285 - test[9d35eded1c95d3be]::run_test::{closure#0}
[INFO] [stdout]   16:     0x5dae15d0cb44 - std[70759c8f55707aa4]::sys::backtrace::__rust_begin_short_backtrace::<test[9d35eded1c95d3be]::run_test::{closure#1}, ()>
[INFO] [stdout]   17:     0x5dae15d163e2 - <std[70759c8f55707aa4]::thread::lifecycle::spawn_unchecked<test[9d35eded1c95d3be]::run_test::{closure#1}, ()>::{closure#1} as core[df12db4294e9bfd3]::ops::function::FnOnce<()>>::call_once::{shim:vtable#0}
[INFO] [stdout]   18:     0x5dae160034d9 - <std[70759c8f55707aa4]::sys::thread::unix::Thread>::new::thread_start
[INFO] [stdout]   19:     0x7bf183ed3dfa - <unknown>
[INFO] [stdout]   20:     0x7bf183f673d4 - clone
[INFO] [stdout]   21:                0x0 - <unknown>
[INFO] [stdout] 
[INFO] [stdout] ---- sign::tests::signing_without_file_authorization_never_reads_current_directory stdout ----
[INFO] [stdout] 
[INFO] [stdout] thread 'sign::tests::signing_without_file_authorization_never_reads_current_directory' (2092) panicked at src/sign.rs:2038:25:
[INFO] [stdout] temporary signing fixture directory /opt/rustwide/workdir/ribergshamra-dsig-sign-reference-2076-1792337023472010882-0 must be creatable: Read-only file system (os error 30)
[INFO] [stdout] stack backtrace:
[INFO] [stdout]    0:     0x5dae16004161 - <<std[70759c8f55707aa4]::sys::backtrace::BacktraceLock>::print::DisplayBacktrace as core[df12db4294e9bfd3]::fmt::Display>::fmt
[INFO] [stdout]    1:     0x5dae1601a89a - core[df12db4294e9bfd3]::fmt::write
[INFO] [stdout]    2:     0x5dae1600891c - <alloc[2182bb758b4b3781]::vec::Vec<u8> as core[df12db4294e9bfd3]::io::write::Write>::write_fmt
[INFO] [stdout]    3:     0x5dae15fde486 - std[70759c8f55707aa4]::panicking::default_hook::{closure#0}
[INFO] [stdout]    4:     0x5dae15ffb7d9 - std[70759c8f55707aa4]::panicking::default_hook
[INFO] [stdout]    5:     0x5dae15d12930 - test[9d35eded1c95d3be]::test_main_inner::<test[9d35eded1c95d3be]::test_main_static::{closure#0}>::{closure#0}
[INFO] [stdout]    6:     0x5dae15ffb992 - std[70759c8f55707aa4]::panicking::panic_with_hook
[INFO] [stdout]    7:     0x5dae15fde532 - std[70759c8f55707aa4]::panicking::panic_handler::{closure#0}
[INFO] [stdout]    8:     0x5dae15fd6fa9 - std[70759c8f55707aa4]::sys::backtrace::__rust_end_short_backtrace::<std[70759c8f55707aa4]::panicking::panic_handler::{closure#0}, !>
[INFO] [stdout]    9:     0x5dae15fdf21d - __rustc[8fa7c3cbc660c2b3]::rust_begin_unwind
[INFO] [stdout]   10:     0x5dae1601afcc - core[df12db4294e9bfd3]::panicking::panic_fmt
[INFO] [stdout]   11:     0x5dae15cc0577 - <ribergshamra_dsig[ca2f9e054ea127d6]::sign::tests::TestDir>::new_in
[INFO] [stdout]   12:     0x5dae15cc3635 - ribergshamra_dsig[ca2f9e054ea127d6]::sign::tests::signing_without_file_authorization_never_reads_current_directory
[INFO] [stdout]   13:     0x5dae15ce5749 - <ribergshamra_dsig[ca2f9e054ea127d6]::sign::tests::signing_without_file_authorization_never_reads_current_directory::{closure#0} as core[df12db4294e9bfd3]::ops::function::FnOnce<()>>::call_once
[INFO] [stdout]   14:     0x5dae15d05c1b - test[9d35eded1c95d3be]::__rust_begin_short_backtrace::<core[df12db4294e9bfd3]::result::Result<(), alloc[2182bb758b4b3781]::string::String>, fn() -> core[df12db4294e9bfd3]::result::Result<(), alloc[2182bb758b4b3781]::string::String>>
[INFO] [stdout]   15:     0x5dae15d13285 - test[9d35eded1c95d3be]::run_test::{closure#0}
[INFO] [stdout]   16:     0x5dae15d0cb44 - std[70759c8f55707aa4]::sys::backtrace::__rust_begin_short_backtrace::<test[9d35eded1c95d3be]::run_test::{closure#1}, ()>
[INFO] [stdout]   17:     0x5dae15d163e2 - <std[70759c8f55707aa4]::thread::lifecycle::spawn_unchecked<test[9d35eded1c95d3be]::run_test::{closure#1}, ()>::{closure#1} as core[df12db4294e9bfd3]::ops::function::FnOnce<()>>::call_once::{shim:vtable#0}
[INFO] [stdout]   18:     0x5dae160034d9 - <std[70759c8f55707aa4]::sys::thread::unix::Thread>::new::thread_start
[INFO] [stdout]   19:     0x7bf183ed3dfa - <unknown>
[INFO] [stdout]   20:     0x7bf183f673d4 - clone
[INFO] [stdout]   21:                0x0 - <unknown>
[INFO] [stdout] 
[INFO] [stdout] ---- verify::tests::external_uri_missing_from_explicit_base_never_falls_back_to_current_directory stdout ----
[INFO] [stdout] 
[INFO] [stdout] thread 'verify::tests::external_uri_missing_from_explicit_base_never_falls_back_to_current_directory' (2094) panicked at src/verify.rs:4441:25:
[INFO] [stdout] temporary resolver fixture /opt/rustwide/workdir/ribergshamra-dsig-reference-2076-1792337023481434572-0.bin must be creatable: Read-only file system (os error 30)
[INFO] [stdout] stack backtrace:
[INFO] [stdout]    0:     0x5dae16004161 - <<std[70759c8f55707aa4]::sys::backtrace::BacktraceLock>::print::DisplayBacktrace as core[df12db4294e9bfd3]::fmt::Display>::fmt
[INFO] [stdout]    1:     0x5dae1601a89a - core[df12db4294e9bfd3]::fmt::write
[INFO] [stdout]    2:     0x5dae1600891c - <alloc[2182bb758b4b3781]::vec::Vec<u8> as core[df12db4294e9bfd3]::io::write::Write>::write_fmt
[INFO] [stdout]    3:     0x5dae15fde486 - std[70759c8f55707aa4]::panicking::default_hook::{closure#0}
[INFO] [stdout]    4:     0x5dae15ffb7d9 - std[70759c8f55707aa4]::panicking::default_hook
[INFO] [stdout]    5:     0x5dae15d12930 - test[9d35eded1c95d3be]::test_main_inner::<test[9d35eded1c95d3be]::test_main_static::{closure#0}>::{closure#0}
[INFO] [stdout]    6:     0x5dae15ffb992 - std[70759c8f55707aa4]::panicking::panic_with_hook
[INFO] [stdout]    7:     0x5dae15fde532 - std[70759c8f55707aa4]::panicking::panic_handler::{closure#0}
[INFO] [stdout]    8:     0x5dae15fd6fa9 - std[70759c8f55707aa4]::sys::backtrace::__rust_end_short_backtrace::<std[70759c8f55707aa4]::panicking::panic_handler::{closure#0}, !>
[INFO] [stdout]    9:     0x5dae15fdf21d - __rustc[8fa7c3cbc660c2b3]::rust_begin_unwind
[INFO] [stdout]   10:     0x5dae1601afcc - core[df12db4294e9bfd3]::panicking::panic_fmt
[INFO] [stdout]   11:     0x5dae15c9c202 - <ribergshamra_dsig[ca2f9e054ea127d6]::verify::tests::TestFile>::new_in
[INFO] [stdout]   12:     0x5dae15cb370b - ribergshamra_dsig[ca2f9e054ea127d6]::verify::tests::external_uri_missing_from_explicit_base_never_falls_back_to_current_directory
[INFO] [stdout]   13:     0x5dae15ce6049 - <ribergshamra_dsig[ca2f9e054ea127d6]::verify::tests::external_uri_missing_from_explicit_base_never_falls_back_to_current_directory::{closure#0} as core[df12db4294e9bfd3]::ops::function::FnOnce<()>>::call_once
[INFO] [stdout]   14:     0x5dae15d05c1b - test[9d35eded1c95d3be]::__rust_begin_short_backtrace::<core[df12db4294e9bfd3]::result::Result<(), alloc[2182bb758b4b3781]::string::String>, fn() -> core[df12db4294e9bfd3]::result::Result<(), alloc[2182bb758b4b3781]::string::String>>
[INFO] [stdout]   15:     0x5dae15d13285 - test[9d35eded1c95d3be]::run_test::{closure#0}
[INFO] [stdout]   16:     0x5dae15d0cb44 - std[70759c8f55707aa4]::sys::backtrace::__rust_begin_short_backtrace::<test[9d35eded1c95d3be]::run_test::{closure#1}, ()>
[INFO] [stdout]   17:     0x5dae15d163e2 - <std[70759c8f55707aa4]::thread::lifecycle::spawn_unchecked<test[9d35eded1c95d3be]::run_test::{closure#1}, ()>::{closure#1} as core[df12db4294e9bfd3]::ops::function::FnOnce<()>>::call_once::{shim:vtable#0}
[INFO] [stdout]   18:     0x5dae160034d9 - <std[70759c8f55707aa4]::sys::thread::unix::Thread>::new::thread_start
[INFO] [stdout]   19:     0x7bf183ed3dfa - <unknown>
[INFO] [stdout]   20:     0x7bf183f673d4 - clone
[INFO] [stdout]   21:                0x0 - <unknown>
[INFO] [stdout] 
[INFO] [stdout] 
[INFO] [stdout] failures:
[INFO] [stdout]     sign::tests::signing_without_file_authorization_never_reads_current_directory
[INFO] [stdout]     verify::tests::external_uri_missing_from_explicit_base_never_falls_back_to_current_directory
[INFO] [stdout]     verify::tests::external_uri_without_authorization_never_reads_current_directory
[INFO] [stdout] 
[INFO] [stdout] test result: FAILED. 85 passed; 3 failed; 0 ignored; 0 measured; 0 filtered out; finished in 0.04s
[INFO] [stdout] 
[INFO] [stderr] error: test failed, to rerun pass `--lib`
[INFO] running `Command { std: "docker" "inspect" "38716b1e09a35c7398824e8fa2357fc602e67bb5d2967d499918dee864ffc94a", kill_on_drop: false }`
[INFO] running `Command { std: "docker" "rm" "-f" "38716b1e09a35c7398824e8fa2357fc602e67bb5d2967d499918dee864ffc94a", kill_on_drop: false }`
[INFO] [stdout] 38716b1e09a35c7398824e8fa2357fc602e67bb5d2967d499918dee864ffc94a
