[INFO] fetching crate ribbit-client 0.4.3...
[INFO] testing ribbit-client-0.4.3 against 1.99.0-beta.8+cargoflags=--release for beta-release-1.100-2
[INFO] extracting crate ribbit-client 0.4.3 into /workspace/builds/worker-0-tc1/source
[INFO] started tweaking crates.io crate ribbit-client 0.4.3
[INFO] removed 0 missing examples
[INFO] removed 0 missing tests
[INFO] finished tweaking crates.io crate ribbit-client 0.4.3
[INFO] tweaked toml for crates.io crate ribbit-client 0.4.3 written to /workspace/builds/worker-0-tc1/source/Cargo.toml
[INFO] validating manifest of crates.io crate ribbit-client 0.4.3 on toolchain 1.99.0-beta.8
[INFO] running `Command { std: CARGO_HOME="/workspace/cargo-home" RUSTUP_HOME="/workspace/rustup-home" "/workspace/cargo-home/bin/cargo" "+1.99.0-beta.8" "metadata" "--manifest-path" "Cargo.toml" "--no-deps", kill_on_drop: false }`
[INFO] crate crates.io crate ribbit-client 0.4.3 already has a lockfile, it will not be regenerated
[INFO] running `Command { std: CARGO_HOME="/workspace/cargo-home" RUSTUP_HOME="/workspace/rustup-home" "/workspace/cargo-home/bin/cargo" "+1.99.0-beta.8" "fetch" "--manifest-path" "Cargo.toml", kill_on_drop: false }`
[INFO] [stderr]     Updating crates.io index
[INFO] [stderr]  Downloading crates ...
[INFO] [stderr]   Downloaded tracing-attributes v0.1.30
[INFO] [stderr]   Downloaded base64ct v1.8.0
[INFO] [stderr]   Downloaded tokio-test v0.4.4
[INFO] [stderr]   Downloaded der_derive v0.7.3
[INFO] [stderr]   Downloaded x509-cert v0.2.5
[INFO] [stderr]   Downloaded signal-hook-registry v1.4.6
[INFO] [stderr]   Downloaded redox_syscall v0.5.17
[INFO] [stderr]   Downloaded rustc-demangle v0.1.26
[INFO] [stderr]   Downloaded clap_lex v0.7.5
[INFO] [stderr]   Downloaded anstyle v1.0.11
[INFO] [stderr]   Downloaded ngdp-bpsv v0.4.3
[INFO] [stderr]   Downloaded asn1_derive v0.22.0
[INFO] [stderr]   Downloaded socket2 v0.6.0
[INFO] [stderr]   Downloaded criterion-plot v0.6.0
[INFO] [stderr]   Downloaded hashify v0.2.6
[INFO] [stderr]   Downloaded half v2.6.0
[INFO] [stderr]   Downloaded asn1 v0.22.0
[INFO] [stderr]   Downloaded rsa v0.9.8
[INFO] [stderr]   Downloaded clap v4.5.43
[INFO] [stderr]   Downloaded io-uring v0.7.9
[INFO] [stderr]   Downloaded num-bigint-dig v0.8.4
[INFO] [stderr]   Downloaded criterion v0.7.0
[INFO] [stderr]   Downloaded serde_json v1.0.142
[INFO] [stderr]   Downloaded clap_builder v4.5.43
[INFO] [stderr]   Downloaded cms v0.2.3
[INFO] [stderr]   Downloaded mail-parser v0.11.0
[INFO] [stderr]   Downloaded tokio v1.47.1
[INFO] running `Command { std: "docker" "create" "-v" "/var/lib/crater-agent-workspace/builds/worker-0-tc1/source:/opt/rustwide/workdir:ro,Z" "-v" "/var/lib/crater-agent-workspace/builds/worker-0-tc1/target:/opt/rustwide/target:rw,Z" "-v" "/var/lib/crater-agent-workspace/cargo-home:/opt/rustwide/cargo-home:ro,Z" "-v" "/var/lib/crater-agent-workspace/rustup-home:/opt/rustwide/rustup-home:ro,Z" "-m" "1610612736" "--network" "none" "ghcr.io/rust-lang/crates-build-env/linux@sha256:77db811e55d90add9212f6832c23229e3de5f1c1f9905e8cb07319ea15df73ac" "sleep" "infinity", kill_on_drop: false }`
[INFO] [stdout] 1c397554214ea4f9518b88e27365c09c2116dfa6d914e21d9ad10540fe5b35cd
[INFO] running `Command { std: "docker" "start" "1c397554214ea4f9518b88e27365c09c2116dfa6d914e21d9ad10540fe5b35cd", kill_on_drop: false }`
[INFO] running `Command { std: "docker" "inspect" "1c397554214ea4f9518b88e27365c09c2116dfa6d914e21d9ad10540fe5b35cd", kill_on_drop: false }`
[INFO] running `Command { std: "docker" "exec" "-e" "SOURCE_DIR=/opt/rustwide/workdir" "-e" "CARGO_HOME=/opt/rustwide/cargo-home" "-e" "RUSTUP_HOME=/opt/rustwide/rustup-home" "-e" "CARGO_TARGET_DIR=/opt/rustwide/target" "-w" "/opt/rustwide/workdir" "--user" "0:0" "1c397554214ea4f9518b88e27365c09c2116dfa6d914e21d9ad10540fe5b35cd" "/opt/rustwide/cargo-home/bin/cargo" "+1.99.0-beta.8" "metadata" "--no-deps" "--format-version=1", kill_on_drop: false }`
[INFO] running `Command { std: "docker" "inspect" "1c397554214ea4f9518b88e27365c09c2116dfa6d914e21d9ad10540fe5b35cd", kill_on_drop: false }`
[INFO] running `Command { std: "docker" "exec" "-e" "SOURCE_DIR=/opt/rustwide/workdir" "-e" "CARGO_HOME=/opt/rustwide/cargo-home" "-e" "RUSTUP_HOME=/opt/rustwide/rustup-home" "-e" "CARGO_TARGET_DIR=/opt/rustwide/target" "-e" "CARGO_INCREMENTAL=0" "-e" "RUST_BACKTRACE=full" "-e" "RUSTFLAGS=--cap-lints=warn" "-e" "RUSTDOCFLAGS=--cap-lints=warn" "-w" "/opt/rustwide/workdir" "--user" "0:0" "1c397554214ea4f9518b88e27365c09c2116dfa6d914e21d9ad10540fe5b35cd" "/opt/rustwide/cargo-home/bin/cargo" "+1.99.0-beta.8" "build" "--frozen" "--message-format=json" "--release", kill_on_drop: false }`
[INFO] [stderr]    Compiling proc-macro2 v1.0.95
[INFO] [stderr]    Compiling libc v0.2.174
[INFO] [stderr]    Compiling const-oid v0.9.6
[INFO] [stderr]    Compiling zerocopy v0.8.26
[INFO] [stderr]    Compiling typenum v1.18.0
[INFO] [stderr]    Compiling zeroize v1.8.1
[INFO] [stderr]    Compiling base64ct v1.8.0
[INFO] [stderr]    Compiling flagset v0.4.7
[INFO] [stderr]    Compiling libm v0.2.15
[INFO] [stderr]    Compiling num-traits v0.2.19
[INFO] [stderr]    Compiling lock_api v0.4.13
[INFO] [stderr]    Compiling parking_lot_core v0.9.11
[INFO] [stderr]    Compiling pem-rfc7468 v0.7.0
[INFO] [stderr]    Compiling getrandom v0.3.3
[INFO] [stderr]    Compiling quote v1.0.40
[INFO] [stderr]    Compiling syn v2.0.104
[INFO] [stderr]    Compiling thiserror v2.0.12
[INFO] [stderr]    Compiling getrandom v0.2.16
[INFO] [stderr]    Compiling generic-array v0.14.7
[INFO] [stderr]    Compiling rand_core v0.6.4
[INFO] [stderr]    Compiling num-bigint-dig v0.8.4
[INFO] [stderr]    Compiling spin v0.9.8
[INFO] [stderr]    Compiling rand_core v0.9.3
[INFO] [stderr]    Compiling lazy_static v1.5.0
[INFO] [stderr]    Compiling hashbrown v0.14.5
[INFO] [stderr]    Compiling pin-project-lite v0.2.16
[INFO] [stderr]    Compiling parking_lot v0.12.4
[INFO] [stderr]    Compiling mio v1.0.4
[INFO] [stderr]    Compiling block-buffer v0.10.4
[INFO] [stderr]    Compiling crypto-common v0.1.6
[INFO] [stderr]    Compiling digest v0.10.7
[INFO] [stderr]    Compiling signature v2.2.0
[INFO] [stderr]    Compiling num-integer v0.1.46
[INFO] [stderr]    Compiling dashmap v6.1.0
[INFO] [stderr]    Compiling sha2 v0.10.9
[INFO] [stderr]    Compiling socket2 v0.6.0
[INFO] [stderr]    Compiling ppv-lite86 v0.2.21
[INFO] [stderr]    Compiling num-iter v0.1.45
[INFO] [stderr]    Compiling signal-hook-registry v1.4.6
[INFO] [stderr]    Compiling tracing-core v0.1.34
[INFO] [stderr]    Compiling encoding_rs v0.8.35
[INFO] [stderr]    Compiling rand_chacha v0.3.1
[INFO] [stderr]    Compiling rand_chacha v0.9.0
[INFO] [stderr]    Compiling rand v0.8.5
[INFO] [stderr]    Compiling bytes v1.10.1
[INFO] [stderr]    Compiling rand v0.9.2
[INFO] [stderr]    Compiling der_derive v0.7.3
[INFO] [stderr]    Compiling thiserror-impl v2.0.12
[INFO] [stderr]    Compiling tokio-macros v2.5.0
[INFO] [stderr]    Compiling tracing-attributes v0.1.30
[INFO] [stderr]    Compiling asn1_derive v0.22.0
[INFO] [stderr]    Compiling hashify v0.2.6
[INFO] [stderr]    Compiling tokio v1.47.1
[INFO] [stderr]    Compiling asn1 v0.22.0
[INFO] [stderr]    Compiling der v0.7.10
[INFO] [stderr]    Compiling tracing v0.1.41
[INFO] [stderr]    Compiling mail-parser v0.11.0
[INFO] [stderr]    Compiling ngdp-bpsv v0.4.3
[INFO] [stderr]    Compiling spki v0.7.3
[INFO] [stderr]    Compiling pkcs8 v0.10.2
[INFO] [stderr]    Compiling pkcs1 v0.7.5
[INFO] [stderr]    Compiling x509-cert v0.2.5
[INFO] [stderr]    Compiling rsa v0.9.8
[INFO] [stderr]    Compiling cms v0.2.3
[INFO] [stderr]    Compiling ribbit-client v0.4.3 (/opt/rustwide/workdir)
[INFO] [stderr]     Finished `release` profile [optimized] target(s) in 1m 47s
[INFO] [stderr] warning: the following packages contain code that will be rejected by a future version of Rust: num-bigint-dig v0.8.4
[INFO] [stderr] note: to see what the problems were, use the option `--future-incompat-report`, or run `cargo report future-incompatibilities --id 1`
[INFO] running `Command { std: "docker" "inspect" "1c397554214ea4f9518b88e27365c09c2116dfa6d914e21d9ad10540fe5b35cd", kill_on_drop: false }`
[INFO] running `Command { std: "docker" "exec" "-e" "SOURCE_DIR=/opt/rustwide/workdir" "-e" "CARGO_HOME=/opt/rustwide/cargo-home" "-e" "RUSTUP_HOME=/opt/rustwide/rustup-home" "-e" "CARGO_TARGET_DIR=/opt/rustwide/target" "-e" "CARGO_INCREMENTAL=0" "-e" "RUST_BACKTRACE=full" "-e" "RUSTFLAGS=--cap-lints=warn" "-e" "RUSTDOCFLAGS=--cap-lints=warn" "-w" "/opt/rustwide/workdir" "--user" "0:0" "1c397554214ea4f9518b88e27365c09c2116dfa6d914e21d9ad10540fe5b35cd" "/opt/rustwide/cargo-home/bin/cargo" "+1.99.0-beta.8" "test" "--frozen" "--no-run" "--message-format=json" "--release", kill_on_drop: false }`
[INFO] [stderr]    Compiling num-traits v0.2.19
[INFO] [stderr]    Compiling memchr v2.7.5
[INFO] [stderr]    Compiling serde v1.0.219
[INFO] [stderr]    Compiling serde_derive v1.0.219
[INFO] [stderr]    Compiling tracing-core v0.1.34
[INFO] [stderr]    Compiling rayon-core v1.12.1
[INFO] [stderr]    Compiling serde_json v1.0.142
[INFO] [stderr]    Compiling regex-syntax v0.8.5
[INFO] [stderr]    Compiling tokio v1.47.1
[INFO] [stderr]    Compiling half v2.6.0
[INFO] [stderr]    Compiling regex-syntax v0.6.29
[INFO] [stderr]    Compiling futures-core v0.3.31
[INFO] [stderr]    Compiling clap_lex v0.7.5
[INFO] [stderr]    Compiling aho-corasick v1.1.3
[INFO] [stderr]    Compiling num-integer v0.1.46
[INFO] [stderr]    Compiling anstyle v1.0.11
[INFO] [stderr]    Compiling num-iter v0.1.45
[INFO] [stderr]    Compiling num-bigint-dig v0.8.4
[INFO] [stderr]    Compiling clap_builder v4.5.43
[INFO] [stderr]    Compiling tracing v0.1.41
[INFO] [stderr]    Compiling ciborium-ll v0.2.2
[INFO] [stderr]    Compiling regex-automata v0.1.10
[INFO] [stderr]    Compiling regex-automata v0.4.9
[INFO] [stderr]    Compiling itertools v0.13.0
[INFO] [stderr]    Compiling async-stream-impl v0.3.6
[INFO] [stderr]    Compiling overload v0.1.1
[INFO] [stderr]    Compiling log v0.4.27
[INFO] [stderr]    Compiling tracing-log v0.2.0
[INFO] [stderr]    Compiling rsa v0.9.8
[INFO] [stderr]    Compiling nu-ansi-term v0.46.0
[INFO] [stderr]    Compiling async-stream v0.3.6
[INFO] [stderr]    Compiling tinytemplate v1.2.1
[INFO] [stderr]    Compiling regex v1.11.1
[INFO] [stderr]    Compiling criterion-plot v0.6.0
[INFO] [stderr]    Compiling rayon v1.10.0
[INFO] [stderr]    Compiling ciborium v0.2.2
[INFO] [stderr]    Compiling tokio-stream v0.1.17
[INFO] [stderr]    Compiling clap v4.5.43
[INFO] [stderr]    Compiling matchers v0.1.0
[INFO] [stderr]    Compiling plotters v0.3.7
[INFO] [stderr]    Compiling sharded-slab v0.1.7
[INFO] [stderr]    Compiling thread_local v1.1.9
[INFO] [stderr]    Compiling tokio-test v0.4.4
[INFO] [stderr]    Compiling ribbit-client v0.4.3 (/opt/rustwide/workdir)
[INFO] [stderr]    Compiling tracing-subscriber v0.3.19
[INFO] [stderr]    Compiling criterion v0.7.0
[INFO] [stderr]     Finished `release` profile [optimized] target(s) in 4m 44s
[INFO] [stderr] warning: the following packages contain code that will be rejected by a future version of Rust: num-bigint-dig v0.8.4
[INFO] [stderr] note: to see what the problems were, use the option `--future-incompat-report`, or run `cargo report future-incompatibilities --id 1`
[INFO] running `Command { std: "docker" "inspect" "1c397554214ea4f9518b88e27365c09c2116dfa6d914e21d9ad10540fe5b35cd", kill_on_drop: false }`
[INFO] running `Command { std: "docker" "exec" "-e" "SOURCE_DIR=/opt/rustwide/workdir" "-e" "CARGO_HOME=/opt/rustwide/cargo-home" "-e" "RUSTUP_HOME=/opt/rustwide/rustup-home" "-e" "CARGO_TARGET_DIR=/opt/rustwide/target" "-e" "CARGO_INCREMENTAL=0" "-e" "RUST_BACKTRACE=full" "-e" "RUSTFLAGS=--cap-lints=warn" "-e" "RUSTDOCFLAGS=--cap-lints=warn" "-w" "/opt/rustwide/workdir" "--user" "0:0" "1c397554214ea4f9518b88e27365c09c2116dfa6d914e21d9ad10540fe5b35cd" "/opt/rustwide/cargo-home/bin/cargo" "+1.99.0-beta.8" "test" "--frozen" "--release", kill_on_drop: false }`
[INFO] [stderr]     Finished `release` profile [optimized] target(s) in 0.26s
[INFO] [stderr] warning: the following packages contain code that will be rejected by a future version of Rust: num-bigint-dig v0.8.4
[INFO] [stderr] note: to see what the problems were, use the option `--future-incompat-report`, or run `cargo report future-incompatibilities --id 1`
[INFO] [stderr]      Running unittests src/lib.rs (/opt/rustwide/target/release/deps/ribbit_client-4f1422055e80d061)
[INFO] [stdout] 
[INFO] [stdout] running 39 tests
[INFO] [stdout] test client::tests::test_backoff_calculation ... ok
[INFO] [stdout] test client::tests::test_client_retry_configuration ... ok
[INFO] [stdout] test client::tests::test_client_with_protocol_version ... ok
[INFO] [stdout] test client::tests::test_client_creation ... ok
[INFO] [stdout] test client::tests::test_default_retry_configuration ... ok
[INFO] [stdout] test client::tests::test_jitter_factor_clamping ... ok
[INFO] [stdout] test client::tests::test_parse_v1_multipart_with_checksum ... ok
[INFO] [stdout] test client::tests::test_parse_v1_simple_mime ... ok
[INFO] [stdout] test client::tests::test_client_default ... ok
[INFO] [stdout] test client::tests::test_client_setters ... ok
[INFO] [stdout] test certificate_fetcher::tests::test_oid_to_algorithm_name ... ok
[INFO] [stdout] test client::tests::test_extract_checksum ... ok
[INFO] [stdout] test client::tests::test_response_parse_v2 ... ok
[INFO] [stdout] test client::tests::test_parse_v1_with_checksum ... ok
[INFO] [stdout] test client::tests::test_parse_v1_with_signature ... ok
[INFO] [stdout] test dns_cache::tests::test_dns_cache_creation ... ok
[INFO] [stdout] test client::tests::test_validate_checksum ... ok
[INFO] [stdout] test dns_cache::tests::test_dns_cache_with_ttl ... ok
[INFO] [stdout] test cms_parser::tests::test_oid_to_algorithm_name ... ok
[INFO] [stdout] test error::tests::test_error_display ... ok
[INFO] [stdout] test error::tests::test_error_from_io ... ok
[INFO] [stdout] test response_types::tests::test_from_response_with_hex_adjustment ... ok
[INFO] [stdout] test response_types::tests::test_parse_product_cdns ... ok
[INFO] [stdout] test response_types::tests::test_parse_product_versions ... ok
[INFO] [stdout] test response_types::tests::test_parse_summary ... ok
[INFO] [stdout] test signature_verify::tests::test_empty_signature_parsing ... ok
[INFO] [stdout] test signature_verify::tests::test_oid_pattern_finding ... ok
[INFO] [stdout] test types::tests::test_protocol_version_prefix ... ok
[INFO] [stdout] test types::tests::test_region_as_str ... ok
[INFO] [stdout] test types::tests::test_protocol_version_display ... ok
[INFO] [stdout] test types::tests::test_endpoint_as_path ... ok
[INFO] [stdout] test types::tests::test_region_display ... ok
[INFO] [stdout] test types::tests::test_region_from_str ... ok
[INFO] [stdout] test types::tests::test_region_hostname ... ok
[INFO] [stdout] test types::tests::test_ribbit_port ... ok
[INFO] [stdout] test client::tests::test_connection_timeout ... ok
[INFO] [stdout] test dns_cache::tests::test_dns_resolution ... ok
[INFO] [stdout] test dns_cache::tests::test_clear_cache ... ok
[INFO] [stderr]      Running tests/cdn_servers_test.rs (/opt/rustwide/target/release/deps/cdn_servers_test-5c87d89959eb9054)
[INFO] [stdout] test dns_cache::tests::test_cache_expiration ... ok
[INFO] [stdout] 
[INFO] [stdout] test result: ok. 39 passed; 0 failed; 0 ignored; 0 measured; 0 filtered out; finished in 0.09s
[INFO] [stdout] 
[INFO] [stdout] 
[INFO] [stdout] running 4 tests
[INFO] [stdout] test test_cdn_empty_servers ... ok
[INFO] [stdout] test test_cdn_servers_with_complex_urls ... ok
[INFO] [stdout] test test_consistency_with_tact_client ... ok
[INFO] [stdout] test test_cdn_servers_parsing ... ok
[INFO] [stdout] 
[INFO] [stdout] test result: ok. 4 passed; 0 failed; 0 ignored; 0 measured; 0 filtered out; finished in 0.01s
[INFO] [stdout] 
[INFO] [stderr]      Running tests/cms_parser_test.rs (/opt/rustwide/target/release/deps/cms_parser_test-39c23ea042b02ce8)
[INFO] [stdout] 
[INFO] [stdout] running 3 tests
[INFO] [stdout] test tests::test_signature_info_structure ... ok
[INFO] [stdout] test tests::test_parse_empty_signature ... ok
[INFO] [stdout] test tests::test_parse_invalid_signature ... ok
[INFO] [stdout] 
[INFO] [stdout] test result: ok. 3 passed; 0 failed; 0 ignored; 0 measured; 0 filtered out; finished in 0.01s
[INFO] [stdout] 
[INFO] [stderr]      Running tests/integration_test.rs (/opt/rustwide/target/release/deps/integration_test-50cab8f0935c4086)
[INFO] [stdout] 
[INFO] [stdout] running 14 tests
[INFO] [stdout] test test_ribbit_connection_failure ... ok
[INFO] [stdout] test test_ribbit_different_regions ... ok
[INFO] [stdout] test test_ribbit_cert_endpoint ... ok
[INFO] [stdout] test test_ribbit_invalid_product ... ok
[INFO] [stdout] test test_ribbit_product_bgdl ... ok
[INFO] [stdout] test test_ribbit_mixed_valid_invalid ... ok
[INFO] [stdout] test test_ribbit_invalid_endpoints ... ok
[INFO] [stdout] test test_ribbit_summary_v1 ... ok
[INFO] [stdout] test test_ribbit_invalid_cert_hash ... ok
[INFO] [stdout] test test_ribbit_v1_mime_parsing ... ok
[INFO] [stdout] test test_ribbit_product_versions ... ok
[INFO] [stdout] test test_ribbit_product_cdns ... ok
[INFO] [stdout] test test_ribbit_summary_v2 ... ok
[INFO] [stdout] test test_ribbit_v1_multipart_mime ... ok
[INFO] [stdout] 
[INFO] [stdout] test result: ok. 14 passed; 0 failed; 0 ignored; 0 measured; 0 filtered out; finished in 0.02s
[INFO] [stdout] 
[INFO] [stderr]      Running tests/typed_responses_test.rs (/opt/rustwide/target/release/deps/typed_responses_test-5139ff2c467d5a1c)
[INFO] [stdout] 
[INFO] [stdout] running 6 tests
[INFO] [stdout] test test_error_handling ... ok
[INFO] [stdout] test test_version_entry_methods ... FAILED
[INFO] [stdout] test test_typed_summary ... FAILED
[INFO] [stdout] test test_typed_product_cdns ... FAILED
[INFO] [stdout] test test_typed_product_versions ... FAILED
[INFO] [stdout] test test_response_convenience_methods ... FAILED
[INFO] [stdout] 
[INFO] [stdout] failures:
[INFO] [stdout] 
[INFO] [stdout] ---- test_version_entry_methods stdout ----
[INFO] [stdout] 
[INFO] [stdout] thread 'test_version_entry_methods' (3328) panicked at tests/typed_responses_test.rs:118:10:
[INFO] [stdout] Failed to get versions: ConnectionFailed { host: "us.version.battle.net", port: 1119 }
[INFO] [stdout] stack backtrace:
[INFO] [stdout]    0:     0x55c986482ce1 - <<std[70759c8f55707aa4]::sys::backtrace::BacktraceLock>::print::DisplayBacktrace as core[df12db4294e9bfd3]::fmt::Display>::fmt
[INFO] [stdout]    1:     0x55c98649a25a - core[df12db4294e9bfd3]::fmt::write
[INFO] [stdout]    2:     0x55c98648771c - <alloc[2182bb758b4b3781]::vec::Vec<u8> as core[df12db4294e9bfd3]::io::write::Write>::write_fmt
[INFO] [stdout]    3:     0x55c98645e626 - std[70759c8f55707aa4]::panicking::default_hook::{closure#0}
[INFO] [stdout]    4:     0x55c98647ad29 - std[70759c8f55707aa4]::panicking::default_hook
[INFO] [stdout]    5:     0x55c986348460 - test[9d35eded1c95d3be]::test_main_inner::<test[9d35eded1c95d3be]::test_main_static::{closure#0}>::{closure#0}
[INFO] [stdout]    6:     0x55c98647b052 - std[70759c8f55707aa4]::panicking::panic_with_hook
[INFO] [stdout]    7:     0x55c98645e6d2 - std[70759c8f55707aa4]::panicking::panic_handler::{closure#0}
[INFO] [stdout]    8:     0x55c9864573a9 - std[70759c8f55707aa4]::sys::backtrace::__rust_end_short_backtrace::<std[70759c8f55707aa4]::panicking::panic_handler::{closure#0}, !>
[INFO] [stdout]    9:     0x55c98645f4bd - __rustc[8fa7c3cbc660c2b3]::rust_begin_unwind
[INFO] [stdout]   10:     0x55c98649a9bc - core[df12db4294e9bfd3]::panicking::panic_fmt
[INFO] [stdout]   11:     0x55c98649a792 - core[df12db4294e9bfd3]::result::unwrap_failed
[INFO] [stdout]   12:     0x55c986329712 - typed_responses_test[446d585635502b65]::test_version_entry_methods::{closure#0}
[INFO] [stdout]   13:     0x55c9863344a3 - <tokio[fe28772c1e9bdde2]::runtime::scheduler::current_thread::Context>::enter::<core[df12db4294e9bfd3]::task::poll::Poll<()>, <tokio[fe28772c1e9bdde2]::runtime::scheduler::current_thread::CoreGuard>::block_on<core[df12db4294e9bfd3]::pin::Pin<&mut core[df12db4294e9bfd3]::pin::Pin<&mut dyn core[df12db4294e9bfd3]::future::future::Future<Output = ()>>>>::{closure#0}::{closure#0}>
[INFO] [stdout]   14:     0x55c986336a6c - <tokio[fe28772c1e9bdde2]::runtime::context::scoped::Scoped<tokio[fe28772c1e9bdde2]::runtime::scheduler::Context>>::set::<<tokio[fe28772c1e9bdde2]::runtime::scheduler::current_thread::CoreGuard>::enter<<tokio[fe28772c1e9bdde2]::runtime::scheduler::current_thread::CoreGuard>::block_on<core[df12db4294e9bfd3]::pin::Pin<&mut core[df12db4294e9bfd3]::pin::Pin<&mut dyn core[df12db4294e9bfd3]::future::future::Future<Output = ()>>>>::{closure#0}, core[df12db4294e9bfd3]::option::Option<()>>::{closure#0}, (alloc[2182bb758b4b3781]::boxed::Box<tokio[fe28772c1e9bdde2]::runtime::scheduler::current_thread::Core>, core[df12db4294e9bfd3]::option::Option<()>)>
[INFO] [stdout]   15:     0x55c9863347f7 - <tokio[fe28772c1e9bdde2]::runtime::scheduler::current_thread::CoreGuard>::block_on::<core[df12db4294e9bfd3]::pin::Pin<&mut core[df12db4294e9bfd3]::pin::Pin<&mut dyn core[df12db4294e9bfd3]::future::future::Future<Output = ()>>>>
[INFO] [stdout]   16:     0x55c98633a977 - tokio[fe28772c1e9bdde2]::runtime::context::runtime::enter_runtime::<<tokio[fe28772c1e9bdde2]::runtime::scheduler::current_thread::CurrentThread>::block_on<core[df12db4294e9bfd3]::pin::Pin<&mut dyn core[df12db4294e9bfd3]::future::future::Future<Output = ()>>>::{closure#0}, ()>
[INFO] [stdout]   17:     0x55c986335815 - <tokio[fe28772c1e9bdde2]::runtime::runtime::Runtime>::block_on::<core[df12db4294e9bfd3]::pin::Pin<&mut dyn core[df12db4294e9bfd3]::future::future::Future<Output = ()>>>
[INFO] [stdout]   18:     0x55c98632ee8e - <typed_responses_test[446d585635502b65]::test_version_entry_methods::{closure#0} as core[df12db4294e9bfd3]::ops::function::FnOnce<()>>::call_once
[INFO] [stdout]   19:     0x55c98633b74b - test[9d35eded1c95d3be]::__rust_begin_short_backtrace::<core[df12db4294e9bfd3]::result::Result<(), alloc[2182bb758b4b3781]::string::String>, fn() -> core[df12db4294e9bfd3]::result::Result<(), alloc[2182bb758b4b3781]::string::String>>
[INFO] [stdout]   20:     0x55c986348db5 - test[9d35eded1c95d3be]::run_test::{closure#0}
[INFO] [stdout]   21:     0x55c986342674 - std[70759c8f55707aa4]::sys::backtrace::__rust_begin_short_backtrace::<test[9d35eded1c95d3be]::run_test::{closure#1}, ()>
[INFO] [stdout]   22:     0x55c98634bf12 - <std[70759c8f55707aa4]::thread::lifecycle::spawn_unchecked<test[9d35eded1c95d3be]::run_test::{closure#1}, ()>::{closure#1} as core[df12db4294e9bfd3]::ops::function::FnOnce<()>>::call_once::{shim:vtable#0}
[INFO] [stdout]   23:     0x55c986482209 - <std[70759c8f55707aa4]::sys::thread::unix::Thread>::new::thread_start
[INFO] [stdout]   24:     0x7b3952a7bdfa - <unknown>
[INFO] [stdout]   25:     0x7b3952b0f3d4 - clone
[INFO] [stdout]   26:                0x0 - <unknown>
[INFO] [stdout] 
[INFO] [stdout] ---- test_typed_summary stdout ----
[INFO] [stdout] 
[INFO] [stdout] thread 'test_typed_summary' (3327) panicked at tests/typed_responses_test.rs:71:10:
[INFO] [stdout] Failed to get summary: ConnectionFailed { host: "us.version.battle.net", port: 1119 }
[INFO] [stdout] stack backtrace:
[INFO] [stdout]    0:     0x55c986482ce1 - <<std[70759c8f55707aa4]::sys::backtrace::BacktraceLock>::print::DisplayBacktrace as core[df12db4294e9bfd3]::fmt::Display>::fmt
[INFO] [stdout]    1:     0x55c98649a25a - core[df12db4294e9bfd3]::fmt::write
[INFO] [stdout]    2:     0x55c98648771c - <alloc[2182bb758b4b3781]::vec::Vec<u8> as core[df12db4294e9bfd3]::io::write::Write>::write_fmt
[INFO] [stdout]    3:     0x55c98645e626 - std[70759c8f55707aa4]::panicking::default_hook::{closure#0}
[INFO] [stdout]    4:     0x55c98647ad29 - std[70759c8f55707aa4]::panicking::default_hook
[INFO] [stdout]    5:     0x55c986348460 - test[9d35eded1c95d3be]::test_main_inner::<test[9d35eded1c95d3be]::test_main_static::{closure#0}>::{closure#0}
[INFO] [stdout]    6:     0x55c98647b052 - std[70759c8f55707aa4]::panicking::panic_with_hook
[INFO] [stdout]    7:     0x55c98645e6d2 - std[70759c8f55707aa4]::panicking::panic_handler::{closure#0}
[INFO] [stdout]    8:     0x55c9864573a9 - std[70759c8f55707aa4]::sys::backtrace::__rust_end_short_backtrace::<std[70759c8f55707aa4]::panicking::panic_handler::{closure#0}, !>
[INFO] [stdout]    9:     0x55c98645f4bd - __rustc[8fa7c3cbc660c2b3]::rust_begin_unwind
[INFO] [stdout]   10:     0x55c98649a9bc - core[df12db4294e9bfd3]::panicking::panic_fmt
[INFO] [stdout]   11:     0x55c98649a792 - core[df12db4294e9bfd3]::result::unwrap_failed
[INFO] [stdout]   12:     0x55c98632848c - typed_responses_test[446d585635502b65]::test_typed_summary::{closure#0}
[INFO] [stdout]   13:     0x55c9863344a3 - <tokio[fe28772c1e9bdde2]::runtime::scheduler::current_thread::Context>::enter::<core[df12db4294e9bfd3]::task::poll::Poll<()>, <tokio[fe28772c1e9bdde2]::runtime::scheduler::current_thread::CoreGuard>::block_on<core[df12db4294e9bfd3]::pin::Pin<&mut core[df12db4294e9bfd3]::pin::Pin<&mut dyn core[df12db4294e9bfd3]::future::future::Future<Output = ()>>>>::{closure#0}::{closure#0}>
[INFO] [stdout]   14:     0x55c986336a6c - <tokio[fe28772c1e9bdde2]::runtime::context::scoped::Scoped<tokio[fe28772c1e9bdde2]::runtime::scheduler::Context>>::set::<<tokio[fe28772c1e9bdde2]::runtime::scheduler::current_thread::CoreGuard>::enter<<tokio[fe28772c1e9bdde2]::runtime::scheduler::current_thread::CoreGuard>::block_on<core[df12db4294e9bfd3]::pin::Pin<&mut core[df12db4294e9bfd3]::pin::Pin<&mut dyn core[df12db4294e9bfd3]::future::future::Future<Output = ()>>>>::{closure#0}, core[df12db4294e9bfd3]::option::Option<()>>::{closure#0}, (alloc[2182bb758b4b3781]::boxed::Box<tokio[fe28772c1e9bdde2]::runtime::scheduler::current_thread::Core>, core[df12db4294e9bfd3]::option::Option<()>)>
[INFO] [stdout]   15:     0x55c9863347f7 - <tokio[fe28772c1e9bdde2]::runtime::scheduler::current_thread::CoreGuard>::block_on::<core[df12db4294e9bfd3]::pin::Pin<&mut core[df12db4294e9bfd3]::pin::Pin<&mut dyn core[df12db4294e9bfd3]::future::future::Future<Output = ()>>>>
[INFO] [stdout]   16:     0x55c98633a977 - tokio[fe28772c1e9bdde2]::runtime::context::runtime::enter_runtime::<<tokio[fe28772c1e9bdde2]::runtime::scheduler::current_thread::CurrentThread>::block_on<core[df12db4294e9bfd3]::pin::Pin<&mut dyn core[df12db4294e9bfd3]::future::future::Future<Output = ()>>>::{closure#0}, ()>
[INFO] [stdout]   17:     0x55c986335815 - <tokio[fe28772c1e9bdde2]::runtime::runtime::Runtime>::block_on::<core[df12db4294e9bfd3]::pin::Pin<&mut dyn core[df12db4294e9bfd3]::future::future::Future<Output = ()>>>
[INFO] [stdout]   18:     0x55c98632ea2e - <typed_responses_test[446d585635502b65]::test_typed_summary::{closure#0} as core[df12db4294e9bfd3]::ops::function::FnOnce<()>>::call_once
[INFO] [stdout]   19:     0x55c98633b74b - test[9d35eded1c95d3be]::__rust_begin_short_backtrace::<core[df12db4294e9bfd3]::result::Result<(), alloc[2182bb758b4b3781]::string::String>, fn() -> core[df12db4294e9bfd3]::result::Result<(), alloc[2182bb758b4b3781]::string::String>>
[INFO] [stdout]   20:     0x55c986348db5 - test[9d35eded1c95d3be]::run_test::{closure#0}
[INFO] [stdout]   21:     0x55c986342674 - std[70759c8f55707aa4]::sys::backtrace::__rust_begin_short_backtrace::<test[9d35eded1c95d3be]::run_test::{closure#1}, ()>
[INFO] [stdout]   22:     0x55c98634bf12 - <std[70759c8f55707aa4]::thread::lifecycle::spawn_unchecked<test[9d35eded1c95d3be]::run_test::{closure#1}, ()>::{closure#1} as core[df12db4294e9bfd3]::ops::function::FnOnce<()>>::call_once::{shim:vtable#0}
[INFO] [stdout]   23:     0x55c986482209 - <std[70759c8f55707aa4]::sys::thread::unix::Thread>::new::thread_start
[INFO] [stdout]   24:     0x7b3952a7bdfa - <unknown>
[INFO] [stdout]   25:     0x7b3952b0f3d4 - clone
[INFO] [stdout]   26:                0x0 - <unknown>
[INFO] [stdout] 
[INFO] [stdout] ---- test_typed_product_cdns stdout ----
[INFO] [stdout] 
[INFO] [stdout] thread 'test_typed_product_cdns' (3325) panicked at tests/typed_responses_test.rs:46:10:
[INFO] [stdout] Failed to get WoW CDNs: ConnectionFailed { host: "us.version.battle.net", port: 1119 }
[INFO] [stdout] stack backtrace:
[INFO] [stdout]    0:     0x55c986482ce1 - <<std[70759c8f55707aa4]::sys::backtrace::BacktraceLock>::print::DisplayBacktrace as core[df12db4294e9bfd3]::fmt::Display>::fmt
[INFO] [stdout]    1:     0x55c98649a25a - core[df12db4294e9bfd3]::fmt::write
[INFO] [stdout]    2:     0x55c98648771c - <alloc[2182bb758b4b3781]::vec::Vec<u8> as core[df12db4294e9bfd3]::io::write::Write>::write_fmt
[INFO] [stdout]    3:     0x55c98645e626 - std[70759c8f55707aa4]::panicking::default_hook::{closure#0}
[INFO] [stdout]    4:     0x55c98647ad29 - std[70759c8f55707aa4]::panicking::default_hook
[INFO] [stdout]    5:     0x55c986348460 - test[9d35eded1c95d3be]::test_main_inner::<test[9d35eded1c95d3be]::test_main_static::{closure#0}>::{closure#0}
[INFO] [stdout]    6:     0x55c98647b052 - std[70759c8f55707aa4]::panicking::panic_with_hook
[INFO] [stdout]    7:     0x55c98645e6d2 - std[70759c8f55707aa4]::panicking::panic_handler::{closure#0}
[INFO] [stdout]    8:     0x55c9864573a9 - std[70759c8f55707aa4]::sys::backtrace::__rust_end_short_backtrace::<std[70759c8f55707aa4]::panicking::panic_handler::{closure#0}, !>
[INFO] [stdout]    9:     0x55c98645f4bd - __rustc[8fa7c3cbc660c2b3]::rust_begin_unwind
[INFO] [stdout]   10:     0x55c98649a9bc - core[df12db4294e9bfd3]::panicking::panic_fmt
[INFO] [stdout]   11:     0x55c98649a792 - core[df12db4294e9bfd3]::result::unwrap_failed
[INFO] [stdout]   12:     0x55c9863291b1 - typed_responses_test[446d585635502b65]::test_typed_product_cdns::{closure#0}
[INFO] [stdout]   13:     0x55c9863344a3 - <tokio[fe28772c1e9bdde2]::runtime::scheduler::current_thread::Context>::enter::<core[df12db4294e9bfd3]::task::poll::Poll<()>, <tokio[fe28772c1e9bdde2]::runtime::scheduler::current_thread::CoreGuard>::block_on<core[df12db4294e9bfd3]::pin::Pin<&mut core[df12db4294e9bfd3]::pin::Pin<&mut dyn core[df12db4294e9bfd3]::future::future::Future<Output = ()>>>>::{closure#0}::{closure#0}>
[INFO] [stdout]   14:     0x55c986336a6c - <tokio[fe28772c1e9bdde2]::runtime::context::scoped::Scoped<tokio[fe28772c1e9bdde2]::runtime::scheduler::Context>>::set::<<tokio[fe28772c1e9bdde2]::runtime::scheduler::current_thread::CoreGuard>::enter<<tokio[fe28772c1e9bdde2]::runtime::scheduler::current_thread::CoreGuard>::block_on<core[df12db4294e9bfd3]::pin::Pin<&mut core[df12db4294e9bfd3]::pin::Pin<&mut dyn core[df12db4294e9bfd3]::future::future::Future<Output = ()>>>>::{closure#0}, core[df12db4294e9bfd3]::option::Option<()>>::{closure#0}, (alloc[2182bb758b4b3781]::boxed::Box<tokio[fe28772c1e9bdde2]::runtime::scheduler::current_thread::Core>, core[df12db4294e9bfd3]::option::Option<()>)>
[INFO] [stdout]   15:     0x55c9863347f7 - <tokio[fe28772c1e9bdde2]::runtime::scheduler::current_thread::CoreGuard>::block_on::<core[df12db4294e9bfd3]::pin::Pin<&mut core[df12db4294e9bfd3]::pin::Pin<&mut dyn core[df12db4294e9bfd3]::future::future::Future<Output = ()>>>>
[INFO] [stdout]   16:     0x55c98633a977 - tokio[fe28772c1e9bdde2]::runtime::context::runtime::enter_runtime::<<tokio[fe28772c1e9bdde2]::runtime::scheduler::current_thread::CurrentThread>::block_on<core[df12db4294e9bfd3]::pin::Pin<&mut dyn core[df12db4294e9bfd3]::future::future::Future<Output = ()>>>::{closure#0}, ()>
[INFO] [stdout]   17:     0x55c986335815 - <tokio[fe28772c1e9bdde2]::runtime::runtime::Runtime>::block_on::<core[df12db4294e9bfd3]::pin::Pin<&mut dyn core[df12db4294e9bfd3]::future::future::Future<Output = ()>>>
[INFO] [stdout]   18:     0x55c98632ed2e - <typed_responses_test[446d585635502b65]::test_typed_product_cdns::{closure#0} as core[df12db4294e9bfd3]::ops::function::FnOnce<()>>::call_once
[INFO] [stdout]   19:     0x55c98633b74b - test[9d35eded1c95d3be]::__rust_begin_short_backtrace::<core[df12db4294e9bfd3]::result::Result<(), alloc[2182bb758b4b3781]::string::String>, fn() -> core[df12db4294e9bfd3]::result::Result<(), alloc[2182bb758b4b3781]::string::String>>
[INFO] [stdout]   20:     0x55c986348db5 - test[9d35eded1c95d3be]::run_test::{closure#0}
[INFO] [stdout]   21:     0x55c986342674 - std[70759c8f55707aa4]::sys::backtrace::__rust_begin_short_backtrace::<test[9d35eded1c95d3be]::run_test::{closure#1}, ()>
[INFO] [stdout]   22:     0x55c98634bf12 - <std[70759c8f55707aa4]::thread::lifecycle::spawn_unchecked<test[9d35eded1c95d3be]::run_test::{closure#1}, ()>::{closure#1} as core[df12db4294e9bfd3]::ops::function::FnOnce<()>>::call_once::{shim:vtable#0}
[INFO] [stdout]   23:     0x55c986482209 - <std[70759c8f55707aa4]::sys::thread::unix::Thread>::new::thread_start
[INFO] [stdout]   24:     0x7b3952a7bdfa - <unknown>
[INFO] [stdout]   25:     0x7b3952b0f3d4 - clone
[INFO] [stdout]   26:                0x0 - <unknown>
[INFO] [stdout] 
[INFO] [stdout] ---- test_typed_product_versions stdout ----
[INFO] [stdout] 
[INFO] [stdout] thread 'test_typed_product_versions' (3326) panicked at tests/typed_responses_test.rs:15:10:
[INFO] [stdout] Failed to get WoW versions: ConnectionFailed { host: "us.version.battle.net", port: 1119 }
[INFO] [stdout] stack backtrace:
[INFO] [stdout]    0:     0x55c986482ce1 - <<std[70759c8f55707aa4]::sys::backtrace::BacktraceLock>::print::DisplayBacktrace as core[df12db4294e9bfd3]::fmt::Display>::fmt
[INFO] [stdout]    1:     0x55c98649a25a - core[df12db4294e9bfd3]::fmt::write
[INFO] [stdout]    2:     0x55c98648771c - <alloc[2182bb758b4b3781]::vec::Vec<u8> as core[df12db4294e9bfd3]::io::write::Write>::write_fmt
[INFO] [stdout]    3:     0x55c98645e626 - std[70759c8f55707aa4]::panicking::default_hook::{closure#0}
[INFO] [stdout]    4:     0x55c98647ad29 - std[70759c8f55707aa4]::panicking::default_hook
[INFO] [stdout]    5:     0x55c986348460 - test[9d35eded1c95d3be]::test_main_inner::<test[9d35eded1c95d3be]::test_main_static::{closure#0}>::{closure#0}
[INFO] [stdout]    6:     0x55c98647b052 - std[70759c8f55707aa4]::panicking::panic_with_hook
[INFO] [stdout]    7:     0x55c98645e6d2 - std[70759c8f55707aa4]::panicking::panic_handler::{closure#0}
[INFO] [stdout]    8:     0x55c9864573a9 - std[70759c8f55707aa4]::sys::backtrace::__rust_end_short_backtrace::<std[70759c8f55707aa4]::panicking::panic_handler::{closure#0}, !>
[INFO] [stdout]    9:     0x55c98645f4bd - __rustc[8fa7c3cbc660c2b3]::rust_begin_unwind
[INFO] [stdout]   10:     0x55c98649a9bc - core[df12db4294e9bfd3]::panicking::panic_fmt
[INFO] [stdout]   11:     0x55c98649a792 - core[df12db4294e9bfd3]::result::unwrap_failed
[INFO] [stdout]   12:     0x55c986329c88 - typed_responses_test[446d585635502b65]::test_typed_product_versions::{closure#0}
[INFO] [stdout]   13:     0x55c9863344a3 - <tokio[fe28772c1e9bdde2]::runtime::scheduler::current_thread::Context>::enter::<core[df12db4294e9bfd3]::task::poll::Poll<()>, <tokio[fe28772c1e9bdde2]::runtime::scheduler::current_thread::CoreGuard>::block_on<core[df12db4294e9bfd3]::pin::Pin<&mut core[df12db4294e9bfd3]::pin::Pin<&mut dyn core[df12db4294e9bfd3]::future::future::Future<Output = ()>>>>::{closure#0}::{closure#0}>
[INFO] [stdout]   14:     0x55c986336a6c - <tokio[fe28772c1e9bdde2]::runtime::context::scoped::Scoped<tokio[fe28772c1e9bdde2]::runtime::scheduler::Context>>::set::<<tokio[fe28772c1e9bdde2]::runtime::scheduler::current_thread::CoreGuard>::enter<<tokio[fe28772c1e9bdde2]::runtime::scheduler::current_thread::CoreGuard>::block_on<core[df12db4294e9bfd3]::pin::Pin<&mut core[df12db4294e9bfd3]::pin::Pin<&mut dyn core[df12db4294e9bfd3]::future::future::Future<Output = ()>>>>::{closure#0}, core[df12db4294e9bfd3]::option::Option<()>>::{closure#0}, (alloc[2182bb758b4b3781]::boxed::Box<tokio[fe28772c1e9bdde2]::runtime::scheduler::current_thread::Core>, core[df12db4294e9bfd3]::option::Option<()>)>
[INFO] [stdout]   15:     0x55c9863347f7 - <tokio[fe28772c1e9bdde2]::runtime::scheduler::current_thread::CoreGuard>::block_on::<core[df12db4294e9bfd3]::pin::Pin<&mut core[df12db4294e9bfd3]::pin::Pin<&mut dyn core[df12db4294e9bfd3]::future::future::Future<Output = ()>>>>
[INFO] [stdout]   16:     0x55c98633a977 - tokio[fe28772c1e9bdde2]::runtime::context::runtime::enter_runtime::<<tokio[fe28772c1e9bdde2]::runtime::scheduler::current_thread::CurrentThread>::block_on<core[df12db4294e9bfd3]::pin::Pin<&mut dyn core[df12db4294e9bfd3]::future::future::Future<Output = ()>>>::{closure#0}, ()>
[INFO] [stdout]   17:     0x55c986335815 - <tokio[fe28772c1e9bdde2]::runtime::runtime::Runtime>::block_on::<core[df12db4294e9bfd3]::pin::Pin<&mut dyn core[df12db4294e9bfd3]::future::future::Future<Output = ()>>>
[INFO] [stdout]   18:     0x55c98632efee - <typed_responses_test[446d585635502b65]::test_typed_product_versions::{closure#0} as core[df12db4294e9bfd3]::ops::function::FnOnce<()>>::call_once
[INFO] [stdout]   19:     0x55c98633b74b - test[9d35eded1c95d3be]::__rust_begin_short_backtrace::<core[df12db4294e9bfd3]::result::Result<(), alloc[2182bb758b4b3781]::string::String>, fn() -> core[df12db4294e9bfd3]::result::Result<(), alloc[2182bb758b4b3781]::string::String>>
[INFO] [stdout]   20:     0x55c986348db5 - test[9d35eded1c95d3be]::run_test::{closure#0}
[INFO] [stdout]   21:     0x55c986342674 - std[70759c8f55707aa4]::sys::backtrace::__rust_begin_short_backtrace::<test[9d35eded1c95d3be]::run_test::{closure#1}, ()>
[INFO] [stdout]   22:     0x55c98634bf12 - <std[70759c8f55707aa4]::thread::lifecycle::spawn_unchecked<test[9d35eded1c95d3be]::run_test::{closure#1}, ()>::{closure#1} as core[df12db4294e9bfd3]::ops::function::FnOnce<()>>::call_once::{shim:vtable#0}
[INFO] [stdout]   23:     0x55c986482209 - <std[70759c8f55707aa4]::sys::thread::unix::Thread>::new::thread_start
[INFO] [stdout]   24:     0x7b3952a7bdfa - <unknown>
[INFO] [stdout]   25:     0x7b3952b0f3d4 - clone
[INFO] [stdout]   26:                0x0 - <unknown>
[INFO] [stdout] 
[INFO] [stdout] ---- test_response_convenience_methods stdout ----
[INFO] [stdout] 
[INFO] [stdout] thread 'test_response_convenience_methods' (3324) panicked at tests/typed_responses_test.rs:93:10:
[INFO] [stdout] Failed to get response: ConnectionFailed { host: "us.version.battle.net", port: 1119 }
[INFO] [stdout] stack backtrace:
[INFO] [stdout]    0:     0x55c986482ce1 - <<std[70759c8f55707aa4]::sys::backtrace::BacktraceLock>::print::DisplayBacktrace as core[df12db4294e9bfd3]::fmt::Display>::fmt
[INFO] [stdout]    1:     0x55c98649a25a - core[df12db4294e9bfd3]::fmt::write
[INFO] [stdout]    2:     0x55c98648771c - <alloc[2182bb758b4b3781]::vec::Vec<u8> as core[df12db4294e9bfd3]::io::write::Write>::write_fmt
[INFO] [stdout]    3:     0x55c98645e626 - std[70759c8f55707aa4]::panicking::default_hook::{closure#0}
[INFO] [stdout]    4:     0x55c98647ad29 - std[70759c8f55707aa4]::panicking::default_hook
[INFO] [stdout]    5:     0x55c986348460 - test[9d35eded1c95d3be]::test_main_inner::<test[9d35eded1c95d3be]::test_main_static::{closure#0}>::{closure#0}
[INFO] [stdout]    6:     0x55c98647b052 - std[70759c8f55707aa4]::panicking::panic_with_hook
[INFO] [stdout]    7:     0x55c98645e6d2 - std[70759c8f55707aa4]::panicking::panic_handler::{closure#0}
[INFO] [stdout]    8:     0x55c9864573a9 - std[70759c8f55707aa4]::sys::backtrace::__rust_end_short_backtrace::<std[70759c8f55707aa4]::panicking::panic_handler::{closure#0}, !>
[INFO] [stdout]    9:     0x55c98645f4bd - __rustc[8fa7c3cbc660c2b3]::rust_begin_unwind
[INFO] [stdout]   10:     0x55c98649a9bc - core[df12db4294e9bfd3]::panicking::panic_fmt
[INFO] [stdout]   11:     0x55c98649a792 - core[df12db4294e9bfd3]::result::unwrap_failed
[INFO] [stdout]   12:     0x55c98632a393 - typed_responses_test[446d585635502b65]::test_response_convenience_methods::{closure#0}
[INFO] [stdout]   13:     0x55c9863344a3 - <tokio[fe28772c1e9bdde2]::runtime::scheduler::current_thread::Context>::enter::<core[df12db4294e9bfd3]::task::poll::Poll<()>, <tokio[fe28772c1e9bdde2]::runtime::scheduler::current_thread::CoreGuard>::block_on<core[df12db4294e9bfd3]::pin::Pin<&mut core[df12db4294e9bfd3]::pin::Pin<&mut dyn core[df12db4294e9bfd3]::future::future::Future<Output = ()>>>>::{closure#0}::{closure#0}>
[INFO] [stdout]   14:     0x55c986336a6c - <tokio[fe28772c1e9bdde2]::runtime::context::scoped::Scoped<tokio[fe28772c1e9bdde2]::runtime::scheduler::Context>>::set::<<tokio[fe28772c1e9bdde2]::runtime::scheduler::current_thread::CoreGuard>::enter<<tokio[fe28772c1e9bdde2]::runtime::scheduler::current_thread::CoreGuard>::block_on<core[df12db4294e9bfd3]::pin::Pin<&mut core[df12db4294e9bfd3]::pin::Pin<&mut dyn core[df12db4294e9bfd3]::future::future::Future<Output = ()>>>>::{closure#0}, core[df12db4294e9bfd3]::option::Option<()>>::{closure#0}, (alloc[2182bb758b4b3781]::boxed::Box<tokio[fe28772c1e9bdde2]::runtime::scheduler::current_thread::Core>, core[df12db4294e9bfd3]::option::Option<()>)>
[INFO] [stdout]   15:     0x55c9863347f7 - <tokio[fe28772c1e9bdde2]::runtime::scheduler::current_thread::CoreGuard>::block_on::<core[df12db4294e9bfd3]::pin::Pin<&mut core[df12db4294e9bfd3]::pin::Pin<&mut dyn core[df12db4294e9bfd3]::future::future::Future<Output = ()>>>>
[INFO] [stdout]   16:     0x55c98633a977 - tokio[fe28772c1e9bdde2]::runtime::context::runtime::enter_runtime::<<tokio[fe28772c1e9bdde2]::runtime::scheduler::current_thread::CurrentThread>::block_on<core[df12db4294e9bfd3]::pin::Pin<&mut dyn core[df12db4294e9bfd3]::future::future::Future<Output = ()>>>::{closure#0}, ()>
[INFO] [stdout]   17:     0x55c986335815 - <tokio[fe28772c1e9bdde2]::runtime::runtime::Runtime>::block_on::<core[df12db4294e9bfd3]::pin::Pin<&mut dyn core[df12db4294e9bfd3]::future::future::Future<Output = ()>>>
[INFO] [stdout]   18:     0x55c98632f14e - <typed_responses_test[446d585635502b65]::test_response_convenience_methods::{closure#0} as core[df12db4294e9bfd3]::ops::function::FnOnce<()>>::call_once
[INFO] [stdout]   19:     0x55c98633b74b - test[9d35eded1c95d3be]::__rust_begin_short_backtrace::<core[df12db4294e9bfd3]::result::Result<(), alloc[2182bb758b4b3781]::string::String>, fn() -> core[df12db4294e9bfd3]::result::Result<(), alloc[2182bb758b4b3781]::string::String>>
[INFO] [stdout]   20:     0x55c986348db5 - test[9d35eded1c95d3be]::run_test::{closure#0}
[INFO] [stdout]   21:     0x55c986342674 - std[70759c8f55707aa4]::sys::backtrace::__rust_begin_short_backtrace::<test[9d35eded1c95d3be]::run_test::{closure#1}, ()>
[INFO] [stdout]   22:     0x55c98634bf12 - <std[70759c8f55707aa4]::thread::lifecycle::spawn_unchecked<test[9d35eded1c95d3be]::run_test::{closure#1}, ()>::{closure#1} as core[df12db4294e9bfd3]::ops::function::FnOnce<()>>::call_once::{shim:vtable#0}
[INFO] [stdout]   23:     0x55c986482209 - <std[70759c8f55707aa4]::sys::thread::unix::Thread>::new::thread_start
[INFO] [stdout]   24:     0x7b3952a7bdfa - <unknown>
[INFO] [stdout]   25:     0x7b3952b0f3d4 - clone
[INFO] [stdout]   26:                0x0 - <unknown>
[INFO] [stdout] 
[INFO] [stdout] 
[INFO] [stdout] failures:
[INFO] [stdout]     test_response_convenience_methods
[INFO] [stdout]     test_typed_product_cdns
[INFO] [stdout]     test_typed_product_versions
[INFO] [stdout]     test_typed_summary
[INFO] [stdout]     test_version_entry_methods
[INFO] [stdout] 
[INFO] [stdout] test result: FAILED. 1 passed; 5 failed; 0 ignored; 0 measured; 0 filtered out; finished in 0.01s
[INFO] [stdout] 
[INFO] [stderr] error: test failed, to rerun pass `--test typed_responses_test`
[INFO] running `Command { std: "docker" "inspect" "1c397554214ea4f9518b88e27365c09c2116dfa6d914e21d9ad10540fe5b35cd", kill_on_drop: false }`
[INFO] running `Command { std: "docker" "rm" "-f" "1c397554214ea4f9518b88e27365c09c2116dfa6d914e21d9ad10540fe5b35cd", kill_on_drop: false }`
[INFO] [stdout] 1c397554214ea4f9518b88e27365c09c2116dfa6d914e21d9ad10540fe5b35cd
