[INFO] fetching crate rialo-s-secp256k1-recover 0.21.0-alpha.0...
[INFO] testing rialo-s-secp256k1-recover-0.21.0-alpha.0 against 1.100.0-beta.1+cargoflags=--release for beta-release-1.100-2
[INFO] extracting crate rialo-s-secp256k1-recover 0.21.0-alpha.0 into /workspace/builds/worker-2-tc2/source
[INFO] started tweaking crates.io crate rialo-s-secp256k1-recover 0.21.0-alpha.0
[INFO] finished tweaking crates.io crate rialo-s-secp256k1-recover 0.21.0-alpha.0
[INFO] tweaked toml for crates.io crate rialo-s-secp256k1-recover 0.21.0-alpha.0 written to /workspace/builds/worker-2-tc2/source/Cargo.toml
[INFO] validating manifest of crates.io crate rialo-s-secp256k1-recover 0.21.0-alpha.0 on toolchain 1.100.0-beta.1
[INFO] running `Command { std: CARGO_HOME="/workspace/cargo-home" RUSTUP_HOME="/workspace/rustup-home" "/workspace/cargo-home/bin/cargo" "+1.100.0-beta.1" "metadata" "--manifest-path" "Cargo.toml" "--no-deps", kill_on_drop: false }`
[INFO] crate crates.io crate rialo-s-secp256k1-recover 0.21.0-alpha.0 already has a lockfile, it will not be regenerated
[INFO] running `Command { std: CARGO_HOME="/workspace/cargo-home" RUSTUP_HOME="/workspace/rustup-home" "/workspace/cargo-home/bin/cargo" "+1.100.0-beta.1" "fetch" "--manifest-path" "Cargo.toml", kill_on_drop: false }`
[INFO] [stderr] warning: `package.homepage` is redundant with `package.repository`
[INFO] [stderr]   --> Cargo.toml:78:12
[INFO] [stderr]    |
[INFO] [stderr] 78 | homepage = "https://github.com/SubzeroLabs/rialo"
[INFO] [stderr]    |            ^^^^^^^^^^^^^^^^^^^^^^^^^^^^^^^^^^^^^^
[INFO] [stderr] ...
[INFO] [stderr] 83 | repository = "https://github.com/SubzeroLabs/rialo"
[INFO] [stderr]    |              --------------------------------------
[INFO] [stderr]    |
[INFO] [stderr]    = note: `cargo::redundant_homepage` is set to `warn` by default
[INFO] [stderr] help: consider removing `package.homepage`
[INFO] [stderr] warning: `rialo-s-secp256k1-recover` (manifest) generated 1 warning
[INFO] running `Command { std: "docker" "create" "-v" "/var/lib/crater-agent-workspace/builds/worker-2-tc2/source:/opt/rustwide/workdir:ro,Z" "-v" "/var/lib/crater-agent-workspace/builds/worker-2-tc2/target:/opt/rustwide/target:rw,Z" "-v" "/var/lib/crater-agent-workspace/cargo-home:/opt/rustwide/cargo-home:ro,Z" "-v" "/var/lib/crater-agent-workspace/rustup-home:/opt/rustwide/rustup-home:ro,Z" "-m" "1610612736" "--network" "none" "ghcr.io/rust-lang/crates-build-env/linux@sha256:77db811e55d90add9212f6832c23229e3de5f1c1f9905e8cb07319ea15df73ac" "sleep" "infinity", kill_on_drop: false }`
[INFO] [stdout] ceab29a9894972678e4eaa2456d450438bbaa1aeb0ea8c9ed7c1aac786a38b55
[INFO] running `Command { std: "docker" "start" "ceab29a9894972678e4eaa2456d450438bbaa1aeb0ea8c9ed7c1aac786a38b55", kill_on_drop: false }`
[INFO] running `Command { std: "docker" "inspect" "ceab29a9894972678e4eaa2456d450438bbaa1aeb0ea8c9ed7c1aac786a38b55", kill_on_drop: false }`
[INFO] running `Command { std: "docker" "exec" "-e" "SOURCE_DIR=/opt/rustwide/workdir" "-e" "CARGO_HOME=/opt/rustwide/cargo-home" "-e" "RUSTUP_HOME=/opt/rustwide/rustup-home" "-e" "CARGO_TARGET_DIR=/opt/rustwide/target" "-w" "/opt/rustwide/workdir" "--user" "0:0" "ceab29a9894972678e4eaa2456d450438bbaa1aeb0ea8c9ed7c1aac786a38b55" "/opt/rustwide/cargo-home/bin/cargo" "+1.100.0-beta.1" "metadata" "--no-deps" "--format-version=1", kill_on_drop: false }`
[INFO] running `Command { std: "docker" "inspect" "ceab29a9894972678e4eaa2456d450438bbaa1aeb0ea8c9ed7c1aac786a38b55", kill_on_drop: false }`
[INFO] running `Command { std: "docker" "exec" "-e" "SOURCE_DIR=/opt/rustwide/workdir" "-e" "CARGO_HOME=/opt/rustwide/cargo-home" "-e" "RUSTUP_HOME=/opt/rustwide/rustup-home" "-e" "CARGO_TARGET_DIR=/opt/rustwide/target" "-e" "CARGO_INCREMENTAL=0" "-e" "RUST_BACKTRACE=full" "-e" "RUSTFLAGS=--cap-lints=warn" "-e" "RUSTDOCFLAGS=--cap-lints=warn" "-w" "/opt/rustwide/workdir" "--user" "0:0" "ceab29a9894972678e4eaa2456d450438bbaa1aeb0ea8c9ed7c1aac786a38b55" "/opt/rustwide/cargo-home/bin/cargo" "+1.100.0-beta.1" "build" "--frozen" "--message-format=json" "--release", kill_on_drop: false }`
[INFO] [stderr] warning: `package.homepage` is redundant with `package.repository`
[INFO] [stderr]   --> Cargo.toml:78:12
[INFO] [stderr]    |
[INFO] [stderr] 78 | homepage = "https://github.com/SubzeroLabs/rialo"
[INFO] [stderr]    |            ^^^^^^^^^^^^^^^^^^^^^^^^^^^^^^^^^^^^^^
[INFO] [stderr] ...
[INFO] [stderr] 83 | repository = "https://github.com/SubzeroLabs/rialo"
[INFO] [stderr]    |              --------------------------------------
[INFO] [stderr]    |
[INFO] [stderr]    = note: `cargo::redundant_homepage` is set to `warn` by default
[INFO] [stderr] help: consider removing `package.homepage`
[INFO] [stderr] warning: `rialo-s-secp256k1-recover` (manifest) generated 1 warning
[INFO] [stderr]    Compiling zeroize v1.8.2
[INFO] [stderr]    Compiling libc v0.2.180
[INFO] [stderr]    Compiling base16ct v0.2.0
[INFO] [stderr]    Compiling once_cell v1.21.3
[INFO] [stderr]    Compiling generic-array v0.14.7
[INFO] [stderr]    Compiling syn v2.0.114
[INFO] [stderr]    Compiling der v0.7.10
[INFO] [stderr]    Compiling crypto-common v0.1.7
[INFO] [stderr]    Compiling block-buffer v0.10.4
[INFO] [stderr]    Compiling digest v0.10.7
[INFO] [stderr]    Compiling hmac v0.12.1
[INFO] [stderr]    Compiling sha2 v0.10.9
[INFO] [stderr]    Compiling rfc6979 v0.4.0
[INFO] [stderr]    Compiling getrandom v0.2.17
[INFO] [stderr]    Compiling spki v0.7.3
[INFO] [stderr]    Compiling sec1 v0.7.3
[INFO] [stderr]    Compiling rand_core v0.6.4
[INFO] [stderr]    Compiling ff v0.13.1
[INFO] [stderr]    Compiling crypto-bigint v0.5.5
[INFO] [stderr]    Compiling signature v2.2.0
[INFO] [stderr]    Compiling pkcs8 v0.10.2
[INFO] [stderr]    Compiling group v0.13.0
[INFO] [stderr]    Compiling thiserror-impl v1.0.69
[INFO] [stderr]    Compiling thiserror v1.0.69
[INFO] [stderr]    Compiling elliptic-curve v0.13.8
[INFO] [stderr]    Compiling ecdsa v0.16.9
[INFO] [stderr]    Compiling k256 v0.13.4
[INFO] [stderr]    Compiling rialo-s-secp256k1-recover v0.21.0-alpha.0 (/opt/rustwide/workdir)
[INFO] [stderr]     Finished `release` profile [optimized] target(s) in 10.41s
[INFO] running `Command { std: "docker" "inspect" "ceab29a9894972678e4eaa2456d450438bbaa1aeb0ea8c9ed7c1aac786a38b55", kill_on_drop: false }`
[INFO] running `Command { std: "docker" "exec" "-e" "SOURCE_DIR=/opt/rustwide/workdir" "-e" "CARGO_HOME=/opt/rustwide/cargo-home" "-e" "RUSTUP_HOME=/opt/rustwide/rustup-home" "-e" "CARGO_TARGET_DIR=/opt/rustwide/target" "-e" "CARGO_INCREMENTAL=0" "-e" "RUST_BACKTRACE=full" "-e" "RUSTFLAGS=--cap-lints=warn" "-e" "RUSTDOCFLAGS=--cap-lints=warn" "-w" "/opt/rustwide/workdir" "--user" "0:0" "ceab29a9894972678e4eaa2456d450438bbaa1aeb0ea8c9ed7c1aac786a38b55" "/opt/rustwide/cargo-home/bin/cargo" "+1.100.0-beta.1" "test" "--frozen" "--no-run" "--message-format=json" "--release", kill_on_drop: false }`
[INFO] [stderr] warning: `package.homepage` is redundant with `package.repository`
[INFO] [stderr]   --> Cargo.toml:78:12
[INFO] [stderr]    |
[INFO] [stderr] 78 | homepage = "https://github.com/SubzeroLabs/rialo"
[INFO] [stderr]    |            ^^^^^^^^^^^^^^^^^^^^^^^^^^^^^^^^^^^^^^
[INFO] [stderr] ...
[INFO] [stderr] 83 | repository = "https://github.com/SubzeroLabs/rialo"
[INFO] [stderr]    |              --------------------------------------
[INFO] [stderr]    |
[INFO] [stderr]    = note: `cargo::redundant_homepage` is set to `warn` by default
[INFO] [stderr] help: consider removing `package.homepage`
[INFO] [stderr] warning: `rialo-s-secp256k1-recover` (manifest) generated 1 warning
[INFO] [stderr]    Compiling rialo-s-secp256k1-recover v0.21.0-alpha.0 (/opt/rustwide/workdir)
[INFO] [stderr]     Finished `release` profile [optimized] target(s) in 0.24s
[INFO] running `Command { std: "docker" "inspect" "ceab29a9894972678e4eaa2456d450438bbaa1aeb0ea8c9ed7c1aac786a38b55", kill_on_drop: false }`
[INFO] running `Command { std: "docker" "exec" "-e" "SOURCE_DIR=/opt/rustwide/workdir" "-e" "CARGO_HOME=/opt/rustwide/cargo-home" "-e" "RUSTUP_HOME=/opt/rustwide/rustup-home" "-e" "CARGO_TARGET_DIR=/opt/rustwide/target" "-e" "CARGO_INCREMENTAL=0" "-e" "RUST_BACKTRACE=full" "-e" "RUSTFLAGS=--cap-lints=warn" "-e" "RUSTDOCFLAGS=--cap-lints=warn" "-w" "/opt/rustwide/workdir" "--user" "0:0" "ceab29a9894972678e4eaa2456d450438bbaa1aeb0ea8c9ed7c1aac786a38b55" "/opt/rustwide/cargo-home/bin/cargo" "+1.100.0-beta.1" "test" "--frozen" "--release", kill_on_drop: false }`
[INFO] [stderr] warning: `package.homepage` is redundant with `package.repository`
[INFO] [stderr]   --> Cargo.toml:78:12
[INFO] [stderr]    |
[INFO] [stderr] 78 | homepage = "https://github.com/SubzeroLabs/rialo"
[INFO] [stderr]    |            ^^^^^^^^^^^^^^^^^^^^^^^^^^^^^^^^^^^^^^
[INFO] [stderr] ...
[INFO] [stderr] 83 | repository = "https://github.com/SubzeroLabs/rialo"
[INFO] [stderr]    |              --------------------------------------
[INFO] [stderr]    |
[INFO] [stderr]    = note: `cargo::redundant_homepage` is set to `warn` by default
[INFO] [stderr] help: consider removing `package.homepage`
[INFO] [stderr] warning: `rialo-s-secp256k1-recover` (manifest) generated 1 warning
[INFO] [stderr]     Finished `release` profile [optimized] target(s) in 0.07s
[INFO] [stderr]      Running unittests src/lib.rs (/opt/rustwide/target/release/build/rialo-s-secp256k1-recover/ef5f0f36181c9fb1/out/rialo_s_secp256k1_recover-ef5f0f36181c9fb1)
[INFO] [stdout] 
[INFO] [stdout] running 0 tests
[INFO] [stdout] 
[INFO] [stdout] test result: ok. 0 passed; 0 failed; 0 ignored; 0 measured; 0 filtered out; finished in 0.00s
[INFO] [stdout] 
[INFO] [stderr]    Doc-tests rialo_s_secp256k1_recover
[INFO] [stdout] 
[INFO] [stdout] running 4 tests
[INFO] [stdout] test src/lib.rs - secp256k1_recover (line 338) - compile ... FAILED
[INFO] [stdout] test src/lib.rs - secp256k1_recover (line 267) - compile ... FAILED
[INFO] [stdout] test src/lib.rs - secp256k1_recover (line 252) ... FAILED
[INFO] [stdout] test src/lib.rs - secp256k1_recover (line 172) ... FAILED
[INFO] [stdout] 
[INFO] [stdout] failures:
[INFO] [stdout] 
[INFO] [stdout] ---- src/lib.rs - secp256k1_recover (line 338) stdout ----
[INFO] [stdout] error[E0433]: cannot find module or crate `rialo_s_program` in this scope
[INFO] [stdout]    --> src/lib.rs:339:5
[INFO] [stdout]     |
[INFO] [stdout] 339 | use rialo_s_program::example_mocks::solana_rpc_client;
[INFO] [stdout]     |     ^^^^^^^^^^^^^^^ use of unresolved module or unlinked crate `rialo_s_program`
[INFO] [stdout]     |
[INFO] [stdout]     = help: if you wanted to use a crate named `rialo_s_program`, use `cargo add rialo_s_program` to add it to your `Cargo.toml`
[INFO] [stdout] 
[INFO] [stdout] error[E0433]: cannot find module or crate `rialo_s_program` in this scope
[INFO] [stdout]    --> src/lib.rs:340:5
[INFO] [stdout]     |
[INFO] [stdout] 340 | use rialo_s_program::example_mocks::rialo_s_sdk;
[INFO] [stdout]     |     ^^^^^^^^^^^^^^^ use of unresolved module or unlinked crate `rialo_s_program`
[INFO] [stdout]     |
[INFO] [stdout]     = help: if you wanted to use a crate named `rialo_s_program`, use `cargo add rialo_s_program` to add it to your `Cargo.toml`
[INFO] [stdout] 
[INFO] [stdout] error[E0432]: unresolved import `anyhow`
[INFO] [stdout]    --> src/lib.rs:341:5
[INFO] [stdout]     |
[INFO] [stdout] 341 | use anyhow::Result;
[INFO] [stdout]     |     ^^^^^^ use of unresolved module or unlinked crate `anyhow`
[INFO] [stdout]     |
[INFO] [stdout]     = help: if you wanted to use a crate named `anyhow`, use `cargo add anyhow` to add it to your `Cargo.toml`
[INFO] [stdout] 
[INFO] [stdout] error[E0432]: unresolved import `borsh`
[INFO] [stdout]    --> src/lib.rs:351:5
[INFO] [stdout]     |
[INFO] [stdout] 351 | use borsh::{BorshDeserialize, BorshSerialize};
[INFO] [stdout]     |     ^^^^^ use of unresolved module or unlinked crate `borsh`
[INFO] [stdout]     |
[INFO] [stdout]     = help: if you wanted to use a crate named `borsh`, use `cargo add borsh` to add it to your `Cargo.toml`
[INFO] [stdout] 
[INFO] [stdout] error: cannot find attribute `borsh` in this scope
[INFO] [stdout]    --> src/lib.rs:353:3
[INFO] [stdout]     |
[INFO] [stdout] 353 | #[borsh(crate = "borsh")]
[INFO] [stdout]     |   ^^^^^
[INFO] [stdout] 
[INFO] [stdout] error: aborting due to 5 previous errors
[INFO] [stdout] 
[INFO] [stdout] Some errors have detailed explanations: E0432, E0433.
[INFO] [stdout] For more information about an error, try `rustc --explain E0432`.
[INFO] [stdout] Couldn't compile the test.
[INFO] [stdout] ---- src/lib.rs - secp256k1_recover (line 267) stdout ----
[INFO] [stdout] error[E0433]: cannot find module or crate `rialo_s_program` in this scope
[INFO] [stdout]    --> src/lib.rs:270:5
[INFO] [stdout]     |
[INFO] [stdout] 270 | use rialo_s_program::{
[INFO] [stdout]     |     ^^^^^^^^^^^^^^^ use of unresolved module or unlinked crate `rialo_s_program`
[INFO] [stdout]     |
[INFO] [stdout]     = help: if you wanted to use a crate named `rialo_s_program`, use `cargo add rialo_s_program` to add it to your `Cargo.toml`
[INFO] [stdout] 
[INFO] [stdout] error[E0432]: unresolved import `rialo_s_keccak_hasher`
[INFO] [stdout]    --> src/lib.rs:269:5
[INFO] [stdout]     |
[INFO] [stdout] 269 | use rialo_s_keccak_hasher as keccak;
[INFO] [stdout]     |     ---------------------^^^^^^^^^^
[INFO] [stdout]     |     |
[INFO] [stdout]     |     no external crate `rialo_s_keccak_hasher`
[INFO] [stdout] 
[INFO] [stdout] error[E0432]: unresolved import `rialo_s_program`
[INFO] [stdout]    --> src/lib.rs:270:5
[INFO] [stdout]     |
[INFO] [stdout] 270 | use rialo_s_program::{
[INFO] [stdout]     |     ^^^^^^^^^^^^^^^ use of unresolved module or unlinked crate `rialo_s_program`
[INFO] [stdout]     |
[INFO] [stdout]     = help: if you wanted to use a crate named `rialo_s_program`, use `cargo add rialo_s_program` to add it to your `Cargo.toml`
[INFO] [stdout] 
[INFO] [stdout] error: aborting due to 3 previous errors
[INFO] [stdout] 
[INFO] [stdout] Some errors have detailed explanations: E0432, E0433.
[INFO] [stdout] For more information about an error, try `rustc --explain E0432`.
[INFO] [stdout] Couldn't compile the test.
[INFO] [stdout] ---- src/lib.rs - secp256k1_recover (line 252) stdout ----
[INFO] [stdout] error[E0432]: unresolved import `borsh`
[INFO] [stdout]    --> src/lib.rs:253:5
[INFO] [stdout]     |
[INFO] [stdout] 253 | use borsh::{BorshDeserialize, BorshSerialize};
[INFO] [stdout]     |     ^^^^^ use of unresolved module or unlinked crate `borsh`
[INFO] [stdout]     |
[INFO] [stdout]     = help: if you wanted to use a crate named `borsh`, use `cargo add borsh` to add it to your `Cargo.toml`
[INFO] [stdout] 
[INFO] [stdout] error: cannot find attribute `borsh` in this scope
[INFO] [stdout]    --> src/lib.rs:256:3
[INFO] [stdout]     |
[INFO] [stdout] 256 | #[borsh(crate = "borsh")]
[INFO] [stdout]     |   ^^^^^
[INFO] [stdout] 
[INFO] [stdout] error: aborting due to 2 previous errors
[INFO] [stdout] 
[INFO] [stdout] For more information about this error, try `rustc --explain E0432`.
[INFO] [stdout] Couldn't compile the test.
[INFO] [stdout] ---- src/lib.rs - secp256k1_recover (line 172) stdout ----
[INFO] [stdout] error[E0433]: cannot find module or crate `rialo_s_program` in this scope
[INFO] [stdout]    --> src/lib.rs:173:5
[INFO] [stdout]     |
[INFO] [stdout] 173 | use rialo_s_program::program_error::ProgramError;
[INFO] [stdout]     |     ^^^^^^^^^^^^^^^ use of unresolved module or unlinked crate `rialo_s_program`
[INFO] [stdout]     |
[INFO] [stdout]     = help: if you wanted to use a crate named `rialo_s_program`, use `cargo add rialo_s_program` to add it to your `Cargo.toml`
[INFO] [stdout] 
[INFO] [stdout] error: aborting due to 1 previous error
[INFO] [stdout] 
[INFO] [stdout] For more information about this error, try `rustc --explain E0433`.
[INFO] [stdout] Couldn't compile the test.
[INFO] [stdout] 
[INFO] [stdout] failures:
[INFO] [stdout]     src/lib.rs - secp256k1_recover (line 172)
[INFO] [stdout]     src/lib.rs - secp256k1_recover (line 252)
[INFO] [stdout]     src/lib.rs - secp256k1_recover (line 267)
[INFO] [stdout]     src/lib.rs - secp256k1_recover (line 338)
[INFO] [stdout] 
[INFO] [stdout] test result: FAILED. 0 passed; 4 failed; 0 ignored; 0 measured; 0 filtered out; finished in 0.19s
[INFO] [stdout] 
[INFO] [stderr] error: doctest failed, to rerun pass `--doc`
[INFO] running `Command { std: "docker" "inspect" "ceab29a9894972678e4eaa2456d450438bbaa1aeb0ea8c9ed7c1aac786a38b55", kill_on_drop: false }`
[INFO] running `Command { std: "docker" "rm" "-f" "ceab29a9894972678e4eaa2456d450438bbaa1aeb0ea8c9ed7c1aac786a38b55", kill_on_drop: false }`
[INFO] [stdout] ceab29a9894972678e4eaa2456d450438bbaa1aeb0ea8c9ed7c1aac786a38b55
