[INFO] fetching crate riak-async 0.3.1...
[INFO] testing riak-async-0.3.1 against 1.100.0-beta.1+cargoflags=--release for beta-release-1.100-2
[INFO] extracting crate riak-async 0.3.1 into /workspace/builds/worker-7-tc2/source
[INFO] started tweaking crates.io crate riak-async 0.3.1
[INFO] removed 0 missing tests
[INFO] finished tweaking crates.io crate riak-async 0.3.1
[INFO] tweaked toml for crates.io crate riak-async 0.3.1 written to /workspace/builds/worker-7-tc2/source/Cargo.toml
[INFO] validating manifest of crates.io crate riak-async 0.3.1 on toolchain 1.100.0-beta.1
[INFO] running `Command { std: CARGO_HOME="/workspace/cargo-home" RUSTUP_HOME="/workspace/rustup-home" "/workspace/cargo-home/bin/cargo" "+1.100.0-beta.1" "metadata" "--manifest-path" "Cargo.toml" "--no-deps", kill_on_drop: false }`
[INFO] crate crates.io crate riak-async 0.3.1 already has a lockfile, it will not be regenerated
[INFO] running `Command { std: CARGO_HOME="/workspace/cargo-home" RUSTUP_HOME="/workspace/rustup-home" "/workspace/cargo-home/bin/cargo" "+1.100.0-beta.1" "fetch" "--manifest-path" "Cargo.toml", kill_on_drop: false }`
[INFO] [stderr] warning: `package.homepage` is redundant with `package.repository`
[INFO] [stderr]   --> Cargo.toml:42:12
[INFO] [stderr]    |
[INFO] [stderr] 42 | homepage = "https://github.com/evilbluebeaver/riak-rust-client-async"
[INFO] [stderr]    |            ^^^^^^^^^^^^^^^^^^^^^^^^^^^^^^^^^^^^^^^^^^^^^^^^^^^^^^^^^^
[INFO] [stderr] ...
[INFO] [stderr] 47 | repository = "https://github.com/evilbluebeaver/riak-rust-client-async"
[INFO] [stderr]    |              ----------------------------------------------------------
[INFO] [stderr]    |
[INFO] [stderr]    = note: `cargo::redundant_homepage` is set to `warn` by default
[INFO] [stderr] help: consider removing `package.homepage`
[INFO] [stderr] warning: `riak-async` (manifest) generated 1 warning
[INFO] running `Command { std: "docker" "create" "-v" "/var/lib/crater-agent-workspace/builds/worker-7-tc2/source:/opt/rustwide/workdir:ro,Z" "-v" "/var/lib/crater-agent-workspace/builds/worker-7-tc2/target:/opt/rustwide/target:rw,Z" "-v" "/var/lib/crater-agent-workspace/cargo-home:/opt/rustwide/cargo-home:ro,Z" "-v" "/var/lib/crater-agent-workspace/rustup-home:/opt/rustwide/rustup-home:ro,Z" "-m" "1610612736" "--network" "none" "ghcr.io/rust-lang/crates-build-env/linux@sha256:77db811e55d90add9212f6832c23229e3de5f1c1f9905e8cb07319ea15df73ac" "sleep" "infinity", kill_on_drop: false }`
[INFO] [stdout] c023c19b3ca4e6aa2ccde2667a5b6c396bb172ce88b70787c2c3d795fa6369e2
[INFO] running `Command { std: "docker" "start" "c023c19b3ca4e6aa2ccde2667a5b6c396bb172ce88b70787c2c3d795fa6369e2", kill_on_drop: false }`
[INFO] running `Command { std: "docker" "inspect" "c023c19b3ca4e6aa2ccde2667a5b6c396bb172ce88b70787c2c3d795fa6369e2", kill_on_drop: false }`
[INFO] running `Command { std: "docker" "exec" "-e" "SOURCE_DIR=/opt/rustwide/workdir" "-e" "CARGO_HOME=/opt/rustwide/cargo-home" "-e" "RUSTUP_HOME=/opt/rustwide/rustup-home" "-e" "CARGO_TARGET_DIR=/opt/rustwide/target" "-w" "/opt/rustwide/workdir" "--user" "0:0" "c023c19b3ca4e6aa2ccde2667a5b6c396bb172ce88b70787c2c3d795fa6369e2" "/opt/rustwide/cargo-home/bin/cargo" "+1.100.0-beta.1" "metadata" "--no-deps" "--format-version=1", kill_on_drop: false }`
[INFO] running `Command { std: "docker" "inspect" "c023c19b3ca4e6aa2ccde2667a5b6c396bb172ce88b70787c2c3d795fa6369e2", kill_on_drop: false }`
[INFO] running `Command { std: "docker" "exec" "-e" "SOURCE_DIR=/opt/rustwide/workdir" "-e" "CARGO_HOME=/opt/rustwide/cargo-home" "-e" "RUSTUP_HOME=/opt/rustwide/rustup-home" "-e" "CARGO_TARGET_DIR=/opt/rustwide/target" "-e" "CARGO_INCREMENTAL=0" "-e" "RUST_BACKTRACE=full" "-e" "RUSTFLAGS=--cap-lints=warn" "-e" "RUSTDOCFLAGS=--cap-lints=warn" "-w" "/opt/rustwide/workdir" "--user" "0:0" "c023c19b3ca4e6aa2ccde2667a5b6c396bb172ce88b70787c2c3d795fa6369e2" "/opt/rustwide/cargo-home/bin/cargo" "+1.100.0-beta.1" "build" "--frozen" "--message-format=json" "--release", kill_on_drop: false }`
[INFO] [stderr] warning: `package.homepage` is redundant with `package.repository`
[INFO] [stderr]   --> Cargo.toml:42:12
[INFO] [stderr]    |
[INFO] [stderr] 42 | homepage = "https://github.com/evilbluebeaver/riak-rust-client-async"
[INFO] [stderr]    |            ^^^^^^^^^^^^^^^^^^^^^^^^^^^^^^^^^^^^^^^^^^^^^^^^^^^^^^^^^^
[INFO] [stderr] ...
[INFO] [stderr] 47 | repository = "https://github.com/evilbluebeaver/riak-rust-client-async"
[INFO] [stderr]    |              ----------------------------------------------------------
[INFO] [stderr]    |
[INFO] [stderr]    = note: `cargo::redundant_homepage` is set to `warn` by default
[INFO] [stderr] help: consider removing `package.homepage`
[INFO] [stderr] warning: `riak-async` (manifest) generated 1 warning
[INFO] [stderr]    Compiling bitflags v2.13.0
[INFO] [stderr]    Compiling regex-syntax v0.8.11
[INFO] [stderr]    Compiling indexmap v2.14.0
[INFO] [stderr]    Compiling fastrand v2.4.1
[INFO] [stderr]    Compiling log v0.4.32
[INFO] [stderr]    Compiling futures-core v0.3.33
[INFO] [stderr]    Compiling futures-sink v0.3.33
[INFO] [stderr]    Compiling deadpool-runtime v0.3.1
[INFO] [stderr]    Compiling syn v2.0.117
[INFO] [stderr]    Compiling tokio v1.53.0
[INFO] [stderr]    Compiling rustix v1.1.4
[INFO] [stderr]    Compiling petgraph v0.8.3
[INFO] [stderr]    Compiling regex-automata v0.4.14
[INFO] [stderr]    Compiling tempfile v3.27.0
[INFO] [stderr]    Compiling regex v1.12.4
[INFO] [stderr]    Compiling deadpool v0.13.0
[INFO] [stderr]    Compiling prettyplease v0.2.37
[INFO] [stderr]    Compiling prost-derive v0.14.4
[INFO] [stderr]    Compiling tracing-attributes v0.1.31
[INFO] [stderr]    Compiling thiserror-impl v2.0.18
[INFO] [stderr]    Compiling thiserror v2.0.18
[INFO] [stderr]    Compiling tracing v0.1.44
[INFO] [stderr]    Compiling opentelemetry v0.32.0
[INFO] [stderr]    Compiling prost v0.14.4
[INFO] [stderr]    Compiling prost-types v0.14.4
[INFO] [stderr]    Compiling prost-build v0.14.4
[INFO] [stderr]    Compiling riak-async v0.3.1 (/opt/rustwide/workdir)
[INFO] [stderr]     Finished `release` profile [optimized] target(s) in 25.68s
[INFO] running `Command { std: "docker" "inspect" "c023c19b3ca4e6aa2ccde2667a5b6c396bb172ce88b70787c2c3d795fa6369e2", kill_on_drop: false }`
[INFO] running `Command { std: "docker" "exec" "-e" "SOURCE_DIR=/opt/rustwide/workdir" "-e" "CARGO_HOME=/opt/rustwide/cargo-home" "-e" "RUSTUP_HOME=/opt/rustwide/rustup-home" "-e" "CARGO_TARGET_DIR=/opt/rustwide/target" "-e" "CARGO_INCREMENTAL=0" "-e" "RUST_BACKTRACE=full" "-e" "RUSTFLAGS=--cap-lints=warn" "-e" "RUSTDOCFLAGS=--cap-lints=warn" "-w" "/opt/rustwide/workdir" "--user" "0:0" "c023c19b3ca4e6aa2ccde2667a5b6c396bb172ce88b70787c2c3d795fa6369e2" "/opt/rustwide/cargo-home/bin/cargo" "+1.100.0-beta.1" "test" "--frozen" "--no-run" "--message-format=json" "--release", kill_on_drop: false }`
[INFO] [stderr] warning: `package.homepage` is redundant with `package.repository`
[INFO] [stderr]   --> Cargo.toml:42:12
[INFO] [stderr]    |
[INFO] [stderr] 42 | homepage = "https://github.com/evilbluebeaver/riak-rust-client-async"
[INFO] [stderr]    |            ^^^^^^^^^^^^^^^^^^^^^^^^^^^^^^^^^^^^^^^^^^^^^^^^^^^^^^^^^^
[INFO] [stderr] ...
[INFO] [stderr] 47 | repository = "https://github.com/evilbluebeaver/riak-rust-client-async"
[INFO] [stderr]    |              ----------------------------------------------------------
[INFO] [stderr]    |
[INFO] [stderr]    = note: `cargo::redundant_homepage` is set to `warn` by default
[INFO] [stderr] help: consider removing `package.homepage`
[INFO] [stderr] warning: `riak-async` (manifest) generated 1 warning
[INFO] [stderr]    Compiling tokio-macros v2.7.0
[INFO] [stderr]    Compiling tokio v1.53.0
[INFO] [stderr]    Compiling deadpool v0.13.0
[INFO] [stderr]    Compiling riak-async v0.3.1 (/opt/rustwide/workdir)
[INFO] [stderr]     Finished `release` profile [optimized] target(s) in 16.93s
[INFO] running `Command { std: "docker" "inspect" "c023c19b3ca4e6aa2ccde2667a5b6c396bb172ce88b70787c2c3d795fa6369e2", kill_on_drop: false }`
[INFO] running `Command { std: "docker" "exec" "-e" "SOURCE_DIR=/opt/rustwide/workdir" "-e" "CARGO_HOME=/opt/rustwide/cargo-home" "-e" "RUSTUP_HOME=/opt/rustwide/rustup-home" "-e" "CARGO_TARGET_DIR=/opt/rustwide/target" "-e" "CARGO_INCREMENTAL=0" "-e" "RUST_BACKTRACE=full" "-e" "RUSTFLAGS=--cap-lints=warn" "-e" "RUSTDOCFLAGS=--cap-lints=warn" "-w" "/opt/rustwide/workdir" "--user" "0:0" "c023c19b3ca4e6aa2ccde2667a5b6c396bb172ce88b70787c2c3d795fa6369e2" "/opt/rustwide/cargo-home/bin/cargo" "+1.100.0-beta.1" "test" "--frozen" "--release", kill_on_drop: false }`
[INFO] [stderr] warning: `package.homepage` is redundant with `package.repository`
[INFO] [stderr]   --> Cargo.toml:42:12
[INFO] [stderr]    |
[INFO] [stderr] 42 | homepage = "https://github.com/evilbluebeaver/riak-rust-client-async"
[INFO] [stderr]    |            ^^^^^^^^^^^^^^^^^^^^^^^^^^^^^^^^^^^^^^^^^^^^^^^^^^^^^^^^^^
[INFO] [stderr] ...
[INFO] [stderr] 47 | repository = "https://github.com/evilbluebeaver/riak-rust-client-async"
[INFO] [stderr]    |              ----------------------------------------------------------
[INFO] [stderr]    |
[INFO] [stderr]    = note: `cargo::redundant_homepage` is set to `warn` by default
[INFO] [stderr] help: consider removing `package.homepage`
[INFO] [stderr] warning: `riak-async` (manifest) generated 1 warning
[INFO] [stdout] 
[INFO] [stderr]     Finished `release` profile [optimized] target(s) in 0.09s
[INFO] [stdout] running 2 tests
[INFO] [stderr]      Running unittests src/lib.rs (/opt/rustwide/target/release/build/riak-async/0547df7df2d41558/out/riak_async-0547df7df2d41558)
[INFO] [stdout] test bucket::tests::bucket_type_props ... ok
[INFO] [stdout] test bucket::tests::bucket_props ... ok
[INFO] [stdout] 
[INFO] [stdout] test result: ok. 2 passed; 0 failed; 0 ignored; 0 measured; 0 filtered out; finished in 0.00s
[INFO] [stdout] 
[INFO] [stderr]      Running tests/client_basics.rs (/opt/rustwide/target/release/build/riak-async/9db14cc670c9f46b/out/client_basics-9db14cc670c9f46b)
[INFO] [stdout] 
[INFO] [stdout] running 14 tests
[INFO] [stdout] test test_bucket_properties ... FAILED
[INFO] [stdout] test test_bucket_type_properties ... FAILED
[INFO] [stdout] test test_list_buckets ... FAILED
[INFO] [stdout] test test_yokozuna_index ... FAILED
[INFO] [stdout] test test_delete_object ... FAILED
[INFO] [stdout] test test_stream_keys ... FAILED
[INFO] [stdout] test test_store_and_fetch_object ... FAILED
[INFO] [stdout] test test_list_keys ... FAILED
[INFO] [stdout] test test_yokozuna_schema ... FAILED
[INFO] [stdout] test test_server_info ... FAILED
[INFO] [stdout] test test_stream_keys_interrupted_breaks_connection ... FAILED
[INFO] [stdout] test test_search ... FAILED
[INFO] [stderr] error: test failed, to rerun pass `--test client_basics`
[INFO] [stdout] test test_mapreduce ... FAILED
[INFO] [stdout] test test_fetch_preflist ... FAILED
[INFO] [stdout] 
[INFO] [stdout] failures:
[INFO] [stdout] 
[INFO] [stdout] ---- test_bucket_properties stdout ----
[INFO] [stdout] 
[INFO] [stdout] thread 'test_bucket_properties' (783) panicked at tests/client_basics.rs:13:56:
[INFO] [stdout] called `Result::unwrap()` on an `Err` value: IoError(Os { code: 111, kind: ConnectionRefused, message: "Connection refused" })
[INFO] [stdout] stack backtrace:
[INFO] [stdout]    0:     0x583b131a1db1 - <<std[617be2ca0a6fd877]::sys::backtrace::BacktraceLock>::print::DisplayBacktrace as core[a373ad73a504971]::fmt::Display>::fmt
[INFO] [stdout]    1:     0x583b131b6daa - core[a373ad73a504971]::fmt::write
[INFO] [stdout]    2:     0x583b131a645c - <alloc[2e1b2a31b91974c5]::vec::Vec<u8> as core[a373ad73a504971]::io::write::Write>::write_fmt
[INFO] [stdout]    3:     0x583b1317d716 - std[617be2ca0a6fd877]::panicking::default_hook::{closure#0}
[INFO] [stdout]    4:     0x583b13199f49 - std[617be2ca0a6fd877]::panicking::default_hook
[INFO] [stdout]    5:     0x583b1311a470 - test[aada8e7e76ba119b]::test_main_inner::{closure#0}
[INFO] [stdout]    6:     0x583b1319a102 - std[617be2ca0a6fd877]::panicking::panic_with_hook
[INFO] [stdout]    7:     0x583b1317d7c2 - std[617be2ca0a6fd877]::panicking::panic_handler::{closure#0}
[INFO] [stdout]    8:     0x583b13176429 - std[617be2ca0a6fd877]::sys::backtrace::__rust_end_short_backtrace::<std[617be2ca0a6fd877]::panicking::panic_handler::{closure#0}, !>
[INFO] [stdout]    9:     0x583b1317e5bd - __rustc[ea4f61d10b84890b]::rust_begin_unwind
[INFO] [stdout]   10:     0x583b131b750c - core[a373ad73a504971]::panicking::panic_fmt
[INFO] [stdout]   11:     0x583b131b72e2 - core[a373ad73a504971]::result::unwrap_failed
[INFO] [stdout]   12:     0x583b130f2d76 - client_basics[16725f926a492d47]::connect::{closure#0}
[INFO] [stdout]   13:     0x583b130fa433 - client_basics[16725f926a492d47]::test_bucket_properties::{closure#0}
[INFO] [stdout]   14:     0x583b1310ab0a - <tokio[f89bfb38084ecbbd]::runtime::context::scoped::Scoped<tokio[f89bfb38084ecbbd]::runtime::scheduler::Context>>::set::<<tokio[f89bfb38084ecbbd]::runtime::scheduler::current_thread::CoreGuard>::enter<<tokio[f89bfb38084ecbbd]::runtime::scheduler::current_thread::CoreGuard>::block_on<core[a373ad73a504971]::pin::Pin<&mut core[a373ad73a504971]::pin::Pin<&mut dyn core[a373ad73a504971]::future::future::Future<Output = ()>>>>::{closure#0}, core[a373ad73a504971]::option::Option<()>>::{closure#0}, (alloc[2e1b2a31b91974c5]::boxed::Box<tokio[f89bfb38084ecbbd]::runtime::scheduler::current_thread::Core>, core[a373ad73a504971]::option::Option<()>)>
[INFO] [stdout]   15:     0x583b1310a68d - <tokio[f89bfb38084ecbbd]::runtime::runtime::Runtime>::block_on::<core[a373ad73a504971]::pin::Pin<&mut dyn core[a373ad73a504971]::future::future::Future<Output = ()>>>
[INFO] [stdout]   16:     0x583b130ff809 - <client_basics[16725f926a492d47]::test_bucket_properties::{closure#0} as core[a373ad73a504971]::ops::function::FnOnce<()>>::call_once
[INFO] [stdout]   17:     0x583b1310d8bb - test[aada8e7e76ba119b]::__rust_begin_short_backtrace::<core[a373ad73a504971]::result::Result<(), alloc[2e1b2a31b91974c5]::string::String>, fn() -> core[a373ad73a504971]::result::Result<(), alloc[2e1b2a31b91974c5]::string::String>>
[INFO] [stdout]   18:     0x583b1311aa95 - test[aada8e7e76ba119b]::run_test::{closure#0}
[INFO] [stdout]   19:     0x583b13114384 - std[617be2ca0a6fd877]::sys::backtrace::__rust_begin_short_backtrace::<test[aada8e7e76ba119b]::run_test::{closure#1}, ()>
[INFO] [stdout]   20:     0x583b1311db22 - <std[617be2ca0a6fd877]::thread::lifecycle::spawn_unchecked<test[aada8e7e76ba119b]::run_test::{closure#1}, ()>::{closure#1} as core[a373ad73a504971]::ops::function::FnOnce<()>>::call_once::{shim:vtable#0}
[INFO] [stdout]   21:     0x583b131a126f - <std[617be2ca0a6fd877]::sys::thread::unix::Thread>::new::thread_start
[INFO] [stdout]   22:     0x73fea10a3dfa - <unknown>
[INFO] [stdout]   23:     0x73fea11373d4 - clone
[INFO] [stdout]   24:                0x0 - <unknown>
[INFO] [stdout] 
[INFO] [stdout] ---- test_bucket_type_properties stdout ----
[INFO] [stdout] 
[INFO] [stdout] thread 'test_bucket_type_properties' (784) panicked at tests/client_basics.rs:13:56:
[INFO] [stdout] called `Result::unwrap()` on an `Err` value: IoError(Os { code: 111, kind: ConnectionRefused, message: "Connection refused" })
[INFO] [stdout] stack backtrace:
[INFO] [stdout]    0:     0x583b131a1db1 - <<std[617be2ca0a6fd877]::sys::backtrace::BacktraceLock>::print::DisplayBacktrace as core[a373ad73a504971]::fmt::Display>::fmt
[INFO] [stdout]    1:     0x583b131b6daa - core[a373ad73a504971]::fmt::write
[INFO] [stdout]    2:     0x583b131a645c - <alloc[2e1b2a31b91974c5]::vec::Vec<u8> as core[a373ad73a504971]::io::write::Write>::write_fmt
[INFO] [stdout]    3:     0x583b1317d716 - std[617be2ca0a6fd877]::panicking::default_hook::{closure#0}
[INFO] [stdout]    4:     0x583b13199f49 - std[617be2ca0a6fd877]::panicking::default_hook
[INFO] [stdout]    5:     0x583b1311a470 - test[aada8e7e76ba119b]::test_main_inner::{closure#0}
[INFO] [stdout]    6:     0x583b1319a102 - std[617be2ca0a6fd877]::panicking::panic_with_hook
[INFO] [stdout]    7:     0x583b1317d7c2 - std[617be2ca0a6fd877]::panicking::panic_handler::{closure#0}
[INFO] [stdout]    8:     0x583b13176429 - std[617be2ca0a6fd877]::sys::backtrace::__rust_end_short_backtrace::<std[617be2ca0a6fd877]::panicking::panic_handler::{closure#0}, !>
[INFO] [stdout]    9:     0x583b1317e5bd - __rustc[ea4f61d10b84890b]::rust_begin_unwind
[INFO] [stdout]   10:     0x583b131b750c - core[a373ad73a504971]::panicking::panic_fmt
[INFO] [stdout]   11:     0x583b131b72e2 - core[a373ad73a504971]::result::unwrap_failed
[INFO] [stdout]   12:     0x583b130f2d76 - client_basics[16725f926a492d47]::connect::{closure#0}
[INFO] [stdout]   13:     0x583b130faf23 - client_basics[16725f926a492d47]::test_bucket_type_properties::{closure#0}
[INFO] [stdout]   14:     0x583b1310ab0a - <tokio[f89bfb38084ecbbd]::runtime::context::scoped::Scoped<tokio[f89bfb38084ecbbd]::runtime::scheduler::Context>>::set::<<tokio[f89bfb38084ecbbd]::runtime::scheduler::current_thread::CoreGuard>::enter<<tokio[f89bfb38084ecbbd]::runtime::scheduler::current_thread::CoreGuard>::block_on<core[a373ad73a504971]::pin::Pin<&mut core[a373ad73a504971]::pin::Pin<&mut dyn core[a373ad73a504971]::future::future::Future<Output = ()>>>>::{closure#0}, core[a373ad73a504971]::option::Option<()>>::{closure#0}, (alloc[2e1b2a31b91974c5]::boxed::Box<tokio[f89bfb38084ecbbd]::runtime::scheduler::current_thread::Core>, core[a373ad73a504971]::option::Option<()>)>
[INFO] [stdout]   15:     0x583b1310a68d - <tokio[f89bfb38084ecbbd]::runtime::runtime::Runtime>::block_on::<core[a373ad73a504971]::pin::Pin<&mut dyn core[a373ad73a504971]::future::future::Future<Output = ()>>>
[INFO] [stdout]   16:     0x583b130ff949 - <client_basics[16725f926a492d47]::test_bucket_type_properties::{closure#0} as core[a373ad73a504971]::ops::function::FnOnce<()>>::call_once
[INFO] [stdout]   17:     0x583b1310d8bb - test[aada8e7e76ba119b]::__rust_begin_short_backtrace::<core[a373ad73a504971]::result::Result<(), alloc[2e1b2a31b91974c5]::string::String>, fn() -> core[a373ad73a504971]::result::Result<(), alloc[2e1b2a31b91974c5]::string::String>>
[INFO] [stdout]   18:     0x583b1311aa95 - test[aada8e7e76ba119b]::run_test::{closure#0}
[INFO] [stdout]   19:     0x583b13114384 - std[617be2ca0a6fd877]::sys::backtrace::__rust_begin_short_backtrace::<test[aada8e7e76ba119b]::run_test::{closure#1}, ()>
[INFO] [stdout]   20:     0x583b1311db22 - <std[617be2ca0a6fd877]::thread::lifecycle::spawn_unchecked<test[aada8e7e76ba119b]::run_test::{closure#1}, ()>::{closure#1} as core[a373ad73a504971]::ops::function::FnOnce<()>>::call_once::{shim:vtable#0}
[INFO] [stdout]   21:     0x583b131a126f - <std[617be2ca0a6fd877]::sys::thread::unix::Thread>::new::thread_start
[INFO] [stdout]   22:     0x73fea10a3dfa - <unknown>
[INFO] [stdout]   23:     0x73fea11373d4 - clone
[INFO] [stdout]   24:                0x0 - <unknown>
[INFO] [stdout] 
[INFO] [stdout] ---- test_list_buckets stdout ----
[INFO] [stdout] 
[INFO] [stdout] thread 'test_list_buckets' (787) panicked at tests/client_basics.rs:13:56:
[INFO] [stdout] called `Result::unwrap()` on an `Err` value: IoError(Os { code: 111, kind: ConnectionRefused, message: "Connection refused" })
[INFO] [stdout] stack backtrace:
[INFO] [stdout]    0:     0x583b131a1db1 - <<std[617be2ca0a6fd877]::sys::backtrace::BacktraceLock>::print::DisplayBacktrace as core[a373ad73a504971]::fmt::Display>::fmt
[INFO] [stdout]    1:     0x583b131b6daa - core[a373ad73a504971]::fmt::write
[INFO] [stdout]    2:     0x583b131a645c - <alloc[2e1b2a31b91974c5]::vec::Vec<u8> as core[a373ad73a504971]::io::write::Write>::write_fmt
[INFO] [stdout]    3:     0x583b1317d716 - std[617be2ca0a6fd877]::panicking::default_hook::{closure#0}
[INFO] [stdout]    4:     0x583b13199f49 - std[617be2ca0a6fd877]::panicking::default_hook
[INFO] [stdout]    5:     0x583b1311a470 - test[aada8e7e76ba119b]::test_main_inner::{closure#0}
[INFO] [stdout]    6:     0x583b1319a102 - std[617be2ca0a6fd877]::panicking::panic_with_hook
[INFO] [stdout]    7:     0x583b1317d7c2 - std[617be2ca0a6fd877]::panicking::panic_handler::{closure#0}
[INFO] [stdout]    8:     0x583b13176429 - std[617be2ca0a6fd877]::sys::backtrace::__rust_end_short_backtrace::<std[617be2ca0a6fd877]::panicking::panic_handler::{closure#0}, !>
[INFO] [stdout]    9:     0x583b1317e5bd - __rustc[ea4f61d10b84890b]::rust_begin_unwind
[INFO] [stdout]   10:     0x583b131b750c - core[a373ad73a504971]::panicking::panic_fmt
[INFO] [stdout]   11:     0x583b131b72e2 - core[a373ad73a504971]::result::unwrap_failed
[INFO] [stdout]   12:     0x583b130f2d76 - client_basics[16725f926a492d47]::connect::{closure#0}
[INFO] [stdout]   13:     0x583b130f687a - client_basics[16725f926a492d47]::test_list_buckets::{closure#0}
[INFO] [stdout]   14:     0x583b1310ab0a - <tokio[f89bfb38084ecbbd]::runtime::context::scoped::Scoped<tokio[f89bfb38084ecbbd]::runtime::scheduler::Context>>::set::<<tokio[f89bfb38084ecbbd]::runtime::scheduler::current_thread::CoreGuard>::enter<<tokio[f89bfb38084ecbbd]::runtime::scheduler::current_thread::CoreGuard>::block_on<core[a373ad73a504971]::pin::Pin<&mut core[a373ad73a504971]::pin::Pin<&mut dyn core[a373ad73a504971]::future::future::Future<Output = ()>>>>::{closure#0}, core[a373ad73a504971]::option::Option<()>>::{closure#0}, (alloc[2e1b2a31b91974c5]::boxed::Box<tokio[f89bfb38084ecbbd]::runtime::scheduler::current_thread::Core>, core[a373ad73a504971]::option::Option<()>)>
[INFO] [stdout]   15:     0x583b1310a68d - <tokio[f89bfb38084ecbbd]::runtime::runtime::Runtime>::block_on::<core[a373ad73a504971]::pin::Pin<&mut dyn core[a373ad73a504971]::future::future::Future<Output = ()>>>
[INFO] [stdout]   16:     0x583b130ff1c9 - <client_basics[16725f926a492d47]::test_list_buckets::{closure#0} as core[a373ad73a504971]::ops::function::FnOnce<()>>::call_once
[INFO] [stdout]   17:     0x583b1310d8bb - test[aada8e7e76ba119b]::__rust_begin_short_backtrace::<core[a373ad73a504971]::result::Result<(), alloc[2e1b2a31b91974c5]::string::String>, fn() -> core[a373ad73a504971]::result::Result<(), alloc[2e1b2a31b91974c5]::string::String>>
[INFO] [stdout]   18:     0x583b1311aa95 - test[aada8e7e76ba119b]::run_test::{closure#0}
[INFO] [stdout]   19:     0x583b13114384 - std[617be2ca0a6fd877]::sys::backtrace::__rust_begin_short_backtrace::<test[aada8e7e76ba119b]::run_test::{closure#1}, ()>
[INFO] [stdout]   20:     0x583b1311db22 - <std[617be2ca0a6fd877]::thread::lifecycle::spawn_unchecked<test[aada8e7e76ba119b]::run_test::{closure#1}, ()>::{closure#1} as core[a373ad73a504971]::ops::function::FnOnce<()>>::call_once::{shim:vtable#0}
[INFO] [stdout]   21:     0x583b131a126f - <std[617be2ca0a6fd877]::sys::thread::unix::Thread>::new::thread_start
[INFO] [stdout]   22:     0x73fea10a3dfa - <unknown>
[INFO] [stdout]   23:     0x73fea11373d4 - clone
[INFO] [stdout]   24:                0x0 - <unknown>
[INFO] [stdout] 
[INFO] [stdout] ---- test_yokozuna_index stdout ----
[INFO] [stdout] 
[INFO] [stdout] thread 'test_yokozuna_index' (795) panicked at tests/client_basics.rs:13:56:
[INFO] [stdout] called `Result::unwrap()` on an `Err` value: IoError(Os { code: 111, kind: ConnectionRefused, message: "Connection refused" })
[INFO] [stdout] stack backtrace:
[INFO] [stdout]    0:     0x583b131a1db1 - <<std[617be2ca0a6fd877]::sys::backtrace::BacktraceLock>::print::DisplayBacktrace as core[a373ad73a504971]::fmt::Display>::fmt
[INFO] [stdout]    1:     0x583b131b6daa - core[a373ad73a504971]::fmt::write
[INFO] [stdout]    2:     0x583b131a645c - <alloc[2e1b2a31b91974c5]::vec::Vec<u8> as core[a373ad73a504971]::io::write::Write>::write_fmt
[INFO] [stdout]    3:     0x583b1317d716 - std[617be2ca0a6fd877]::panicking::default_hook::{closure#0}
[INFO] [stdout]    4:     0x583b13199f49 - std[617be2ca0a6fd877]::panicking::default_hook
[INFO] [stdout]    5:     0x583b1311a470 - test[aada8e7e76ba119b]::test_main_inner::{closure#0}
[INFO] [stdout]    6:     0x583b1319a102 - std[617be2ca0a6fd877]::panicking::panic_with_hook
[INFO] [stdout]    7:     0x583b1317d7c2 - std[617be2ca0a6fd877]::panicking::panic_handler::{closure#0}
[INFO] [stdout]    8:     0x583b13176429 - std[617be2ca0a6fd877]::sys::backtrace::__rust_end_short_backtrace::<std[617be2ca0a6fd877]::panicking::panic_handler::{closure#0}, !>
[INFO] [stdout]    9:     0x583b1317e5bd - __rustc[ea4f61d10b84890b]::rust_begin_unwind
[INFO] [stdout]   10:     0x583b131b750c - core[a373ad73a504971]::panicking::panic_fmt
[INFO] [stdout]   11:     0x583b131b72e2 - core[a373ad73a504971]::result::unwrap_failed
[INFO] [stdout]   12:     0x583b130f2d76 - client_basics[16725f926a492d47]::connect::{closure#0}
[INFO] [stdout]   13:     0x583b130f8cff - client_basics[16725f926a492d47]::test_yokozuna_index::{closure#0}
[INFO] [stdout]   14:     0x583b1310ab0a - <tokio[f89bfb38084ecbbd]::runtime::context::scoped::Scoped<tokio[f89bfb38084ecbbd]::runtime::scheduler::Context>>::set::<<tokio[f89bfb38084ecbbd]::runtime::scheduler::current_thread::CoreGuard>::enter<<tokio[f89bfb38084ecbbd]::runtime::scheduler::current_thread::CoreGuard>::block_on<core[a373ad73a504971]::pin::Pin<&mut core[a373ad73a504971]::pin::Pin<&mut dyn core[a373ad73a504971]::future::future::Future<Output = ()>>>>::{closure#0}, core[a373ad73a504971]::option::Option<()>>::{closure#0}, (alloc[2e1b2a31b91974c5]::boxed::Box<tokio[f89bfb38084ecbbd]::runtime::scheduler::current_thread::Core>, core[a373ad73a504971]::option::Option<()>)>
[INFO] [stdout]   15:     0x583b1310a68d - <tokio[f89bfb38084ecbbd]::runtime::runtime::Runtime>::block_on::<core[a373ad73a504971]::pin::Pin<&mut dyn core[a373ad73a504971]::future::future::Future<Output = ()>>>
[INFO] [stdout]   16:     0x583b130ff589 - <client_basics[16725f926a492d47]::test_yokozuna_index::{closure#0} as core[a373ad73a504971]::ops::function::FnOnce<()>>::call_once
[INFO] [stdout]   17:     0x583b1310d8bb - test[aada8e7e76ba119b]::__rust_begin_short_backtrace::<core[a373ad73a504971]::result::Result<(), alloc[2e1b2a31b91974c5]::string::String>, fn() -> core[a373ad73a504971]::result::Result<(), alloc[2e1b2a31b91974c5]::string::String>>
[INFO] [stdout]   18:     0x583b1311aa95 - test[aada8e7e76ba119b]::run_test::{closure#0}
[INFO] [stdout]   19:     0x583b13114384 - std[617be2ca0a6fd877]::sys::backtrace::__rust_begin_short_backtrace::<test[aada8e7e76ba119b]::run_test::{closure#1}, ()>
[INFO] [stdout]   20:     0x583b1311db22 - <std[617be2ca0a6fd877]::thread::lifecycle::spawn_unchecked<test[aada8e7e76ba119b]::run_test::{closure#1}, ()>::{closure#1} as core[a373ad73a504971]::ops::function::FnOnce<()>>::call_once::{shim:vtable#0}
[INFO] [stdout]   21:     0x583b131a126f - <std[617be2ca0a6fd877]::sys::thread::unix::Thread>::new::thread_start
[INFO] [stdout]   22:     0x73fea10a3dfa - <unknown>
[INFO] [stdout]   23:     0x73fea11373d4 - clone
[INFO] [stdout]   24:                0x0 - <unknown>
[INFO] [stdout] 
[INFO] [stdout] ---- test_delete_object stdout ----
[INFO] [stdout] 
[INFO] [stdout] thread 'test_delete_object' (785) panicked at tests/client_basics.rs:13:56:
[INFO] [stdout] called `Result::unwrap()` on an `Err` value: IoError(Os { code: 111, kind: ConnectionRefused, message: "Connection refused" })
[INFO] [stdout] stack backtrace:
[INFO] [stdout]    0:     0x583b131a1db1 - <<std[617be2ca0a6fd877]::sys::backtrace::BacktraceLock>::print::DisplayBacktrace as core[a373ad73a504971]::fmt::Display>::fmt
[INFO] [stdout]    1:     0x583b131b6daa - core[a373ad73a504971]::fmt::write
[INFO] [stdout]    2:     0x583b131a645c - <alloc[2e1b2a31b91974c5]::vec::Vec<u8> as core[a373ad73a504971]::io::write::Write>::write_fmt
[INFO] [stdout]    3:     0x583b1317d716 - std[617be2ca0a6fd877]::panicking::default_hook::{closure#0}
[INFO] [stdout]    4:     0x583b13199f49 - std[617be2ca0a6fd877]::panicking::default_hook
[INFO] [stdout]    5:     0x583b1311a470 - test[aada8e7e76ba119b]::test_main_inner::{closure#0}
[INFO] [stdout]    6:     0x583b1319a102 - std[617be2ca0a6fd877]::panicking::panic_with_hook
[INFO] [stdout]    7:     0x583b1317d7c2 - std[617be2ca0a6fd877]::panicking::panic_handler::{closure#0}
[INFO] [stdout]    8:     0x583b13176429 - std[617be2ca0a6fd877]::sys::backtrace::__rust_end_short_backtrace::<std[617be2ca0a6fd877]::panicking::panic_handler::{closure#0}, !>
[INFO] [stdout]    9:     0x583b1317e5bd - __rustc[ea4f61d10b84890b]::rust_begin_unwind
[INFO] [stdout]   10:     0x583b131b750c - core[a373ad73a504971]::panicking::panic_fmt
[INFO] [stdout]   11:     0x583b131b72e2 - core[a373ad73a504971]::result::unwrap_failed
[INFO] [stdout]   12:     0x583b130f2d76 - client_basics[16725f926a492d47]::connect::{closure#0}
[INFO] [stdout]   13:     0x583b130f7876 - client_basics[16725f926a492d47]::test_delete_object::{closure#0}
[INFO] [stdout]   14:     0x583b1310ab0a - <tokio[f89bfb38084ecbbd]::runtime::context::scoped::Scoped<tokio[f89bfb38084ecbbd]::runtime::scheduler::Context>>::set::<<tokio[f89bfb38084ecbbd]::runtime::scheduler::current_thread::CoreGuard>::enter<<tokio[f89bfb38084ecbbd]::runtime::scheduler::current_thread::CoreGuard>::block_on<core[a373ad73a504971]::pin::Pin<&mut core[a373ad73a504971]::pin::Pin<&mut dyn core[a373ad73a504971]::future::future::Future<Output = ()>>>>::{closure#0}, core[a373ad73a504971]::option::Option<()>>::{closure#0}, (alloc[2e1b2a31b91974c5]::boxed::Box<tokio[f89bfb38084ecbbd]::runtime::scheduler::current_thread::Core>, core[a373ad73a504971]::option::Option<()>)>
[INFO] [stdout]   15:     0x583b1310a68d - <tokio[f89bfb38084ecbbd]::runtime::runtime::Runtime>::block_on::<core[a373ad73a504971]::pin::Pin<&mut dyn core[a373ad73a504971]::future::future::Future<Output = ()>>>
[INFO] [stdout]   16:     0x583b130ff309 - <client_basics[16725f926a492d47]::test_delete_object::{closure#0} as core[a373ad73a504971]::ops::function::FnOnce<()>>::call_once
[INFO] [stdout]   17:     0x583b1310d8bb - test[aada8e7e76ba119b]::__rust_begin_short_backtrace::<core[a373ad73a504971]::result::Result<(), alloc[2e1b2a31b91974c5]::string::String>, fn() -> core[a373ad73a504971]::result::Result<(), alloc[2e1b2a31b91974c5]::string::String>>
[INFO] [stdout]   18:     0x583b1311aa95 - test[aada8e7e76ba119b]::run_test::{closure#0}
[INFO] [stdout]   19:     0x583b13114384 - std[617be2ca0a6fd877]::sys::backtrace::__rust_begin_short_backtrace::<test[aada8e7e76ba119b]::run_test::{closure#1}, ()>
[INFO] [stdout]   20:     0x583b1311db22 - <std[617be2ca0a6fd877]::thread::lifecycle::spawn_unchecked<test[aada8e7e76ba119b]::run_test::{closure#1}, ()>::{closure#1} as core[a373ad73a504971]::ops::function::FnOnce<()>>::call_once::{shim:vtable#0}
[INFO] [stdout]   21:     0x583b131a126f - <std[617be2ca0a6fd877]::sys::thread::unix::Thread>::new::thread_start
[INFO] [stdout]   22:     0x73fea10a3dfa - <unknown>
[INFO] [stdout]   23:     0x73fea11373d4 - clone
[INFO] [stdout]   24:                0x0 - <unknown>
[INFO] [stdout] 
[INFO] [stdout] ---- test_stream_keys stdout ----
[INFO] [stdout] 
[INFO] [stdout] thread 'test_stream_keys' (793) panicked at tests/client_basics.rs:13:56:
[INFO] [stdout] called `Result::unwrap()` on an `Err` value: IoError(Os { code: 111, kind: ConnectionRefused, message: "Connection refused" })
[INFO] [stdout] stack backtrace:
[INFO] [stdout]    0:     0x583b131a1db1 - <<std[617be2ca0a6fd877]::sys::backtrace::BacktraceLock>::print::DisplayBacktrace as core[a373ad73a504971]::fmt::Display>::fmt
[INFO] [stdout]    1:     0x583b131b6daa - core[a373ad73a504971]::fmt::write
[INFO] [stdout]    2:     0x583b131a645c - <alloc[2e1b2a31b91974c5]::vec::Vec<u8> as core[a373ad73a504971]::io::write::Write>::write_fmt
[INFO] [stdout]    3:     0x583b1317d716 - std[617be2ca0a6fd877]::panicking::default_hook::{closure#0}
[INFO] [stdout]    4:     0x583b13199f49 - std[617be2ca0a6fd877]::panicking::default_hook
[INFO] [stdout]    5:     0x583b1311a470 - test[aada8e7e76ba119b]::test_main_inner::{closure#0}
[INFO] [stdout]    6:     0x583b1319a102 - std[617be2ca0a6fd877]::panicking::panic_with_hook
[INFO] [stdout]    7:     0x583b1317d7c2 - std[617be2ca0a6fd877]::panicking::panic_handler::{closure#0}
[INFO] [stdout]    8:     0x583b13176429 - std[617be2ca0a6fd877]::sys::backtrace::__rust_end_short_backtrace::<std[617be2ca0a6fd877]::panicking::panic_handler::{closure#0}, !>
[INFO] [stdout]    9:     0x583b1317e5bd - __rustc[ea4f61d10b84890b]::rust_begin_unwind
[INFO] [stdout]   10:     0x583b131b750c - core[a373ad73a504971]::panicking::panic_fmt
[INFO] [stdout]   11:     0x583b131b72e2 - core[a373ad73a504971]::result::unwrap_failed
[INFO] [stdout]   12:     0x583b130f2d76 - client_basics[16725f926a492d47]::connect::{closure#0}
[INFO] [stdout]   13:     0x583b130f5e98 - client_basics[16725f926a492d47]::test_stream_keys::{closure#0}
[INFO] [stdout]   14:     0x583b1310ab0a - <tokio[f89bfb38084ecbbd]::runtime::context::scoped::Scoped<tokio[f89bfb38084ecbbd]::runtime::scheduler::Context>>::set::<<tokio[f89bfb38084ecbbd]::runtime::scheduler::current_thread::CoreGuard>::enter<<tokio[f89bfb38084ecbbd]::runtime::scheduler::current_thread::CoreGuard>::block_on<core[a373ad73a504971]::pin::Pin<&mut core[a373ad73a504971]::pin::Pin<&mut dyn core[a373ad73a504971]::future::future::Future<Output = ()>>>>::{closure#0}, core[a373ad73a504971]::option::Option<()>>::{closure#0}, (alloc[2e1b2a31b91974c5]::boxed::Box<tokio[f89bfb38084ecbbd]::runtime::scheduler::current_thread::Core>, core[a373ad73a504971]::option::Option<()>)>
[INFO] [stdout]   15:     0x583b1310a68d - <tokio[f89bfb38084ecbbd]::runtime::runtime::Runtime>::block_on::<core[a373ad73a504971]::pin::Pin<&mut dyn core[a373ad73a504971]::future::future::Future<Output = ()>>>
[INFO] [stdout]   16:     0x583b130ff089 - <client_basics[16725f926a492d47]::test_stream_keys::{closure#0} as core[a373ad73a504971]::ops::function::FnOnce<()>>::call_once
[INFO] [stdout]   17:     0x583b1310d8bb - test[aada8e7e76ba119b]::__rust_begin_short_backtrace::<core[a373ad73a504971]::result::Result<(), alloc[2e1b2a31b91974c5]::string::String>, fn() -> core[a373ad73a504971]::result::Result<(), alloc[2e1b2a31b91974c5]::string::String>>
[INFO] [stdout]   18:     0x583b1311aa95 - test[aada8e7e76ba119b]::run_test::{closure#0}
[INFO] [stdout]   19:     0x583b13114384 - std[617be2ca0a6fd877]::sys::backtrace::__rust_begin_short_backtrace::<test[aada8e7e76ba119b]::run_test::{closure#1}, ()>
[INFO] [stdout]   20:     0x583b1311db22 - <std[617be2ca0a6fd877]::thread::lifecycle::spawn_unchecked<test[aada8e7e76ba119b]::run_test::{closure#1}, ()>::{closure#1} as core[a373ad73a504971]::ops::function::FnOnce<()>>::call_once::{shim:vtable#0}
[INFO] [stdout]   21:     0x583b131a126f - <std[617be2ca0a6fd877]::sys::thread::unix::Thread>::new::thread_start
[INFO] [stdout]   22:     0x73fea10a3dfa - <unknown>
[INFO] [stdout]   23:     0x73fea11373d4 - clone
[INFO] [stdout]   24:                0x0 - <unknown>
[INFO] [stdout] 
[INFO] [stdout] ---- test_store_and_fetch_object stdout ----
[INFO] [stdout] 
[INFO] [stdout] thread 'test_store_and_fetch_object' (792) panicked at tests/client_basics.rs:13:56:
[INFO] [stdout] called `Result::unwrap()` on an `Err` value: IoError(Os { code: 111, kind: ConnectionRefused, message: "Connection refused" })
[INFO] [stdout] stack backtrace:
[INFO] [stdout]    0:     0x583b131a1db1 - <<std[617be2ca0a6fd877]::sys::backtrace::BacktraceLock>::print::DisplayBacktrace as core[a373ad73a504971]::fmt::Display>::fmt
[INFO] [stdout]    1:     0x583b131b6daa - core[a373ad73a504971]::fmt::write
[INFO] [stdout]    2:     0x583b131a645c - <alloc[2e1b2a31b91974c5]::vec::Vec<u8> as core[a373ad73a504971]::io::write::Write>::write_fmt
[INFO] [stdout]    3:     0x583b1317d716 - std[617be2ca0a6fd877]::panicking::default_hook::{closure#0}
[INFO] [stdout]    4:     0x583b13199f49 - std[617be2ca0a6fd877]::panicking::default_hook
[INFO] [stdout]    5:     0x583b1311a470 - test[aada8e7e76ba119b]::test_main_inner::{closure#0}
[INFO] [stdout]    6:     0x583b1319a102 - std[617be2ca0a6fd877]::panicking::panic_with_hook
[INFO] [stdout]    7:     0x583b1317d7c2 - std[617be2ca0a6fd877]::panicking::panic_handler::{closure#0}
[INFO] [stdout]    8:     0x583b13176429 - std[617be2ca0a6fd877]::sys::backtrace::__rust_end_short_backtrace::<std[617be2ca0a6fd877]::panicking::panic_handler::{closure#0}, !>
[INFO] [stdout]    9:     0x583b1317e5bd - __rustc[ea4f61d10b84890b]::rust_begin_unwind
[INFO] [stdout]   10:     0x583b131b750c - core[a373ad73a504971]::panicking::panic_fmt
[INFO] [stdout]   11:     0x583b131b72e2 - core[a373ad73a504971]::result::unwrap_failed
[INFO] [stdout]   12:     0x583b130f2d76 - client_basics[16725f926a492d47]::connect::{closure#0}
[INFO] [stdout]   13:     0x583b130fba86 - client_basics[16725f926a492d47]::test_store_and_fetch_object::{closure#0}
[INFO] [stdout]   14:     0x583b1310ab0a - <tokio[f89bfb38084ecbbd]::runtime::context::scoped::Scoped<tokio[f89bfb38084ecbbd]::runtime::scheduler::Context>>::set::<<tokio[f89bfb38084ecbbd]::runtime::scheduler::current_thread::CoreGuard>::enter<<tokio[f89bfb38084ecbbd]::runtime::scheduler::current_thread::CoreGuard>::block_on<core[a373ad73a504971]::pin::Pin<&mut core[a373ad73a504971]::pin::Pin<&mut dyn core[a373ad73a504971]::future::future::Future<Output = ()>>>>::{closure#0}, core[a373ad73a504971]::option::Option<()>>::{closure#0}, (alloc[2e1b2a31b91974c5]::boxed::Box<tokio[f89bfb38084ecbbd]::runtime::scheduler::current_thread::Core>, core[a373ad73a504971]::option::Option<()>)>
[INFO] [stdout]   15:     0x583b1310a68d - <tokio[f89bfb38084ecbbd]::runtime::runtime::Runtime>::block_on::<core[a373ad73a504971]::pin::Pin<&mut dyn core[a373ad73a504971]::future::future::Future<Output = ()>>>
[INFO] [stdout]   16:     0x583b130ffa89 - <client_basics[16725f926a492d47]::test_store_and_fetch_object::{closure#0} as core[a373ad73a504971]::ops::function::FnOnce<()>>::call_once
[INFO] [stdout]   17:     0x583b1310d8bb - test[aada8e7e76ba119b]::__rust_begin_short_backtrace::<core[a373ad73a504971]::result::Result<(), alloc[2e1b2a31b91974c5]::string::String>, fn() -> core[a373ad73a504971]::result::Result<(), alloc[2e1b2a31b91974c5]::string::String>>
[INFO] [stdout]   18:     0x583b1311aa95 - test[aada8e7e76ba119b]::run_test::{closure#0}
[INFO] [stdout]   19:     0x583b13114384 - std[617be2ca0a6fd877]::sys::backtrace::__rust_begin_short_backtrace::<test[aada8e7e76ba119b]::run_test::{closure#1}, ()>
[INFO] [stdout]   20:     0x583b1311db22 - <std[617be2ca0a6fd877]::thread::lifecycle::spawn_unchecked<test[aada8e7e76ba119b]::run_test::{closure#1}, ()>::{closure#1} as core[a373ad73a504971]::ops::function::FnOnce<()>>::call_once::{shim:vtable#0}
[INFO] [stdout]   21:     0x583b131a126f - <std[617be2ca0a6fd877]::sys::thread::unix::Thread>::new::thread_start
[INFO] [stdout]   22:     0x73fea10a3dfa - <unknown>
[INFO] [stdout]   23:     0x73fea11373d4 - clone
[INFO] [stdout]   24:                0x0 - <unknown>
[INFO] [stdout] 
[INFO] [stdout] ---- test_list_keys stdout ----
[INFO] [stdout] 
[INFO] [stdout] thread 'test_list_keys' (788) panicked at tests/client_basics.rs:13:56:
[INFO] [stdout] called `Result::unwrap()` on an `Err` value: IoError(Os { code: 111, kind: ConnectionRefused, message: "Connection refused" })
[INFO] [stdout] stack backtrace:
[INFO] [stdout]    0:     0x583b131a1db1 - <<std[617be2ca0a6fd877]::sys::backtrace::BacktraceLock>::print::DisplayBacktrace as core[a373ad73a504971]::fmt::Display>::fmt
[INFO] [stdout]    1:     0x583b131b6daa - core[a373ad73a504971]::fmt::write
[INFO] [stdout]    2:     0x583b131a645c - <alloc[2e1b2a31b91974c5]::vec::Vec<u8> as core[a373ad73a504971]::io::write::Write>::write_fmt
[INFO] [stdout]    3:     0x583b1317d716 - std[617be2ca0a6fd877]::panicking::default_hook::{closure#0}
[INFO] [stdout]    4:     0x583b13199f49 - std[617be2ca0a6fd877]::panicking::default_hook
[INFO] [stdout]    5:     0x583b1311a470 - test[aada8e7e76ba119b]::test_main_inner::{closure#0}
[INFO] [stdout]    6:     0x583b1319a102 - std[617be2ca0a6fd877]::panicking::panic_with_hook
[INFO] [stdout]    7:     0x583b1317d7c2 - std[617be2ca0a6fd877]::panicking::panic_handler::{closure#0}
[INFO] [stdout]    8:     0x583b13176429 - std[617be2ca0a6fd877]::sys::backtrace::__rust_end_short_backtrace::<std[617be2ca0a6fd877]::panicking::panic_handler::{closure#0}, !>
[INFO] [stdout]    9:     0x583b1317e5bd - __rustc[ea4f61d10b84890b]::rust_begin_unwind
[INFO] [stdout]   10:     0x583b131b750c - core[a373ad73a504971]::panicking::panic_fmt
[INFO] [stdout]   11:     0x583b131b72e2 - core[a373ad73a504971]::result::unwrap_failed
[INFO] [stdout]   12:     0x583b130f2d76 - client_basics[16725f926a492d47]::connect::{closure#0}
[INFO] [stdout]   13:     0x583b130f3cfb - client_basics[16725f926a492d47]::test_list_keys::{closure#0}
[INFO] [stdout]   14:     0x583b1310ab0a - <tokio[f89bfb38084ecbbd]::runtime::context::scoped::Scoped<tokio[f89bfb38084ecbbd]::runtime::scheduler::Context>>::set::<<tokio[f89bfb38084ecbbd]::runtime::scheduler::current_thread::CoreGuard>::enter<<tokio[f89bfb38084ecbbd]::runtime::scheduler::current_thread::CoreGuard>::block_on<core[a373ad73a504971]::pin::Pin<&mut core[a373ad73a504971]::pin::Pin<&mut dyn core[a373ad73a504971]::future::future::Future<Output = ()>>>>::{closure#0}, core[a373ad73a504971]::option::Option<()>>::{closure#0}, (alloc[2e1b2a31b91974c5]::boxed::Box<tokio[f89bfb38084ecbbd]::runtime::scheduler::current_thread::Core>, core[a373ad73a504971]::option::Option<()>)>
[INFO] [stdout]   15:     0x583b1310a68d - <tokio[f89bfb38084ecbbd]::runtime::runtime::Runtime>::block_on::<core[a373ad73a504971]::pin::Pin<&mut dyn core[a373ad73a504971]::future::future::Future<Output = ()>>>
[INFO] [stdout]   16:     0x583b130fecc9 - <client_basics[16725f926a492d47]::test_list_keys::{closure#0} as core[a373ad73a504971]::ops::function::FnOnce<()>>::call_once
[INFO] [stdout]   17:     0x583b1310d8bb - test[aada8e7e76ba119b]::__rust_begin_short_backtrace::<core[a373ad73a504971]::result::Result<(), alloc[2e1b2a31b91974c5]::string::String>, fn() -> core[a373ad73a504971]::result::Result<(), alloc[2e1b2a31b91974c5]::string::String>>
[INFO] [stdout]   18:     0x583b1311aa95 - test[aada8e7e76ba119b]::run_test::{closure#0}
[INFO] [stdout]   19:     0x583b13114384 - std[617be2ca0a6fd877]::sys::backtrace::__rust_begin_short_backtrace::<test[aada8e7e76ba119b]::run_test::{closure#1}, ()>
[INFO] [stdout]   20:     0x583b1311db22 - <std[617be2ca0a6fd877]::thread::lifecycle::spawn_unchecked<test[aada8e7e76ba119b]::run_test::{closure#1}, ()>::{closure#1} as core[a373ad73a504971]::ops::function::FnOnce<()>>::call_once::{shim:vtable#0}
[INFO] [stdout]   21:     0x583b131a126f - <std[617be2ca0a6fd877]::sys::thread::unix::Thread>::new::thread_start
[INFO] [stdout]   22:     0x73fea10a3dfa - <unknown>
[INFO] [stdout]   23:     0x73fea11373d4 - clone
[INFO] [stdout]   24:                0x0 - <unknown>
[INFO] [stdout] 
[INFO] [stdout] ---- test_yokozuna_schema stdout ----
[INFO] [stdout] 
[INFO] [stdout] thread 'test_yokozuna_schema' (796) panicked at tests/client_basics.rs:13:56:
[INFO] [stdout] called `Result::unwrap()` on an `Err` value: IoError(Os { code: 111, kind: ConnectionRefused, message: "Connection refused" })
[INFO] [stdout] stack backtrace:
[INFO] [stdout]    0:     0x583b131a1db1 - <<std[617be2ca0a6fd877]::sys::backtrace::BacktraceLock>::print::DisplayBacktrace as core[a373ad73a504971]::fmt::Display>::fmt
[INFO] [stdout]    1:     0x583b131b6daa - core[a373ad73a504971]::fmt::write
[INFO] [stdout]    2:     0x583b131a645c - <alloc[2e1b2a31b91974c5]::vec::Vec<u8> as core[a373ad73a504971]::io::write::Write>::write_fmt
[INFO] [stdout]    3:     0x583b1317d716 - std[617be2ca0a6fd877]::panicking::default_hook::{closure#0}
[INFO] [stdout]    4:     0x583b13199f49 - std[617be2ca0a6fd877]::panicking::default_hook
[INFO] [stdout]    5:     0x583b1311a470 - test[aada8e7e76ba119b]::test_main_inner::{closure#0}
[INFO] [stdout]    6:     0x583b1319a102 - std[617be2ca0a6fd877]::panicking::panic_with_hook
[INFO] [stdout]    7:     0x583b1317d7c2 - std[617be2ca0a6fd877]::panicking::panic_handler::{closure#0}
[INFO] [stdout]    8:     0x583b13176429 - std[617be2ca0a6fd877]::sys::backtrace::__rust_end_short_backtrace::<std[617be2ca0a6fd877]::panicking::panic_handler::{closure#0}, !>
[INFO] [stdout]    9:     0x583b1317e5bd - __rustc[ea4f61d10b84890b]::rust_begin_unwind
[INFO] [stdout]   10:     0x583b131b750c - core[a373ad73a504971]::panicking::panic_fmt
[INFO] [stdout]   11:     0x583b131b72e2 - core[a373ad73a504971]::result::unwrap_failed
[INFO] [stdout]   12:     0x583b130f2d76 - client_basics[16725f926a492d47]::connect::{closure#0}
[INFO] [stdout]   13:     0x583b130f99e6 - client_basics[16725f926a492d47]::test_yokozuna_schema::{closure#0}
[INFO] [stdout]   14:     0x583b1310ab0a - <tokio[f89bfb38084ecbbd]::runtime::context::scoped::Scoped<tokio[f89bfb38084ecbbd]::runtime::scheduler::Context>>::set::<<tokio[f89bfb38084ecbbd]::runtime::scheduler::current_thread::CoreGuard>::enter<<tokio[f89bfb38084ecbbd]::runtime::scheduler::current_thread::CoreGuard>::block_on<core[a373ad73a504971]::pin::Pin<&mut core[a373ad73a504971]::pin::Pin<&mut dyn core[a373ad73a504971]::future::future::Future<Output = ()>>>>::{closure#0}, core[a373ad73a504971]::option::Option<()>>::{closure#0}, (alloc[2e1b2a31b91974c5]::boxed::Box<tokio[f89bfb38084ecbbd]::runtime::scheduler::current_thread::Core>, core[a373ad73a504971]::option::Option<()>)>
[INFO] [stdout]   15:     0x583b1310a68d - <tokio[f89bfb38084ecbbd]::runtime::runtime::Runtime>::block_on::<core[a373ad73a504971]::pin::Pin<&mut dyn core[a373ad73a504971]::future::future::Future<Output = ()>>>
[INFO] [stdout]   16:     0x583b130ff6c9 - <client_basics[16725f926a492d47]::test_yokozuna_schema::{closure#0} as core[a373ad73a504971]::ops::function::FnOnce<()>>::call_once
[INFO] [stdout]   17:     0x583b1310d8bb - test[aada8e7e76ba119b]::__rust_begin_short_backtrace::<core[a373ad73a504971]::result::Result<(), alloc[2e1b2a31b91974c5]::string::String>, fn() -> core[a373ad73a504971]::result::Result<(), alloc[2e1b2a31b91974c5]::string::String>>
[INFO] [stdout]   18:     0x583b1311aa95 - test[aada8e7e76ba119b]::run_test::{closure#0}
[INFO] [stdout]   19:     0x583b13114384 - std[617be2ca0a6fd877]::sys::backtrace::__rust_begin_short_backtrace::<test[aada8e7e76ba119b]::run_test::{closure#1}, ()>
[INFO] [stdout]   20:     0x583b1311db22 - <std[617be2ca0a6fd877]::thread::lifecycle::spawn_unchecked<test[aada8e7e76ba119b]::run_test::{closure#1}, ()>::{closure#1} as core[a373ad73a504971]::ops::function::FnOnce<()>>::call_once::{shim:vtable#0}
[INFO] [stdout]   21:     0x583b131a126f - <std[617be2ca0a6fd877]::sys::thread::unix::Thread>::new::thread_start
[INFO] [stdout]   22:     0x73fea10a3dfa - <unknown>
[INFO] [stdout]   23:     0x73fea11373d4 - clone
[INFO] [stdout]   24:                0x0 - <unknown>
[INFO] [stdout] 
[INFO] [stdout] ---- test_server_info stdout ----
[INFO] [stdout] 
[INFO] [stdout] thread 'test_server_info' (791) panicked at tests/client_basics.rs:13:56:
[INFO] [stdout] called `Result::unwrap()` on an `Err` value: IoError(Os { code: 111, kind: ConnectionRefused, message: "Connection refused" })
[INFO] [stdout] stack backtrace:
[INFO] [stdout]    0:     0x583b131a1db1 - <<std[617be2ca0a6fd877]::sys::backtrace::BacktraceLock>::print::DisplayBacktrace as core[a373ad73a504971]::fmt::Display>::fmt
[INFO] [stdout]    1:     0x583b131b6daa - core[a373ad73a504971]::fmt::write
[INFO] [stdout]    2:     0x583b131a645c - <alloc[2e1b2a31b91974c5]::vec::Vec<u8> as core[a373ad73a504971]::io::write::Write>::write_fmt
[INFO] [stdout]    3:     0x583b1317d716 - std[617be2ca0a6fd877]::panicking::default_hook::{closure#0}
[INFO] [stdout]    4:     0x583b13199f49 - std[617be2ca0a6fd877]::panicking::default_hook
[INFO] [stdout]    5:     0x583b1311a470 - test[aada8e7e76ba119b]::test_main_inner::{closure#0}
[INFO] [stdout]    6:     0x583b1319a102 - std[617be2ca0a6fd877]::panicking::panic_with_hook
[INFO] [stdout]    7:     0x583b1317d7c2 - std[617be2ca0a6fd877]::panicking::panic_handler::{closure#0}
[INFO] [stdout]    8:     0x583b13176429 - std[617be2ca0a6fd877]::sys::backtrace::__rust_end_short_backtrace::<std[617be2ca0a6fd877]::panicking::panic_handler::{closure#0}, !>
[INFO] [stdout]    9:     0x583b1317e5bd - __rustc[ea4f61d10b84890b]::rust_begin_unwind
[INFO] [stdout]   10:     0x583b131b750c - core[a373ad73a504971]::panicking::panic_fmt
[INFO] [stdout]   11:     0x583b131b72e2 - core[a373ad73a504971]::result::unwrap_failed
[INFO] [stdout]   12:     0x583b130f2d76 - client_basics[16725f926a492d47]::connect::{closure#0}
[INFO] [stdout]   13:     0x583b130f57a6 - client_basics[16725f926a492d47]::test_server_info::{closure#0}
[INFO] [stdout]   14:     0x583b1310ab0a - <tokio[f89bfb38084ecbbd]::runtime::context::scoped::Scoped<tokio[f89bfb38084ecbbd]::runtime::scheduler::Context>>::set::<<tokio[f89bfb38084ecbbd]::runtime::scheduler::current_thread::CoreGuard>::enter<<tokio[f89bfb38084ecbbd]::runtime::scheduler::current_thread::CoreGuard>::block_on<core[a373ad73a504971]::pin::Pin<&mut core[a373ad73a504971]::pin::Pin<&mut dyn core[a373ad73a504971]::future::future::Future<Output = ()>>>>::{closure#0}, core[a373ad73a504971]::option::Option<()>>::{closure#0}, (alloc[2e1b2a31b91974c5]::boxed::Box<tokio[f89bfb38084ecbbd]::runtime::scheduler::current_thread::Core>, core[a373ad73a504971]::option::Option<()>)>
[INFO] [stdout]   15:     0x583b1310a68d - <tokio[f89bfb38084ecbbd]::runtime::runtime::Runtime>::block_on::<core[a373ad73a504971]::pin::Pin<&mut dyn core[a373ad73a504971]::future::future::Future<Output = ()>>>
[INFO] [stdout]   16:     0x583b130fef49 - <client_basics[16725f926a492d47]::test_server_info::{closure#0} as core[a373ad73a504971]::ops::function::FnOnce<()>>::call_once
[INFO] [stdout]   17:     0x583b1310d8bb - test[aada8e7e76ba119b]::__rust_begin_short_backtrace::<core[a373ad73a504971]::result::Result<(), alloc[2e1b2a31b91974c5]::string::String>, fn() -> core[a373ad73a504971]::result::Result<(), alloc[2e1b2a31b91974c5]::string::String>>
[INFO] [stdout]   18:     0x583b1311aa95 - test[aada8e7e76ba119b]::run_test::{closure#0}
[INFO] [stdout]   19:     0x583b13114384 - std[617be2ca0a6fd877]::sys::backtrace::__rust_begin_short_backtrace::<test[aada8e7e76ba119b]::run_test::{closure#1}, ()>
[INFO] [stdout]   20:     0x583b1311db22 - <std[617be2ca0a6fd877]::thread::lifecycle::spawn_unchecked<test[aada8e7e76ba119b]::run_test::{closure#1}, ()>::{closure#1} as core[a373ad73a504971]::ops::function::FnOnce<()>>::call_once::{shim:vtable#0}
[INFO] [stdout]   21:     0x583b131a126f - <std[617be2ca0a6fd877]::sys::thread::unix::Thread>::new::thread_start
[INFO] [stdout]   22:     0x73fea10a3dfa - <unknown>
[INFO] [stdout]   23:     0x73fea11373d4 - clone
[INFO] [stdout]   24:                0x0 - <unknown>
[INFO] [stdout] 
[INFO] [stdout] ---- test_stream_keys_interrupted_breaks_connection stdout ----
[INFO] [stdout] 
[INFO] [stdout] thread 'test_stream_keys_interrupted_breaks_connection' (794) panicked at tests/client_basics.rs:13:56:
[INFO] [stdout] called `Result::unwrap()` on an `Err` value: IoError(Os { code: 111, kind: ConnectionRefused, message: "Connection refused" })
[INFO] [stdout] stack backtrace:
[INFO] [stdout]    0:     0x583b131a1db1 - <<std[617be2ca0a6fd877]::sys::backtrace::BacktraceLock>::print::DisplayBacktrace as core[a373ad73a504971]::fmt::Display>::fmt
[INFO] [stdout]    1:     0x583b131b6daa - core[a373ad73a504971]::fmt::write
[INFO] [stdout]    2:     0x583b131a645c - <alloc[2e1b2a31b91974c5]::vec::Vec<u8> as core[a373ad73a504971]::io::write::Write>::write_fmt
[INFO] [stdout]    3:     0x583b1317d716 - std[617be2ca0a6fd877]::panicking::default_hook::{closure#0}
[INFO] [stdout]    4:     0x583b13199f49 - std[617be2ca0a6fd877]::panicking::default_hook
[INFO] [stdout]    5:     0x583b1311a470 - test[aada8e7e76ba119b]::test_main_inner::{closure#0}
[INFO] [stdout]    6:     0x583b1319a102 - std[617be2ca0a6fd877]::panicking::panic_with_hook
[INFO] [stdout]    7:     0x583b1317d7c2 - std[617be2ca0a6fd877]::panicking::panic_handler::{closure#0}
[INFO] [stdout]    8:     0x583b13176429 - std[617be2ca0a6fd877]::sys::backtrace::__rust_end_short_backtrace::<std[617be2ca0a6fd877]::panicking::panic_handler::{closure#0}, !>
[INFO] [stdout]    9:     0x583b1317e5bd - __rustc[ea4f61d10b84890b]::rust_begin_unwind
[INFO] [stdout]   10:     0x583b131b750c - core[a373ad73a504971]::panicking::panic_fmt
[INFO] [stdout]   11:     0x583b131b72e2 - core[a373ad73a504971]::result::unwrap_failed
[INFO] [stdout]   12:     0x583b130f2d76 - client_basics[16725f926a492d47]::connect::{closure#0}
[INFO] [stdout]   13:     0x583b130fc1ee - client_basics[16725f926a492d47]::test_stream_keys_interrupted_breaks_connection::{closure#0}
[INFO] [stdout]   14:     0x583b1310ab0a - <tokio[f89bfb38084ecbbd]::runtime::context::scoped::Scoped<tokio[f89bfb38084ecbbd]::runtime::scheduler::Context>>::set::<<tokio[f89bfb38084ecbbd]::runtime::scheduler::current_thread::CoreGuard>::enter<<tokio[f89bfb38084ecbbd]::runtime::scheduler::current_thread::CoreGuard>::block_on<core[a373ad73a504971]::pin::Pin<&mut core[a373ad73a504971]::pin::Pin<&mut dyn core[a373ad73a504971]::future::future::Future<Output = ()>>>>::{closure#0}, core[a373ad73a504971]::option::Option<()>>::{closure#0}, (alloc[2e1b2a31b91974c5]::boxed::Box<tokio[f89bfb38084ecbbd]::runtime::scheduler::current_thread::Core>, core[a373ad73a504971]::option::Option<()>)>
[INFO] [stdout]   15:     0x583b1310a68d - <tokio[f89bfb38084ecbbd]::runtime::runtime::Runtime>::block_on::<core[a373ad73a504971]::pin::Pin<&mut dyn core[a373ad73a504971]::future::future::Future<Output = ()>>>
[INFO] [stdout]   16:     0x583b130ffbc9 - <client_basics[16725f926a492d47]::test_stream_keys_interrupted_breaks_connection::{closure#0} as core[a373ad73a504971]::ops::function::FnOnce<()>>::call_once
[INFO] [stdout]   17:     0x583b1310d8bb - test[aada8e7e76ba119b]::__rust_begin_short_backtrace::<core[a373ad73a504971]::result::Result<(), alloc[2e1b2a31b91974c5]::string::String>, fn() -> core[a373ad73a504971]::result::Result<(), alloc[2e1b2a31b91974c5]::string::String>>
[INFO] [stdout]   18:     0x583b1311aa95 - test[aada8e7e76ba119b]::run_test::{closure#0}
[INFO] [stdout]   19:     0x583b13114384 - std[617be2ca0a6fd877]::sys::backtrace::__rust_begin_short_backtrace::<test[aada8e7e76ba119b]::run_test::{closure#1}, ()>
[INFO] [stdout]   20:     0x583b1311db22 - <std[617be2ca0a6fd877]::thread::lifecycle::spawn_unchecked<test[aada8e7e76ba119b]::run_test::{closure#1}, ()>::{closure#1} as core[a373ad73a504971]::ops::function::FnOnce<()>>::call_once::{shim:vtable#0}
[INFO] [stdout]   21:     0x583b131a126f - <std[617be2ca0a6fd877]::sys::thread::unix::Thread>::new::thread_start
[INFO] [stdout]   22:     0x73fea10a3dfa - <unknown>
[INFO] [stdout]   23:     0x73fea11373d4 - clone
[INFO] [stdout]   24:                0x0 - <unknown>
[INFO] [stdout] 
[INFO] [stdout] ---- test_search stdout ----
[INFO] [stdout] 
[INFO] [stdout] thread 'test_search' (790) panicked at tests/client_basics.rs:13:56:
[INFO] [stdout] called `Result::unwrap()` on an `Err` value: IoError(Os { code: 111, kind: ConnectionRefused, message: "Connection refused" })
[INFO] [stdout] stack backtrace:
[INFO] [stdout]    0:     0x583b131a1db1 - <<std[617be2ca0a6fd877]::sys::backtrace::BacktraceLock>::print::DisplayBacktrace as core[a373ad73a504971]::fmt::Display>::fmt
[INFO] [stdout]    1:     0x583b131b6daa - core[a373ad73a504971]::fmt::write
[INFO] [stdout]    2:     0x583b131a645c - <alloc[2e1b2a31b91974c5]::vec::Vec<u8> as core[a373ad73a504971]::io::write::Write>::write_fmt
[INFO] [stdout]    3:     0x583b1317d716 - std[617be2ca0a6fd877]::panicking::default_hook::{closure#0}
[INFO] [stdout]    4:     0x583b13199f49 - std[617be2ca0a6fd877]::panicking::default_hook
[INFO] [stdout]    5:     0x583b1311a470 - test[aada8e7e76ba119b]::test_main_inner::{closure#0}
[INFO] [stdout]    6:     0x583b1319a102 - std[617be2ca0a6fd877]::panicking::panic_with_hook
[INFO] [stdout]    7:     0x583b1317d7c2 - std[617be2ca0a6fd877]::panicking::panic_handler::{closure#0}
[INFO] [stdout]    8:     0x583b13176429 - std[617be2ca0a6fd877]::sys::backtrace::__rust_end_short_backtrace::<std[617be2ca0a6fd877]::panicking::panic_handler::{closure#0}, !>
[INFO] [stdout]    9:     0x583b1317e5bd - __rustc[ea4f61d10b84890b]::rust_begin_unwind
[INFO] [stdout]   10:     0x583b131b750c - core[a373ad73a504971]::panicking::panic_fmt
[INFO] [stdout]   11:     0x583b131b72e2 - core[a373ad73a504971]::result::unwrap_failed
[INFO] [stdout]   12:     0x583b130f2d76 - client_basics[16725f926a492d47]::connect::{closure#0}
[INFO] [stdout]   13:     0x583b130f2f59 - client_basics[16725f926a492d47]::test_search::{closure#0}
[INFO] [stdout]   14:     0x583b1310ab0a - <tokio[f89bfb38084ecbbd]::runtime::context::scoped::Scoped<tokio[f89bfb38084ecbbd]::runtime::scheduler::Context>>::set::<<tokio[f89bfb38084ecbbd]::runtime::scheduler::current_thread::CoreGuard>::enter<<tokio[f89bfb38084ecbbd]::runtime::scheduler::current_thread::CoreGuard>::block_on<core[a373ad73a504971]::pin::Pin<&mut core[a373ad73a504971]::pin::Pin<&mut dyn core[a373ad73a504971]::future::future::Future<Output = ()>>>>::{closure#0}, core[a373ad73a504971]::option::Option<()>>::{closure#0}, (alloc[2e1b2a31b91974c5]::boxed::Box<tokio[f89bfb38084ecbbd]::runtime::scheduler::current_thread::Core>, core[a373ad73a504971]::option::Option<()>)>
[INFO] [stdout]   15:     0x583b1310a68d - <tokio[f89bfb38084ecbbd]::runtime::runtime::Runtime>::block_on::<core[a373ad73a504971]::pin::Pin<&mut dyn core[a373ad73a504971]::future::future::Future<Output = ()>>>
[INFO] [stdout]   16:     0x583b130feb89 - <client_basics[16725f926a492d47]::test_search::{closure#0} as core[a373ad73a504971]::ops::function::FnOnce<()>>::call_once
[INFO] [stdout]   17:     0x583b1310d8bb - test[aada8e7e76ba119b]::__rust_begin_short_backtrace::<core[a373ad73a504971]::result::Result<(), alloc[2e1b2a31b91974c5]::string::String>, fn() -> core[a373ad73a504971]::result::Result<(), alloc[2e1b2a31b91974c5]::string::String>>
[INFO] [stdout]   18:     0x583b1311aa95 - test[aada8e7e76ba119b]::run_test::{closure#0}
[INFO] [stdout]   19:     0x583b13114384 - std[617be2ca0a6fd877]::sys::backtrace::__rust_begin_short_backtrace::<test[aada8e7e76ba119b]::run_test::{closure#1}, ()>
[INFO] [stdout]   20:     0x583b1311db22 - <std[617be2ca0a6fd877]::thread::lifecycle::spawn_unchecked<test[aada8e7e76ba119b]::run_test::{closure#1}, ()>::{closure#1} as core[a373ad73a504971]::ops::function::FnOnce<()>>::call_once::{shim:vtable#0}
[INFO] [stdout]   21:     0x583b131a126f - <std[617be2ca0a6fd877]::sys::thread::unix::Thread>::new::thread_start
[INFO] [stdout]   22:     0x73fea10a3dfa - <unknown>
[INFO] [stdout]   23:     0x73fea11373d4 - clone
[INFO] [stdout]   24:                0x0 - <unknown>
[INFO] [stdout] 
[INFO] [stdout] ---- test_mapreduce stdout ----
[INFO] [stdout] 
[INFO] [stdout] thread 'test_mapreduce' (789) panicked at tests/client_basics.rs:13:56:
[INFO] [stdout] called `Result::unwrap()` on an `Err` value: IoError(Os { code: 111, kind: ConnectionRefused, message: "Connection refused" })
[INFO] [stdout] stack backtrace:
[INFO] [stdout]    0:     0x583b131a1db1 - <<std[617be2ca0a6fd877]::sys::backtrace::BacktraceLock>::print::DisplayBacktrace as core[a373ad73a504971]::fmt::Display>::fmt
[INFO] [stdout]    1:     0x583b131b6daa - core[a373ad73a504971]::fmt::write
[INFO] [stdout]    2:     0x583b131a645c - <alloc[2e1b2a31b91974c5]::vec::Vec<u8> as core[a373ad73a504971]::io::write::Write>::write_fmt
[INFO] [stdout]    3:     0x583b1317d716 - std[617be2ca0a6fd877]::panicking::default_hook::{closure#0}
[INFO] [stdout]    4:     0x583b13199f49 - std[617be2ca0a6fd877]::panicking::default_hook
[INFO] [stdout]    5:     0x583b1311a470 - test[aada8e7e76ba119b]::test_main_inner::{closure#0}
[INFO] [stdout]    6:     0x583b1319a102 - std[617be2ca0a6fd877]::panicking::panic_with_hook
[INFO] [stdout]    7:     0x583b1317d7c2 - std[617be2ca0a6fd877]::panicking::panic_handler::{closure#0}
[INFO] [stdout]    8:     0x583b13176429 - std[617be2ca0a6fd877]::sys::backtrace::__rust_end_short_backtrace::<std[617be2ca0a6fd877]::panicking::panic_handler::{closure#0}, !>
[INFO] [stdout]    9:     0x583b1317e5bd - __rustc[ea4f61d10b84890b]::rust_begin_unwind
[INFO] [stdout]   10:     0x583b131b750c - core[a373ad73a504971]::panicking::panic_fmt
[INFO] [stdout]   11:     0x583b131b72e2 - core[a373ad73a504971]::result::unwrap_failed
[INFO] [stdout]   12:     0x583b130f2d76 - client_basics[16725f926a492d47]::connect::{closure#0}
[INFO] [stdout]   13:     0x583b130f4b2f - client_basics[16725f926a492d47]::test_mapreduce::{closure#0}
[INFO] [stdout]   14:     0x583b1310ab0a - <tokio[f89bfb38084ecbbd]::runtime::context::scoped::Scoped<tokio[f89bfb38084ecbbd]::runtime::scheduler::Context>>::set::<<tokio[f89bfb38084ecbbd]::runtime::scheduler::current_thread::CoreGuard>::enter<<tokio[f89bfb38084ecbbd]::runtime::scheduler::current_thread::CoreGuard>::block_on<core[a373ad73a504971]::pin::Pin<&mut core[a373ad73a504971]::pin::Pin<&mut dyn core[a373ad73a504971]::future::future::Future<Output = ()>>>>::{closure#0}, core[a373ad73a504971]::option::Option<()>>::{closure#0}, (alloc[2e1b2a31b91974c5]::boxed::Box<tokio[f89bfb38084ecbbd]::runtime::scheduler::current_thread::Core>, core[a373ad73a504971]::option::Option<()>)>
[INFO] [stdout]   15:     0x583b1310a68d - <tokio[f89bfb38084ecbbd]::runtime::runtime::Runtime>::block_on::<core[a373ad73a504971]::pin::Pin<&mut dyn core[a373ad73a504971]::future::future::Future<Output = ()>>>
[INFO] [stdout]   16:     0x583b130fee09 - <client_basics[16725f926a492d47]::test_mapreduce::{closure#0} as core[a373ad73a504971]::ops::function::FnOnce<()>>::call_once
[INFO] [stdout]   17:     0x583b1310d8bb - test[aada8e7e76ba119b]::__rust_begin_short_backtrace::<core[a373ad73a504971]::result::Result<(), alloc[2e1b2a31b91974c5]::string::String>, fn() -> core[a373ad73a504971]::result::Result<(), alloc[2e1b2a31b91974c5]::string::String>>
[INFO] [stdout]   18:     0x583b1311aa95 - test[aada8e7e76ba119b]::run_test::{closure#0}
[INFO] [stdout]   19:     0x583b13114384 - std[617be2ca0a6fd877]::sys::backtrace::__rust_begin_short_backtrace::<test[aada8e7e76ba119b]::run_test::{closure#1}, ()>
[INFO] [stdout]   20:     0x583b1311db22 - <std[617be2ca0a6fd877]::thread::lifecycle::spawn_unchecked<test[aada8e7e76ba119b]::run_test::{closure#1}, ()>::{closure#1} as core[a373ad73a504971]::ops::function::FnOnce<()>>::call_once::{shim:vtable#0}
[INFO] [stdout]   21:     0x583b131a126f - <std[617be2ca0a6fd877]::sys::thread::unix::Thread>::new::thread_start
[INFO] [stdout]   22:     0x73fea10a3dfa - <unknown>
[INFO] [stdout]   23:     0x73fea11373d4 - clone
[INFO] [stdout]   24:                0x0 - <unknown>
[INFO] [stdout] 
[INFO] [stdout] ---- test_fetch_preflist stdout ----
[INFO] [stdout] 
[INFO] [stdout] thread 'test_fetch_preflist' (786) panicked at tests/client_basics.rs:13:56:
[INFO] [stdout] called `Result::unwrap()` on an `Err` value: IoError(Os { code: 111, kind: ConnectionRefused, message: "Connection refused" })
[INFO] [stdout] stack backtrace:
[INFO] [stdout]    0:     0x583b131a1db1 - <<std[617be2ca0a6fd877]::sys::backtrace::BacktraceLock>::print::DisplayBacktrace as core[a373ad73a504971]::fmt::Display>::fmt
[INFO] [stdout]    1:     0x583b131b6daa - core[a373ad73a504971]::fmt::write
[INFO] [stdout]    2:     0x583b131a645c - <alloc[2e1b2a31b91974c5]::vec::Vec<u8> as core[a373ad73a504971]::io::write::Write>::write_fmt
[INFO] [stdout]    3:     0x583b1317d716 - std[617be2ca0a6fd877]::panicking::default_hook::{closure#0}
[INFO] [stdout]    4:     0x583b13199f49 - std[617be2ca0a6fd877]::panicking::default_hook
[INFO] [stdout]    5:     0x583b1311a470 - test[aada8e7e76ba119b]::test_main_inner::{closure#0}
[INFO] [stdout]    6:     0x583b1319a102 - std[617be2ca0a6fd877]::panicking::panic_with_hook
[INFO] [stdout]    7:     0x583b1317d7c2 - std[617be2ca0a6fd877]::panicking::panic_handler::{closure#0}
[INFO] [stdout]    8:     0x583b13176429 - std[617be2ca0a6fd877]::sys::backtrace::__rust_end_short_backtrace::<std[617be2ca0a6fd877]::panicking::panic_handler::{closure#0}, !>
[INFO] [stdout]    9:     0x583b1317e5bd - __rustc[ea4f61d10b84890b]::rust_begin_unwind
[INFO] [stdout]   10:     0x583b131b750c - core[a373ad73a504971]::panicking::panic_fmt
[INFO] [stdout]   11:     0x583b131b72e2 - core[a373ad73a504971]::result::unwrap_failed
[INFO] [stdout]   12:     0x583b130f2d76 - client_basics[16725f926a492d47]::connect::{closure#0}
[INFO] [stdout]   13:     0x583b130f8206 - client_basics[16725f926a492d47]::test_fetch_preflist::{closure#0}
[INFO] [stdout]   14:     0x583b1310ab0a - <tokio[f89bfb38084ecbbd]::runtime::context::scoped::Scoped<tokio[f89bfb38084ecbbd]::runtime::scheduler::Context>>::set::<<tokio[f89bfb38084ecbbd]::runtime::scheduler::current_thread::CoreGuard>::enter<<tokio[f89bfb38084ecbbd]::runtime::scheduler::current_thread::CoreGuard>::block_on<core[a373ad73a504971]::pin::Pin<&mut core[a373ad73a504971]::pin::Pin<&mut dyn core[a373ad73a504971]::future::future::Future<Output = ()>>>>::{closure#0}, core[a373ad73a504971]::option::Option<()>>::{closure#0}, (alloc[2e1b2a31b91974c5]::boxed::Box<tokio[f89bfb38084ecbbd]::runtime::scheduler::current_thread::Core>, core[a373ad73a504971]::option::Option<()>)>
[INFO] [stdout]   15:     0x583b1310a68d - <tokio[f89bfb38084ecbbd]::runtime::runtime::Runtime>::block_on::<core[a373ad73a504971]::pin::Pin<&mut dyn core[a373ad73a504971]::future::future::Future<Output = ()>>>
[INFO] [stdout]   16:     0x583b130ff449 - <client_basics[16725f926a492d47]::test_fetch_preflist::{closure#0} as core[a373ad73a504971]::ops::function::FnOnce<()>>::call_once
[INFO] [stdout]   17:     0x583b1310d8bb - test[aada8e7e76ba119b]::__rust_begin_short_backtrace::<core[a373ad73a504971]::result::Result<(), alloc[2e1b2a31b91974c5]::string::String>, fn() -> core[a373ad73a504971]::result::Result<(), alloc[2e1b2a31b91974c5]::string::String>>
[INFO] [stdout]   18:     0x583b1311aa95 - test[aada8e7e76ba119b]::run_test::{closure#0}
[INFO] [stdout]   19:     0x583b13114384 - std[617be2ca0a6fd877]::sys::backtrace::__rust_begin_short_backtrace::<test[aada8e7e76ba119b]::run_test::{closure#1}, ()>
[INFO] [stdout]   20:     0x583b1311db22 - <std[617be2ca0a6fd877]::thread::lifecycle::spawn_unchecked<test[aada8e7e76ba119b]::run_test::{closure#1}, ()>::{closure#1} as core[a373ad73a504971]::ops::function::FnOnce<()>>::call_once::{shim:vtable#0}
[INFO] [stdout]   21:     0x583b131a126f - <std[617be2ca0a6fd877]::sys::thread::unix::Thread>::new::thread_start
[INFO] [stdout]   22:     0x73fea10a3dfa - <unknown>
[INFO] [stdout]   23:     0x73fea11373d4 - clone
[INFO] [stdout]   24:                0x0 - <unknown>
[INFO] [stdout] 
[INFO] [stdout] 
[INFO] [stdout] failures:
[INFO] [stdout]     test_bucket_properties
[INFO] [stdout]     test_bucket_type_properties
[INFO] [stdout]     test_delete_object
[INFO] [stdout]     test_fetch_preflist
[INFO] [stdout]     test_list_buckets
[INFO] [stdout]     test_list_keys
[INFO] [stdout]     test_mapreduce
[INFO] [stdout]     test_search
[INFO] [stdout]     test_server_info
[INFO] [stdout]     test_store_and_fetch_object
[INFO] [stdout]     test_stream_keys
[INFO] [stdout]     test_stream_keys_interrupted_breaks_connection
[INFO] [stdout]     test_yokozuna_index
[INFO] [stdout]     test_yokozuna_schema
[INFO] [stdout] 
[INFO] [stdout] test result: FAILED. 0 passed; 14 failed; 0 ignored; 0 measured; 0 filtered out; finished in 0.01s
[INFO] [stdout] 
[INFO] running `Command { std: "docker" "inspect" "c023c19b3ca4e6aa2ccde2667a5b6c396bb172ce88b70787c2c3d795fa6369e2", kill_on_drop: false }`
[INFO] running `Command { std: "docker" "rm" "-f" "c023c19b3ca4e6aa2ccde2667a5b6c396bb172ce88b70787c2c3d795fa6369e2", kill_on_drop: false }`
[INFO] [stdout] c023c19b3ca4e6aa2ccde2667a5b6c396bb172ce88b70787c2c3d795fa6369e2
