[INFO] fetching crate rhow 0.1.0...
[INFO] testing rhow-0.1.0 against 1.100.0-beta.1+cargoflags=--release for beta-release-1.100-2
[INFO] extracting crate rhow 0.1.0 into /workspace/builds/worker-3-tc2/source
[INFO] started tweaking crates.io crate rhow 0.1.0
[INFO] removed 0 missing tests
[INFO] finished tweaking crates.io crate rhow 0.1.0
[INFO] tweaked toml for crates.io crate rhow 0.1.0 written to /workspace/builds/worker-3-tc2/source/Cargo.toml
[INFO] validating manifest of crates.io crate rhow 0.1.0 on toolchain 1.100.0-beta.1
[INFO] running `Command { std: CARGO_HOME="/workspace/cargo-home" RUSTUP_HOME="/workspace/rustup-home" "/workspace/cargo-home/bin/cargo" "+1.100.0-beta.1" "metadata" "--manifest-path" "Cargo.toml" "--no-deps", kill_on_drop: false }`
[INFO] crate crates.io crate rhow 0.1.0 already has a lockfile, it will not be regenerated
[INFO] running `Command { std: CARGO_HOME="/workspace/cargo-home" RUSTUP_HOME="/workspace/rustup-home" "/workspace/cargo-home/bin/cargo" "+1.100.0-beta.1" "fetch" "--manifest-path" "Cargo.toml", kill_on_drop: false }`
[INFO] running `Command { std: "docker" "create" "-v" "/var/lib/crater-agent-workspace/builds/worker-3-tc2/source:/opt/rustwide/workdir:ro,Z" "-v" "/var/lib/crater-agent-workspace/builds/worker-3-tc2/target:/opt/rustwide/target:rw,Z" "-v" "/var/lib/crater-agent-workspace/cargo-home:/opt/rustwide/cargo-home:ro,Z" "-v" "/var/lib/crater-agent-workspace/rustup-home:/opt/rustwide/rustup-home:ro,Z" "-m" "1610612736" "--network" "none" "ghcr.io/rust-lang/crates-build-env/linux@sha256:77db811e55d90add9212f6832c23229e3de5f1c1f9905e8cb07319ea15df73ac" "sleep" "infinity", kill_on_drop: false }`
[INFO] [stdout] dec00d961ed749c8e12413d0c111a4140407001da3c175e615be9e04088488f1
[INFO] running `Command { std: "docker" "start" "dec00d961ed749c8e12413d0c111a4140407001da3c175e615be9e04088488f1", kill_on_drop: false }`
[INFO] running `Command { std: "docker" "inspect" "dec00d961ed749c8e12413d0c111a4140407001da3c175e615be9e04088488f1", kill_on_drop: false }`
[INFO] running `Command { std: "docker" "exec" "-e" "SOURCE_DIR=/opt/rustwide/workdir" "-e" "CARGO_HOME=/opt/rustwide/cargo-home" "-e" "RUSTUP_HOME=/opt/rustwide/rustup-home" "-e" "CARGO_TARGET_DIR=/opt/rustwide/target" "-w" "/opt/rustwide/workdir" "--user" "0:0" "dec00d961ed749c8e12413d0c111a4140407001da3c175e615be9e04088488f1" "/opt/rustwide/cargo-home/bin/cargo" "+1.100.0-beta.1" "metadata" "--no-deps" "--format-version=1", kill_on_drop: false }`
[INFO] running `Command { std: "docker" "inspect" "dec00d961ed749c8e12413d0c111a4140407001da3c175e615be9e04088488f1", kill_on_drop: false }`
[INFO] running `Command { std: "docker" "exec" "-e" "SOURCE_DIR=/opt/rustwide/workdir" "-e" "CARGO_HOME=/opt/rustwide/cargo-home" "-e" "RUSTUP_HOME=/opt/rustwide/rustup-home" "-e" "CARGO_TARGET_DIR=/opt/rustwide/target" "-e" "CARGO_INCREMENTAL=0" "-e" "RUST_BACKTRACE=full" "-e" "RUSTFLAGS=--cap-lints=warn" "-e" "RUSTDOCFLAGS=--cap-lints=warn" "-w" "/opt/rustwide/workdir" "--user" "0:0" "dec00d961ed749c8e12413d0c111a4140407001da3c175e615be9e04088488f1" "/opt/rustwide/cargo-home/bin/cargo" "+1.100.0-beta.1" "build" "--frozen" "--message-format=json" "--release", kill_on_drop: false }`
[INFO] [stderr]    Compiling proc-macro2 v1.0.107
[INFO] [stderr]    Compiling unicode-ident v1.0.26
[INFO] [stderr]    Compiling quote v1.0.47
[INFO] [stderr]    Compiling serde_core v1.0.229
[INFO] [stderr]    Compiling rustix v1.1.5
[INFO] [stderr]    Compiling utf8parse v0.2.2
[INFO] [stderr]    Compiling bitflags v2.13.2
[INFO] [stderr]    Compiling linux-raw-sys v0.12.1
[INFO] [stderr]    Compiling anstyle-query v1.1.5
[INFO] [stderr]    Compiling colorchoice v1.0.5
[INFO] [stderr]    Compiling anstyle v1.0.14
[INFO] [stderr]    Compiling zmij v1.0.23
[INFO] [stderr]    Compiling serde v1.0.229
[INFO] [stderr]    Compiling equivalent v1.0.2
[INFO] [stderr]    Compiling hashbrown v0.17.1
[INFO] [stderr]    Compiling is_terminal_polyfill v1.70.2
[INFO] [stderr]    Compiling anstyle-parse v1.0.0
[INFO] [stderr]    Compiling clap_lex v1.1.1
[INFO] [stderr]    Compiling strsim v0.11.1
[INFO] [stderr]    Compiling itoa v1.0.18
[INFO] [stderr]    Compiling serde_json v1.0.151
[INFO] [stderr]    Compiling winnow v1.0.4
[INFO] [stderr]    Compiling toml_writer v1.1.2+spec-1.1.0
[INFO] [stderr]    Compiling ryu v1.0.23
[INFO] [stderr]    Compiling unsafe-libyaml v0.2.11
[INFO] [stderr]    Compiling memchr v2.8.3
[INFO] [stderr]    Compiling anstream v1.0.0
[INFO] [stderr]    Compiling toml_parser v1.1.3+spec-1.1.0
[INFO] [stderr]    Compiling syn v3.0.6
[INFO] [stderr]    Compiling indexmap v2.14.2
[INFO] [stderr]    Compiling terminal_size v0.4.4
[INFO] [stderr]    Compiling clap_builder v4.6.7
[INFO] [stderr]    Compiling serde_spanned v1.1.1
[INFO] [stderr]    Compiling toml_datetime v1.1.1+spec-1.1.0
[INFO] [stderr]    Compiling toml v1.1.6+spec-1.1.0
[INFO] [stderr]    Compiling serde_derive v1.0.229
[INFO] [stderr]    Compiling clap_derive v4.6.7
[INFO] [stderr]    Compiling clap v4.6.7
[INFO] [stderr]    Compiling serde_yaml v0.9.34+deprecated
[INFO] [stderr]    Compiling rhow v0.1.0 (/opt/rustwide/workdir)
[INFO] [stderr]     Finished `release` profile [optimized] target(s) in 1m 08s
[INFO] running `Command { std: "docker" "inspect" "dec00d961ed749c8e12413d0c111a4140407001da3c175e615be9e04088488f1", kill_on_drop: false }`
[INFO] running `Command { std: "docker" "exec" "-e" "SOURCE_DIR=/opt/rustwide/workdir" "-e" "CARGO_HOME=/opt/rustwide/cargo-home" "-e" "RUSTUP_HOME=/opt/rustwide/rustup-home" "-e" "CARGO_TARGET_DIR=/opt/rustwide/target" "-e" "CARGO_INCREMENTAL=0" "-e" "RUST_BACKTRACE=full" "-e" "RUSTFLAGS=--cap-lints=warn" "-e" "RUSTDOCFLAGS=--cap-lints=warn" "-w" "/opt/rustwide/workdir" "--user" "0:0" "dec00d961ed749c8e12413d0c111a4140407001da3c175e615be9e04088488f1" "/opt/rustwide/cargo-home/bin/cargo" "+1.100.0-beta.1" "test" "--frozen" "--no-run" "--message-format=json" "--release", kill_on_drop: false }`
[INFO] [stderr]    Compiling rustix v1.1.5
[INFO] [stderr]    Compiling serde_core v1.0.229
[INFO] [stderr]    Compiling bitflags v2.13.2
[INFO] [stderr]    Compiling memchr v2.8.3
[INFO] [stderr]    Compiling libc v0.2.189
[INFO] [stderr]    Compiling hashbrown v0.17.1
[INFO] [stderr]    Compiling anstyle v1.0.14
[INFO] [stderr]    Compiling colorchoice v1.0.5
[INFO] [stderr]    Compiling equivalent v1.0.2
[INFO] [stderr]    Compiling getrandom v0.4.3
[INFO] [stderr]    Compiling cfg-if v1.0.5
[INFO] [stderr]    Compiling regex-syntax v0.8.11
[INFO] [stderr]    Compiling winnow v1.0.4
[INFO] [stderr]    Compiling clap_lex v1.1.1
[INFO] [stderr]    Compiling itoa v1.0.18
[INFO] [stderr]    Compiling zmij v1.0.23
[INFO] [stderr]    Compiling ryu v1.0.23
[INFO] [stderr]    Compiling fastrand v2.5.0
[INFO] [stderr]    Compiling unsafe-libyaml v0.2.11
[INFO] [stderr]    Compiling log v0.4.34
[INFO] [stderr]    Compiling anstream v1.0.0
[INFO] [stderr]    Compiling toml_parser v1.1.3+spec-1.1.0
[INFO] [stderr]    Compiling aho-corasick v1.1.5
[INFO] [stderr]    Compiling bstr v1.13.1
[INFO] [stderr]    Compiling indexmap v2.14.2
[INFO] [stderr]    Compiling console v0.16.6
[INFO] [stderr]    Compiling terminal_size v0.4.4
[INFO] [stderr]    Compiling tempfile v3.27.0
[INFO] [stderr]    Compiling clap_builder v4.6.7
[INFO] [stderr]    Compiling regex-automata v0.4.18
[INFO] [stderr]    Compiling toml_datetime v1.1.1+spec-1.1.0
[INFO] [stderr]    Compiling serde_spanned v1.1.1
[INFO] [stderr]    Compiling serde v1.0.229
[INFO] [stderr]    Compiling serde_json v1.0.151
[INFO] [stderr]    Compiling toml v1.1.6+spec-1.1.0
[INFO] [stderr]    Compiling serde_yaml v0.9.34+deprecated
[INFO] [stderr]    Compiling clap v4.6.7
[INFO] [stderr]    Compiling rhow v0.1.0 (/opt/rustwide/workdir)
[INFO] [stderr]    Compiling globset v0.4.20
[INFO] [stderr]    Compiling insta v1.48.0
[INFO] [stderr]     Finished `release` profile [optimized] target(s) in 2m 23s
[INFO] running `Command { std: "docker" "inspect" "dec00d961ed749c8e12413d0c111a4140407001da3c175e615be9e04088488f1", kill_on_drop: false }`
[INFO] running `Command { std: "docker" "exec" "-e" "SOURCE_DIR=/opt/rustwide/workdir" "-e" "CARGO_HOME=/opt/rustwide/cargo-home" "-e" "RUSTUP_HOME=/opt/rustwide/rustup-home" "-e" "CARGO_TARGET_DIR=/opt/rustwide/target" "-e" "CARGO_INCREMENTAL=0" "-e" "RUST_BACKTRACE=full" "-e" "RUSTFLAGS=--cap-lints=warn" "-e" "RUSTDOCFLAGS=--cap-lints=warn" "-w" "/opt/rustwide/workdir" "--user" "0:0" "dec00d961ed749c8e12413d0c111a4140407001da3c175e615be9e04088488f1" "/opt/rustwide/cargo-home/bin/cargo" "+1.100.0-beta.1" "test" "--frozen" "--release", kill_on_drop: false }`
[INFO] [stderr]     Finished `release` profile [optimized] target(s) in 0.15s
[INFO] [stderr]      Running unittests src/lib.rs (/opt/rustwide/target/release/build/rhow/0d600eeff91d8d6a/out/rhow-0d600eeff91d8d6a)
[INFO] [stdout] 
[INFO] [stdout] running 130 tests
[INFO] [stdout] test analyze::tests::env_assignments_after_control_flow_words ... ok
[INFO] [stdout] test analyze::tests::newlines_split_and_control_words_are_skipped ... ok
[INFO] [stdout] test analyze::tests::peels_local_wrapper_scripts_around_known_tools ... ok
[INFO] [stdout] test analyze::tests::peels_npx_and_cross_env ... ok
[INFO] [stdout] test analyze::tests::empty_words_never_become_the_program ... ok
[INFO] [stdout] test analyze::tests::forwards_arguments_to_referenced_scripts ... ok
[INFO] [stdout] test analyze::tests::comments_end_at_the_line_break ... ok
[INFO] [stdout] test analyze::tests::concurrently_expands ... ok
[INFO] [stdout] test analyze::tests::function_definitions_are_not_steps ... ok
[INFO] [stdout] test analyze::tests::quotes_inside_a_quoted_substitution_are_its_own ... ok
[INFO] [stdout] test analyze::tests::multi_line_risk_is_the_maximum_over_lines ... ok
[INFO] [stdout] test analyze::tests::quotes_and_env ... ok
[INFO] [stdout] test analyze::tests::env_and_npx_wrappers_peel_their_flags ... ok
[INFO] [stdout] test analyze::tests::resolves_script_refs ... ok
[INFO] [stdout] test analyze::tests::splits_chains ... ok
[INFO] [stdout] test analyze::tests::script_refs_after_cd_are_not_resolved_here ... ok
[INFO] [stdout] test analyze::tools::bundlers::tests::monorepo_runners_and_release_tools ... ok
[INFO] [stdout] test analyze::tools::bundlers::tests::typescript_and_bundlers ... ok
[INFO] [stdout] test analyze::tools::db::tests::prisma_arms ... ok
[INFO] [stdout] test analyze::tests::windows_paths_survive ... ok
[INFO] [stdout] test analyze::tests::unknown_tool_keeps_its_action_word ... ok
[INFO] [stdout] test analyze::tests::substitutions_and_exports_do_not_split_commands ... ok
[INFO] [stdout] test analyze::tools::db::tests::generic_migrators_and_shells ... ok
[INFO] [stdout] test analyze::tools::docker::tests::build_cache_prune_matches_system_prune ... ok
[INFO] [stdout] test analyze::tools::docker::tests::docker_arms ... ok
[INFO] [stdout] test analyze::tools::docker::tests::global_value_flags_do_not_shift_the_subcommand ... ok
[INFO] [stdout] test analyze::tools::infra::tests::terraform_and_serverless_platforms ... ok
[INFO] [stdout] test analyze::tools::infra::tests::kubernetes_and_helm ... ok
[INFO] [stdout] test analyze::tools::js_quality::tests::deletion_helpers ... ok
[INFO] [stdout] test analyze::tools::go::tests::go_arms ... ok
[INFO] [stdout] test analyze::tools::db::tests::flyway_and_atlas ... ok
[INFO] [stdout] test analyze::tools::dotnet::tests::dotnet_arms ... ok
[INFO] [stdout] test analyze::tools::infra::tests::git_working_tree_and_branches ... ok
[INFO] [stdout] test analyze::tools::js_frameworks::tests::mobile_and_desktop ... ok
[INFO] [stdout] test analyze::tests::heredoc_bodies_are_not_commands ... ok
[INFO] [stdout] test analyze::tools::js_frameworks::tests::web_frameworks ... ok
[INFO] [stdout] test analyze::tools::js_quality::tests::linters_and_formatters ... ok
[INFO] [stdout] test analyze::tools::js_quality::tests::script_runners_and_network ... ok
[INFO] [stdout] test analyze::tools::jvm::tests::ruby_php_and_others ... ok
[INFO] [stdout] test analyze::tools::package_managers::tests::js_package_managers ... ok
[INFO] [stdout] test analyze::tools::package_managers::tests::system_package_managers ... ok
[INFO] [stdout] test analyze::tools::python::tests::environment_managers_and_publishing ... ok
[INFO] [stdout] test analyze::tools::python::tests::test_and_quality_tools ... ok
[INFO] [stdout] test analyze::tools::rust::tests::cargo_arms ... ok
[INFO] [stdout] test analyze::tools::tests::args_flags_and_values ... ok
[INFO] [stdout] test analyze::tools::tests::describes_common_tools ... ok
[INFO] [stdout] test analyze::tools::tests::global_value_flags_do_not_shift_the_subcommand ... ok
[INFO] [stdout] test analyze::tools::tests::rm_of_build_outputs_is_cleanup ... ok
[INFO] [stdout] test analyze::tools::tests::rm_of_variables_and_the_current_directory ... ok
[INFO] [stdout] test analyze::tools::tests::source_directories_are_not_build_outputs ... ok
[INFO] [stdout] test analyze::tools::tests::unknown_script_is_conservative ... ok
[INFO] [stdout] test ci::tests::github_workflow_structure ... ok
[INFO] [stdout] test ci::tests::runs_on_shapes ... ok
[INFO] [stdout] test ci::tests::gitlab_script_as_string_or_list ... ok
[INFO] [stdout] test ci::tests::unparsable_yaml_is_dropped_silently ... ok
[INFO] [stdout] test ci::tests::gitlab_jobs_skip_templates_and_keywords ... ok
[INFO] [stdout] test discover::docker::tests::service_names ... ok
[INFO] [stdout] test ci::tests::triggers_as_string_and_sequence ... ok
[INFO] [stdout] test discover::cargo::tests::member_inherits_workspace_edition ... FAILED
[INFO] [stdout] test analyze::tools::js_tests::tests::end_to_end_runners ... ok
[INFO] [stdout] test discover::dotnet::tests::flavors ... ok
[INFO] [stdout] test discover::iac::tests::terraform_version_file_is_a_declaration ... FAILED
[INFO] [stdout] test analyze::tools::js_tests::tests::test_runners ... ok
[INFO] [stdout] test analyze::tools::jvm::tests::flyway_goals_and_tasks ... ok
[INFO] [stdout] test discover::just::tests::parses_recipes ... ok
[INFO] [stdout] test analyze::tools::jvm::tests::jvm_build_tools ... ok
[INFO] [stdout] test discover::mono::tests::jsonc ... ok
[INFO] [stdout] test discover::python::version_tests::python_version_file_and_poetry_constraint ... FAILED
[INFO] [stdout] test discover::ruby::tests::closed_inner_namespace_does_not_leak ... ok
[INFO] [stdout] test discover::ruby::tests::parses_rake ... ok
[INFO] [stdout] test discover::ruby::version_tests::ruby_from_a_parent_tool_versions ... FAILED
[INFO] [stdout] test discover::make::tests::parses_targets_and_comments ... ok
[INFO] [stdout] test discover::python::version_tests::workspace_member_uses_the_root_runner ... FAILED
[INFO] [stdout] test discover::scripts::tests::synopsis_skips_provenance_and_prose_headers ... ok
[INFO] [stdout] test discover::tests::attach_prefix_is_the_shortest_unique_path_tail ... ok
[INFO] [stdout] test discover::tests::commands_with_control_characters_are_not_typeable ... ok
[INFO] [stdout] test discover::tests::nested_projects_are_prefixed_and_collisions_resolved ... ok
[INFO] [stdout] test discover::tests::unquote_strips_one_matching_pair ... ok
[INFO] [stdout] test explain::tests::categories ... ok
[INFO] [stdout] test explain::tests::combines_known_kinds ... ok
[INFO] [stdout] test ci::tests::list_files_skips_directories_and_missing_dirs ... ok
[INFO] [stdout] test explain::tests::mixed_steps_are_sequenced ... ok
[INFO] [stdout] test explain::tests::single_step ... ok
[INFO] [stdout] test discover::mobile::device_tests::simulator_name_from_the_fastfile ... ok
[INFO] [stdout] test discover::dotnet::tests::parses_solution ... ok
[INFO] [stdout] test discover::mobile::tests::parses_fastfile ... ok
[INFO] [stdout] test ci::tests::non_shell_steps_are_not_tokenised_as_shell ... ok
[INFO] [stdout] test explain::tests::terse_drops_articles_and_nothing_else ... ok
[INFO] [stdout] test discover::golang::tests::go_work_toolchain_wins_over_the_go_line ... FAILED
[INFO] [stdout] test explain::tests::tidy_descriptions ... ok
[INFO] [stdout] test ci::tests::reusable_workflow_job_has_one_step_and_no_run_steps ... ok
[INFO] [stdout] test notes::tests::device_commands ... ok
[INFO] [stdout] test discover::js::version_tests::nvmrc_when_engines_are_absent ... FAILED
[INFO] [stdout] test notes::tests::git_mutations ... ok
[INFO] [stdout] test discover::jvm::tests::parses_gradle_tasks ... ok
[INFO] [stdout] test discover::kubernetes::tests::only_top_level_profile_items_are_profiles ... ok
[INFO] [stdout] test notes::tests::long_running_commands ... ok
[INFO] [stdout] test explain::tests::test_names_keep_their_qualifier ... ok
[INFO] [stdout] test discover::make::tests::expands_simple_variables ... ok
[INFO] [stdout] test risk::tests::destructive_patterns ... ok
[INFO] [stdout] test risk::tests::newlines_separate_segments ... ok
[INFO] [stdout] test repo::tests::env_is_only_ignored_when_it_is_a_virtualenv ... ok
[INFO] [stdout] test repo::tests::globs ... ok
[INFO] [stdout] test runtime::tests::suggests_a_runtime_only_when_docker_is_needed_and_missing ... ok
[INFO] [stdout] test repo::tests::subtree_is_the_contiguous_run_below_a_directory ... ok
[INFO] [stdout] test ci::tests::workflow_default_shell_applies_to_every_job ... ok
[INFO] [stdout] test risk::tests::dry_run_exempts_destructive_and_external_patterns ... ok
[INFO] [stdout] test risk::tests::external_patterns ... ok
[INFO] [stdout] test risk::tests::safe_when_unsure ... ok
[INFO] [stdout] test techs::tests::utilities_are_not_technologies ... ok
[INFO] [stderr] error: test failed, to rerun pass `--lib`
[INFO] [stdout] test runtime::tests::user_applications_folder_counts_as_installed ... ok
[INFO] [stdout] test support::tests::engine_prefixes_are_stripped_or_refused ... ok
[INFO] [stdout] test support::tests::matrix_parses_and_ids_are_unique ... ok
[INFO] [stdout] test support::tests::range_constraints_prefer_unclear ... ok
[INFO] [stdout] test support::tests::readme_table_matches_support_toml ... ok
[INFO] [stdout] test techs::tests::project_techs_lead_with_the_kind_and_rank_by_mentions ... ok
[INFO] [stdout] test support::tests::baselines_compare_as_declared ... ok
[INFO] [stdout] test support::tests::dotnet_target_frameworks ... ok
[INFO] [stdout] test support::tests::version_shapes_that_are_not_one_version ... ok
[INFO] [stdout] test runtime::tests::which_requires_the_executable_bit_on_unix ... ok
[INFO] [stdout] test ui::support::tests::wrap_measures_display_columns ... ok
[INFO] [stdout] test runtime::tests::which_searches_the_given_path_in_order ... ok
[INFO] [stdout] test support::tests::unknown_tool_id_is_unclear_not_a_panic ... ok
[INFO] [stdout] test techs::tests::images_map_to_technologies ... ok
[INFO] [stdout] test ui::tests::tautological_descriptions_are_dropped ... ok
[INFO] [stdout] test notes::tests::network_reads_but_not_external_writes ... ok
[INFO] [stdout] test ui::tests::display_width_counts_columns_not_bytes_or_chars ... ok
[INFO] [stdout] test ui::tests::color_detection_order ... ok
[INFO] [stdout] test ui::tests::columns_align_by_display_width ... ok
[INFO] [stdout] test ui::tests::long_commands_are_elided_in_the_middle_keeping_the_tail ... ok
[INFO] [stdout] 
[INFO] [stdout] failures:
[INFO] [stdout] 
[INFO] [stdout] ---- discover::cargo::tests::member_inherits_workspace_edition stdout ----
[INFO] [stdout] 
[INFO] [stdout] thread 'discover::cargo::tests::member_inherits_workspace_edition' (1376) panicked at src/discover/cargo.rs:232:46:
[INFO] [stdout] called `Option::unwrap()` on a `None` value
[INFO] [stdout] stack backtrace:
[INFO] [stdout]    0:     0x59b2edaa5157 - <unknown>
[INFO] [stdout]    1:     0x59b2eda7eb4a - <unknown>
[INFO] [stdout]    2:     0x59b2edaa470b - <unknown>
[INFO] [stdout]    3:     0x59b2edaa41ef - <unknown>
[INFO] [stdout]    4:     0x59b2edaa3e1a - <unknown>
[INFO] [stdout]    5:     0x59b2edaa3955 - <unknown>
[INFO] [stdout]    6:     0x59b2edaca732 - <unknown>
[INFO] [stdout]    7:     0x59b2edaca6b9 - <unknown>
[INFO] [stdout]    8:     0x59b2edacabbc - <unknown>
[INFO] [stdout]    9:     0x59b2eda7e9db - <unknown>
[INFO] [stdout]   10:     0x59b2eda80181 - <unknown>
[INFO] [stdout]   11:     0x59b2eda81f58 - <unknown>
[INFO] [stdout]   12:     0x59b2eda7193c - <unknown>
[INFO] [stdout]   13:     0x59b2edae528b - <unknown>
[INFO] [stdout]   14:     0x59b2edae06ef - <unknown>
[INFO] [stdout]   15:     0x59b2edae016c - <unknown>
[INFO] [stdout]   16:     0x59b2edb006dc - <unknown>
[INFO] [stdout]   17:     0x59b2edacc434 - <unknown>
[INFO] [stdout]   18:     0x745e0a9ecdfa - <unknown>
[INFO] [stdout]   19:     0x745e0aa803d4 - clone
[INFO] [stdout]   20:                0x0 - <unknown>
[INFO] [stdout] 
[INFO] [stdout] ---- discover::iac::tests::terraform_version_file_is_a_declaration stdout ----
[INFO] [stdout] 
[INFO] [stdout] thread 'discover::iac::tests::terraform_version_file_is_a_declaration' (1381) panicked at src/discover/iac.rs:375:35:
[INFO] [stdout] called `Option::unwrap()` on a `None` value
[INFO] [stdout] stack backtrace:
[INFO] [stdout]    0:     0x59b2edaa5157 - <unknown>
[INFO] [stdout]    1:     0x59b2eda7eb4a - <unknown>
[INFO] [stdout]    2:     0x59b2edaa470b - <unknown>
[INFO] [stdout]    3:     0x59b2edaa41ef - <unknown>
[INFO] [stdout]    4:     0x59b2edaa3e1a - <unknown>
[INFO] [stdout]    5:     0x59b2edaa3955 - <unknown>
[INFO] [stdout]    6:     0x59b2edaca732 - <unknown>
[INFO] [stdout]    7:     0x59b2edaca6b9 - <unknown>
[INFO] [stdout]    8:     0x59b2edacabbc - <unknown>
[INFO] [stdout]    9:     0x59b2eda7e9db - <unknown>
[INFO] [stdout]   10:     0x59b2eda80181 - <unknown>
[INFO] [stdout]   11:     0x59b2eda81f58 - <unknown>
[INFO] [stdout]   12:     0x59b2eda6894c - <unknown>
[INFO] [stdout]   13:     0x59b2edae528b - <unknown>
[INFO] [stdout]   14:     0x59b2edae06ef - <unknown>
[INFO] [stdout]   15:     0x59b2edae016c - <unknown>
[INFO] [stdout]   16:     0x59b2edb006dc - <unknown>
[INFO] [stdout]   17:     0x59b2edacc434 - <unknown>
[INFO] [stdout]   18:     0x745e0a9ecdfa - <unknown>
[INFO] [stdout]   19:     0x745e0aa803d4 - clone
[INFO] [stdout]   20:                0x0 - <unknown>
[INFO] [stdout] 
[INFO] [stdout] ---- discover::python::version_tests::python_version_file_and_poetry_constraint stdout ----
[INFO] [stdout] 
[INFO] [stdout] thread 'discover::python::version_tests::python_version_file_and_poetry_constraint' (1391) panicked at src/discover/python.rs:711:33:
[INFO] [stdout] called `Option::unwrap()` on a `None` value
[INFO] [stdout] stack backtrace:
[INFO] [stdout]    0:     0x59b2edaa5157 - <unknown>
[INFO] [stdout]    1:     0x59b2eda7eb4a - <unknown>
[INFO] [stdout]    2:     0x59b2edaa470b - <unknown>
[INFO] [stdout]    3:     0x59b2edaa41ef - <unknown>
[INFO] [stdout]    4:     0x59b2edaa3e1a - <unknown>
[INFO] [stdout]    5:     0x59b2edaa3955 - <unknown>
[INFO] [stdout]    6:     0x59b2edaca732 - <unknown>
[INFO] [stdout]    7:     0x59b2edaca6b9 - <unknown>
[INFO] [stdout]    8:     0x59b2edacabbc - <unknown>
[INFO] [stdout]    9:     0x59b2eda7e9db - <unknown>
[INFO] [stdout]   10:     0x59b2eda80181 - <unknown>
[INFO] [stdout]   11:     0x59b2eda81f58 - <unknown>
[INFO] [stdout]   12:     0x59b2eda2e2d0 - <unknown>
[INFO] [stdout]   13:     0x59b2eda75df7 - <unknown>
[INFO] [stdout]   14:     0x59b2edae528b - <unknown>
[INFO] [stdout]   15:     0x59b2edae06ef - <unknown>
[INFO] [stdout]   16:     0x59b2edae016c - <unknown>
[INFO] [stdout]   17:     0x59b2edb006dc - <unknown>
[INFO] [stdout]   18:     0x59b2edacc434 - <unknown>
[INFO] [stdout]   19:     0x745e0a9ecdfa - <unknown>
[INFO] [stdout]   20:     0x745e0aa803d4 - clone
[INFO] [stdout]   21:                0x0 - <unknown>
[INFO] [stdout] 
[INFO] [stdout] ---- discover::ruby::version_tests::ruby_from_a_parent_tool_versions stdout ----
[INFO] [stdout] 
[INFO] [stdout] thread 'discover::ruby::version_tests::ruby_from_a_parent_tool_versions' (1395) panicked at src/discover/ruby.rs:345:35:
[INFO] [stdout] called `Option::unwrap()` on a `None` value
[INFO] [stdout] stack backtrace:
[INFO] [stdout]    0:     0x59b2edaa5157 - <unknown>
[INFO] [stdout]    1:     0x59b2eda7eb4a - <unknown>
[INFO] [stdout]    2:     0x59b2edaa470b - <unknown>
[INFO] [stdout]    3:     0x59b2edaa41ef - <unknown>
[INFO] [stdout]    4:     0x59b2edaa3e1a - <unknown>
[INFO] [stdout]    5:     0x59b2edaa3955 - <unknown>
[INFO] [stdout]    6:     0x59b2edaca732 - <unknown>
[INFO] [stdout]    7:     0x59b2edaca6b9 - <unknown>
[INFO] [stdout]    8:     0x59b2edacabbc - <unknown>
[INFO] [stdout]    9:     0x59b2eda7e9db - <unknown>
[INFO] [stdout]   10:     0x59b2eda80181 - <unknown>
[INFO] [stdout]   11:     0x59b2eda81f58 - <unknown>
[INFO] [stdout]   12:     0x59b2eda2da44 - <unknown>
[INFO] [stdout]   13:     0x59b2eda71159 - <unknown>
[INFO] [stdout]   14:     0x59b2edae528b - <unknown>
[INFO] [stdout]   15:     0x59b2edae06ef - <unknown>
[INFO] [stdout]   16:     0x59b2edae016c - <unknown>
[INFO] [stdout]   17:     0x59b2edb006dc - <unknown>
[INFO] [stdout]   18:     0x59b2edacc434 - <unknown>
[INFO] [stdout]   19:     0x745e0a9ecdfa - <unknown>
[INFO] [stdout]   20:     0x745e0aa803d4 - clone
[INFO] [stdout]   21:                0x0 - <unknown>
[INFO] [stdout] 
[INFO] [stdout] ---- discover::python::version_tests::workspace_member_uses_the_root_runner stdout ----
[INFO] [stdout] 
[INFO] [stdout] thread 'discover::python::version_tests::workspace_member_uses_the_root_runner' (1392) panicked at src/discover/python.rs:737:46:
[INFO] [stdout] called `Option::unwrap()` on a `None` value
[INFO] [stdout] stack backtrace:
[INFO] [stdout]    0:     0x59b2edaa5157 - <unknown>
[INFO] [stdout]    1:     0x59b2eda7eb4a - <unknown>
[INFO] [stdout]    2:     0x59b2edaa470b - <unknown>
[INFO] [stdout]    3:     0x59b2edaa41ef - <unknown>
[INFO] [stdout]    4:     0x59b2edaa3e1a - <unknown>
[INFO] [stdout]    5:     0x59b2edaa3955 - <unknown>
[INFO] [stdout]    6:     0x59b2edaca732 - <unknown>
[INFO] [stdout]    7:     0x59b2edaca6b9 - <unknown>
[INFO] [stdout]    8:     0x59b2edacabbc - <unknown>
[INFO] [stdout]    9:     0x59b2eda7e9db - <unknown>
[INFO] [stdout]   10:     0x59b2eda80181 - <unknown>
[INFO] [stdout]   11:     0x59b2eda81f58 - <unknown>
[INFO] [stdout]   12:     0x59b2eda75d66 - <unknown>
[INFO] [stdout]   13:     0x59b2edae528b - <unknown>
[INFO] [stdout]   14:     0x59b2edae06ef - <unknown>
[INFO] [stdout]   15:     0x59b2edae016c - <unknown>
[INFO] [stdout]   16:     0x59b2edb006dc - <unknown>
[INFO] [stdout]   17:     0x59b2edacc434 - <unknown>
[INFO] [stdout]   18:     0x745e0a9ecdfa - <unknown>
[INFO] [stdout]   19:     0x745e0aa803d4 - clone
[INFO] [stdout]   20:                0x0 - <unknown>
[INFO] [stdout] 
[INFO] [stdout] ---- discover::golang::tests::go_work_toolchain_wins_over_the_go_line stdout ----
[INFO] [stdout] 
[INFO] [stdout] thread 'discover::golang::tests::go_work_toolchain_wins_over_the_go_line' (1380) panicked at src/discover/golang.rs:222:39:
[INFO] [stdout] called `Option::unwrap()` on a `None` value
[INFO] [stdout] stack backtrace:
[INFO] [stdout]    0:     0x59b2edaa5157 - <unknown>
[INFO] [stdout]    1:     0x59b2eda7eb4a - <unknown>
[INFO] [stdout]    2:     0x59b2edaa470b - <unknown>
[INFO] [stdout]    3:     0x59b2edaa41ef - <unknown>
[INFO] [stdout]    4:     0x59b2edaa3e1a - <unknown>
[INFO] [stdout]    5:     0x59b2edaa3955 - <unknown>
[INFO] [stdout]    6:     0x59b2edaca732 - <unknown>
[INFO] [stdout]    7:     0x59b2edaca6b9 - <unknown>
[INFO] [stdout]    8:     0x59b2edacabbc - <unknown>
[INFO] [stdout]    9:     0x59b2eda7e9db - <unknown>
[INFO] [stdout]   10:     0x59b2eda80181 - <unknown>
[INFO] [stdout]   11:     0x59b2eda81f58 - <unknown>
[INFO] [stdout]   12:     0x59b2eda7402e - <unknown>
[INFO] [stdout]   13:     0x59b2edae528b - <unknown>
[INFO] [stdout]   14:     0x59b2edae06ef - <unknown>
[INFO] [stdout]   15:     0x59b2edae016c - <unknown>
[INFO] [stdout]   16:     0x59b2edb006dc - <unknown>
[INFO] [stdout]   17:     0x59b2edacc434 - <unknown>
[INFO] [stdout]   18:     0x745e0a9ecdfa - <unknown>
[INFO] [stdout]   19:     0x745e0aa803d4 - clone
[INFO] [stdout]   20:                0x0 - <unknown>
[INFO] [stdout] 
[INFO] [stdout] ---- discover::js::version_tests::nvmrc_when_engines_are_absent stdout ----
[INFO] [stdout] 
[INFO] [stdout] thread 'discover::js::version_tests::nvmrc_when_engines_are_absent' (1382) panicked at src/discover/js.rs:429:39:
[INFO] [stdout] called `Option::unwrap()` on a `None` value
[INFO] [stdout] stack backtrace:
[INFO] [stdout]    0:     0x59b2edaa5157 - <unknown>
[INFO] [stdout]    1:     0x59b2eda7eb4a - <unknown>
[INFO] [stdout]    2:     0x59b2edaa470b - <unknown>
[INFO] [stdout]    3:     0x59b2edaa41ef - <unknown>
[INFO] [stdout]    4:     0x59b2edaa3e1a - <unknown>
[INFO] [stdout]    5:     0x59b2edaa3955 - <unknown>
[INFO] [stdout]    6:     0x59b2edaca732 - <unknown>
[INFO] [stdout]    7:     0x59b2edaca6b9 - <unknown>
[INFO] [stdout]    8:     0x59b2edacabbc - <unknown>
[INFO] [stdout]    9:     0x59b2eda7e9db - <unknown>
[INFO] [stdout]   10:     0x59b2eda80181 - <unknown>
[INFO] [stdout]   11:     0x59b2eda81f58 - <unknown>
[INFO] [stdout]   12:     0x59b2eda68675 - <unknown>
[INFO] [stdout]   13:     0x59b2edae528b - <unknown>
[INFO] [stdout]   14:     0x59b2edae06ef - <unknown>
[INFO] [stdout]   15:     0x59b2edae016c - <unknown>
[INFO] [stdout]   16:     0x59b2edb006dc - <unknown>
[INFO] [stdout]   17:     0x59b2edacc434 - <unknown>
[INFO] [stdout]   18:     0x745e0a9ecdfa - <unknown>
[INFO] [stdout]   19:     0x745e0aa803d4 - clone
[INFO] [stdout]   20:                0x0 - <unknown>
[INFO] [stdout] 
[INFO] [stdout] 
[INFO] [stdout] failures:
[INFO] [stdout]     discover::cargo::tests::member_inherits_workspace_edition
[INFO] [stdout]     discover::golang::tests::go_work_toolchain_wins_over_the_go_line
[INFO] [stdout]     discover::iac::tests::terraform_version_file_is_a_declaration
[INFO] [stdout]     discover::js::version_tests::nvmrc_when_engines_are_absent
[INFO] [stdout]     discover::python::version_tests::python_version_file_and_poetry_constraint
[INFO] [stdout]     discover::python::version_tests::workspace_member_uses_the_root_runner
[INFO] [stdout]     discover::ruby::version_tests::ruby_from_a_parent_tool_versions
[INFO] [stdout] 
[INFO] [stdout] test result: FAILED. 123 passed; 7 failed; 0 ignored; 0 measured; 0 filtered out; finished in 0.02s
[INFO] [stdout] 
[INFO] running `Command { std: "docker" "inspect" "dec00d961ed749c8e12413d0c111a4140407001da3c175e615be9e04088488f1", kill_on_drop: false }`
[INFO] running `Command { std: "docker" "rm" "-f" "dec00d961ed749c8e12413d0c111a4140407001da3c175e615be9e04088488f1", kill_on_drop: false }`
[INFO] [stdout] dec00d961ed749c8e12413d0c111a4140407001da3c175e615be9e04088488f1
