[INFO] fetching crate rhosql 0.1.1...
[INFO] testing rhosql-0.1.1 against 1.99.0-beta.8+cargoflags=--release for beta-release-1.100-2
[INFO] extracting crate rhosql 0.1.1 into /workspace/builds/worker-6-tc1/source
[INFO] started tweaking crates.io crate rhosql 0.1.1
[INFO] finished tweaking crates.io crate rhosql 0.1.1
[INFO] tweaked toml for crates.io crate rhosql 0.1.1 written to /workspace/builds/worker-6-tc1/source/Cargo.toml
[INFO] validating manifest of crates.io crate rhosql 0.1.1 on toolchain 1.99.0-beta.8
[INFO] running `Command { std: CARGO_HOME="/workspace/cargo-home" RUSTUP_HOME="/workspace/rustup-home" "/workspace/cargo-home/bin/cargo" "+1.99.0-beta.8" "metadata" "--manifest-path" "Cargo.toml" "--no-deps", kill_on_drop: false }`
[INFO] crate crates.io crate rhosql 0.1.1 already has a lockfile, it will not be regenerated
[INFO] running `Command { std: CARGO_HOME="/workspace/cargo-home" RUSTUP_HOME="/workspace/rustup-home" "/workspace/cargo-home/bin/cargo" "+1.99.0-beta.8" "fetch" "--manifest-path" "Cargo.toml", kill_on_drop: false }`
[INFO] [stderr]     Updating crates.io index
[INFO] [stderr]  Downloading crates ...
[INFO] [stderr]   Downloaded lru v0.13.0
[INFO] [stderr]   Downloaded rhosql-macros v0.1.0
[INFO] [stderr]   Downloaded cc v1.2.18
[INFO] running `Command { std: "docker" "create" "-v" "/var/lib/crater-agent-workspace/builds/worker-6-tc1/source:/opt/rustwide/workdir:ro,Z" "-v" "/var/lib/crater-agent-workspace/builds/worker-6-tc1/target:/opt/rustwide/target:rw,Z" "-v" "/var/lib/crater-agent-workspace/cargo-home:/opt/rustwide/cargo-home:ro,Z" "-v" "/var/lib/crater-agent-workspace/rustup-home:/opt/rustwide/rustup-home:ro,Z" "-m" "1610612736" "--network" "none" "ghcr.io/rust-lang/crates-build-env/linux@sha256:77db811e55d90add9212f6832c23229e3de5f1c1f9905e8cb07319ea15df73ac" "sleep" "infinity", kill_on_drop: false }`
[INFO] [stdout] 7102f2b879f4f3faa72494a009331abe35cfa7e2383a51ec6c7212a5d2986619
[INFO] running `Command { std: "docker" "start" "7102f2b879f4f3faa72494a009331abe35cfa7e2383a51ec6c7212a5d2986619", kill_on_drop: false }`
[INFO] running `Command { std: "docker" "inspect" "7102f2b879f4f3faa72494a009331abe35cfa7e2383a51ec6c7212a5d2986619", kill_on_drop: false }`
[INFO] running `Command { std: "docker" "exec" "-e" "SOURCE_DIR=/opt/rustwide/workdir" "-e" "CARGO_HOME=/opt/rustwide/cargo-home" "-e" "RUSTUP_HOME=/opt/rustwide/rustup-home" "-e" "CARGO_TARGET_DIR=/opt/rustwide/target" "-w" "/opt/rustwide/workdir" "--user" "0:0" "7102f2b879f4f3faa72494a009331abe35cfa7e2383a51ec6c7212a5d2986619" "/opt/rustwide/cargo-home/bin/cargo" "+1.99.0-beta.8" "metadata" "--no-deps" "--format-version=1", kill_on_drop: false }`
[INFO] running `Command { std: "docker" "inspect" "7102f2b879f4f3faa72494a009331abe35cfa7e2383a51ec6c7212a5d2986619", kill_on_drop: false }`
[INFO] running `Command { std: "docker" "exec" "-e" "SOURCE_DIR=/opt/rustwide/workdir" "-e" "CARGO_HOME=/opt/rustwide/cargo-home" "-e" "RUSTUP_HOME=/opt/rustwide/rustup-home" "-e" "CARGO_TARGET_DIR=/opt/rustwide/target" "-e" "CARGO_INCREMENTAL=0" "-e" "RUST_BACKTRACE=full" "-e" "RUSTFLAGS=--cap-lints=warn" "-e" "RUSTDOCFLAGS=--cap-lints=warn" "-w" "/opt/rustwide/workdir" "--user" "0:0" "7102f2b879f4f3faa72494a009331abe35cfa7e2383a51ec6c7212a5d2986619" "/opt/rustwide/cargo-home/bin/cargo" "+1.99.0-beta.8" "build" "--frozen" "--message-format=json" "--release", kill_on_drop: false }`
[INFO] [stderr]    Compiling proc-macro2 v1.0.94
[INFO] [stderr]    Compiling lru v0.13.0
[INFO] [stderr]    Compiling libsqlite3-sys v0.32.0
[INFO] [stderr]    Compiling quote v1.0.40
[INFO] [stderr]    Compiling syn v2.0.100
[INFO] [stderr]    Compiling rhosql-macros v0.1.0
[INFO] [stderr]    Compiling rhosql v0.1.1 (/opt/rustwide/workdir)
[INFO] [stdout] warning: unused import: `is_busy`
[INFO] [stdout]    --> src/sqlite/error.rs:112:16
[INFO] [stdout]     |
[INFO] [stdout] 112 | pub(crate) use is_busy;
[INFO] [stdout]     |                ^^^^^^^
[INFO] [stdout]     |
[INFO] [stdout]     = note: `#[warn(unused_imports)]` (part of `#[warn(unused)]`) on by default
[INFO] [stdout] 
[INFO] [stdout] 
[INFO] [stdout] warning: unused import: `opaque_error`
[INFO] [stdout]    --> src/sqlite/error.rs:114:16
[INFO] [stdout]     |
[INFO] [stdout] 114 | pub(crate) use opaque_error;
[INFO] [stdout]     |                ^^^^^^^^^^^^
[INFO] [stdout] 
[INFO] [stdout] 
[INFO] [stdout] warning: hiding a lifetime that's elided elsewhere is confusing
[INFO] [stdout]   --> src/row.rs:29:23
[INFO] [stdout]    |
[INFO] [stdout] 29 |     pub fn try_column(&self, idx: i32) -> Result<ValueRef, DecodeError> {
[INFO] [stdout]    |                       ^^^^^                      ^^^^^^^^ the same lifetime is hidden here
[INFO] [stdout]    |                       |
[INFO] [stdout]    |                       the lifetime is elided here
[INFO] [stdout]    |
[INFO] [stdout]    = help: the same lifetime is referred to in inconsistent ways, making the signature confusing
[INFO] [stdout]    = note: `#[warn(mismatched_lifetime_syntaxes)]` on by default
[INFO] [stdout] help: use `'_` for type paths
[INFO] [stdout]    |
[INFO] [stdout] 29 |     pub fn try_column(&self, idx: i32) -> Result<ValueRef<'_>, DecodeError> {
[INFO] [stdout]    |                                                          ++++
[INFO] [stdout] 
[INFO] [stdout] 
[INFO] [stderr]     Finished `release` profile [optimized] target(s) in 5.16s
[INFO] running `Command { std: "docker" "inspect" "7102f2b879f4f3faa72494a009331abe35cfa7e2383a51ec6c7212a5d2986619", kill_on_drop: false }`
[INFO] running `Command { std: "docker" "exec" "-e" "SOURCE_DIR=/opt/rustwide/workdir" "-e" "CARGO_HOME=/opt/rustwide/cargo-home" "-e" "RUSTUP_HOME=/opt/rustwide/rustup-home" "-e" "CARGO_TARGET_DIR=/opt/rustwide/target" "-e" "CARGO_INCREMENTAL=0" "-e" "RUST_BACKTRACE=full" "-e" "RUSTFLAGS=--cap-lints=warn" "-e" "RUSTDOCFLAGS=--cap-lints=warn" "-w" "/opt/rustwide/workdir" "--user" "0:0" "7102f2b879f4f3faa72494a009331abe35cfa7e2383a51ec6c7212a5d2986619" "/opt/rustwide/cargo-home/bin/cargo" "+1.99.0-beta.8" "test" "--frozen" "--no-run" "--message-format=json" "--release", kill_on_drop: false }`
[INFO] [stderr]    Compiling rhosql v0.1.1 (/opt/rustwide/workdir)
[INFO] [stdout] warning: unused import: `is_busy`
[INFO] [stdout]    --> src/sqlite/error.rs:112:16
[INFO] [stdout]     |
[INFO] [stdout] 112 | pub(crate) use is_busy;
[INFO] [stdout]     |                ^^^^^^^
[INFO] [stdout]     |
[INFO] [stdout]     = note: `#[warn(unused_imports)]` (part of `#[warn(unused)]`) on by default
[INFO] [stdout] 
[INFO] [stdout] 
[INFO] [stdout] warning: unused import: `opaque_error`
[INFO] [stdout]    --> src/sqlite/error.rs:114:16
[INFO] [stdout]     |
[INFO] [stdout] 114 | pub(crate) use opaque_error;
[INFO] [stdout]     |                ^^^^^^^^^^^^
[INFO] [stdout] 
[INFO] [stdout] 
[INFO] [stdout] warning: hiding a lifetime that's elided elsewhere is confusing
[INFO] [stdout]   --> src/row.rs:29:23
[INFO] [stdout]    |
[INFO] [stdout] 29 |     pub fn try_column(&self, idx: i32) -> Result<ValueRef, DecodeError> {
[INFO] [stdout]    |                       ^^^^^                      ^^^^^^^^ the same lifetime is hidden here
[INFO] [stdout]    |                       |
[INFO] [stdout]    |                       the lifetime is elided here
[INFO] [stdout]    |
[INFO] [stdout]    = help: the same lifetime is referred to in inconsistent ways, making the signature confusing
[INFO] [stdout]    = note: `#[warn(mismatched_lifetime_syntaxes)]` on by default
[INFO] [stdout] help: use `'_` for type paths
[INFO] [stdout]    |
[INFO] [stdout] 29 |     pub fn try_column(&self, idx: i32) -> Result<ValueRef<'_>, DecodeError> {
[INFO] [stdout]    |                                                          ++++
[INFO] [stdout] 
[INFO] [stdout] 
[INFO] [stdout] warning: unused import: `is_busy`
[INFO] [stdout]    --> src/sqlite/error.rs:112:16
[INFO] [stdout]     |
[INFO] [stdout] 112 | pub(crate) use is_busy;
[INFO] [stdout]     |                ^^^^^^^
[INFO] [stdout]     |
[INFO] [stdout]     = note: `#[warn(unused_imports)]` (part of `#[warn(unused)]`) on by default
[INFO] [stdout] 
[INFO] [stdout] 
[INFO] [stdout] warning: unused import: `opaque_error`
[INFO] [stdout]    --> src/sqlite/error.rs:114:16
[INFO] [stdout]     |
[INFO] [stdout] 114 | pub(crate) use opaque_error;
[INFO] [stdout]     |                ^^^^^^^^^^^^
[INFO] [stdout] 
[INFO] [stdout] 
[INFO] [stdout] warning: hiding a lifetime that's elided elsewhere is confusing
[INFO] [stdout]   --> src/row.rs:29:23
[INFO] [stdout]    |
[INFO] [stdout] 29 |     pub fn try_column(&self, idx: i32) -> Result<ValueRef, DecodeError> {
[INFO] [stdout]    |                       ^^^^^                      ^^^^^^^^ the same lifetime is hidden here
[INFO] [stdout]    |                       |
[INFO] [stdout]    |                       the lifetime is elided here
[INFO] [stdout]    |
[INFO] [stdout]    = help: the same lifetime is referred to in inconsistent ways, making the signature confusing
[INFO] [stdout]    = note: `#[warn(mismatched_lifetime_syntaxes)]` on by default
[INFO] [stdout] help: use `'_` for type paths
[INFO] [stdout]    |
[INFO] [stdout] 29 |     pub fn try_column(&self, idx: i32) -> Result<ValueRef<'_>, DecodeError> {
[INFO] [stdout]    |                                                          ++++
[INFO] [stdout] 
[INFO] [stdout] 
[INFO] [stderr]     Finished `release` profile [optimized] target(s) in 0.48s
[INFO] running `Command { std: "docker" "inspect" "7102f2b879f4f3faa72494a009331abe35cfa7e2383a51ec6c7212a5d2986619", kill_on_drop: false }`
[INFO] running `Command { std: "docker" "exec" "-e" "SOURCE_DIR=/opt/rustwide/workdir" "-e" "CARGO_HOME=/opt/rustwide/cargo-home" "-e" "RUSTUP_HOME=/opt/rustwide/rustup-home" "-e" "CARGO_TARGET_DIR=/opt/rustwide/target" "-e" "CARGO_INCREMENTAL=0" "-e" "RUST_BACKTRACE=full" "-e" "RUSTFLAGS=--cap-lints=warn" "-e" "RUSTDOCFLAGS=--cap-lints=warn" "-w" "/opt/rustwide/workdir" "--user" "0:0" "7102f2b879f4f3faa72494a009331abe35cfa7e2383a51ec6c7212a5d2986619" "/opt/rustwide/cargo-home/bin/cargo" "+1.99.0-beta.8" "test" "--frozen" "--release", kill_on_drop: false }`
[INFO] [stderr] warning: unused import: `is_busy`
[INFO] [stderr]    --> src/sqlite/error.rs:112:16
[INFO] [stderr]     |
[INFO] [stderr] 112 | pub(crate) use is_busy;
[INFO] [stderr]     |                ^^^^^^^
[INFO] [stderr]     |
[INFO] [stderr]     = note: `#[warn(unused_imports)]` (part of `#[warn(unused)]`) on by default
[INFO] [stderr] 
[INFO] [stderr] warning: unused import: `opaque_error`
[INFO] [stderr]    --> src/sqlite/error.rs:114:16
[INFO] [stderr]     |
[INFO] [stderr] 114 | pub(crate) use opaque_error;
[INFO] [stderr]     |                ^^^^^^^^^^^^
[INFO] [stderr] 
[INFO] [stderr] warning: hiding a lifetime that's elided elsewhere is confusing
[INFO] [stderr]   --> src/row.rs:29:23
[INFO] [stderr]    |
[INFO] [stderr] 29 |     pub fn try_column(&self, idx: i32) -> Result<ValueRef, DecodeError> {
[INFO] [stderr]    |                       ^^^^^                      ^^^^^^^^ the same lifetime is hidden here
[INFO] [stderr]    |                       |
[INFO] [stderr]    |                       the lifetime is elided here
[INFO] [stderr]    |
[INFO] [stderr]    = help: the same lifetime is referred to in inconsistent ways, making the signature confusing
[INFO] [stderr]    = note: `#[warn(mismatched_lifetime_syntaxes)]` on by default
[INFO] [stderr] help: use `'_` for type paths
[INFO] [stderr]    |
[INFO] [stderr] 29 |     pub fn try_column(&self, idx: i32) -> Result<ValueRef<'_>, DecodeError> {
[INFO] [stderr]    |                                                          ++++
[INFO] [stderr] 
[INFO] [stderr] warning: `rhosql` (lib) generated 3 warnings (run `cargo fix --lib -p rhosql` to apply 3 suggestions)
[INFO] [stderr] warning: `rhosql` (lib test) generated 3 warnings (3 duplicates)
[INFO] [stderr]     Finished `release` profile [optimized] target(s) in 0.02s
[INFO] [stderr]      Running unittests src/lib.rs (/opt/rustwide/target/release/deps/rhosql-22da74efdbbf469f)
[INFO] [stdout] 
[INFO] [stderr]    Doc-tests rhosql
[INFO] [stdout] running 0 tests
[INFO] [stdout] 
[INFO] [stdout] test result: ok. 0 passed; 0 failed; 0 ignored; 0 measured; 0 filtered out; finished in 0.00s
[INFO] [stdout] 
[INFO] [stdout] 
[INFO] [stdout] running 2 tests
[INFO] [stdout] test src/query.rs - query::query (line 44) ... FAILED
[INFO] [stdout] test src/lib.rs - (line 9) ... FAILED
[INFO] [stdout] 
[INFO] [stdout] failures:
[INFO] [stdout] 
[INFO] [stdout] ---- src/query.rs - query::query (line 44) stdout ----
[INFO] [stdout] error[E0277]: `Post` doesn't implement `Debug`
[INFO] [stdout]    --> src/query.rs:50:8
[INFO] [stdout]     |
[INFO] [stdout]  50 | struct Post {
[INFO] [stdout]     |        ^^^^ the trait `Debug` is not implemented for `Post`
[INFO] [stdout]     |
[INFO] [stdout] note: required by a bound in `FromRow`
[INFO] [stdout]    --> src/row.rs:219:28
[INFO] [stdout]     |
[INFO] [stdout] 219 | pub trait FromRow: Sized + std::fmt::Debug {
[INFO] [stdout]     |                            ^^^^^^^^^^^^^^^ required by this bound in `FromRow`
[INFO] [stdout] help: consider annotating `Post` with `#[derive(Debug)]`
[INFO] [stdout]     |
[INFO] [stdout]  50 + #[derive(Debug)]
[INFO] [stdout]  51 | struct Post {
[INFO] [stdout]     |
[INFO] [stdout] 
[INFO] [stdout] error: aborting due to 1 previous error
[INFO] [stdout] 
[INFO] [stdout] For more information about this error, try `rustc --explain E0277`.
[INFO] [stdout] Couldn't compile the test.
[INFO] [stdout] ---- src/lib.rs - (line 9) stdout ----
[INFO] [stdout] error[E0277]: `Post` doesn't implement `Debug`
[INFO] [stdout]    --> src/lib.rs:16:8
[INFO] [stdout]     |
[INFO] [stdout]  16 | struct Post {
[INFO] [stdout]     |        ^^^^ the trait `Debug` is not implemented for `Post`
[INFO] [stdout]     |
[INFO] [stdout] note: required by a bound in `FromRow`
[INFO] [stdout]    --> src/row.rs:219:28
[INFO] [stdout]     |
[INFO] [stdout] 219 | pub trait FromRow: Sized + std::fmt::Debug {
[INFO] [stdout]     |                            ^^^^^^^^^^^^^^^ required by this bound in `FromRow`
[INFO] [stdout] help: consider annotating `Post` with `#[derive(Debug)]`
[INFO] [stdout]     |
[INFO] [stdout]  16 + #[derive(Debug)]
[INFO] [stdout]  17 | struct Post {
[INFO] [stdout]     |
[INFO] [stdout] 
[INFO] [stdout] error: aborting due to 1 previous error
[INFO] [stdout] 
[INFO] [stdout] For more information about this error, try `rustc --explain E0277`.
[INFO] [stdout] Couldn't compile the test.
[INFO] [stdout] 
[INFO] [stdout] failures:
[INFO] [stdout]     src/lib.rs - (line 9)
[INFO] [stdout]     src/query.rs - query::query (line 44)
[INFO] [stdout] 
[INFO] [stdout] test result: FAILED. 0 passed; 2 failed; 0 ignored; 0 measured; 0 filtered out; finished in 0.18s
[INFO] [stdout] 
[INFO] [stdout] all doctests ran in 0.27s; merged doctests compilation took 0.09s
[INFO] [stderr] error: doctest failed, to rerun pass `--doc`
[INFO] running `Command { std: "docker" "inspect" "7102f2b879f4f3faa72494a009331abe35cfa7e2383a51ec6c7212a5d2986619", kill_on_drop: false }`
[INFO] running `Command { std: "docker" "rm" "-f" "7102f2b879f4f3faa72494a009331abe35cfa7e2383a51ec6c7212a5d2986619", kill_on_drop: false }`
[INFO] [stdout] 7102f2b879f4f3faa72494a009331abe35cfa7e2383a51ec6c7212a5d2986619
