[INFO] fetching crate rhaiper 0.2.0...
[INFO] testing rhaiper-0.2.0 against 1.100.0-beta.1+cargoflags=--release for beta-release-1.100-2
[INFO] extracting crate rhaiper 0.2.0 into /workspace/builds/worker-6-tc2/source
[INFO] started tweaking crates.io crate rhaiper 0.2.0
[INFO] removed 0 missing tests
[INFO] finished tweaking crates.io crate rhaiper 0.2.0
[INFO] tweaked toml for crates.io crate rhaiper 0.2.0 written to /workspace/builds/worker-6-tc2/source/Cargo.toml
[INFO] validating manifest of crates.io crate rhaiper 0.2.0 on toolchain 1.100.0-beta.1
[INFO] running `Command { std: CARGO_HOME="/workspace/cargo-home" RUSTUP_HOME="/workspace/rustup-home" "/workspace/cargo-home/bin/cargo" "+1.100.0-beta.1" "metadata" "--manifest-path" "Cargo.toml" "--no-deps", kill_on_drop: false }`
[INFO] crate crates.io crate rhaiper 0.2.0 already has a lockfile, it will not be regenerated
[INFO] running `Command { std: CARGO_HOME="/workspace/cargo-home" RUSTUP_HOME="/workspace/rustup-home" "/workspace/cargo-home/bin/cargo" "+1.100.0-beta.1" "fetch" "--manifest-path" "Cargo.toml", kill_on_drop: false }`
[INFO] [stderr] warning: `package.homepage` is redundant with `package.repository`
[INFO] [stderr]   --> Cargo.toml:47:12
[INFO] [stderr]    |
[INFO] [stderr] 47 | homepage = "https://github.com/ImTheSquid/rhaiper"
[INFO] [stderr]    |            ^^^^^^^^^^^^^^^^^^^^^^^^^^^^^^^^^^^^^^^
[INFO] [stderr] ...
[INFO] [stderr] 52 | repository = "https://github.com/ImTheSquid/rhaiper"
[INFO] [stderr]    |              ---------------------------------------
[INFO] [stderr]    |
[INFO] [stderr]    = note: `cargo::redundant_homepage` is set to `warn` by default
[INFO] [stderr] help: consider removing `package.homepage`
[INFO] [stderr] warning: `rhaiper` (manifest) generated 1 warning
[INFO] running `Command { std: "docker" "create" "-v" "/var/lib/crater-agent-workspace/builds/worker-6-tc2/source:/opt/rustwide/workdir:ro,Z" "-v" "/var/lib/crater-agent-workspace/builds/worker-6-tc2/target:/opt/rustwide/target:rw,Z" "-v" "/var/lib/crater-agent-workspace/cargo-home:/opt/rustwide/cargo-home:ro,Z" "-v" "/var/lib/crater-agent-workspace/rustup-home:/opt/rustwide/rustup-home:ro,Z" "-m" "1610612736" "--network" "none" "ghcr.io/rust-lang/crates-build-env/linux@sha256:77db811e55d90add9212f6832c23229e3de5f1c1f9905e8cb07319ea15df73ac" "sleep" "infinity", kill_on_drop: false }`
[INFO] [stdout] 148197f083d7070c3ad6f8a1eb4068116d492996ce646b6f791d1d3c77069409
[INFO] running `Command { std: "docker" "start" "148197f083d7070c3ad6f8a1eb4068116d492996ce646b6f791d1d3c77069409", kill_on_drop: false }`
[INFO] running `Command { std: "docker" "inspect" "148197f083d7070c3ad6f8a1eb4068116d492996ce646b6f791d1d3c77069409", kill_on_drop: false }`
[INFO] running `Command { std: "docker" "exec" "-e" "SOURCE_DIR=/opt/rustwide/workdir" "-e" "CARGO_HOME=/opt/rustwide/cargo-home" "-e" "RUSTUP_HOME=/opt/rustwide/rustup-home" "-e" "CARGO_TARGET_DIR=/opt/rustwide/target" "-w" "/opt/rustwide/workdir" "--user" "0:0" "148197f083d7070c3ad6f8a1eb4068116d492996ce646b6f791d1d3c77069409" "/opt/rustwide/cargo-home/bin/cargo" "+1.100.0-beta.1" "metadata" "--no-deps" "--format-version=1", kill_on_drop: false }`
[INFO] running `Command { std: "docker" "inspect" "148197f083d7070c3ad6f8a1eb4068116d492996ce646b6f791d1d3c77069409", kill_on_drop: false }`
[INFO] running `Command { std: "docker" "exec" "-e" "SOURCE_DIR=/opt/rustwide/workdir" "-e" "CARGO_HOME=/opt/rustwide/cargo-home" "-e" "RUSTUP_HOME=/opt/rustwide/rustup-home" "-e" "CARGO_TARGET_DIR=/opt/rustwide/target" "-e" "CARGO_INCREMENTAL=0" "-e" "RUST_BACKTRACE=full" "-e" "RUSTFLAGS=--cap-lints=warn" "-e" "RUSTDOCFLAGS=--cap-lints=warn" "-w" "/opt/rustwide/workdir" "--user" "0:0" "148197f083d7070c3ad6f8a1eb4068116d492996ce646b6f791d1d3c77069409" "/opt/rustwide/cargo-home/bin/cargo" "+1.100.0-beta.1" "build" "--frozen" "--message-format=json" "--release", kill_on_drop: false }`
[INFO] [stderr] warning: `package.homepage` is redundant with `package.repository`
[INFO] [stderr]   --> Cargo.toml:47:12
[INFO] [stderr]    |
[INFO] [stderr] 47 | homepage = "https://github.com/ImTheSquid/rhaiper"
[INFO] [stderr]    |            ^^^^^^^^^^^^^^^^^^^^^^^^^^^^^^^^^^^^^^^
[INFO] [stderr] ...
[INFO] [stderr] 52 | repository = "https://github.com/ImTheSquid/rhaiper"
[INFO] [stderr]    |              ---------------------------------------
[INFO] [stderr]    |
[INFO] [stderr]    = note: `cargo::redundant_homepage` is set to `warn` by default
[INFO] [stderr] help: consider removing `package.homepage`
[INFO] [stderr] warning: `rhaiper` (manifest) generated 1 warning
[INFO] [stderr]    Compiling libc v0.2.189
[INFO] [stderr]    Compiling crunchy v0.2.4
[INFO] [stderr]    Compiling tiny-keccak v2.0.2
[INFO] [stderr]    Compiling portable-atomic v1.14.0
[INFO] [stderr]    Compiling once_cell v1.21.4
[INFO] [stderr]    Compiling zerocopy v0.8.55
[INFO] [stderr]    Compiling utf8parse v0.2.2
[INFO] [stderr]    Compiling getrandom v0.3.4
[INFO] [stderr]    Compiling smartstring v1.0.1
[INFO] [stderr]    Compiling num-traits v0.2.19
[INFO] [stderr]    Compiling ahash v0.8.12
[INFO] [stderr]    Compiling colorchoice v1.0.5
[INFO] [stderr]    Compiling anstyle v1.0.14
[INFO] [stderr]    Compiling is_terminal_polyfill v1.70.2
[INFO] [stderr]    Compiling anstyle-query v1.1.5
[INFO] [stderr]    Compiling serde_core v1.0.229
[INFO] [stderr]    Compiling syn v2.0.119
[INFO] [stderr]    Compiling syn v3.0.3
[INFO] [stderr]    Compiling anstyle-parse v1.0.0
[INFO] [stderr]    Compiling static_assertions v1.1.0
[INFO] [stderr]    Compiling clap_lex v1.1.0
[INFO] [stderr]    Compiling strsim v0.11.1
[INFO] [stderr]    Compiling thin-vec v0.2.19
[INFO] [stderr]    Compiling memchr v2.8.3
[INFO] [stderr]    Compiling anstream v1.0.0
[INFO] [stderr]    Compiling smallvec v1.15.2
[INFO] [stderr]    Compiling rhaiper-map v0.1.0
[INFO] [stderr]    Compiling clap_builder v4.6.5
[INFO] [stderr]    Compiling getrandom v0.2.17
[INFO] [stderr]    Compiling const-random-macro v0.1.16
[INFO] [stderr]    Compiling const-random v0.1.18
[INFO] [stderr]    Compiling clap_derive v4.6.4
[INFO] [stderr]    Compiling serde_json v1.0.151
[INFO] [stderr]    Compiling rhai_codegen v3.2.0
[INFO] [stderr]    Compiling rhai v1.25.1
[INFO] [stderr]    Compiling clap v4.6.5
[INFO] [stderr]    Compiling rhaiper v0.2.0 (/opt/rustwide/workdir)
[INFO] [stderr]     Finished `release` profile [optimized] target(s) in 1m 02s
[INFO] running `Command { std: "docker" "inspect" "148197f083d7070c3ad6f8a1eb4068116d492996ce646b6f791d1d3c77069409", kill_on_drop: false }`
[INFO] running `Command { std: "docker" "exec" "-e" "SOURCE_DIR=/opt/rustwide/workdir" "-e" "CARGO_HOME=/opt/rustwide/cargo-home" "-e" "RUSTUP_HOME=/opt/rustwide/rustup-home" "-e" "CARGO_TARGET_DIR=/opt/rustwide/target" "-e" "CARGO_INCREMENTAL=0" "-e" "RUST_BACKTRACE=full" "-e" "RUSTFLAGS=--cap-lints=warn" "-e" "RUSTDOCFLAGS=--cap-lints=warn" "-w" "/opt/rustwide/workdir" "--user" "0:0" "148197f083d7070c3ad6f8a1eb4068116d492996ce646b6f791d1d3c77069409" "/opt/rustwide/cargo-home/bin/cargo" "+1.100.0-beta.1" "test" "--frozen" "--no-run" "--message-format=json" "--release", kill_on_drop: false }`
[INFO] [stderr] warning: `package.homepage` is redundant with `package.repository`
[INFO] [stderr]   --> Cargo.toml:47:12
[INFO] [stderr]    |
[INFO] [stderr] 47 | homepage = "https://github.com/ImTheSquid/rhaiper"
[INFO] [stderr]    |            ^^^^^^^^^^^^^^^^^^^^^^^^^^^^^^^^^^^^^^^
[INFO] [stderr] ...
[INFO] [stderr] 52 | repository = "https://github.com/ImTheSquid/rhaiper"
[INFO] [stderr]    |              ---------------------------------------
[INFO] [stderr]    |
[INFO] [stderr]    = note: `cargo::redundant_homepage` is set to `warn` by default
[INFO] [stderr] help: consider removing `package.homepage`
[INFO] [stderr] warning: `rhaiper` (manifest) generated 1 warning
[INFO] [stderr]    Compiling syn v2.0.119
[INFO] [stderr]    Compiling displaydoc v0.2.7
[INFO] [stderr]    Compiling litemap v0.8.2
[INFO] [stderr]    Compiling writeable v0.6.3
[INFO] [stderr]    Compiling serde_core v1.0.229
[INFO] [stderr]    Compiling icu_properties_data v2.2.0
[INFO] [stderr]    Compiling icu_normalizer_data v2.2.0
[INFO] [stderr]    Compiling radium v0.7.0
[INFO] [stderr]    Compiling serde v1.0.229
[INFO] [stderr]    Compiling serde_derive v1.0.229
[INFO] [stderr]    Compiling tap v1.0.1
[INFO] [stderr]    Compiling percent-encoding v2.3.2
[INFO] [stderr]    Compiling funty v2.0.0
[INFO] [stderr]    Compiling uuid v1.24.0
[INFO] [stderr]    Compiling outref v0.5.2
[INFO] [stderr]    Compiling vsimd v0.8.0
[INFO] [stderr]    Compiling wyz v0.5.1
[INFO] [stderr]    Compiling if_chain v1.0.3
[INFO] [stderr]    Compiling form_urlencoded v1.2.2
[INFO] [stderr]    Compiling rustc-hash v2.1.3
[INFO] [stderr]    Compiling data-encoding v2.11.1
[INFO] [stderr]    Compiling unicode-id-start v1.4.0
[INFO] [stderr]    Compiling base64-simd v0.8.0
[INFO] [stderr]    Compiling bitvec v1.1.1
[INFO] [stderr]    Compiling serde_json v1.0.151
[INFO] [stderr]    Compiling synstructure v0.13.2
[INFO] [stderr]    Compiling debugid v0.8.0
[INFO] [stderr]    Compiling zerofrom-derive v0.1.7
[INFO] [stderr]    Compiling yoke-derive v0.8.2
[INFO] [stderr]    Compiling zerovec-derive v0.11.3
[INFO] [stderr]    Compiling rhai_codegen v3.2.0
[INFO] [stderr]    Compiling zerofrom v0.1.8
[INFO] [stderr]    Compiling yoke v0.8.3
[INFO] [stderr]    Compiling zerovec v0.11.6
[INFO] [stderr]    Compiling zerotrie v0.2.4
[INFO] [stderr]    Compiling rhai v1.25.1
[INFO] [stderr]    Compiling tinystr v0.8.3
[INFO] [stderr]    Compiling potential_utf v0.1.5
[INFO] [stderr]    Compiling icu_collections v2.2.0
[INFO] [stderr]    Compiling icu_locale_core v2.2.0
[INFO] [stderr]    Compiling icu_provider v2.2.0
[INFO] [stderr]    Compiling icu_normalizer v2.2.0
[INFO] [stderr]    Compiling icu_properties v2.2.0
[INFO] [stderr]    Compiling idna_adapter v1.2.2
[INFO] [stderr]    Compiling idna v1.1.0
[INFO] [stderr]    Compiling url v2.5.8
[INFO] [stderr]    Compiling sourcemap v9.3.2
[INFO] [stderr]    Compiling rhaiper v0.2.0 (/opt/rustwide/workdir)
[INFO] [stderr]     Finished `release` profile [optimized] target(s) in 1m 28s
[INFO] running `Command { std: "docker" "inspect" "148197f083d7070c3ad6f8a1eb4068116d492996ce646b6f791d1d3c77069409", kill_on_drop: false }`
[INFO] running `Command { std: "docker" "exec" "-e" "SOURCE_DIR=/opt/rustwide/workdir" "-e" "CARGO_HOME=/opt/rustwide/cargo-home" "-e" "RUSTUP_HOME=/opt/rustwide/rustup-home" "-e" "CARGO_TARGET_DIR=/opt/rustwide/target" "-e" "CARGO_INCREMENTAL=0" "-e" "RUST_BACKTRACE=full" "-e" "RUSTFLAGS=--cap-lints=warn" "-e" "RUSTDOCFLAGS=--cap-lints=warn" "-w" "/opt/rustwide/workdir" "--user" "0:0" "148197f083d7070c3ad6f8a1eb4068116d492996ce646b6f791d1d3c77069409" "/opt/rustwide/cargo-home/bin/cargo" "+1.100.0-beta.1" "test" "--frozen" "--release", kill_on_drop: false }`
[INFO] [stderr] warning: `package.homepage` is redundant with `package.repository`
[INFO] [stderr]   --> Cargo.toml:47:12
[INFO] [stderr]    |
[INFO] [stderr] 47 | homepage = "https://github.com/ImTheSquid/rhaiper"
[INFO] [stderr]    |            ^^^^^^^^^^^^^^^^^^^^^^^^^^^^^^^^^^^^^^^
[INFO] [stderr] ...
[INFO] [stderr] 52 | repository = "https://github.com/ImTheSquid/rhaiper"
[INFO] [stderr]    |              ---------------------------------------
[INFO] [stderr]    |
[INFO] [stderr]    = note: `cargo::redundant_homepage` is set to `warn` by default
[INFO] [stderr] help: consider removing `package.homepage`
[INFO] [stderr] warning: `rhaiper` (manifest) generated 1 warning
[INFO] [stderr]     Finished `release` profile [optimized] target(s) in 0.19s
[INFO] [stderr]      Running unittests src/lib.rs (/opt/rustwide/target/release/build/rhaiper/2e79c80d14192a64/out/rhaiper-2e79c80d14192a64)
[INFO] [stdout] 
[INFO] [stdout] running 26 tests
[INFO] [stdout] test rename::bailout::tests::eval_blocks_renaming ... ok
[INFO] [stdout] test rename::bailout::tests::print_and_debug_do_not_block_renaming ... ok
[INFO] [stdout] test rename::bailout::tests::plain_scripts_are_renameable ... ok
[INFO] [stdout] test rename::bailout::tests::reflection_blocks_renaming ... ok
[INFO] [stdout] test rename::tests::never_generates_a_reserved_word ... ok
[INFO] [stdout] test rename::tests::skips_taken_names ... ok
[INFO] [stdout] test rename::bailout::tests::reasons_are_reported_with_positions ... ok
[INFO] [stdout] test rename::bailout::tests::parent_scope_calls_block_renaming ... ok
[INFO] [stdout] test rename::tests::spells_names_in_order ... ok
[INFO] [stdout] test tests::comments_do_not_disturb_unary_lexing ... ok
[INFO] [stdout] test rename::bailout::tests::name_as_data_blocks_renaming ... ok
[INFO] [stdout] test tests::drops_redundant_semicolons ... ok
[INFO] [stdout] test tests::comments_are_tokens ... ok
[INFO] [stdout] test tests::minifies_whitespace_and_comments ... ok
[INFO] [stdout] test tests::negative_literal_folds_the_sign_into_the_token ... ok
[INFO] [stdout] test tests::separates_signs_that_would_form_reserved_symbols ... ok
[INFO] [stdout] test tests::interpolation_containing_a_block ... ok
[INFO] [stdout] test tests::plain_statements ... ok
[INFO] [stdout] test tests::interpolated_strings ... ok
[INFO] [stdout] test tests::preserves_empty_block ... ok
[INFO] [stderr]      Running unittests src/bin/rhaiper.rs (/opt/rustwide/target/release/build/rhaiper/7c9dc7b376423fb5/out/rhaiper-7c9dc7b376423fb5)
[INFO] [stdout] test tests::numeric_literals_keep_their_written_form ... ok
[INFO] [stdout] test tests::string_literals_round_trip_verbatim ... ok
[INFO] [stdout] test tests::wraps_long_output ... ok
[INFO] [stdout] test tests::nested_interpolation ... ok
[INFO] [stdout] test tests::non_ascii_positions_resolve ... ok
[INFO] [stdout] test tests::keeps_required_separators ... ok
[INFO] [stdout] 
[INFO] [stdout] test result: ok. 26 passed; 0 failed; 0 ignored; 0 measured; 0 filtered out; finished in 0.02s
[INFO] [stdout] 
[INFO] [stdout] 
[INFO] [stdout] running 4 tests
[INFO] [stdout] test tests::passes_through_positions_with_no_mapping ... ok
[INFO] [stdout] test tests::leaves_unrelated_text_alone ... ok
[INFO] [stdout] test tests::remaps_a_position_inside_a_message ... ok
[INFO] [stdout] test tests::splits_numbers ... ok
[INFO] [stdout] 
[INFO] [stdout] test result: ok. 4 passed; 0 failed; 0 ignored; 0 measured; 0 filtered out; finished in 0.00s
[INFO] [stdout] 
[INFO] [stderr]      Running tests/corpus.rs (/opt/rustwide/target/release/build/rhaiper/06d74f1e377e55e3/out/corpus-06d74f1e377e55e3)
[INFO] [stdout] 
[INFO] [stdout] running 6 tests
[INFO] [stdout] test output_never_grows ... ok
[INFO] [stdout] test minification_is_idempotent ... ok
[INFO] [stdout] test whole_corpus_minifies_and_verifies ... ok
[INFO] [stdout] test every_mapping_round_trips_across_the_corpus ... ok
[INFO] [stdout] test renaming_the_whole_corpus_preserves_behaviour ... ok
[INFO] [stdout] test output_is_insensitive_to_input_formatting ... ok
[INFO] [stdout] 
[INFO] [stdout] test result: ok. 6 passed; 0 failed; 0 ignored; 0 measured; 0 filtered out; finished in 0.02s
[INFO] [stdout] 
[INFO] [stderr]      Running tests/differential.rs (/opt/rustwide/target/release/build/rhaiper/1910cabf740206f6/out/differential-1910cabf740206f6)
[INFO] [stdout] 
[INFO] [stdout] running 5 tests
[INFO] [stdout] test minified_output_is_never_larger ... ok
[INFO] [stdout] test upstream_compact_script_breaks_on_adjacent_signs ... ok
[INFO] [stdout] test comparable_to_upstream_size ... ok
[INFO] [stdout] test minified_scripts_evaluate_identically ... ok
[INFO] [stdout] test upstream_compact_script_truncates_raw_strings ... ok
[INFO] [stdout] 
[INFO] [stdout] test result: ok. 5 passed; 0 failed; 0 ignored; 0 measured; 0 filtered out; finished in 0.01s
[INFO] [stdout] 
[INFO] [stderr]      Running tests/end_to_end.rs (/opt/rustwide/target/release/build/rhaiper/c8592d0410fe26f1/out/end_to_end-c8592d0410fe26f1)
[INFO] [stdout] 
[INFO] [stdout] running 4 tests
[INFO] [stdout] test positions_still_map_back_with_renaming_enabled ... ok
[INFO] [stdout] test minifying_the_demo_saves_most_of_the_file ... ok
[INFO] [stdout] test runtime_error_position_maps_back_to_the_original_line ... ok
[INFO] [stdout] test no_output_line_can_saturate_rhais_column ... ok
[INFO] [stdout] 
[INFO] [stdout] test result: ok. 4 passed; 0 failed; 0 ignored; 0 measured; 0 filtered out; finished in 0.28s
[INFO] [stdout] 
[INFO] [stderr]      Running tests/feature_matrix.rs (/opt/rustwide/target/release/build/rhaiper/d8d202e7cc7a89ba/out/feature_matrix-d8d202e7cc7a89ba)
[INFO] [stdout] 
[INFO] [stdout] running 7 tests
[INFO] [stdout] test comments_are_always_stripped ... ok
[INFO] [stdout] test minification_is_idempotent ... ok
[INFO] [stdout] test required_separators_survive ... ok
[INFO] [stdout] test source_maps_round_trip ... ok
[INFO] [stdout] test keyword_lookups_resolve ... ok
[INFO] [stdout] test every_script_minifies_and_verifies ... ok
[INFO] [stdout] test renaming_either_works_or_explains_itself ... ok
[INFO] [stdout] 
[INFO] [stdout] test result: ok. 7 passed; 0 failed; 0 ignored; 0 measured; 0 filtered out; finished in 0.00s
[INFO] [stdout] 
[INFO] [stderr]      Running tests/rename.rs (/opt/rustwide/target/release/build/rhaiper/e68d9626cf8e6e0b/out/rename-e68d9626cf8e6e0b)
[INFO] [stdout] 
[INFO] [stdout] running 10 tests
[INFO] [stdout] test declines_and_explains_when_names_are_read_at_runtime ... ok
[INFO] [stdout] test top_level_bindings_are_never_renamed ... ok
[INFO] [stdout] test a_host_supplied_scope_variable_still_resolves ... ok
[INFO] [stdout] test expression_bodied_closure_parameters_are_left_alone ... ok
[INFO] [stdout] test renaming_is_off_by_default ... ok
[INFO] [stdout] test renaming_preserves_behaviour ... ok
[INFO] [stdout] test a_host_engine_with_custom_syntax_can_be_used ... ok
[INFO] [stdout] test renaming_actually_shortens_names ... ok
[INFO] [stdout] test expression_depth_limits_can_be_raised ... FAILED
[INFO] [stderr] error: test failed, to rerun pass `--test rename`
[INFO] [stdout] test properties_and_map_keys_are_never_renamed ... ok
[INFO] [stdout] 
[INFO] [stdout] failures:
[INFO] [stdout] 
[INFO] [stdout] ---- expression_depth_limits_can_be_raised stdout ----
[INFO] [stdout] 
[INFO] [stdout] thread 'expression_depth_limits_can_be_raised' (2387) panicked at tests/rename.rs:229:5:
[INFO] [stdout] expected the default limits to reject this
[INFO] [stdout] stack backtrace:
[INFO] [stdout]    0:     0x576fd6282d21 - <<std[617be2ca0a6fd877]::sys::backtrace::BacktraceLock>::print::DisplayBacktrace as core[a373ad73a504971]::fmt::Display>::fmt
[INFO] [stdout]    1:     0x576fd629b23a - core[a373ad73a504971]::fmt::write
[INFO] [stdout]    2:     0x576fd628700c - <alloc[2e1b2a31b91974c5]::vec::Vec<u8> as core[a373ad73a504971]::io::write::Write>::write_fmt
[INFO] [stdout]    3:     0x576fd625eab6 - std[617be2ca0a6fd877]::panicking::default_hook::{closure#0}
[INFO] [stdout]    4:     0x576fd627b179 - std[617be2ca0a6fd877]::panicking::default_hook
[INFO] [stdout]    5:     0x576fd5fe20e0 - test[aada8e7e76ba119b]::test_main_inner::{closure#0}
[INFO] [stdout]    6:     0x576fd627b332 - std[617be2ca0a6fd877]::panicking::panic_with_hook
[INFO] [stdout]    7:     0x576fd625eb94 - std[617be2ca0a6fd877]::panicking::panic_handler::{closure#0}
[INFO] [stdout]    8:     0x576fd6257849 - std[617be2ca0a6fd877]::sys::backtrace::__rust_end_short_backtrace::<std[617be2ca0a6fd877]::panicking::panic_handler::{closure#0}, !>
[INFO] [stdout]    9:     0x576fd625f76d - __rustc[ea4f61d10b84890b]::rust_begin_unwind
[INFO] [stdout]   10:     0x576fd629b96c - core[a373ad73a504971]::panicking::panic_fmt
[INFO] [stdout]   11:     0x576fd5fb5bcf - <rename[158e0720de6e654e]::expression_depth_limits_can_be_raised::{closure#0} as core[a373ad73a504971]::ops::function::FnOnce<()>>::call_once
[INFO] [stdout]   12:     0x576fd5fd552b - test[aada8e7e76ba119b]::__rust_begin_short_backtrace::<core[a373ad73a504971]::result::Result<(), alloc[2e1b2a31b91974c5]::string::String>, fn() -> core[a373ad73a504971]::result::Result<(), alloc[2e1b2a31b91974c5]::string::String>>
[INFO] [stdout]   13:     0x576fd5fe2705 - test[aada8e7e76ba119b]::run_test::{closure#0}
[INFO] [stdout]   14:     0x576fd5fdbff4 - std[617be2ca0a6fd877]::sys::backtrace::__rust_begin_short_backtrace::<test[aada8e7e76ba119b]::run_test::{closure#1}, ()>
[INFO] [stdout]   15:     0x576fd5fe5792 - <std[617be2ca0a6fd877]::thread::lifecycle::spawn_unchecked<test[aada8e7e76ba119b]::run_test::{closure#1}, ()>::{closure#1} as core[a373ad73a504971]::ops::function::FnOnce<()>>::call_once::{shim:vtable#0}
[INFO] [stdout]   16:     0x576fd628254f - <std[617be2ca0a6fd877]::sys::thread::unix::Thread>::new::thread_start
[INFO] [stdout]   17:     0x7c39bd8cddfa - <unknown>
[INFO] [stdout]   18:     0x7c39bd9613d4 - clone
[INFO] [stdout]   19:                0x0 - <unknown>
[INFO] [stdout] 
[INFO] [stdout] 
[INFO] [stdout] failures:
[INFO] [stdout]     expression_depth_limits_can_be_raised
[INFO] [stdout] 
[INFO] [stdout] test result: FAILED. 9 passed; 1 failed; 0 ignored; 0 measured; 0 filtered out; finished in 0.02s
[INFO] [stdout] 
[INFO] running `Command { std: "docker" "inspect" "148197f083d7070c3ad6f8a1eb4068116d492996ce646b6f791d1d3c77069409", kill_on_drop: false }`
[INFO] running `Command { std: "docker" "rm" "-f" "148197f083d7070c3ad6f8a1eb4068116d492996ce646b6f791d1d3c77069409", kill_on_drop: false }`
[INFO] [stdout] 148197f083d7070c3ad6f8a1eb4068116d492996ce646b6f791d1d3c77069409
