[INFO] fetching crate rhai-dylib 0.11.0...
[INFO] testing rhai-dylib-0.11.0 against 1.100.0-beta.1+cargoflags=--release for beta-release-1.100-2
[INFO] extracting crate rhai-dylib 0.11.0 into /workspace/builds/worker-7-tc2/source
[INFO] started tweaking crates.io crate rhai-dylib 0.11.0
[INFO] finished tweaking crates.io crate rhai-dylib 0.11.0
[INFO] tweaked toml for crates.io crate rhai-dylib 0.11.0 written to /workspace/builds/worker-7-tc2/source/Cargo.toml
[INFO] validating manifest of crates.io crate rhai-dylib 0.11.0 on toolchain 1.100.0-beta.1
[INFO] running `Command { std: CARGO_HOME="/workspace/cargo-home" RUSTUP_HOME="/workspace/rustup-home" "/workspace/cargo-home/bin/cargo" "+1.100.0-beta.1" "metadata" "--manifest-path" "Cargo.toml" "--no-deps", kill_on_drop: false }`
[INFO] crate crates.io crate rhai-dylib 0.11.0 already has a lockfile, it will not be regenerated
[INFO] running `Command { std: CARGO_HOME="/workspace/cargo-home" RUSTUP_HOME="/workspace/rustup-home" "/workspace/cargo-home/bin/cargo" "+1.100.0-beta.1" "fetch" "--manifest-path" "Cargo.toml", kill_on_drop: false }`
[INFO] running `Command { std: "docker" "create" "-v" "/var/lib/crater-agent-workspace/builds/worker-7-tc2/source:/opt/rustwide/workdir:ro,Z" "-v" "/var/lib/crater-agent-workspace/builds/worker-7-tc2/target:/opt/rustwide/target:rw,Z" "-v" "/var/lib/crater-agent-workspace/cargo-home:/opt/rustwide/cargo-home:ro,Z" "-v" "/var/lib/crater-agent-workspace/rustup-home:/opt/rustwide/rustup-home:ro,Z" "-m" "1610612736" "--network" "none" "ghcr.io/rust-lang/crates-build-env/linux@sha256:77db811e55d90add9212f6832c23229e3de5f1c1f9905e8cb07319ea15df73ac" "sleep" "infinity", kill_on_drop: false }`
[INFO] [stdout] 8a4116ed6ae7bb9c6ad5e054492a5a706c82776d96526a22f81f13cf73a07f50
[INFO] running `Command { std: "docker" "start" "8a4116ed6ae7bb9c6ad5e054492a5a706c82776d96526a22f81f13cf73a07f50", kill_on_drop: false }`
[INFO] running `Command { std: "docker" "inspect" "8a4116ed6ae7bb9c6ad5e054492a5a706c82776d96526a22f81f13cf73a07f50", kill_on_drop: false }`
[INFO] running `Command { std: "docker" "exec" "-e" "SOURCE_DIR=/opt/rustwide/workdir" "-e" "CARGO_HOME=/opt/rustwide/cargo-home" "-e" "RUSTUP_HOME=/opt/rustwide/rustup-home" "-e" "CARGO_TARGET_DIR=/opt/rustwide/target" "-w" "/opt/rustwide/workdir" "--user" "0:0" "8a4116ed6ae7bb9c6ad5e054492a5a706c82776d96526a22f81f13cf73a07f50" "/opt/rustwide/cargo-home/bin/cargo" "+1.100.0-beta.1" "metadata" "--no-deps" "--format-version=1", kill_on_drop: false }`
[INFO] running `Command { std: "docker" "inspect" "8a4116ed6ae7bb9c6ad5e054492a5a706c82776d96526a22f81f13cf73a07f50", kill_on_drop: false }`
[INFO] running `Command { std: "docker" "exec" "-e" "SOURCE_DIR=/opt/rustwide/workdir" "-e" "CARGO_HOME=/opt/rustwide/cargo-home" "-e" "RUSTUP_HOME=/opt/rustwide/rustup-home" "-e" "CARGO_TARGET_DIR=/opt/rustwide/target" "-e" "CARGO_INCREMENTAL=0" "-e" "RUST_BACKTRACE=full" "-e" "RUSTFLAGS=--cap-lints=warn" "-e" "RUSTDOCFLAGS=--cap-lints=warn" "-w" "/opt/rustwide/workdir" "--user" "0:0" "8a4116ed6ae7bb9c6ad5e054492a5a706c82776d96526a22f81f13cf73a07f50" "/opt/rustwide/cargo-home/bin/cargo" "+1.100.0-beta.1" "build" "--frozen" "--message-format=json" "--release", kill_on_drop: false }`
[INFO] [stderr]    Compiling libc v0.2.176
[INFO] [stderr]    Compiling proc-macro2 v1.0.101
[INFO] [stderr]    Compiling unicode-ident v1.0.19
[INFO] [stderr]    Compiling cfg-if v1.0.3
[INFO] [stderr]    Compiling quote v1.0.41
[INFO] [stderr]    Compiling portable-atomic v1.11.1
[INFO] [stderr]    Compiling getrandom v0.3.3
[INFO] [stderr]    Compiling once_cell v1.21.3
[INFO] [stderr]    Compiling ahash v0.8.12
[INFO] [stderr]    Compiling thin-vec v0.2.14
[INFO] [stderr]    Compiling bitflags v2.9.4
[INFO] [stderr]    Compiling libloading v0.9.0
[INFO] [stderr]    Compiling syn v2.0.106
[INFO] [stderr]    Compiling getrandom v0.2.16
[INFO] [stderr]    Compiling const-random-macro v0.1.16
[INFO] [stderr]    Compiling const-random v0.1.18
[INFO] [stderr]    Compiling rhai_codegen v3.2.0
[INFO] [stderr]    Compiling rhai v1.26.1
[INFO] [stderr]    Compiling rhai-dylib v0.11.0 (/opt/rustwide/workdir)
[INFO] [stderr]     Finished `release` profile [optimized] target(s) in 38.01s
[INFO] running `Command { std: "docker" "inspect" "8a4116ed6ae7bb9c6ad5e054492a5a706c82776d96526a22f81f13cf73a07f50", kill_on_drop: false }`
[INFO] running `Command { std: "docker" "exec" "-e" "SOURCE_DIR=/opt/rustwide/workdir" "-e" "CARGO_HOME=/opt/rustwide/cargo-home" "-e" "RUSTUP_HOME=/opt/rustwide/rustup-home" "-e" "CARGO_TARGET_DIR=/opt/rustwide/target" "-e" "CARGO_INCREMENTAL=0" "-e" "RUST_BACKTRACE=full" "-e" "RUSTFLAGS=--cap-lints=warn" "-e" "RUSTDOCFLAGS=--cap-lints=warn" "-w" "/opt/rustwide/workdir" "--user" "0:0" "8a4116ed6ae7bb9c6ad5e054492a5a706c82776d96526a22f81f13cf73a07f50" "/opt/rustwide/cargo-home/bin/cargo" "+1.100.0-beta.1" "test" "--frozen" "--no-run" "--message-format=json" "--release", kill_on_drop: false }`
[INFO] [stderr]    Compiling rhai-dylib v0.11.0 (/opt/rustwide/workdir)
[INFO] [stderr]     Finished `release` profile [optimized] target(s) in 2.15s
[INFO] running `Command { std: "docker" "inspect" "8a4116ed6ae7bb9c6ad5e054492a5a706c82776d96526a22f81f13cf73a07f50", kill_on_drop: false }`
[INFO] running `Command { std: "docker" "exec" "-e" "SOURCE_DIR=/opt/rustwide/workdir" "-e" "CARGO_HOME=/opt/rustwide/cargo-home" "-e" "RUSTUP_HOME=/opt/rustwide/rustup-home" "-e" "CARGO_TARGET_DIR=/opt/rustwide/target" "-e" "CARGO_INCREMENTAL=0" "-e" "RUST_BACKTRACE=full" "-e" "RUSTFLAGS=--cap-lints=warn" "-e" "RUSTDOCFLAGS=--cap-lints=warn" "-w" "/opt/rustwide/workdir" "--user" "0:0" "8a4116ed6ae7bb9c6ad5e054492a5a706c82776d96526a22f81f13cf73a07f50" "/opt/rustwide/cargo-home/bin/cargo" "+1.100.0-beta.1" "test" "--frozen" "--release", kill_on_drop: false }`
[INFO] [stderr]     Finished `release` profile [optimized] target(s) in 0.05s
[INFO] [stderr]      Running unittests src/lib.rs (/opt/rustwide/target/release/build/rhai-dylib/270fa9fec4a6a612/out/rhai_dylib-270fa9fec4a6a612)
[INFO] [stdout] 
[INFO] [stdout] running 13 tests
[INFO] [stdout] test loader::libloading::tests::load_nonexistent_returns_error ... ok
[INFO] [stdout] test module_resolvers::libloading::tests::new ... ok
[INFO] [stdout] test loader::libloading::tests::new ... ok
[INFO] [stdout] test module_resolvers::tests::locked_write_and_read ... ok
[INFO] [stdout] test module_resolvers::libloading::tests::resolve_returns_error_for_missing_file ... ok
[INFO] [stdout] test module_resolvers::libloading::tests::file_path_resolution_with_path ... ok
[INFO] [stdout] test module_resolvers::libloading::tests::resolve_ast_returns_none ... ok
[INFO] [stdout] test module_resolvers::libloading::tests::file_path_resolution ... ok
[INFO] [stderr] error: no example target named `test_plugin` in default-run packages
[INFO] [stdout] test module_resolvers::libloading::tests::resolve_raw_via_engine_import ... FAILED
[INFO] [stderr] error: no example target named `test_plugin` in default-run packages
[INFO] [stdout] test loader::libloading::tests::load_success ... FAILED
[INFO] [stderr] error: no example target named `test_plugin` in default-run packages
[INFO] [stdout] test module_resolvers::libloading::tests::resolve_cache_hit_returns_same_module ... FAILED
[INFO] [stderr] error: no example target named `test_plugin` in default-run packages
[INFO] [stdout] test module_resolvers::libloading::tests::resolve_loads_module ... FAILED
[INFO] [stderr] error: no example target named `test_plugin` in default-run packages
[INFO] [stdout] test module_resolvers::libloading::tests::resolve_without_cache ... FAILED
[INFO] [stdout] 
[INFO] [stdout] failures:
[INFO] [stdout] 
[INFO] [stdout] ---- module_resolvers::libloading::tests::resolve_raw_via_engine_import stdout ----
[INFO] [stdout] 
[INFO] [stdout] thread 'module_resolvers::libloading::tests::resolve_raw_via_engine_import' (649) panicked at src/module_resolvers/libloading.rs:198:13:
[INFO] [stdout] building test_plugin failed
[INFO] [stdout] stack backtrace:
[INFO] [stdout]    0:     0x59b1efd1c771 - <<std[617be2ca0a6fd877]::sys::backtrace::BacktraceLock>::print::DisplayBacktrace as core[a373ad73a504971]::fmt::Display>::fmt
[INFO] [stdout]    1:     0x59b1efd34bda - core[a373ad73a504971]::fmt::write
[INFO] [stdout]    2:     0x59b1efd209ac - <alloc[2e1b2a31b91974c5]::vec::Vec<u8> as core[a373ad73a504971]::io::write::Write>::write_fmt
[INFO] [stdout]    3:     0x59b1efcf7ea6 - std[617be2ca0a6fd877]::panicking::default_hook::{closure#0}
[INFO] [stdout]    4:     0x59b1efd14bc9 - std[617be2ca0a6fd877]::panicking::default_hook
[INFO] [stdout]    5:     0x59b1efaa8380 - test[aada8e7e76ba119b]::test_main_inner::{closure#0}
[INFO] [stdout]    6:     0x59b1efd14d82 - std[617be2ca0a6fd877]::panicking::panic_with_hook
[INFO] [stdout]    7:     0x59b1efcf7f84 - std[617be2ca0a6fd877]::panicking::panic_handler::{closure#0}
[INFO] [stdout]    8:     0x59b1efcf0c69 - std[617be2ca0a6fd877]::sys::backtrace::__rust_end_short_backtrace::<std[617be2ca0a6fd877]::panicking::panic_handler::{closure#0}, !>
[INFO] [stdout]    9:     0x59b1efcf8b5d - __rustc[ea4f61d10b84890b]::rust_begin_unwind
[INFO] [stdout]   10:     0x59b1efd3533c - core[a373ad73a504971]::panicking::panic_fmt
[INFO] [stdout]   11:     0x59b1efa91496 - <std[617be2ca0a6fd877]::sync::once::Once>::call_once_force::<<std[617be2ca0a6fd877]::sync::once_lock::OnceLock<std[617be2ca0a6fd877]::path::PathBuf>>::initialize<<std[617be2ca0a6fd877]::sync::once_lock::OnceLock<std[617be2ca0a6fd877]::path::PathBuf>>::get_or_init<rhai_dylib[9185e8d27ea00388]::module_resolvers::libloading::tests::build_test_plugin::{closure#0}>::{closure#0}, !>::{closure#0}>::{closure#0}
[INFO] [stdout]   12:     0x59b1efcfdac9 - <std[617be2ca0a6fd877]::sys::sync::once::futex::Once>::call
[INFO] [stdout]   13:     0x59b1efa90f37 - <std[617be2ca0a6fd877]::sync::once_lock::OnceLock<std[617be2ca0a6fd877]::path::PathBuf>>::initialize::<<std[617be2ca0a6fd877]::sync::once_lock::OnceLock<std[617be2ca0a6fd877]::path::PathBuf>>::get_or_init<rhai_dylib[9185e8d27ea00388]::module_resolvers::libloading::tests::build_test_plugin::{closure#0}>::{closure#0}, !>
[INFO] [stdout]   14:     0x59b1efa84549 - rhai_dylib[9185e8d27ea00388]::module_resolvers::libloading::tests::test_plugin_module_path
[INFO] [stdout]   15:     0x59b1efa84fa4 - <rhai_dylib[9185e8d27ea00388]::module_resolvers::libloading::tests::resolve_raw_via_engine_import::{closure#0} as core[a373ad73a504971]::ops::function::FnOnce<()>>::call_once
[INFO] [stdout]   16:     0x59b1efa9b7cb - test[aada8e7e76ba119b]::__rust_begin_short_backtrace::<core[a373ad73a504971]::result::Result<(), alloc[2e1b2a31b91974c5]::string::String>, fn() -> core[a373ad73a504971]::result::Result<(), alloc[2e1b2a31b91974c5]::string::String>>
[INFO] [stdout]   17:     0x59b1efaa89a5 - test[aada8e7e76ba119b]::run_test::{closure#0}
[INFO] [stdout]   18:     0x59b1efaa2294 - std[617be2ca0a6fd877]::sys::backtrace::__rust_begin_short_backtrace::<test[aada8e7e76ba119b]::run_test::{closure#1}, ()>
[INFO] [stdout]   19:     0x59b1efaaba32 - <std[617be2ca0a6fd877]::thread::lifecycle::spawn_unchecked<test[aada8e7e76ba119b]::run_test::{closure#1}, ()>::{closure#1} as core[a373ad73a504971]::ops::function::FnOnce<()>>::call_once::{shim:vtable#0}
[INFO] [stdout]   20:     0x59b1efd1bf9f - <std[617be2ca0a6fd877]::sys::thread::unix::Thread>::new::thread_start
[INFO] [stdout]   21:     0x7a1ce7943dfa - <unknown>
[INFO] [stdout]   22:     0x7a1ce79d73d4 - clone
[INFO] [stdout]   23:                0x0 - <unknown>
[INFO] [stdout] 
[INFO] [stdout] ---- loader::libloading::tests::load_success stdout ----
[INFO] [stdout] 
[INFO] [stdout] thread 'loader::libloading::tests::load_success' (641) panicked at src/loader/libloading.rs:153:13:
[INFO] [stdout] building test_plugin failed
[INFO] [stdout] stack backtrace:
[INFO] [stdout]    0:     0x59b1efd1c771 - <<std[617be2ca0a6fd877]::sys::backtrace::BacktraceLock>::print::DisplayBacktrace as core[a373ad73a504971]::fmt::Display>::fmt
[INFO] [stdout]    1:     0x59b1efd34bda - core[a373ad73a504971]::fmt::write
[INFO] [stdout]    2:     0x59b1efd209ac - <alloc[2e1b2a31b91974c5]::vec::Vec<u8> as core[a373ad73a504971]::io::write::Write>::write_fmt
[INFO] [stdout]    3:     0x59b1efcf7ea6 - std[617be2ca0a6fd877]::panicking::default_hook::{closure#0}
[INFO] [stdout]    4:     0x59b1efd14bc9 - std[617be2ca0a6fd877]::panicking::default_hook
[INFO] [stdout]    5:     0x59b1efaa8380 - test[aada8e7e76ba119b]::test_main_inner::{closure#0}
[INFO] [stdout]    6:     0x59b1efd14d82 - std[617be2ca0a6fd877]::panicking::panic_with_hook
[INFO] [stdout]    7:     0x59b1efcf7f84 - std[617be2ca0a6fd877]::panicking::panic_handler::{closure#0}
[INFO] [stdout]    8:     0x59b1efcf0c69 - std[617be2ca0a6fd877]::sys::backtrace::__rust_end_short_backtrace::<std[617be2ca0a6fd877]::panicking::panic_handler::{closure#0}, !>
[INFO] [stdout]    9:     0x59b1efcf8b5d - __rustc[ea4f61d10b84890b]::rust_begin_unwind
[INFO] [stdout]   10:     0x59b1efd3533c - core[a373ad73a504971]::panicking::panic_fmt
[INFO] [stdout]   11:     0x59b1efa91716 - <std[617be2ca0a6fd877]::sync::once::Once>::call_once_force::<<std[617be2ca0a6fd877]::sync::once_lock::OnceLock<std[617be2ca0a6fd877]::path::PathBuf>>::initialize<<std[617be2ca0a6fd877]::sync::once_lock::OnceLock<std[617be2ca0a6fd877]::path::PathBuf>>::get_or_init<rhai_dylib[9185e8d27ea00388]::loader::libloading::tests::build_test_plugin::{closure#0}>::{closure#0}, !>::{closure#0}>::{closure#0}
[INFO] [stdout]   12:     0x59b1efcfdac9 - <std[617be2ca0a6fd877]::sys::sync::once::futex::Once>::call
[INFO] [stdout]   13:     0x59b1efa90f7c - <std[617be2ca0a6fd877]::sync::once_lock::OnceLock<std[617be2ca0a6fd877]::path::PathBuf>>::initialize::<<std[617be2ca0a6fd877]::sync::once_lock::OnceLock<std[617be2ca0a6fd877]::path::PathBuf>>::get_or_init<rhai_dylib[9185e8d27ea00388]::loader::libloading::tests::build_test_plugin::{closure#0}>::{closure#0}, !>
[INFO] [stdout]   14:     0x59b1efa9ac93 - <rhai_dylib[9185e8d27ea00388]::loader::libloading::tests::load_success::{closure#0} as core[a373ad73a504971]::ops::function::FnOnce<()>>::call_once
[INFO] [stdout]   15:     0x59b1efa9b7cb - test[aada8e7e76ba119b]::__rust_begin_short_backtrace::<core[a373ad73a504971]::result::Result<(), alloc[2e1b2a31b91974c5]::string::String>, fn() -> core[a373ad73a504971]::result::Result<(), alloc[2e1b2a31b91974c5]::string::String>>
[INFO] [stdout]   16:     0x59b1efaa89a5 - test[aada8e7e76ba119b]::run_test::{closure#0}
[INFO] [stdout]   17:     0x59b1efaa2294 - std[617be2ca0a6fd877]::sys::backtrace::__rust_begin_short_backtrace::<test[aada8e7e76ba119b]::run_test::{closure#1}, ()>
[INFO] [stdout]   18:     0x59b1efaaba32 - <std[617be2ca0a6fd877]::thread::lifecycle::spawn_unchecked<test[aada8e7e76ba119b]::run_test::{closure#1}, ()>::{closure#1} as core[a373ad73a504971]::ops::function::FnOnce<()>>::call_once::{shim:vtable#0}
[INFO] [stdout]   19:     0x59b1efd1bf9f - <std[617be2ca0a6fd877]::sys::thread::unix::Thread>::new::thread_start
[INFO] [stdout]   20:     0x7a1ce7943dfa - <unknown>
[INFO] [stdout]   21:     0x7a1ce79d73d4 - clone
[INFO] [stdout]   22:                0x0 - <unknown>
[INFO] [stdout] 
[INFO] [stdout] ---- module_resolvers::libloading::tests::resolve_cache_hit_returns_same_module stdout ----
[INFO] [stdout] 
[INFO] [stdout] thread 'module_resolvers::libloading::tests::resolve_cache_hit_returns_same_module' (647) panicked at src/module_resolvers/libloading.rs:198:13:
[INFO] [stdout] building test_plugin failed
[INFO] [stdout] stack backtrace:
[INFO] [stdout]    0:     0x59b1efd1c771 - <<std[617be2ca0a6fd877]::sys::backtrace::BacktraceLock>::print::DisplayBacktrace as core[a373ad73a504971]::fmt::Display>::fmt
[INFO] [stdout]    1:     0x59b1efd34bda - core[a373ad73a504971]::fmt::write
[INFO] [stdout]    2:     0x59b1efd209ac - <alloc[2e1b2a31b91974c5]::vec::Vec<u8> as core[a373ad73a504971]::io::write::Write>::write_fmt
[INFO] [stdout]    3:     0x59b1efcf7ea6 - std[617be2ca0a6fd877]::panicking::default_hook::{closure#0}
[INFO] [stdout]    4:     0x59b1efd14bc9 - std[617be2ca0a6fd877]::panicking::default_hook
[INFO] [stdout]    5:     0x59b1efaa8380 - test[aada8e7e76ba119b]::test_main_inner::{closure#0}
[INFO] [stdout]    6:     0x59b1efd14d82 - std[617be2ca0a6fd877]::panicking::panic_with_hook
[INFO] [stdout]    7:     0x59b1efcf7f84 - std[617be2ca0a6fd877]::panicking::panic_handler::{closure#0}
[INFO] [stdout]    8:     0x59b1efcf0c69 - std[617be2ca0a6fd877]::sys::backtrace::__rust_end_short_backtrace::<std[617be2ca0a6fd877]::panicking::panic_handler::{closure#0}, !>
[INFO] [stdout]    9:     0x59b1efcf8b5d - __rustc[ea4f61d10b84890b]::rust_begin_unwind
[INFO] [stdout]   10:     0x59b1efd3533c - core[a373ad73a504971]::panicking::panic_fmt
[INFO] [stdout]   11:     0x59b1efa91496 - <std[617be2ca0a6fd877]::sync::once::Once>::call_once_force::<<std[617be2ca0a6fd877]::sync::once_lock::OnceLock<std[617be2ca0a6fd877]::path::PathBuf>>::initialize<<std[617be2ca0a6fd877]::sync::once_lock::OnceLock<std[617be2ca0a6fd877]::path::PathBuf>>::get_or_init<rhai_dylib[9185e8d27ea00388]::module_resolvers::libloading::tests::build_test_plugin::{closure#0}>::{closure#0}, !>::{closure#0}>::{closure#0}
[INFO] [stdout]   12:     0x59b1efcfdac9 - <std[617be2ca0a6fd877]::sys::sync::once::futex::Once>::call
[INFO] [stdout]   13:     0x59b1efa90f37 - <std[617be2ca0a6fd877]::sync::once_lock::OnceLock<std[617be2ca0a6fd877]::path::PathBuf>>::initialize::<<std[617be2ca0a6fd877]::sync::once_lock::OnceLock<std[617be2ca0a6fd877]::path::PathBuf>>::get_or_init<rhai_dylib[9185e8d27ea00388]::module_resolvers::libloading::tests::build_test_plugin::{closure#0}>::{closure#0}, !>
[INFO] [stdout]   14:     0x59b1efa84549 - rhai_dylib[9185e8d27ea00388]::module_resolvers::libloading::tests::test_plugin_module_path
[INFO] [stdout]   15:     0x59b1efa8646b - <rhai_dylib[9185e8d27ea00388]::module_resolvers::libloading::tests::resolve_cache_hit_returns_same_module::{closure#0} as core[a373ad73a504971]::ops::function::FnOnce<()>>::call_once
[INFO] [stdout]   16:     0x59b1efa9b7cb - test[aada8e7e76ba119b]::__rust_begin_short_backtrace::<core[a373ad73a504971]::result::Result<(), alloc[2e1b2a31b91974c5]::string::String>, fn() -> core[a373ad73a504971]::result::Result<(), alloc[2e1b2a31b91974c5]::string::String>>
[INFO] [stdout]   17:     0x59b1efaa89a5 - test[aada8e7e76ba119b]::run_test::{closure#0}
[INFO] [stdout]   18:     0x59b1efaa2294 - std[617be2ca0a6fd877]::sys::backtrace::__rust_begin_short_backtrace::<test[aada8e7e76ba119b]::run_test::{closure#1}, ()>
[INFO] [stdout]   19:     0x59b1efaaba32 - <std[617be2ca0a6fd877]::thread::lifecycle::spawn_unchecked<test[aada8e7e76ba119b]::run_test::{closure#1}, ()>::{closure#1} as core[a373ad73a504971]::ops::function::FnOnce<()>>::call_once::{shim:vtable#0}
[INFO] [stdout]   20:     0x59b1efd1bf9f - <std[617be2ca0a6fd877]::sys::thread::unix::Thread>::new::thread_start
[INFO] [stdout]   21:     0x7a1ce7943dfa - <unknown>
[INFO] [stdout]   22:     0x7a1ce79d73d4 - clone
[INFO] [stdout]   23:                0x0 - <unknown>
[INFO] [stdout] 
[INFO] [stdout] ---- module_resolvers::libloading::tests::resolve_loads_module stdout ----
[INFO] [stdout] 
[INFO] [stdout] thread 'module_resolvers::libloading::tests::resolve_loads_module' (648) panicked at src/module_resolvers/libloading.rs:198:13:
[INFO] [stdout] building test_plugin failed
[INFO] [stdout] stack backtrace:
[INFO] [stdout]    0:     0x59b1efd1c771 - <<std[617be2ca0a6fd877]::sys::backtrace::BacktraceLock>::print::DisplayBacktrace as core[a373ad73a504971]::fmt::Display>::fmt
[INFO] [stdout]    1:     0x59b1efd34bda - core[a373ad73a504971]::fmt::write
[INFO] [stdout]    2:     0x59b1efd209ac - <alloc[2e1b2a31b91974c5]::vec::Vec<u8> as core[a373ad73a504971]::io::write::Write>::write_fmt
[INFO] [stdout]    3:     0x59b1efcf7ea6 - std[617be2ca0a6fd877]::panicking::default_hook::{closure#0}
[INFO] [stdout]    4:     0x59b1efd14bc9 - std[617be2ca0a6fd877]::panicking::default_hook
[INFO] [stdout]    5:     0x59b1efaa8380 - test[aada8e7e76ba119b]::test_main_inner::{closure#0}
[INFO] [stdout]    6:     0x59b1efd14d82 - std[617be2ca0a6fd877]::panicking::panic_with_hook
[INFO] [stdout]    7:     0x59b1efcf7f84 - std[617be2ca0a6fd877]::panicking::panic_handler::{closure#0}
[INFO] [stdout]    8:     0x59b1efcf0c69 - std[617be2ca0a6fd877]::sys::backtrace::__rust_end_short_backtrace::<std[617be2ca0a6fd877]::panicking::panic_handler::{closure#0}, !>
[INFO] [stdout]    9:     0x59b1efcf8b5d - __rustc[ea4f61d10b84890b]::rust_begin_unwind
[INFO] [stdout]   10:     0x59b1efd3533c - core[a373ad73a504971]::panicking::panic_fmt
[INFO] [stdout]   11:     0x59b1efa91496 - <std[617be2ca0a6fd877]::sync::once::Once>::call_once_force::<<std[617be2ca0a6fd877]::sync::once_lock::OnceLock<std[617be2ca0a6fd877]::path::PathBuf>>::initialize<<std[617be2ca0a6fd877]::sync::once_lock::OnceLock<std[617be2ca0a6fd877]::path::PathBuf>>::get_or_init<rhai_dylib[9185e8d27ea00388]::module_resolvers::libloading::tests::build_test_plugin::{closure#0}>::{closure#0}, !>::{closure#0}>::{closure#0}
[INFO] [stdout]   12:     0x59b1efcfdac9 - <std[617be2ca0a6fd877]::sys::sync::once::futex::Once>::call
[INFO] [stdout]   13:     0x59b1efa90f37 - <std[617be2ca0a6fd877]::sync::once_lock::OnceLock<std[617be2ca0a6fd877]::path::PathBuf>>::initialize::<<std[617be2ca0a6fd877]::sync::once_lock::OnceLock<std[617be2ca0a6fd877]::path::PathBuf>>::get_or_init<rhai_dylib[9185e8d27ea00388]::module_resolvers::libloading::tests::build_test_plugin::{closure#0}>::{closure#0}, !>
[INFO] [stdout]   14:     0x59b1efa84549 - rhai_dylib[9185e8d27ea00388]::module_resolvers::libloading::tests::test_plugin_module_path
[INFO] [stdout]   15:     0x59b1efa84b97 - <rhai_dylib[9185e8d27ea00388]::module_resolvers::libloading::tests::resolve_loads_module::{closure#0} as core[a373ad73a504971]::ops::function::FnOnce<()>>::call_once
[INFO] [stdout]   16:     0x59b1efa9b7cb - test[aada8e7e76ba119b]::__rust_begin_short_backtrace::<core[a373ad73a504971]::result::Result<(), alloc[2e1b2a31b91974c5]::string::String>, fn() -> core[a373ad73a504971]::result::Result<(), alloc[2e1b2a31b91974c5]::string::String>>
[INFO] [stdout]   17:     0x59b1efaa89a5 - test[aada8e7e76ba119b]::run_test::{closure#0}
[INFO] [stdout]   18:     0x59b1efaa2294 - std[617be2ca0a6fd877]::sys::backtrace::__rust_begin_short_backtrace::<test[aada8e7e76ba119b]::run_test::{closure#1}, ()>
[INFO] [stdout]   19:     0x59b1efaaba32 - <std[617be2ca0a6fd877]::thread::lifecycle::spawn_unchecked<test[aada8e7e76ba119b]::run_test::{closure#1}, ()>::{closure#1} as core[a373ad73a504971]::ops::function::FnOnce<()>>::call_once::{shim:vtable#0}
[INFO] [stdout]   20:     0x59b1efd1bf9f - <std[617be2ca0a6fd877]::sys::thread::unix::Thread>::new::thread_start
[INFO] [stdout]   21:     0x7a1ce7943dfa - <unknown>
[INFO] [stdout]   22:     0x7a1ce79d73d4 - clone
[INFO] [stdout]   23:                0x0 - <unknown>
[INFO] [stdout] 
[INFO] [stdout] ---- module_resolvers::libloading::tests::resolve_without_cache stdout ----
[INFO] [stdout] 
[INFO] [stdout] thread 'module_resolvers::libloading::tests::resolve_without_cache' (651) panicked at src/module_resolvers/libloading.rs:198:13:
[INFO] [stdout] building test_plugin failed
[INFO] [stdout] stack backtrace:
[INFO] [stdout]    0:     0x59b1efd1c771 - <<std[617be2ca0a6fd877]::sys::backtrace::BacktraceLock>::print::DisplayBacktrace as core[a373ad73a504971]::fmt::Display>::fmt
[INFO] [stdout]    1:     0x59b1efd34bda - core[a373ad73a504971]::fmt::write
[INFO] [stdout]    2:     0x59b1efd209ac - <alloc[2e1b2a31b91974c5]::vec::Vec<u8> as core[a373ad73a504971]::io::write::Write>::write_fmt
[INFO] [stdout]    3:     0x59b1efcf7ea6 - std[617be2ca0a6fd877]::panicking::default_hook::{closure#0}
[INFO] [stdout]    4:     0x59b1efd14bc9 - std[617be2ca0a6fd877]::panicking::default_hook
[INFO] [stdout]    5:     0x59b1efaa8380 - test[aada8e7e76ba119b]::test_main_inner::{closure#0}
[INFO] [stdout]    6:     0x59b1efd14d82 - std[617be2ca0a6fd877]::panicking::panic_with_hook
[INFO] [stdout]    7:     0x59b1efcf7f84 - std[617be2ca0a6fd877]::panicking::panic_handler::{closure#0}
[INFO] [stdout]    8:     0x59b1efcf0c69 - std[617be2ca0a6fd877]::sys::backtrace::__rust_end_short_backtrace::<std[617be2ca0a6fd877]::panicking::panic_handler::{closure#0}, !>
[INFO] [stdout]    9:     0x59b1efcf8b5d - __rustc[ea4f61d10b84890b]::rust_begin_unwind
[INFO] [stdout]   10:     0x59b1efd3533c - core[a373ad73a504971]::panicking::panic_fmt
[INFO] [stdout]   11:     0x59b1efa91496 - <std[617be2ca0a6fd877]::sync::once::Once>::call_once_force::<<std[617be2ca0a6fd877]::sync::once_lock::OnceLock<std[617be2ca0a6fd877]::path::PathBuf>>::initialize<<std[617be2ca0a6fd877]::sync::once_lock::OnceLock<std[617be2ca0a6fd877]::path::PathBuf>>::get_or_init<rhai_dylib[9185e8d27ea00388]::module_resolvers::libloading::tests::build_test_plugin::{closure#0}>::{closure#0}, !>::{closure#0}>::{closure#0}
[INFO] [stdout]   12:     0x59b1efcfdac9 - <std[617be2ca0a6fd877]::sys::sync::once::futex::Once>::call
[INFO] [stdout]   13:     0x59b1efa90f37 - <std[617be2ca0a6fd877]::sync::once_lock::OnceLock<std[617be2ca0a6fd877]::path::PathBuf>>::initialize::<<std[617be2ca0a6fd877]::sync::once_lock::OnceLock<std[617be2ca0a6fd877]::path::PathBuf>>::get_or_init<rhai_dylib[9185e8d27ea00388]::module_resolvers::libloading::tests::build_test_plugin::{closure#0}>::{closure#0}, !>
[INFO] [stdout]   14:     0x59b1efa84549 - rhai_dylib[9185e8d27ea00388]::module_resolvers::libloading::tests::test_plugin_module_path
[INFO] [stdout]   15:     0x59b1efa84d97 - <rhai_dylib[9185e8d27ea00388]::module_resolvers::libloading::tests::resolve_without_cache::{closure#0} as core[a373ad73a504971]::ops::function::FnOnce<()>>::call_once
[INFO] [stdout]   16:     0x59b1efa9b7cb - test[aada8e7e76ba119b]::__rust_begin_short_backtrace::<core[a373ad73a504971]::result::Result<(), alloc[2e1b2a31b91974c5]::string::String>, fn() -> core[a373ad73a504971]::result::Result<(), alloc[2e1b2a31b91974c5]::string::String>>
[INFO] [stdout]   17:     0x59b1efaa89a5 - test[aada8e7e76ba119b]::run_test::{closure#0}
[INFO] [stdout]   18:     0x59b1efaa2294 - std[617be2ca0a6fd877]::sys::backtrace::__rust_begin_short_backtrace::<test[aada8e7e76ba119b]::run_test::{closure#1}, ()>
[INFO] [stdout]   19:     0x59b1efaaba32 - <std[617be2ca0a6fd877]::thread::lifecycle::spawn_unchecked<test[aada8e7e76ba119b]::run_test::{closure#1}, ()>::{closure#1} as core[a373ad73a504971]::ops::function::FnOnce<()>>::call_once::{shim:vtable#0}
[INFO] [stdout]   20:     0x59b1efd1bf9f - <std[617be2ca0a6fd877]::sys::thread::unix::Thread>::new::thread_start
[INFO] [stdout]   21:     0x7a1ce7943dfa - <unknown>
[INFO] [stdout]   22:     0x7a1ce79d73d4 - clone
[INFO] [stdout]   23:                0x0 - <unknown>
[INFO] [stdout] 
[INFO] [stdout] 
[INFO] [stdout] failures:
[INFO] [stdout]     loader::libloading::tests::load_success
[INFO] [stdout]     module_resolvers::libloading::tests::resolve_cache_hit_returns_same_module
[INFO] [stdout]     module_resolvers::libloading::tests::resolve_loads_module
[INFO] [stdout]     module_resolvers::libloading::tests::resolve_raw_via_engine_import
[INFO] [stdout]     module_resolvers::libloading::tests::resolve_without_cache
[INFO] [stdout] 
[INFO] [stdout] test result: FAILED. 8 passed; 5 failed; 0 ignored; 0 measured; 0 filtered out; finished in 0.39s
[INFO] [stdout] 
[INFO] [stderr] error: test failed, to rerun pass `--lib`
[INFO] running `Command { std: "docker" "inspect" "8a4116ed6ae7bb9c6ad5e054492a5a706c82776d96526a22f81f13cf73a07f50", kill_on_drop: false }`
[INFO] running `Command { std: "docker" "rm" "-f" "8a4116ed6ae7bb9c6ad5e054492a5a706c82776d96526a22f81f13cf73a07f50", kill_on_drop: false }`
[INFO] [stdout] 8a4116ed6ae7bb9c6ad5e054492a5a706c82776d96526a22f81f13cf73a07f50
