[INFO] fetching crate rgreeter 0.1.2...
[INFO] testing rgreeter-0.1.2 against 1.100.0-beta.1+cargoflags=--release for beta-release-1.100-2
[INFO] extracting crate rgreeter 0.1.2 into /workspace/builds/worker-3-tc2/source
[INFO] started tweaking crates.io crate rgreeter 0.1.2
[INFO] finished tweaking crates.io crate rgreeter 0.1.2
[INFO] tweaked toml for crates.io crate rgreeter 0.1.2 written to /workspace/builds/worker-3-tc2/source/Cargo.toml
[INFO] validating manifest of crates.io crate rgreeter 0.1.2 on toolchain 1.100.0-beta.1
[INFO] running `Command { std: CARGO_HOME="/workspace/cargo-home" RUSTUP_HOME="/workspace/rustup-home" "/workspace/cargo-home/bin/cargo" "+1.100.0-beta.1" "metadata" "--manifest-path" "Cargo.toml" "--no-deps", kill_on_drop: false }`
[INFO] crate crates.io crate rgreeter 0.1.2 already has a lockfile, it will not be regenerated
[INFO] running `Command { std: CARGO_HOME="/workspace/cargo-home" RUSTUP_HOME="/workspace/rustup-home" "/workspace/cargo-home/bin/cargo" "+1.100.0-beta.1" "fetch" "--manifest-path" "Cargo.toml", kill_on_drop: false }`
[INFO] running `Command { std: "docker" "create" "-v" "/var/lib/crater-agent-workspace/builds/worker-3-tc2/source:/opt/rustwide/workdir:ro,Z" "-v" "/var/lib/crater-agent-workspace/builds/worker-3-tc2/target:/opt/rustwide/target:rw,Z" "-v" "/var/lib/crater-agent-workspace/cargo-home:/opt/rustwide/cargo-home:ro,Z" "-v" "/var/lib/crater-agent-workspace/rustup-home:/opt/rustwide/rustup-home:ro,Z" "-m" "1610612736" "--network" "none" "ghcr.io/rust-lang/crates-build-env/linux@sha256:77db811e55d90add9212f6832c23229e3de5f1c1f9905e8cb07319ea15df73ac" "sleep" "infinity", kill_on_drop: false }`
[INFO] [stdout] 9721873fb5d264a1a174c8a0a7feeccbfbad4157311f8a1dbcf28ffde3b12d7c
[INFO] running `Command { std: "docker" "start" "9721873fb5d264a1a174c8a0a7feeccbfbad4157311f8a1dbcf28ffde3b12d7c", kill_on_drop: false }`
[INFO] running `Command { std: "docker" "inspect" "9721873fb5d264a1a174c8a0a7feeccbfbad4157311f8a1dbcf28ffde3b12d7c", kill_on_drop: false }`
[INFO] running `Command { std: "docker" "exec" "-e" "SOURCE_DIR=/opt/rustwide/workdir" "-e" "CARGO_HOME=/opt/rustwide/cargo-home" "-e" "RUSTUP_HOME=/opt/rustwide/rustup-home" "-e" "CARGO_TARGET_DIR=/opt/rustwide/target" "-w" "/opt/rustwide/workdir" "--user" "0:0" "9721873fb5d264a1a174c8a0a7feeccbfbad4157311f8a1dbcf28ffde3b12d7c" "/opt/rustwide/cargo-home/bin/cargo" "+1.100.0-beta.1" "metadata" "--no-deps" "--format-version=1", kill_on_drop: false }`
[INFO] running `Command { std: "docker" "inspect" "9721873fb5d264a1a174c8a0a7feeccbfbad4157311f8a1dbcf28ffde3b12d7c", kill_on_drop: false }`
[INFO] running `Command { std: "docker" "exec" "-e" "SOURCE_DIR=/opt/rustwide/workdir" "-e" "CARGO_HOME=/opt/rustwide/cargo-home" "-e" "RUSTUP_HOME=/opt/rustwide/rustup-home" "-e" "CARGO_TARGET_DIR=/opt/rustwide/target" "-e" "CARGO_INCREMENTAL=0" "-e" "RUST_BACKTRACE=full" "-e" "RUSTFLAGS=--cap-lints=warn" "-e" "RUSTDOCFLAGS=--cap-lints=warn" "-w" "/opt/rustwide/workdir" "--user" "0:0" "9721873fb5d264a1a174c8a0a7feeccbfbad4157311f8a1dbcf28ffde3b12d7c" "/opt/rustwide/cargo-home/bin/cargo" "+1.100.0-beta.1" "build" "--frozen" "--message-format=json" "--release", kill_on_drop: false }`
[INFO] [stderr]    Compiling proc-macro2 v1.0.51
[INFO] [stderr]    Compiling quote v1.0.23
[INFO] [stderr]    Compiling unicode-ident v1.0.6
[INFO] [stderr]    Compiling syn v1.0.107
[INFO] [stderr]    Compiling autocfg v1.1.0
[INFO] [stderr]    Compiling cfg-if v1.0.0
[INFO] [stderr]    Compiling libc v0.2.139
[INFO] [stderr]    Compiling log v0.4.17
[INFO] [stderr]    Compiling pin-project-lite v0.2.9
[INFO] [stderr]    Compiling futures-core v0.3.26
[INFO] [stderr]    Compiling once_cell v1.17.0
[INFO] [stderr]    Compiling bytes v1.4.0
[INFO] [stderr]    Compiling parking_lot_core v0.9.7
[INFO] [stderr]    Compiling smallvec v1.10.0
[INFO] [stderr]    Compiling itoa v1.0.5
[INFO] [stderr]    Compiling memchr v2.5.0
[INFO] [stderr]    Compiling futures-task v0.3.26
[INFO] [stderr]    Compiling scopeguard v1.1.0
[INFO] [stderr]    Compiling rustversion v1.0.11
[INFO] [stderr]    Compiling futures-util v0.3.26
[INFO] [stderr]    Compiling serde_derive v1.0.152
[INFO] [stderr]    Compiling fnv v1.0.7
[INFO] [stderr]    Compiling pin-utils v0.1.0
[INFO] [stderr]    Compiling serde v1.0.152
[INFO] [stderr]    Compiling tower-service v0.3.2
[INFO] [stderr]    Compiling futures-channel v0.3.26
[INFO] [stderr]    Compiling regex-syntax v0.6.28
[INFO] [stderr]    Compiling futures-sink v0.3.26
[INFO] [stderr]    Compiling tracing-core v0.1.30
[INFO] [stderr]    Compiling httparse v1.8.0
[INFO] [stderr]    Compiling hashbrown v0.12.3
[INFO] [stderr]    Compiling tower-layer v0.3.2
[INFO] [stderr]    Compiling async-trait v0.1.64
[INFO] [stderr]    Compiling serde_json v1.0.93
[INFO] [stderr]    Compiling lock_api v0.4.9
[INFO] [stderr]    Compiling tokio v1.25.0
[INFO] [stderr]    Compiling slab v0.4.7
[INFO] [stderr]    Compiling indexmap v1.9.2
[INFO] [stderr]    Compiling percent-encoding v2.2.0
[INFO] [stderr]    Compiling lazy_static v1.4.0
[INFO] [stderr]    Compiling try-lock v0.2.4
[INFO] [stderr]    Compiling ryu v1.0.12
[INFO] [stderr]    Compiling want v0.3.0
[INFO] [stderr]    Compiling form_urlencoded v1.1.0
[INFO] [stderr]    Compiling http v0.2.8
[INFO] [stderr]    Compiling signal-hook-registry v1.4.1
[INFO] [stderr]    Compiling mio v0.8.6
[INFO] [stderr]    Compiling num_cpus v1.15.0
[INFO] [stderr]    Compiling socket2 v0.4.7
[INFO] [stderr]    Compiling overload v0.1.1
[INFO] [stderr]    Compiling mime v0.3.16
[INFO] [stderr]    Compiling parking_lot v0.12.1
[INFO] [stderr]    Compiling axum-core v0.3.2
[INFO] [stderr]    Compiling axum v0.6.6
[INFO] [stderr]    Compiling bitflags v1.3.2
[INFO] [stderr]    Compiling http-range-header v0.3.0
[INFO] [stderr]    Compiling httpdate v1.0.2
[INFO] [stderr]    Compiling nu-ansi-term v0.46.0
[INFO] [stderr]    Compiling tracing-log v0.1.3
[INFO] [stderr]    Compiling sharded-slab v0.1.4
[INFO] [stderr]    Compiling thread_local v1.1.7
[INFO] [stderr]    Compiling matchit v0.7.0
[INFO] [stderr]    Compiling sync_wrapper v0.1.2
[INFO] [stderr]    Compiling http-body v0.4.5
[INFO] [stderr]    Compiling regex-automata v0.1.10
[INFO] [stderr]    Compiling regex v1.7.1
[INFO] [stderr]    Compiling matchers v0.1.0
[INFO] [stderr]    Compiling tracing-attributes v0.1.23
[INFO] [stderr]    Compiling tokio-macros v1.8.2
[INFO] [stderr]    Compiling pin-project-internal v1.0.12
[INFO] [stderr]    Compiling tracing v0.1.37
[INFO] [stderr]    Compiling pin-project v1.0.12
[INFO] [stderr]    Compiling tracing-subscriber v0.3.16
[INFO] [stderr]    Compiling tokio-util v0.7.7
[INFO] [stderr]    Compiling tower v0.4.13
[INFO] [stderr]    Compiling serde_path_to_error v0.1.9
[INFO] [stderr]    Compiling serde_urlencoded v0.7.1
[INFO] [stderr]    Compiling tower-http v0.3.5
[INFO] [stderr]    Compiling h2 v0.3.15
[INFO] [stderr]    Compiling hyper v0.14.24
[INFO] [stderr]    Compiling rgreeter v0.1.2 (/opt/rustwide/workdir)
[INFO] [stderr]     Finished `release` profile [optimized] target(s) in 1m 03s
[INFO] running `Command { std: "docker" "inspect" "9721873fb5d264a1a174c8a0a7feeccbfbad4157311f8a1dbcf28ffde3b12d7c", kill_on_drop: false }`
[INFO] running `Command { std: "docker" "exec" "-e" "SOURCE_DIR=/opt/rustwide/workdir" "-e" "CARGO_HOME=/opt/rustwide/cargo-home" "-e" "RUSTUP_HOME=/opt/rustwide/rustup-home" "-e" "CARGO_TARGET_DIR=/opt/rustwide/target" "-e" "CARGO_INCREMENTAL=0" "-e" "RUST_BACKTRACE=full" "-e" "RUSTFLAGS=--cap-lints=warn" "-e" "RUSTDOCFLAGS=--cap-lints=warn" "-w" "/opt/rustwide/workdir" "--user" "0:0" "9721873fb5d264a1a174c8a0a7feeccbfbad4157311f8a1dbcf28ffde3b12d7c" "/opt/rustwide/cargo-home/bin/cargo" "+1.100.0-beta.1" "test" "--frozen" "--no-run" "--message-format=json" "--release", kill_on_drop: false }`
[INFO] [stderr]    Compiling rgreeter v0.1.2 (/opt/rustwide/workdir)
[INFO] [stderr]     Finished `release` profile [optimized] target(s) in 9.28s
[INFO] running `Command { std: "docker" "inspect" "9721873fb5d264a1a174c8a0a7feeccbfbad4157311f8a1dbcf28ffde3b12d7c", kill_on_drop: false }`
[INFO] running `Command { std: "docker" "exec" "-e" "SOURCE_DIR=/opt/rustwide/workdir" "-e" "CARGO_HOME=/opt/rustwide/cargo-home" "-e" "RUSTUP_HOME=/opt/rustwide/rustup-home" "-e" "CARGO_TARGET_DIR=/opt/rustwide/target" "-e" "CARGO_INCREMENTAL=0" "-e" "RUST_BACKTRACE=full" "-e" "RUSTFLAGS=--cap-lints=warn" "-e" "RUSTDOCFLAGS=--cap-lints=warn" "-w" "/opt/rustwide/workdir" "--user" "0:0" "9721873fb5d264a1a174c8a0a7feeccbfbad4157311f8a1dbcf28ffde3b12d7c" "/opt/rustwide/cargo-home/bin/cargo" "+1.100.0-beta.1" "test" "--frozen" "--release", kill_on_drop: false }`
[INFO] [stderr]     Finished `release` profile [optimized] target(s) in 0.11s
[INFO] [stderr]      Running unittests src/lib.rs (/opt/rustwide/target/release/build/rgreeter/3c8c3f46cd82e802/out/rgreeter-3c8c3f46cd82e802)
[INFO] [stdout] 
[INFO] [stdout] running 6 tests
[INFO] [stdout] test service::greeter::tests::default_greeting ... ok
[INFO] [stdout] test service::greeter::tests::named_greeting ... ok
[INFO] [stdout] test tests::default_greeting ... ok
[INFO] [stdout] test tests::not_found_uri ... ok
[INFO] [stdout] test tests::greeting_by_name ... ok
[INFO] [stdout] test tests::get_root ... ok
[INFO] [stdout] 
[INFO] [stdout] test result: ok. 6 passed; 0 failed; 0 ignored; 0 measured; 0 filtered out; finished in 0.04s
[INFO] [stdout] 
[INFO] [stdout] 
[INFO] [stderr]      Running unittests src/main.rs (/opt/rustwide/target/release/build/rgreeter/06cd784b463b3bc7/out/rgreeter-06cd784b463b3bc7)
[INFO] [stdout] running 0 tests
[INFO] [stderr]      Running tests/it.rs (/opt/rustwide/target/release/build/rgreeter/a85dd5555d1b3ae0/out/it-a85dd5555d1b3ae0)
[INFO] [stdout] 
[INFO] [stdout] test result: ok. 0 passed; 0 failed; 0 ignored; 0 measured; 0 filtered out; finished in 0.00s
[INFO] [stdout] 
[INFO] [stdout] 
[INFO] [stdout] running 4 tests
[INFO] [stdout] test it_default_greeting ... FAILED
[INFO] [stdout] test it_greeting_by_name ... FAILED
[INFO] [stdout] test it_get_root ... FAILED
[INFO] [stderr] error: test failed, to rerun pass `--test it`
[INFO] [stdout] test it_not_found_uri ... FAILED
[INFO] [stdout] 
[INFO] [stdout] failures:
[INFO] [stdout] 
[INFO] [stdout] ---- it_default_greeting stdout ----
[INFO] [stdout] 
[INFO] [stdout] thread 'it_default_greeting' (2148) panicked at tests/common/mod.rs:8:10:
[INFO] [stdout] Environment variable `SERVICE_URL` set to service url should be set.: NotPresent
[INFO] [stdout] stack backtrace:
[INFO] [stdout]    0:     0x5b503504fe91 - <unknown>
[INFO] [stdout]    1:     0x5b50350662ca - <unknown>
[INFO] [stdout]    2:     0x5b503505474c - <unknown>
[INFO] [stdout]    3:     0x5b503502b166 - <unknown>
[INFO] [stdout]    4:     0x5b5035047ea9 - <unknown>
[INFO] [stdout]    5:     0x5b5034f3c960 - <unknown>
[INFO] [stdout]    6:     0x5b50350481d2 - <unknown>
[INFO] [stdout]    7:     0x5b503502b212 - <unknown>
[INFO] [stdout]    8:     0x5b5035023e49 - <unknown>
[INFO] [stdout]    9:     0x5b503502c00d - <unknown>
[INFO] [stdout]   10:     0x5b5035066a2c - <unknown>
[INFO] [stdout]   11:     0x5b5035066802 - <unknown>
[INFO] [stdout]   12:     0x5b5034f11dd7 - <unknown>
[INFO] [stdout]   13:     0x5b5034ef7342 - <unknown>
[INFO] [stdout]   14:     0x5b5034f14a53 - <unknown>
[INFO] [stdout]   15:     0x5b5034f1e70e - <unknown>
[INFO] [stdout]   16:     0x5b5034f1456f - <unknown>
[INFO] [stdout]   17:     0x5b5034edef0f - <unknown>
[INFO] [stdout]   18:     0x5b5034efb1de - <unknown>
[INFO] [stdout]   19:     0x5b5034f2fdab - <unknown>
[INFO] [stdout]   20:     0x5b5034f3cf85 - <unknown>
[INFO] [stdout]   21:     0x5b5034f36874 - <unknown>
[INFO] [stdout]   22:     0x5b5034f40012 - <unknown>
[INFO] [stdout]   23:     0x5b503504f33f - <unknown>
[INFO] [stdout]   24:     0x740bdf9b1dfa - <unknown>
[INFO] [stdout]   25:     0x740bdfa453d4 - clone
[INFO] [stdout]   26:                0x0 - <unknown>
[INFO] [stdout] 
[INFO] [stdout] ---- it_greeting_by_name stdout ----
[INFO] [stdout] 
[INFO] [stdout] thread 'it_greeting_by_name' (2150) panicked at tests/common/mod.rs:8:10:
[INFO] [stdout] Environment variable `SERVICE_URL` set to service url should be set.: NotPresent
[INFO] [stdout] stack backtrace:
[INFO] [stdout]    0:     0x5b503504fe91 - <unknown>
[INFO] [stdout]    1:     0x5b50350662ca - <unknown>
[INFO] [stdout]    2:     0x5b503505474c - <unknown>
[INFO] [stdout]    3:     0x5b503502b166 - <unknown>
[INFO] [stdout]    4:     0x5b5035047ea9 - <unknown>
[INFO] [stdout]    5:     0x5b5034f3c960 - <unknown>
[INFO] [stdout]    6:     0x5b50350481d2 - <unknown>
[INFO] [stdout]    7:     0x5b503502b212 - <unknown>
[INFO] [stdout]    8:     0x5b5035023e49 - <unknown>
[INFO] [stdout]    9:     0x5b503502c00d - <unknown>
[INFO] [stdout]   10:     0x5b5035066a2c - <unknown>
[INFO] [stdout]   11:     0x5b5035066802 - <unknown>
[INFO] [stdout]   12:     0x5b5034f11dd7 - <unknown>
[INFO] [stdout]   13:     0x5b5034ef7b04 - <unknown>
[INFO] [stdout]   14:     0x5b5034f14a53 - <unknown>
[INFO] [stdout]   15:     0x5b5034f1e70e - <unknown>
[INFO] [stdout]   16:     0x5b5034f1456f - <unknown>
[INFO] [stdout]   17:     0x5b5034edef0f - <unknown>
[INFO] [stdout]   18:     0x5b5034efb33e - <unknown>
[INFO] [stdout]   19:     0x5b5034f2fdab - <unknown>
[INFO] [stdout]   20:     0x5b5034f3cf85 - <unknown>
[INFO] [stdout]   21:     0x5b5034f36874 - <unknown>
[INFO] [stdout]   22:     0x5b5034f40012 - <unknown>
[INFO] [stdout]   23:     0x5b503504f33f - <unknown>
[INFO] [stdout]   24:     0x740bdf9b1dfa - <unknown>
[INFO] [stdout]   25:     0x740bdfa453d4 - clone
[INFO] [stdout]   26:                0x0 - <unknown>
[INFO] [stdout] 
[INFO] [stdout] ---- it_get_root stdout ----
[INFO] [stdout] 
[INFO] [stdout] thread 'it_get_root' (2149) panicked at tests/common/mod.rs:8:10:
[INFO] [stdout] Environment variable `SERVICE_URL` set to service url should be set.: NotPresent
[INFO] [stdout] stack backtrace:
[INFO] [stdout]    0:     0x5b503504fe91 - <unknown>
[INFO] [stdout]    1:     0x5b50350662ca - <unknown>
[INFO] [stdout]    2:     0x5b503505474c - <unknown>
[INFO] [stdout]    3:     0x5b503502b166 - <unknown>
[INFO] [stdout]    4:     0x5b5035047ea9 - <unknown>
[INFO] [stdout]    5:     0x5b5034f3c960 - <unknown>
[INFO] [stdout]    6:     0x5b50350481d2 - <unknown>
[INFO] [stdout]    7:     0x5b503502b212 - <unknown>
[INFO] [stdout]    8:     0x5b5035023e49 - <unknown>
[INFO] [stdout]    9:     0x5b503502c00d - <unknown>
[INFO] [stdout]   10:     0x5b5035066a2c - <unknown>
[INFO] [stdout]   11:     0x5b5035066802 - <unknown>
[INFO] [stdout]   12:     0x5b5034f11dd7 - <unknown>
[INFO] [stdout]   13:     0x5b5034ef67c2 - <unknown>
[INFO] [stdout]   14:     0x5b5034f14a53 - <unknown>
[INFO] [stdout]   15:     0x5b5034f1e70e - <unknown>
[INFO] [stdout]   16:     0x5b5034f1456f - <unknown>
[INFO] [stdout]   17:     0x5b5034edef0f - <unknown>
[INFO] [stdout]   18:     0x5b5034efaf1e - <unknown>
[INFO] [stdout]   19:     0x5b5034f2fdab - <unknown>
[INFO] [stdout]   20:     0x5b5034f3cf85 - <unknown>
[INFO] [stdout]   21:     0x5b5034f36874 - <unknown>
[INFO] [stdout]   22:     0x5b5034f40012 - <unknown>
[INFO] [stdout]   23:     0x5b503504f33f - <unknown>
[INFO] [stdout]   24:     0x740bdf9b1dfa - <unknown>
[INFO] [stdout]   25:     0x740bdfa453d4 - clone
[INFO] [stdout]   26:                0x0 - <unknown>
[INFO] [stdout] 
[INFO] [stdout] ---- it_not_found_uri stdout ----
[INFO] [stdout] 
[INFO] [stdout] thread 'it_not_found_uri' (2151) panicked at tests/common/mod.rs:8:10:
[INFO] [stdout] Environment variable `SERVICE_URL` set to service url should be set.: NotPresent
[INFO] [stdout] stack backtrace:
[INFO] [stdout]    0:     0x5b503504fe91 - <unknown>
[INFO] [stdout]    1:     0x5b50350662ca - <unknown>
[INFO] [stdout]    2:     0x5b503505474c - <unknown>
[INFO] [stdout]    3:     0x5b503502b166 - <unknown>
[INFO] [stdout]    4:     0x5b5035047ea9 - <unknown>
[INFO] [stdout]    5:     0x5b5034f3c960 - <unknown>
[INFO] [stdout]    6:     0x5b50350481d2 - <unknown>
[INFO] [stdout]    7:     0x5b503502b212 - <unknown>
[INFO] [stdout]    8:     0x5b5035023e49 - <unknown>
[INFO] [stdout]    9:     0x5b503502c00d - <unknown>
[INFO] [stdout]   10:     0x5b5035066a2c - <unknown>
[INFO] [stdout]   11:     0x5b5035066802 - <unknown>
[INFO] [stdout]   12:     0x5b5034f11dd7 - <unknown>
[INFO] [stdout]   13:     0x5b5034ef6da2 - <unknown>
[INFO] [stdout]   14:     0x5b5034f14a53 - <unknown>
[INFO] [stdout]   15:     0x5b5034f1e70e - <unknown>
[INFO] [stdout]   16:     0x5b5034f1456f - <unknown>
[INFO] [stdout]   17:     0x5b5034edef0f - <unknown>
[INFO] [stdout]   18:     0x5b5034efb07e - <unknown>
[INFO] [stdout]   19:     0x5b5034f2fdab - <unknown>
[INFO] [stdout]   20:     0x5b5034f3cf85 - <unknown>
[INFO] [stdout]   21:     0x5b5034f36874 - <unknown>
[INFO] [stdout]   22:     0x5b5034f40012 - <unknown>
[INFO] [stdout]   23:     0x5b503504f33f - <unknown>
[INFO] [stdout]   24:     0x740bdf9b1dfa - <unknown>
[INFO] [stdout]   25:     0x740bdfa453d4 - clone
[INFO] [stdout]   26:                0x0 - <unknown>
[INFO] [stdout] 
[INFO] [stdout] 
[INFO] [stdout] failures:
[INFO] [stdout]     it_default_greeting
[INFO] [stdout]     it_get_root
[INFO] [stdout]     it_greeting_by_name
[INFO] [stdout]     it_not_found_uri
[INFO] [stdout] 
[INFO] [stdout] test result: FAILED. 0 passed; 4 failed; 0 ignored; 0 measured; 0 filtered out; finished in 0.00s
[INFO] [stdout] 
[INFO] running `Command { std: "docker" "inspect" "9721873fb5d264a1a174c8a0a7feeccbfbad4157311f8a1dbcf28ffde3b12d7c", kill_on_drop: false }`
[INFO] running `Command { std: "docker" "rm" "-f" "9721873fb5d264a1a174c8a0a7feeccbfbad4157311f8a1dbcf28ffde3b12d7c", kill_on_drop: false }`
[INFO] [stdout] 9721873fb5d264a1a174c8a0a7feeccbfbad4157311f8a1dbcf28ffde3b12d7c
