[INFO] fetching crate rgon-pnet-datalink 0.36.0...
[INFO] testing rgon-pnet-datalink-0.36.0 against 1.99.0-beta.8+cargoflags=--release for beta-release-1.100-2
[INFO] extracting crate rgon-pnet-datalink 0.36.0 into /workspace/builds/worker-2-tc1/source
[INFO] started tweaking crates.io crate rgon-pnet-datalink 0.36.0
[INFO] finished tweaking crates.io crate rgon-pnet-datalink 0.36.0
[INFO] tweaked toml for crates.io crate rgon-pnet-datalink 0.36.0 written to /workspace/builds/worker-2-tc1/source/Cargo.toml
[INFO] validating manifest of crates.io crate rgon-pnet-datalink 0.36.0 on toolchain 1.99.0-beta.8
[INFO] running `Command { std: CARGO_HOME="/workspace/cargo-home" RUSTUP_HOME="/workspace/rustup-home" "/workspace/cargo-home/bin/cargo" "+1.99.0-beta.8" "metadata" "--manifest-path" "Cargo.toml" "--no-deps", kill_on_drop: false }`
[INFO] running `Command { std: CARGO_HOME="/workspace/cargo-home" RUSTUP_HOME="/workspace/rustup-home" "/workspace/cargo-home/bin/cargo" "+1.99.0-beta.8" "generate-lockfile" "--manifest-path" "Cargo.toml", kill_on_drop: false }`
[INFO] [stderr]     Updating crates.io index
[INFO] [stderr]      Locking 38 packages to highest compatible versions
[INFO] [stderr]       Adding ipnetwork v0.20.0 (available: v0.21.1)
[INFO] running `Command { std: CARGO_HOME="/workspace/cargo-home" RUSTUP_HOME="/workspace/rustup-home" "/workspace/cargo-home/bin/cargo" "+1.99.0-beta.8" "fetch" "--manifest-path" "Cargo.toml", kill_on_drop: false }`
[INFO] [stderr]  Downloading crates ...
[INFO] [stderr]   Downloaded netmap_sys v0.1.4
[INFO] [stderr]   Downloaded pcap v2.5.0
[INFO] running `Command { std: "docker" "create" "-v" "/var/lib/crater-agent-workspace/builds/worker-2-tc1/source:/opt/rustwide/workdir:ro,Z" "-v" "/var/lib/crater-agent-workspace/builds/worker-2-tc1/target:/opt/rustwide/target:rw,Z" "-v" "/var/lib/crater-agent-workspace/cargo-home:/opt/rustwide/cargo-home:ro,Z" "-v" "/var/lib/crater-agent-workspace/rustup-home:/opt/rustwide/rustup-home:ro,Z" "-m" "1610612736" "--network" "none" "ghcr.io/rust-lang/crates-build-env/linux@sha256:77db811e55d90add9212f6832c23229e3de5f1c1f9905e8cb07319ea15df73ac" "sleep" "infinity", kill_on_drop: false }`
[INFO] [stdout] 4813989688bc00a5ad4518ca0c891bbf48385a48f0486c0295e1ead530d06a08
[INFO] running `Command { std: "docker" "start" "4813989688bc00a5ad4518ca0c891bbf48385a48f0486c0295e1ead530d06a08", kill_on_drop: false }`
[INFO] running `Command { std: "docker" "inspect" "4813989688bc00a5ad4518ca0c891bbf48385a48f0486c0295e1ead530d06a08", kill_on_drop: false }`
[INFO] running `Command { std: "docker" "exec" "-e" "SOURCE_DIR=/opt/rustwide/workdir" "-e" "CARGO_HOME=/opt/rustwide/cargo-home" "-e" "RUSTUP_HOME=/opt/rustwide/rustup-home" "-e" "CARGO_TARGET_DIR=/opt/rustwide/target" "-w" "/opt/rustwide/workdir" "--user" "0:0" "4813989688bc00a5ad4518ca0c891bbf48385a48f0486c0295e1ead530d06a08" "/opt/rustwide/cargo-home/bin/cargo" "+1.99.0-beta.8" "metadata" "--no-deps" "--format-version=1", kill_on_drop: false }`
[INFO] running `Command { std: "docker" "inspect" "4813989688bc00a5ad4518ca0c891bbf48385a48f0486c0295e1ead530d06a08", kill_on_drop: false }`
[INFO] running `Command { std: "docker" "exec" "-e" "SOURCE_DIR=/opt/rustwide/workdir" "-e" "CARGO_HOME=/opt/rustwide/cargo-home" "-e" "RUSTUP_HOME=/opt/rustwide/rustup-home" "-e" "CARGO_TARGET_DIR=/opt/rustwide/target" "-e" "CARGO_INCREMENTAL=0" "-e" "RUST_BACKTRACE=full" "-e" "RUSTFLAGS=--cap-lints=warn" "-e" "RUSTDOCFLAGS=--cap-lints=warn" "-w" "/opt/rustwide/workdir" "--user" "0:0" "4813989688bc00a5ad4518ca0c891bbf48385a48f0486c0295e1ead530d06a08" "/opt/rustwide/cargo-home/bin/cargo" "+1.99.0-beta.8" "build" "--frozen" "--message-format=json" "--release", kill_on_drop: false }`
[INFO] [stderr]    Compiling serde v1.0.229
[INFO] [stderr]    Compiling no-std-net v0.6.0
[INFO] [stderr]    Compiling pnet_sys v0.35.0
[INFO] [stderr]    Compiling pnet_base v0.35.0
[INFO] [stderr]    Compiling ipnetwork v0.20.0
[INFO] [stderr]    Compiling rgon-pnet-datalink v0.36.0 (/opt/rustwide/workdir)
[INFO] [stderr]     Finished `release` profile [optimized] target(s) in 2.65s
[INFO] running `Command { std: "docker" "inspect" "4813989688bc00a5ad4518ca0c891bbf48385a48f0486c0295e1ead530d06a08", kill_on_drop: false }`
[INFO] running `Command { std: "docker" "exec" "-e" "SOURCE_DIR=/opt/rustwide/workdir" "-e" "CARGO_HOME=/opt/rustwide/cargo-home" "-e" "RUSTUP_HOME=/opt/rustwide/rustup-home" "-e" "CARGO_TARGET_DIR=/opt/rustwide/target" "-e" "CARGO_INCREMENTAL=0" "-e" "RUST_BACKTRACE=full" "-e" "RUSTFLAGS=--cap-lints=warn" "-e" "RUSTDOCFLAGS=--cap-lints=warn" "-w" "/opt/rustwide/workdir" "--user" "0:0" "4813989688bc00a5ad4518ca0c891bbf48385a48f0486c0295e1ead530d06a08" "/opt/rustwide/cargo-home/bin/cargo" "+1.99.0-beta.8" "test" "--frozen" "--no-run" "--message-format=json" "--release", kill_on_drop: false }`
[INFO] [stderr]    Compiling rgon-pnet-datalink v0.36.0 (/opt/rustwide/workdir)
[INFO] [stderr]     Finished `release` profile [optimized] target(s) in 1.66s
[INFO] running `Command { std: "docker" "inspect" "4813989688bc00a5ad4518ca0c891bbf48385a48f0486c0295e1ead530d06a08", kill_on_drop: false }`
[INFO] running `Command { std: "docker" "exec" "-e" "SOURCE_DIR=/opt/rustwide/workdir" "-e" "CARGO_HOME=/opt/rustwide/cargo-home" "-e" "RUSTUP_HOME=/opt/rustwide/rustup-home" "-e" "CARGO_TARGET_DIR=/opt/rustwide/target" "-e" "CARGO_INCREMENTAL=0" "-e" "RUST_BACKTRACE=full" "-e" "RUSTFLAGS=--cap-lints=warn" "-e" "RUSTDOCFLAGS=--cap-lints=warn" "-w" "/opt/rustwide/workdir" "--user" "0:0" "4813989688bc00a5ad4518ca0c891bbf48385a48f0486c0295e1ead530d06a08" "/opt/rustwide/cargo-home/bin/cargo" "+1.99.0-beta.8" "test" "--frozen" "--release", kill_on_drop: false }`
[INFO] [stderr]     Finished `release` profile [optimized] target(s) in 0.03s
[INFO] [stderr]      Running unittests src/lib.rs (/opt/rustwide/target/release/deps/rgon_pnet_datalink-d39caa685abc3ebb)
[INFO] [stdout] 
[INFO] [stdout] running 14 tests
[INFO] [stdout] test dummy::tests::send_multiple_packets ... ok
[INFO] [stdout] test dummy::tests::read_multiple_pkgs ... ok
[INFO] [stdout] test dummy::tests::next_with_metadata_returns_packet_and_no_timestamp ... ok
[INFO] [stdout] test dummy::tests::send_one_packet ... ok
[INFO] [stdout] test dummy::tests::send_to ... ok
[INFO] [stdout] test dummy::tests::send_nothing ... ok
[INFO] [stdout] test timestamp_tests::negative_nanos_returns_epoch ... ok
[INFO] [stdout] test timestamp_tests::negative_secs_returns_epoch ... ok
[INFO] [stdout] test timestamp_tests::combined ... ok
[INFO] [stdout] test timestamp_tests::nanoseconds ... ok
[INFO] [stdout] test timestamp_tests::one_second ... ok
[INFO] [stdout] test dummy::tests::read_one_pkg ... ok
[INFO] [stdout] test timestamp_tests::zero_is_unix_epoch ... ok
[INFO] [stdout] test dummy::tests::read_nothing ... ok
[INFO] [stdout] 
[INFO] [stdout] test result: ok. 14 passed; 0 failed; 0 ignored; 0 measured; 0 filtered out; finished in 0.01s
[INFO] [stdout] 
[INFO] [stderr]    Doc-tests rgon_pnet_datalink
[INFO] [stdout] 
[INFO] [stdout] running 1 test
[INFO] [stdout] test src/lib.rs - interfaces (line 458) ... FAILED
[INFO] [stdout] 
[INFO] [stdout] failures:
[INFO] [stdout] 
[INFO] [stdout] ---- src/lib.rs - interfaces (line 458) stdout ----
[INFO] [stdout] error[E0432]: unresolved import `pnet_datalink`
[INFO] [stdout]    --> src/lib.rs:459:5
[INFO] [stdout]     |
[INFO] [stdout] 459 | use pnet_datalink::interfaces;
[INFO] [stdout]     |     ^^^^^^^^^^^^^ use of unresolved module or unlinked crate `pnet_datalink`
[INFO] [stdout]     |
[INFO] [stdout]     = help: if you wanted to use a crate named `pnet_datalink`, use `cargo add pnet_datalink` to add it to your `Cargo.toml`
[INFO] [stdout] 
[INFO] [stdout] error: aborting due to 1 previous error
[INFO] [stdout] 
[INFO] [stdout] For more information about this error, try `rustc --explain E0432`.
[INFO] [stdout] Couldn't compile the test.
[INFO] [stdout] 
[INFO] [stdout] failures:
[INFO] [stdout]     src/lib.rs - interfaces (line 458)
[INFO] [stdout] 
[INFO] [stdout] test result: FAILED. 0 passed; 1 failed; 0 ignored; 0 measured; 0 filtered out; finished in 0.19s
[INFO] [stdout] 
[INFO] [stderr] error: doctest failed, to rerun pass `--doc`
[INFO] running `Command { std: "docker" "inspect" "4813989688bc00a5ad4518ca0c891bbf48385a48f0486c0295e1ead530d06a08", kill_on_drop: false }`
[INFO] running `Command { std: "docker" "rm" "-f" "4813989688bc00a5ad4518ca0c891bbf48385a48f0486c0295e1ead530d06a08", kill_on_drop: false }`
[INFO] [stdout] 4813989688bc00a5ad4518ca0c891bbf48385a48f0486c0295e1ead530d06a08
