[INFO] fetching crate rez-lsp-server 0.1.4...
[INFO] testing rez-lsp-server-0.1.4 against 1.99.0-beta.8+cargoflags=--release for beta-release-1.100-2
[INFO] extracting crate rez-lsp-server 0.1.4 into /workspace/builds/worker-1-tc1/source
[INFO] started tweaking crates.io crate rez-lsp-server 0.1.4
[INFO] removed 0 missing tests
[INFO] finished tweaking crates.io crate rez-lsp-server 0.1.4
[INFO] tweaked toml for crates.io crate rez-lsp-server 0.1.4 written to /workspace/builds/worker-1-tc1/source/Cargo.toml
[INFO] validating manifest of crates.io crate rez-lsp-server 0.1.4 on toolchain 1.99.0-beta.8
[INFO] running `Command { std: CARGO_HOME="/workspace/cargo-home" RUSTUP_HOME="/workspace/rustup-home" "/workspace/cargo-home/bin/cargo" "+1.99.0-beta.8" "metadata" "--manifest-path" "Cargo.toml" "--no-deps", kill_on_drop: false }`
[INFO] crate crates.io crate rez-lsp-server 0.1.4 already has a lockfile, it will not be regenerated
[INFO] running `Command { std: CARGO_HOME="/workspace/cargo-home" RUSTUP_HOME="/workspace/rustup-home" "/workspace/cargo-home/bin/cargo" "+1.99.0-beta.8" "fetch" "--manifest-path" "Cargo.toml", kill_on_drop: false }`
[INFO] [stderr]     Updating crates.io index
[INFO] [stderr]  Downloading crates ...
[INFO] [stderr]   Downloaded tower-lsp-macros v0.9.0
[INFO] [stderr]   Downloaded redox_users v0.5.0
[INFO] [stderr]   Downloaded async-trait v0.1.88
[INFO] [stderr]   Downloaded tempfile v3.20.0
[INFO] [stderr]   Downloaded tracing-subscriber v0.3.20
[INFO] [stderr]   Downloaded tower-lsp v0.20.0
[INFO] [stderr]   Downloaded lsp-types v0.94.1
[INFO] [stderr]   Downloaded tokio-util v0.7.15
[INFO] [stderr]   Downloaded tokio v1.45.1
[INFO] running `Command { std: "docker" "create" "-v" "/var/lib/crater-agent-workspace/builds/worker-1-tc1/source:/opt/rustwide/workdir:ro,Z" "-v" "/var/lib/crater-agent-workspace/builds/worker-1-tc1/target:/opt/rustwide/target:rw,Z" "-v" "/var/lib/crater-agent-workspace/cargo-home:/opt/rustwide/cargo-home:ro,Z" "-v" "/var/lib/crater-agent-workspace/rustup-home:/opt/rustwide/rustup-home:ro,Z" "-m" "1610612736" "--network" "none" "ghcr.io/rust-lang/crates-build-env/linux@sha256:77db811e55d90add9212f6832c23229e3de5f1c1f9905e8cb07319ea15df73ac" "sleep" "infinity", kill_on_drop: false }`
[INFO] [stdout] f99d16b629fdcd374b006f12508b7c8cac0be876edf2620b070966265e28136b
[INFO] running `Command { std: "docker" "start" "f99d16b629fdcd374b006f12508b7c8cac0be876edf2620b070966265e28136b", kill_on_drop: false }`
[INFO] running `Command { std: "docker" "inspect" "f99d16b629fdcd374b006f12508b7c8cac0be876edf2620b070966265e28136b", kill_on_drop: false }`
[INFO] running `Command { std: "docker" "exec" "-e" "SOURCE_DIR=/opt/rustwide/workdir" "-e" "CARGO_HOME=/opt/rustwide/cargo-home" "-e" "RUSTUP_HOME=/opt/rustwide/rustup-home" "-e" "CARGO_TARGET_DIR=/opt/rustwide/target" "-w" "/opt/rustwide/workdir" "--user" "0:0" "f99d16b629fdcd374b006f12508b7c8cac0be876edf2620b070966265e28136b" "/opt/rustwide/cargo-home/bin/cargo" "+1.99.0-beta.8" "metadata" "--no-deps" "--format-version=1", kill_on_drop: false }`
[INFO] running `Command { std: "docker" "inspect" "f99d16b629fdcd374b006f12508b7c8cac0be876edf2620b070966265e28136b", kill_on_drop: false }`
[INFO] running `Command { std: "docker" "exec" "-e" "SOURCE_DIR=/opt/rustwide/workdir" "-e" "CARGO_HOME=/opt/rustwide/cargo-home" "-e" "RUSTUP_HOME=/opt/rustwide/rustup-home" "-e" "CARGO_TARGET_DIR=/opt/rustwide/target" "-e" "CARGO_INCREMENTAL=0" "-e" "RUST_BACKTRACE=full" "-e" "RUSTFLAGS=--cap-lints=warn" "-e" "RUSTDOCFLAGS=--cap-lints=warn" "-w" "/opt/rustwide/workdir" "--user" "0:0" "f99d16b629fdcd374b006f12508b7c8cac0be876edf2620b070966265e28136b" "/opt/rustwide/cargo-home/bin/cargo" "+1.99.0-beta.8" "build" "--frozen" "--message-format=json" "--release", kill_on_drop: false }`
[INFO] [stderr]    Compiling memchr v2.7.5
[INFO] [stderr]    Compiling serde v1.0.219
[INFO] [stderr]    Compiling futures-sink v0.3.31
[INFO] [stderr]    Compiling futures-core v0.3.31
[INFO] [stderr]    Compiling futures-io v0.3.31
[INFO] [stderr]    Compiling futures-task v0.3.31
[INFO] [stderr]    Compiling tracing-core v0.1.34
[INFO] [stderr]    Compiling serde_json v1.0.140
[INFO] [stderr]    Compiling parking_lot_core v0.9.11
[INFO] [stderr]    Compiling ryu v1.0.20
[INFO] [stderr]    Compiling serde_derive v1.0.219
[INFO] [stderr]    Compiling futures-macro v0.3.31
[INFO] [stderr]    Compiling tokio-macros v2.5.0
[INFO] [stderr]    Compiling pin-project-internal v1.1.10
[INFO] [stderr]    Compiling itoa v1.0.15
[INFO] [stderr]    Compiling serde_repr v0.1.20
[INFO] [stderr]    Compiling log v0.4.27
[INFO] [stderr]    Compiling regex-syntax v0.8.5
[INFO] [stderr]    Compiling hashbrown v0.14.5
[INFO] [stderr]    Compiling sharded-slab v0.1.7
[INFO] [stderr]    Compiling futures-channel v0.3.31
[INFO] [stderr]    Compiling parking_lot v0.12.4
[INFO] [stderr]    Compiling dirs-sys v0.5.0
[INFO] [stderr]    Compiling tower-lsp-macros v0.9.0
[INFO] [stderr]    Compiling tracing-log v0.2.0
[INFO] [stderr]    Compiling tracing v0.1.41
[INFO] [stderr]    Compiling async-trait v0.1.88
[INFO] [stderr]    Compiling auto_impl v1.3.0
[INFO] [stderr]    Compiling thread_local v1.1.9
[INFO] [stderr]    Compiling rez-lsp-server v0.1.4 (/opt/rustwide/workdir)
[INFO] [stderr]    Compiling tokio v1.45.1
[INFO] [stderr]    Compiling aho-corasick v1.1.3
[INFO] [stderr]    Compiling iana-time-zone v0.1.63
[INFO] [stderr]    Compiling nu-ansi-term v0.50.3
[INFO] [stderr]    Compiling dirs v6.0.0
[INFO] [stderr]    Compiling dashmap v5.5.3
[INFO] [stderr]    Compiling futures-util v0.3.31
[INFO] [stderr]    Compiling pin-project v1.1.10
[INFO] [stderr]    Compiling tracing-subscriber v0.3.20
[INFO] [stderr]    Compiling regex-automata v0.4.9
[INFO] [stderr]    Compiling futures-executor v0.3.31
[INFO] [stderr]    Compiling tower v0.4.13
[INFO] [stderr]    Compiling futures v0.3.31
[INFO] [stderr]    Compiling regex v1.11.1
[INFO] [stderr]    Compiling url v2.5.4
[INFO] [stderr]    Compiling tokio-util v0.7.15
[INFO] [stderr]    Compiling chrono v0.4.41
[INFO] [stderr]    Compiling lsp-types v0.94.1
[INFO] [stderr]    Compiling tower-lsp v0.20.0
[INFO] [stderr]     Finished `release` profile [optimized] target(s) in 1m 16s
[INFO] running `Command { std: "docker" "inspect" "f99d16b629fdcd374b006f12508b7c8cac0be876edf2620b070966265e28136b", kill_on_drop: false }`
[INFO] running `Command { std: "docker" "exec" "-e" "SOURCE_DIR=/opt/rustwide/workdir" "-e" "CARGO_HOME=/opt/rustwide/cargo-home" "-e" "RUSTUP_HOME=/opt/rustwide/rustup-home" "-e" "CARGO_TARGET_DIR=/opt/rustwide/target" "-e" "CARGO_INCREMENTAL=0" "-e" "RUST_BACKTRACE=full" "-e" "RUSTFLAGS=--cap-lints=warn" "-e" "RUSTDOCFLAGS=--cap-lints=warn" "-w" "/opt/rustwide/workdir" "--user" "0:0" "f99d16b629fdcd374b006f12508b7c8cac0be876edf2620b070966265e28136b" "/opt/rustwide/cargo-home/bin/cargo" "+1.99.0-beta.8" "test" "--frozen" "--no-run" "--message-format=json" "--release", kill_on_drop: false }`
[INFO] [stderr]    Compiling rustix v1.0.7
[INFO] [stderr]    Compiling getrandom v0.3.3
[INFO] [stderr]    Compiling linux-raw-sys v0.9.4
[INFO] [stderr]    Compiling bitflags v2.9.1
[INFO] [stderr]    Compiling fastrand v2.3.0
[INFO] [stderr]    Compiling tempfile v3.20.0
[INFO] [stderr]    Compiling rez-lsp-server v0.1.4 (/opt/rustwide/workdir)
[INFO] [stderr]     Finished `release` profile [optimized] target(s) in 33.47s
[INFO] running `Command { std: "docker" "inspect" "f99d16b629fdcd374b006f12508b7c8cac0be876edf2620b070966265e28136b", kill_on_drop: false }`
[INFO] running `Command { std: "docker" "exec" "-e" "SOURCE_DIR=/opt/rustwide/workdir" "-e" "CARGO_HOME=/opt/rustwide/cargo-home" "-e" "RUSTUP_HOME=/opt/rustwide/rustup-home" "-e" "CARGO_TARGET_DIR=/opt/rustwide/target" "-e" "CARGO_INCREMENTAL=0" "-e" "RUST_BACKTRACE=full" "-e" "RUSTFLAGS=--cap-lints=warn" "-e" "RUSTDOCFLAGS=--cap-lints=warn" "-w" "/opt/rustwide/workdir" "--user" "0:0" "f99d16b629fdcd374b006f12508b7c8cac0be876edf2620b070966265e28136b" "/opt/rustwide/cargo-home/bin/cargo" "+1.99.0-beta.8" "test" "--frozen" "--release", kill_on_drop: false }`
[INFO] [stderr]     Finished `release` profile [optimized] target(s) in 0.12s
[INFO] [stderr]      Running unittests src/lib.rs (/opt/rustwide/target/release/deps/rez_lsp_server-7ace00f5bace31ec)
[INFO] [stdout] 
[INFO] [stdout] running 69 tests
[INFO] [stdout] test core::types::tests::test_requirement_display ... ok
[INFO] [stdout] test core::types::tests::test_requirement_creation ... ok
[INFO] [stdout] test core::types::tests::test_requirement_parsing ... ok
[INFO] [stdout] test discovery::discovery_impl::tests::test_extract_string_value ... ok
[INFO] [stdout] test discovery::discovery_impl::tests::test_package_discovery_clear_cache ... ok
[INFO] [stdout] test discovery::discovery_impl::tests::test_package_discovery_stats ... ok
[INFO] [stdout] test config::provider::tests::test_default_packages_path ... ok
[INFO] [stdout] test config::provider::tests::test_packages_path_parsing ... ok
[INFO] [stdout] test core::types::tests::test_version_comparison ... ok
[INFO] [stdout] test performance::cache::tests::test_cache_basic_operations ... ok
[INFO] [stdout] test core::types::tests::test_version_constraint_satisfies ... ok
[INFO] [stdout] test core::types::tests::test_version_edge_cases ... ok
[INFO] [stdout] test core::types::tests::test_version_parsing ... ok
[INFO] [stdout] test core::types::tests::test_version_tokens ... ok
[INFO] [stdout] test performance::metrics::tests::test_slowest_operations ... ok
[INFO] [stdout] test config::provider::tests::test_config_provider_creation ... ok
[INFO] [stdout] test performance::metrics::tests::test_metric_with_metadata ... ok
[INFO] [stdout] test performance::metrics::tests::test_metrics_collector_limit ... ok
[INFO] [stdout] test performance::metrics::tests::test_metrics_collector ... ok
[INFO] [stdout] test discovery::discovery_impl::tests::test_find_packages_empty ... ok
[INFO] [stdout] test performance::metrics::tests::test_performance_metrics_calculation ... ok
[INFO] [stdout] test performance::profiler::tests::test_call_tree_node ... ok
[INFO] [stdout] test performance::metrics::tests::test_empty_performance_metrics ... ok
[INFO] [stdout] test discovery::discovery_impl::tests::test_extract_list_values ... ok
[INFO] [stdout] test performance::cache::tests::test_cache_size_limit ... ok
[INFO] [stdout] test performance::metrics::tests::test_metric_creation ... ok
[INFO] [stdout] test performance::profiler::tests::test_profiler_disabled ... ok
[INFO] [stdout] test performance::cache::tests::test_cache_stats ... ok
[INFO] [stdout] test performance::profiler::tests::test_profiler_session_limit ... ok
[INFO] [stdout] test performance::tests::test_performance_config_default ... ok
[INFO] [stdout] test performance::tests::test_timer_creation ... ok
[INFO] [stdout] test resolver::conflict_detector::tests::test_no_conflicts ... ok
[INFO] [stdout] test performance::tests::test_cache_hit_ratio_calculation ... ok
[INFO] [stdout] test resolver::conflict_detector::tests::test_conflict_analysis ... ok
[INFO] [stdout] test performance::cache::tests::test_cache_manager ... ok
[INFO] [stdout] test performance::tests::test_system_performance_stats ... ok
[INFO] [stdout] test resolver::conflict_detector::tests::test_version_conflict ... ok
[INFO] [stdout] test resolver::resolver_impl::tests::test_conflict_detection ... ok
[INFO] [stdout] test resolver::resolver_impl::tests::test_simple_resolution ... ok
[INFO] [stdout] test server::lsp_server::tests::test_server_creation ... ok
[INFO] [stdout] test server::navigation::tests::test_extract_package_references ... ok
[INFO] [stdout] test validation::python_validator::tests::test_indentation_errors ... ok
[INFO] [stdout] test resolver::resolver_impl::tests::test_version_constraint ... ok
[INFO] [stdout] test server::navigation::tests::test_navigation_handler_creation ... ok
[INFO] [stdout] test performance::tests::test_time_operation_macro ... ok
[INFO] [stdout] test server::navigation::tests::test_package_reference_to_range ... ok
[INFO] [stdout] test validation::python_validator::tests::test_bracket_matching ... ok
[INFO] [stdout] test performance::tests::test_time_async_operation_macro ... ok
[INFO] [stdout] test validation::python_validator::tests::test_syntax_errors ... ok
[INFO] [stdout] test validation::python_validator::tests::test_python_validator_creation ... ok
[INFO] [stdout] test validation::rez_validator::tests::test_rez_validator_creation ... ok
[INFO] [stdout] test validation::python_validator::tests::test_valid_python_code ... ok
[INFO] [stdout] test validation::tests::test_validation_issue_with_suggestion ... ok
[INFO] [stdout] test validation::tests::test_validation_stats ... ok
[INFO] [stdout] test validation::tests::test_validation_result ... ok
[INFO] [stdout] test validation::rez_validator::tests::test_invalid_package_name ... ok
[INFO] [stdout] test validation::validation_engine::tests::test_validation_engine_creation ... ok
[INFO] [stdout] test validation::validation_engine::tests::test_file_validation ... FAILED
[INFO] [stdout] test validation::rez_validator::tests::test_deprecated_fields ... ok
[INFO] [stdout] test validation::rez_validator::tests::test_valid_rez_package ... ok
[INFO] [stdout] test validation::validation_engine::tests::test_multiple_file_validation ... ok
[INFO] [stdout] test performance::tests::test_timer_elapsed ... ok
[INFO] [stdout] test validation::tests::test_validation_issue_creation ... ok
[INFO] [stdout] test validation::validation_engine::tests::test_validation_summary ... FAILED
[INFO] [stdout] test validation::validation_engine::tests::test_validation_engine_with_config ... ok
[INFO] [stdout] test validation::rez_validator::tests::test_missing_required_fields ... ok
[INFO] [stdout] test performance::profiler::tests::test_profiler_basic ... ok
[INFO] [stdout] test performance::cache::tests::test_cache_expiration ... ok
[INFO] [stdout] test performance::profiler::tests::test_nested_profiling ... ok
[INFO] [stdout] 
[INFO] [stdout] failures:
[INFO] [stdout] 
[INFO] [stdout] ---- validation::validation_engine::tests::test_file_validation stdout ----
[INFO] [stdout] 
[INFO] [stdout] thread 'validation::validation_engine::tests::test_file_validation' (1426) panicked at src/validation/validation_engine.rs:336:9:
[INFO] [stdout] assertion failed: result.stats.validation_time_ms > 0
[INFO] [stdout] stack backtrace:
[INFO] [stdout]    0:     0x60d895e22a41 - <<std[70759c8f55707aa4]::sys::backtrace::BacktraceLock>::print::DisplayBacktrace as core[df12db4294e9bfd3]::fmt::Display>::fmt
[INFO] [stdout]    1:     0x60d895e3995a - core[df12db4294e9bfd3]::fmt::write
[INFO] [stdout]    2:     0x60d895e273fc - <alloc[2182bb758b4b3781]::vec::Vec<u8> as core[df12db4294e9bfd3]::io::write::Write>::write_fmt
[INFO] [stdout]    3:     0x60d895dfdb16 - std[70759c8f55707aa4]::panicking::default_hook::{closure#0}
[INFO] [stdout]    4:     0x60d895e1a619 - std[70759c8f55707aa4]::panicking::default_hook
[INFO] [stdout]    5:     0x60d895ca40e0 - test[9d35eded1c95d3be]::test_main_inner::<test[9d35eded1c95d3be]::test_main_static::{closure#0}>::{closure#0}
[INFO] [stdout]    6:     0x60d895e1a942 - std[70759c8f55707aa4]::panicking::panic_with_hook
[INFO] [stdout]    7:     0x60d895dfdbf4 - std[70759c8f55707aa4]::panicking::panic_handler::{closure#0}
[INFO] [stdout]    8:     0x60d895df64a9 - std[70759c8f55707aa4]::sys::backtrace::__rust_end_short_backtrace::<std[70759c8f55707aa4]::panicking::panic_handler::{closure#0}, !>
[INFO] [stdout]    9:     0x60d895dfe9dd - __rustc[8fa7c3cbc660c2b3]::rust_begin_unwind
[INFO] [stdout]   10:     0x60d895e3a13c - core[df12db4294e9bfd3]::panicking::panic_fmt
[INFO] [stdout]   11:     0x60d895e3a102 - core[df12db4294e9bfd3]::panicking::panic
[INFO] [stdout]   12:     0x60d895c6a4c4 - rez_lsp_server[1379760c1d18b513]::validation::validation_engine::tests::test_file_validation
[INFO] [stdout]   13:     0x60d895c5bd99 - <rez_lsp_server[1379760c1d18b513]::validation::validation_engine::tests::test_file_validation::{closure#0} as core[df12db4294e9bfd3]::ops::function::FnOnce<()>>::call_once
[INFO] [stdout]   14:     0x60d895c973cb - test[9d35eded1c95d3be]::__rust_begin_short_backtrace::<core[df12db4294e9bfd3]::result::Result<(), alloc[2182bb758b4b3781]::string::String>, fn() -> core[df12db4294e9bfd3]::result::Result<(), alloc[2182bb758b4b3781]::string::String>>
[INFO] [stdout]   15:     0x60d895ca4a35 - test[9d35eded1c95d3be]::run_test::{closure#0}
[INFO] [stdout]   16:     0x60d895c9e2f4 - std[70759c8f55707aa4]::sys::backtrace::__rust_begin_short_backtrace::<test[9d35eded1c95d3be]::run_test::{closure#1}, ()>
[INFO] [stdout]   17:     0x60d895ca7b92 - <std[70759c8f55707aa4]::thread::lifecycle::spawn_unchecked<test[9d35eded1c95d3be]::run_test::{closure#1}, ()>::{closure#1} as core[df12db4294e9bfd3]::ops::function::FnOnce<()>>::call_once::{shim:vtable#0}
[INFO] [stdout]   18:     0x60d895e21f69 - <std[70759c8f55707aa4]::sys::thread::unix::Thread>::new::thread_start
[INFO] [stdout]   19:     0x722666fe3dfa - <unknown>
[INFO] [stdout]   20:     0x7226670773d4 - clone
[INFO] [stdout]   21:                0x0 - <unknown>
[INFO] [stdout] 
[INFO] [stdout] ---- validation::validation_engine::tests::test_validation_summary stdout ----
[INFO] [stdout] 
[INFO] [stdout] thread 'validation::validation_engine::tests::test_validation_summary' (1430) panicked at src/validation/validation_engine.rs:375:9:
[INFO] [stdout] assertion failed: summary.total_validation_time_ms > 0
[INFO] [stdout] stack backtrace:
[INFO] [stdout]    0:     0x60d895e22a41 - <<std[70759c8f55707aa4]::sys::backtrace::BacktraceLock>::print::DisplayBacktrace as core[df12db4294e9bfd3]::fmt::Display>::fmt
[INFO] [stdout]    1:     0x60d895e3995a - core[df12db4294e9bfd3]::fmt::write
[INFO] [stdout]    2:     0x60d895e273fc - <alloc[2182bb758b4b3781]::vec::Vec<u8> as core[df12db4294e9bfd3]::io::write::Write>::write_fmt
[INFO] [stdout]    3:     0x60d895dfdb16 - std[70759c8f55707aa4]::panicking::default_hook::{closure#0}
[INFO] [stdout]    4:     0x60d895e1a619 - std[70759c8f55707aa4]::panicking::default_hook
[INFO] [stdout]    5:     0x60d895ca40e0 - test[9d35eded1c95d3be]::test_main_inner::<test[9d35eded1c95d3be]::test_main_static::{closure#0}>::{closure#0}
[INFO] [stdout]    6:     0x60d895e1a942 - std[70759c8f55707aa4]::panicking::panic_with_hook
[INFO] [stdout]    7:     0x60d895dfdbf4 - std[70759c8f55707aa4]::panicking::panic_handler::{closure#0}
[INFO] [stdout]    8:     0x60d895df64a9 - std[70759c8f55707aa4]::sys::backtrace::__rust_end_short_backtrace::<std[70759c8f55707aa4]::panicking::panic_handler::{closure#0}, !>
[INFO] [stdout]    9:     0x60d895dfe9dd - __rustc[8fa7c3cbc660c2b3]::rust_begin_unwind
[INFO] [stdout]   10:     0x60d895e3a13c - core[df12db4294e9bfd3]::panicking::panic_fmt
[INFO] [stdout]   11:     0x60d895e3a102 - core[df12db4294e9bfd3]::panicking::panic
[INFO] [stdout]   12:     0x60d895c6a9da - rez_lsp_server[1379760c1d18b513]::validation::validation_engine::tests::test_validation_summary
[INFO] [stdout]   13:     0x60d895c5bdb9 - <rez_lsp_server[1379760c1d18b513]::validation::validation_engine::tests::test_validation_summary::{closure#0} as core[df12db4294e9bfd3]::ops::function::FnOnce<()>>::call_once
[INFO] [stdout]   14:     0x60d895c973cb - test[9d35eded1c95d3be]::__rust_begin_short_backtrace::<core[df12db4294e9bfd3]::result::Result<(), alloc[2182bb758b4b3781]::string::String>, fn() -> core[df12db4294e9bfd3]::result::Result<(), alloc[2182bb758b4b3781]::string::String>>
[INFO] [stdout]   15:     0x60d895ca4a35 - test[9d35eded1c95d3be]::run_test::{closure#0}
[INFO] [stdout]   16:     0x60d895c9e2f4 - std[70759c8f55707aa4]::sys::backtrace::__rust_begin_short_backtrace::<test[9d35eded1c95d3be]::run_test::{closure#1}, ()>
[INFO] [stdout]   17:     0x60d895ca7b92 - <std[70759c8f55707aa4]::thread::lifecycle::spawn_unchecked<test[9d35eded1c95d3be]::run_test::{closure#1}, ()>::{closure#1} as core[df12db4294e9bfd3]::ops::function::FnOnce<()>>::call_once::{shim:vtable#0}
[INFO] [stdout]   18:     0x60d895e21f69 - <std[70759c8f55707aa4]::sys::thread::unix::Thread>::new::thread_start
[INFO] [stdout]   19:     0x722666fe3dfa - <unknown>
[INFO] [stdout]   20:     0x7226670773d4 - clone
[INFO] [stdout]   21:                0x0 - <unknown>
[INFO] [stdout] 
[INFO] [stdout] 
[INFO] [stdout] failures:
[INFO] [stdout]     validation::validation_engine::tests::test_file_validation
[INFO] [stdout]     validation::validation_engine::tests::test_validation_summary
[INFO] [stdout] 
[INFO] [stdout] test result: FAILED. 67 passed; 2 failed; 0 ignored; 0 measured; 0 filtered out; finished in 0.07s
[INFO] [stdout] 
[INFO] [stderr] error: test failed, to rerun pass `--lib`
[INFO] running `Command { std: "docker" "inspect" "f99d16b629fdcd374b006f12508b7c8cac0be876edf2620b070966265e28136b", kill_on_drop: false }`
[INFO] running `Command { std: "docker" "rm" "-f" "f99d16b629fdcd374b006f12508b7c8cac0be876edf2620b070966265e28136b", kill_on_drop: false }`
[INFO] [stdout] f99d16b629fdcd374b006f12508b7c8cac0be876edf2620b070966265e28136b
