[INFO] fetching crate rextc 2.0.1...
[INFO] testing rextc-2.0.1 against 1.100.0-beta.1+cargoflags=--release for beta-release-1.100-2
[INFO] extracting crate rextc 2.0.1 into /workspace/builds/worker-2-tc2/source
[INFO] started tweaking crates.io crate rextc 2.0.1
[INFO] finished tweaking crates.io crate rextc 2.0.1
[INFO] tweaked toml for crates.io crate rextc 2.0.1 written to /workspace/builds/worker-2-tc2/source/Cargo.toml
[INFO] validating manifest of crates.io crate rextc 2.0.1 on toolchain 1.100.0-beta.1
[INFO] running `Command { std: CARGO_HOME="/workspace/cargo-home" RUSTUP_HOME="/workspace/rustup-home" "/workspace/cargo-home/bin/cargo" "+1.100.0-beta.1" "metadata" "--manifest-path" "Cargo.toml" "--no-deps", kill_on_drop: false }`
[INFO] crate crates.io crate rextc 2.0.1 already has a lockfile, it will not be regenerated
[INFO] running `Command { std: CARGO_HOME="/workspace/cargo-home" RUSTUP_HOME="/workspace/rustup-home" "/workspace/cargo-home/bin/cargo" "+1.100.0-beta.1" "fetch" "--manifest-path" "Cargo.toml", kill_on_drop: false }`
[INFO] running `Command { std: "docker" "create" "-v" "/var/lib/crater-agent-workspace/builds/worker-2-tc2/source:/opt/rustwide/workdir:ro,Z" "-v" "/var/lib/crater-agent-workspace/builds/worker-2-tc2/target:/opt/rustwide/target:rw,Z" "-v" "/var/lib/crater-agent-workspace/cargo-home:/opt/rustwide/cargo-home:ro,Z" "-v" "/var/lib/crater-agent-workspace/rustup-home:/opt/rustwide/rustup-home:ro,Z" "-m" "1610612736" "--network" "none" "ghcr.io/rust-lang/crates-build-env/linux@sha256:77db811e55d90add9212f6832c23229e3de5f1c1f9905e8cb07319ea15df73ac" "sleep" "infinity", kill_on_drop: false }`
[INFO] [stdout] d33ca0e337930ed0b34e27228f0607b7fef38ce70ce5730dfa680a151202519d
[INFO] running `Command { std: "docker" "start" "d33ca0e337930ed0b34e27228f0607b7fef38ce70ce5730dfa680a151202519d", kill_on_drop: false }`
[INFO] running `Command { std: "docker" "inspect" "d33ca0e337930ed0b34e27228f0607b7fef38ce70ce5730dfa680a151202519d", kill_on_drop: false }`
[INFO] running `Command { std: "docker" "exec" "-e" "SOURCE_DIR=/opt/rustwide/workdir" "-e" "CARGO_HOME=/opt/rustwide/cargo-home" "-e" "RUSTUP_HOME=/opt/rustwide/rustup-home" "-e" "CARGO_TARGET_DIR=/opt/rustwide/target" "-w" "/opt/rustwide/workdir" "--user" "0:0" "d33ca0e337930ed0b34e27228f0607b7fef38ce70ce5730dfa680a151202519d" "/opt/rustwide/cargo-home/bin/cargo" "+1.100.0-beta.1" "metadata" "--no-deps" "--format-version=1", kill_on_drop: false }`
[INFO] running `Command { std: "docker" "inspect" "d33ca0e337930ed0b34e27228f0607b7fef38ce70ce5730dfa680a151202519d", kill_on_drop: false }`
[INFO] running `Command { std: "docker" "exec" "-e" "SOURCE_DIR=/opt/rustwide/workdir" "-e" "CARGO_HOME=/opt/rustwide/cargo-home" "-e" "RUSTUP_HOME=/opt/rustwide/rustup-home" "-e" "CARGO_TARGET_DIR=/opt/rustwide/target" "-e" "CARGO_INCREMENTAL=0" "-e" "RUST_BACKTRACE=full" "-e" "RUSTFLAGS=--cap-lints=warn" "-e" "RUSTDOCFLAGS=--cap-lints=warn" "-w" "/opt/rustwide/workdir" "--user" "0:0" "d33ca0e337930ed0b34e27228f0607b7fef38ce70ce5730dfa680a151202519d" "/opt/rustwide/cargo-home/bin/cargo" "+1.100.0-beta.1" "build" "--frozen" "--message-format=json" "--release", kill_on_drop: false }`
[INFO] [stderr]    Compiling proc-macro2 v1.0.37
[INFO] [stderr]    Compiling unicode-xid v0.2.2
[INFO] [stderr]    Compiling syn v1.0.91
[INFO] [stderr]    Compiling libc v0.2.124
[INFO] [stderr]    Compiling os_str_bytes v6.0.0
[INFO] [stderr]    Compiling anyhow v1.0.40
[INFO] [stderr]    Compiling hashbrown v0.11.2
[INFO] [stderr]    Compiling textwrap v0.15.0
[INFO] [stderr]    Compiling clap_lex v0.1.1
[INFO] [stderr]    Compiling indexmap v1.8.1
[INFO] [stderr]    Compiling quote v1.0.18
[INFO] [stderr]    Compiling atty v0.2.14
[INFO] [stderr]    Compiling proc-macro-error-attr v1.0.4
[INFO] [stderr]    Compiling proc-macro-error v1.0.4
[INFO] [stderr]    Compiling clap_derive v3.1.7
[INFO] [stderr]    Compiling clap v3.1.10
[INFO] [stderr]    Compiling rextc v2.0.1 (/opt/rustwide/workdir)
[INFO] [stderr]     Finished `release` profile [optimized] target(s) in 18.01s
[INFO] running `Command { std: "docker" "inspect" "d33ca0e337930ed0b34e27228f0607b7fef38ce70ce5730dfa680a151202519d", kill_on_drop: false }`
[INFO] running `Command { std: "docker" "exec" "-e" "SOURCE_DIR=/opt/rustwide/workdir" "-e" "CARGO_HOME=/opt/rustwide/cargo-home" "-e" "RUSTUP_HOME=/opt/rustwide/rustup-home" "-e" "CARGO_TARGET_DIR=/opt/rustwide/target" "-e" "CARGO_INCREMENTAL=0" "-e" "RUST_BACKTRACE=full" "-e" "RUSTFLAGS=--cap-lints=warn" "-e" "RUSTDOCFLAGS=--cap-lints=warn" "-w" "/opt/rustwide/workdir" "--user" "0:0" "d33ca0e337930ed0b34e27228f0607b7fef38ce70ce5730dfa680a151202519d" "/opt/rustwide/cargo-home/bin/cargo" "+1.100.0-beta.1" "test" "--frozen" "--no-run" "--message-format=json" "--release", kill_on_drop: false }`
[INFO] [stderr]    Compiling rextc v2.0.1 (/opt/rustwide/workdir)
[INFO] [stderr]     Finished `release` profile [optimized] target(s) in 1.23s
[INFO] running `Command { std: "docker" "inspect" "d33ca0e337930ed0b34e27228f0607b7fef38ce70ce5730dfa680a151202519d", kill_on_drop: false }`
[INFO] running `Command { std: "docker" "exec" "-e" "SOURCE_DIR=/opt/rustwide/workdir" "-e" "CARGO_HOME=/opt/rustwide/cargo-home" "-e" "RUSTUP_HOME=/opt/rustwide/rustup-home" "-e" "CARGO_TARGET_DIR=/opt/rustwide/target" "-e" "CARGO_INCREMENTAL=0" "-e" "RUST_BACKTRACE=full" "-e" "RUSTFLAGS=--cap-lints=warn" "-e" "RUSTDOCFLAGS=--cap-lints=warn" "-w" "/opt/rustwide/workdir" "--user" "0:0" "d33ca0e337930ed0b34e27228f0607b7fef38ce70ce5730dfa680a151202519d" "/opt/rustwide/cargo-home/bin/cargo" "+1.100.0-beta.1" "test" "--frozen" "--release", kill_on_drop: false }`
[INFO] [stderr]     Finished `release` profile [optimized] target(s) in 0.04s
[INFO] [stderr]      Running unittests src/main.rs (/opt/rustwide/target/release/build/rextc/484e4a2455a199bb/out/rextc-484e4a2455a199bb)
[INFO] [stdout] 
[INFO] [stdout] running 5 tests
[INFO] [stdout] test file::tests::directory::test_draw ... ignored, visual check
[INFO] [stdout] test file::tests::directory::test_size ... ok
[INFO] [stdout] test file::tests::directory::test_count ... ok
[INFO] [stdout] test file::tests::directory::test_recursion ... FAILED
[INFO] [stdout] test file::tests::directory::test_new ... ok
[INFO] [stdout] 
[INFO] [stdout] failures:
[INFO] [stdout] 
[INFO] [stdout] ---- file::tests::directory::test_recursion stdout ----
[INFO] [stdout] 
[INFO] [stdout] thread 'file::tests::directory::test_recursion' (532) panicked at src/file.rs:375:18:
[INFO] [stdout] no subsubdirectory found
[INFO] [stdout] stack backtrace:
[INFO] [stdout]    0:     0x627c6b81d0a1 - <<std[617be2ca0a6fd877]::sys::backtrace::BacktraceLock>::print::DisplayBacktrace as core[a373ad73a504971]::fmt::Display>::fmt
[INFO] [stdout]    1:     0x627c6b83136a - core[a373ad73a504971]::fmt::write
[INFO] [stdout]    2:     0x627c6b82158c - <alloc[2e1b2a31b91974c5]::vec::Vec<u8> as core[a373ad73a504971]::io::write::Write>::write_fmt
[INFO] [stdout]    3:     0x627c6b7f8be6 - std[617be2ca0a6fd877]::panicking::default_hook::{closure#0}
[INFO] [stdout]    4:     0x627c6b815489 - std[617be2ca0a6fd877]::panicking::default_hook
[INFO] [stdout]    5:     0x627c6b7b0d10 - test[aada8e7e76ba119b]::test_main_inner::{closure#0}
[INFO] [stdout]    6:     0x627c6b815642 - std[617be2ca0a6fd877]::panicking::panic_with_hook
[INFO] [stdout]    7:     0x627c6b7f8c92 - std[617be2ca0a6fd877]::panicking::panic_handler::{closure#0}
[INFO] [stdout]    8:     0x627c6b7f1909 - std[617be2ca0a6fd877]::sys::backtrace::__rust_end_short_backtrace::<std[617be2ca0a6fd877]::panicking::panic_handler::{closure#0}, !>
[INFO] [stdout]    9:     0x627c6b7f989d - __rustc[ea4f61d10b84890b]::rust_begin_unwind
[INFO] [stdout]   10:     0x627c6b831a9c - core[a373ad73a504971]::panicking::panic_fmt
[INFO] [stdout]   11:     0x627c6b8317f4 - core[a373ad73a504971]::option::expect_failed
[INFO] [stdout]   12:     0x627c6b79d40e - <rextc[5bd9ed03026ed903]::file::tests::directory::test_recursion::{closure#0} as core[a373ad73a504971]::ops::function::FnOnce<()>>::call_once
[INFO] [stdout]   13:     0x627c6b7a415b - test[aada8e7e76ba119b]::__rust_begin_short_backtrace::<core[a373ad73a504971]::result::Result<(), alloc[2e1b2a31b91974c5]::string::String>, fn() -> core[a373ad73a504971]::result::Result<(), alloc[2e1b2a31b91974c5]::string::String>>
[INFO] [stdout]   14:     0x627c6b7b1335 - test[aada8e7e76ba119b]::run_test::{closure#0}
[INFO] [stdout]   15:     0x627c6b7aac24 - std[617be2ca0a6fd877]::sys::backtrace::__rust_begin_short_backtrace::<test[aada8e7e76ba119b]::run_test::{closure#1}, ()>
[INFO] [stdout]   16:     0x627c6b7b43c2 - <std[617be2ca0a6fd877]::thread::lifecycle::spawn_unchecked<test[aada8e7e76ba119b]::run_test::{closure#1}, ()>::{closure#1} as core[a373ad73a504971]::ops::function::FnOnce<()>>::call_once::{shim:vtable#0}
[INFO] [stdout]   17:     0x627c6b81c8ff - <std[617be2ca0a6fd877]::sys::thread::unix::Thread>::new::thread_start
[INFO] [stdout]   18:     0x7f27b6830dfa - <unknown>
[INFO] [stdout]   19:     0x7f27b68c43d4 - clone
[INFO] [stdout]   20:                0x0 - <unknown>
[INFO] [stdout] 
[INFO] [stdout] 
[INFO] [stdout] failures:
[INFO] [stdout]     file::tests::directory::test_recursion
[INFO] [stdout] 
[INFO] [stdout] test result: FAILED. 3 passed; 1 failed; 1 ignored; 0 measured; 0 filtered out; finished in 0.00s
[INFO] [stdout] 
[INFO] [stderr] error: test failed, to rerun pass `--bin rextc`
[INFO] running `Command { std: "docker" "inspect" "d33ca0e337930ed0b34e27228f0607b7fef38ce70ce5730dfa680a151202519d", kill_on_drop: false }`
[INFO] running `Command { std: "docker" "rm" "-f" "d33ca0e337930ed0b34e27228f0607b7fef38ce70ce5730dfa680a151202519d", kill_on_drop: false }`
[INFO] [stdout] d33ca0e337930ed0b34e27228f0607b7fef38ce70ce5730dfa680a151202519d
