[INFO] fetching crate rex-engine 4.0.0...
[INFO] testing rex-engine-4.0.0 against 1.99.0-beta.8+cargoflags=--release for beta-release-1.100-2
[INFO] extracting crate rex-engine 4.0.0 into /workspace/builds/worker-0-tc1/source
[INFO] started tweaking crates.io crate rex-engine 4.0.0
[INFO] removed 0 missing tests
[INFO] finished tweaking crates.io crate rex-engine 4.0.0
[INFO] tweaked toml for crates.io crate rex-engine 4.0.0 written to /workspace/builds/worker-0-tc1/source/Cargo.toml
[INFO] validating manifest of crates.io crate rex-engine 4.0.0 on toolchain 1.99.0-beta.8
[INFO] running `Command { std: CARGO_HOME="/workspace/cargo-home" RUSTUP_HOME="/workspace/rustup-home" "/workspace/cargo-home/bin/cargo" "+1.99.0-beta.8" "metadata" "--manifest-path" "Cargo.toml" "--no-deps", kill_on_drop: false }`
[INFO] crate crates.io crate rex-engine 4.0.0 already has a lockfile, it will not be regenerated
[INFO] running `Command { std: CARGO_HOME="/workspace/cargo-home" RUSTUP_HOME="/workspace/rustup-home" "/workspace/cargo-home/bin/cargo" "+1.99.0-beta.8" "fetch" "--manifest-path" "Cargo.toml", kill_on_drop: false }`
[INFO] [stderr]     Updating crates.io index
[INFO] [stderr]  Downloading crates ...
[INFO] [stderr]   Downloaded rex-util v4.0.0
[INFO] [stderr]   Downloaded rpds v1.2.1
[INFO] [stderr]   Downloaded archery v1.2.3
[INFO] [stderr]   Downloaded uuid v1.25.0
[INFO] [stderr]   Downloaded rex-parser v4.0.0
[INFO] [stderr]   Downloaded rex-ast v4.0.0
[INFO] [stderr]   Downloaded rex-typesystem v4.0.0
[INFO] running `Command { std: "docker" "create" "-v" "/var/lib/crater-agent-workspace/builds/worker-0-tc1/source:/opt/rustwide/workdir:ro,Z" "-v" "/var/lib/crater-agent-workspace/builds/worker-0-tc1/target:/opt/rustwide/target:rw,Z" "-v" "/var/lib/crater-agent-workspace/cargo-home:/opt/rustwide/cargo-home:ro,Z" "-v" "/var/lib/crater-agent-workspace/rustup-home:/opt/rustwide/rustup-home:ro,Z" "-m" "1610612736" "--network" "none" "ghcr.io/rust-lang/crates-build-env/linux@sha256:77db811e55d90add9212f6832c23229e3de5f1c1f9905e8cb07319ea15df73ac" "sleep" "infinity", kill_on_drop: false }`
[INFO] [stdout] 31d595c08b89c0b22b82890289abd09405db49dff96773e66d366614c6cb9d73
[INFO] running `Command { std: "docker" "start" "31d595c08b89c0b22b82890289abd09405db49dff96773e66d366614c6cb9d73", kill_on_drop: false }`
[INFO] running `Command { std: "docker" "inspect" "31d595c08b89c0b22b82890289abd09405db49dff96773e66d366614c6cb9d73", kill_on_drop: false }`
[INFO] running `Command { std: "docker" "exec" "-e" "SOURCE_DIR=/opt/rustwide/workdir" "-e" "CARGO_HOME=/opt/rustwide/cargo-home" "-e" "RUSTUP_HOME=/opt/rustwide/rustup-home" "-e" "CARGO_TARGET_DIR=/opt/rustwide/target" "-w" "/opt/rustwide/workdir" "--user" "0:0" "31d595c08b89c0b22b82890289abd09405db49dff96773e66d366614c6cb9d73" "/opt/rustwide/cargo-home/bin/cargo" "+1.99.0-beta.8" "metadata" "--no-deps" "--format-version=1", kill_on_drop: false }`
[INFO] running `Command { std: "docker" "inspect" "31d595c08b89c0b22b82890289abd09405db49dff96773e66d366614c6cb9d73", kill_on_drop: false }`
[INFO] running `Command { std: "docker" "exec" "-e" "SOURCE_DIR=/opt/rustwide/workdir" "-e" "CARGO_HOME=/opt/rustwide/cargo-home" "-e" "RUSTUP_HOME=/opt/rustwide/rustup-home" "-e" "CARGO_TARGET_DIR=/opt/rustwide/target" "-e" "CARGO_INCREMENTAL=0" "-e" "RUST_BACKTRACE=full" "-e" "RUSTFLAGS=--cap-lints=warn" "-e" "RUSTDOCFLAGS=--cap-lints=warn" "-w" "/opt/rustwide/workdir" "--user" "0:0" "31d595c08b89c0b22b82890289abd09405db49dff96773e66d366614c6cb9d73" "/opt/rustwide/cargo-home/bin/cargo" "+1.99.0-beta.8" "build" "--frozen" "--message-format=json" "--release", kill_on_drop: false }`
[INFO] [stderr]    Compiling syn v3.0.4
[INFO] [stderr]    Compiling serde_core v1.0.229
[INFO] [stderr]    Compiling serde v1.0.229
[INFO] [stderr]    Compiling syn v2.0.119
[INFO] [stderr]    Compiling triomphe v0.1.16
[INFO] [stderr]    Compiling aho-corasick v1.1.5
[INFO] [stderr]    Compiling cc v1.4.4
[INFO] [stderr]    Compiling futures-sink v0.3.34
[INFO] [stderr]    Compiling futures-core v0.3.34
[INFO] [stderr]    Compiling smallvec v1.15.2
[INFO] [stderr]    Compiling arrayvec v0.7.8
[INFO] [stderr]    Compiling futures-channel v0.3.34
[INFO] [stderr]    Compiling archery v1.2.3
[INFO] [stderr]    Compiling blake3 v1.8.7
[INFO] [stderr]    Compiling regex-automata v0.4.18
[INFO] [stderr]    Compiling thiserror-impl v1.0.69
[INFO] [stderr]    Compiling serde_derive v1.0.229
[INFO] [stderr]    Compiling tokio-macros v2.7.2
[INFO] [stderr]    Compiling futures-macro v0.3.34
[INFO] [stderr]    Compiling async-trait v0.1.92
[INFO] [stderr]    Compiling thiserror v1.0.69
[INFO] [stderr]    Compiling rex-util v4.0.0
[INFO] [stderr]    Compiling tokio v1.53.1
[INFO] [stderr]    Compiling uuid v1.25.0
[INFO] [stderr]    Compiling serde_json v1.0.151
[INFO] [stderr]    Compiling futures-util v0.3.34
[INFO] [stderr]    Compiling regex v1.13.1
[INFO] [stderr]    Compiling chrono v0.4.45
[INFO] [stderr]    Compiling rpds v1.2.1
[INFO] [stderr]    Compiling futures-executor v0.3.34
[INFO] [stderr]    Compiling rex-ast v4.0.0
[INFO] [stderr]    Compiling futures v0.3.34
[INFO] [stderr]    Compiling rex-typesystem v4.0.0
[INFO] [stderr]    Compiling rex-parser v4.0.0
[INFO] [stderr]    Compiling rex-engine v4.0.0 (/opt/rustwide/workdir)
[INFO] [stdout] warning: type alias `InternalPtrKey` is never used
[INFO] [stdout]     --> src/memory/heap.rs:1678:17
[INFO] [stdout]      |
[INFO] [stdout] 1678 | pub(super) type InternalPtrKey = (u64, u32, u64);
[INFO] [stdout]      |                 ^^^^^^^^^^^^^^
[INFO] [stdout]      |
[INFO] [stdout]      = note: `#[warn(dead_code)]` (part of `#[warn(unused)]`) on by default
[INFO] [stdout] 
[INFO] [stdout] 
[INFO] [stdout] warning: function `pointer_key` is never used
[INFO] [stdout]     --> src/memory/heap.rs:1708:4
[INFO] [stdout]      |
[INFO] [stdout] 1708 | fn pointer_key(pointer: &InternalPtr) -> InternalPtrKey {
[INFO] [stdout]      |    ^^^^^^^^^^^
[INFO] [stdout] 
[INFO] [stdout] 
[INFO] [stderr]     Finished `release` profile [optimized] target(s) in 1m 09s
[INFO] running `Command { std: "docker" "inspect" "31d595c08b89c0b22b82890289abd09405db49dff96773e66d366614c6cb9d73", kill_on_drop: false }`
[INFO] running `Command { std: "docker" "exec" "-e" "SOURCE_DIR=/opt/rustwide/workdir" "-e" "CARGO_HOME=/opt/rustwide/cargo-home" "-e" "RUSTUP_HOME=/opt/rustwide/rustup-home" "-e" "CARGO_TARGET_DIR=/opt/rustwide/target" "-e" "CARGO_INCREMENTAL=0" "-e" "RUST_BACKTRACE=full" "-e" "RUSTFLAGS=--cap-lints=warn" "-e" "RUSTDOCFLAGS=--cap-lints=warn" "-w" "/opt/rustwide/workdir" "--user" "0:0" "31d595c08b89c0b22b82890289abd09405db49dff96773e66d366614c6cb9d73" "/opt/rustwide/cargo-home/bin/cargo" "+1.99.0-beta.8" "test" "--frozen" "--no-run" "--message-format=json" "--release", kill_on_drop: false }`
[INFO] [stderr]    Compiling tokio v1.53.1
[INFO] [stderr]    Compiling rex-ast v4.0.0
[INFO] [stderr]    Compiling rex-typesystem v4.0.0
[INFO] [stderr]    Compiling rex-parser v4.0.0
[INFO] [stderr]    Compiling rex-engine v4.0.0 (/opt/rustwide/workdir)
[INFO] [stdout] warning: type alias `InternalPtrKey` is never used
[INFO] [stdout]     --> src/memory/heap.rs:1678:17
[INFO] [stdout]      |
[INFO] [stdout] 1678 | pub(super) type InternalPtrKey = (u64, u32, u64);
[INFO] [stdout]      |                 ^^^^^^^^^^^^^^
[INFO] [stdout]      |
[INFO] [stdout]      = note: `#[warn(dead_code)]` (part of `#[warn(unused)]`) on by default
[INFO] [stdout] 
[INFO] [stdout] 
[INFO] [stdout] warning: function `pointer_key` is never used
[INFO] [stdout]     --> src/memory/heap.rs:1708:4
[INFO] [stdout]      |
[INFO] [stdout] 1708 | fn pointer_key(pointer: &InternalPtr) -> InternalPtrKey {
[INFO] [stdout]      |    ^^^^^^^^^^^
[INFO] [stdout] 
[INFO] [stdout] 
[INFO] [stdout] warning: type alias `InternalPtrKey` is never used
[INFO] [stdout]     --> src/memory/heap.rs:1678:17
[INFO] [stdout]      |
[INFO] [stdout] 1678 | pub(super) type InternalPtrKey = (u64, u32, u64);
[INFO] [stdout]      |                 ^^^^^^^^^^^^^^
[INFO] [stdout]      |
[INFO] [stdout]      = note: `#[warn(dead_code)]` (part of `#[warn(unused)]`) on by default
[INFO] [stdout] 
[INFO] [stdout] 
[INFO] [stdout] warning: function `pointer_key` is never used
[INFO] [stdout]     --> src/memory/heap.rs:1708:4
[INFO] [stdout]      |
[INFO] [stdout] 1708 | fn pointer_key(pointer: &InternalPtr) -> InternalPtrKey {
[INFO] [stdout]      |    ^^^^^^^^^^^
[INFO] [stdout] 
[INFO] [stdout] 
[INFO] [stderr]     Finished `release` profile [optimized] target(s) in 2m 35s
[INFO] running `Command { std: "docker" "inspect" "31d595c08b89c0b22b82890289abd09405db49dff96773e66d366614c6cb9d73", kill_on_drop: false }`
[INFO] running `Command { std: "docker" "exec" "-e" "SOURCE_DIR=/opt/rustwide/workdir" "-e" "CARGO_HOME=/opt/rustwide/cargo-home" "-e" "RUSTUP_HOME=/opt/rustwide/rustup-home" "-e" "CARGO_TARGET_DIR=/opt/rustwide/target" "-e" "CARGO_INCREMENTAL=0" "-e" "RUST_BACKTRACE=full" "-e" "RUSTFLAGS=--cap-lints=warn" "-e" "RUSTDOCFLAGS=--cap-lints=warn" "-w" "/opt/rustwide/workdir" "--user" "0:0" "31d595c08b89c0b22b82890289abd09405db49dff96773e66d366614c6cb9d73" "/opt/rustwide/cargo-home/bin/cargo" "+1.99.0-beta.8" "test" "--frozen" "--release", kill_on_drop: false }`
[INFO] [stderr] warning: type alias `InternalPtrKey` is never used
[INFO] [stderr]     --> src/memory/heap.rs:1678:17
[INFO] [stderr]      |
[INFO] [stderr] 1678 | pub(super) type InternalPtrKey = (u64, u32, u64);
[INFO] [stderr]      |                 ^^^^^^^^^^^^^^
[INFO] [stderr]      |
[INFO] [stderr]      = note: `#[warn(dead_code)]` (part of `#[warn(unused)]`) on by default
[INFO] [stderr] 
[INFO] [stderr] warning: function `pointer_key` is never used
[INFO] [stderr]     --> src/memory/heap.rs:1708:4
[INFO] [stderr]      |
[INFO] [stderr] 1708 | fn pointer_key(pointer: &InternalPtr) -> InternalPtrKey {
[INFO] [stderr]      |    ^^^^^^^^^^^
[INFO] [stderr] 
[INFO] [stderr] warning: `rex-engine` (lib) generated 2 warnings
[INFO] [stderr] warning: `rex-engine` (lib test) generated 2 warnings (2 duplicates)
[INFO] [stderr]     Finished `release` profile [optimized] target(s) in 0.13s
[INFO] [stderr]      Running unittests src/lib.rs (/opt/rustwide/target/release/deps/rex_engine-d3041f16abe4e185)
[INFO] [stdout] 
[INFO] [stdout] running 14 tests
[INFO] [stdout] test evaluator::eval::tests::binary_list_length_and_wildcard_patterns_do_not_allocate_elements ... ok
[INFO] [stdout] test memory::heap::tests::failed_collection_releases_allocation_roots ... ok
[INFO] [stdout] test memory::heap::tests::extreme_stress_relocates_every_live_root ... ok
[INFO] [stdout] test memory::heap::tests::copying_gc_relocates_runtime_roots ... ok
[INFO] [stdout] test builder::registry::tests::native_resolution_classifies_all_match_outcomes ... ok
[INFO] [stdout] test env::tests::rooted_environment_survives_copying_gc ... ok
[INFO] [stdout] test evaluator::eval::tests::nested_binary_list_bindings_survive_collection ... ok
[INFO] [stdout] test memory::value::tests::owned_composites_round_trip_and_errors_identify_nested_paths ... ok
[INFO] [stdout] test memory::value::tests::byte_list_host_representation_is_strictly_canonical ... ok
[INFO] [stdout] test memory::value::tests::list_u8_is_canonicalized_from_every_physical_layout ... ok
[INFO] [stdout] test memory::value::tests::function_values_and_unknown_constructors_are_rejected ... ok
[INFO] [stdout] test prelude::tests::prelude_primitive_schemes_are_compatible_between_types_and_runtime ... ok
[INFO] [stdout] test prelude::tests::prelude_primitive_names_are_consistent_across_source_types_and_runtime ... ok
[INFO] [stdout] test memory::value::tests::deeply_nested_adts_convert_without_using_the_rust_call_stack ... ok
[INFO] [stdout] 
[INFO] [stdout] test result: ok. 14 passed; 0 failed; 0 ignored; 0 measured; 0 filtered out; finished in 0.12s
[INFO] [stdout] 
[INFO] [stdout] 
[INFO] [stderr]      Running tests/cactus_evaluator.rs (/opt/rustwide/target/release/deps/cactus_evaluator-4955e4964b01a4c4)
[INFO] [stdout] running 40 tests
[INFO] [stdout] test cancelling_evaluation_drops_pending_owned_host_future ... ok
[INFO] [stdout] test async_call_policy_wraps_host_calls ... ok
[INFO] [stdout] test dynamic_native_async_permits_delay_host_callback_invocation ... ok
[INFO] [stdout] test dict_entry_filter_starts_all_callbacks_and_preserves_entries ... ok
[INFO] [stdout] test dict_evaluation_starts_all_async_children ... ok
[INFO] [stdout] test evaluator_handles_partial_and_multi_arg_closures ... ok
[INFO] [stdout] test evaluator_handles_prelude_collection_callbacks ... ok
[INFO] [stdout] test extreme_stress_handles_async_native_values_across_awaits ... ok
[INFO] [stdout] test concurrent_host_values_survive_repeated_collections ... FAILED
[INFO] [stdout] test dict_entry_map_applies_collision_results_in_input_key_order ... ok
[INFO] [stdout] test application_evaluation_starts_all_async_arguments ... ok
[INFO] [stdout] test evaluator_handles_higher_order_closures ... ok
[INFO] [stdout] test async_call_policy_accepts_executor_closures ... ok
[INFO] [stdout] test dict_value_filter_starts_all_async_callbacks ... ok
[INFO] [stdout] test dynamic_native_async_permits_can_increase_during_evaluation ... ok
[INFO] [stdout] test evaluator_handles_control_flow_typeclasses_and_recursion ... ok
[INFO] [stdout] test dict_value_map_starts_all_async_callbacks ... ok
[INFO] [stdout] test evaluator_handles_literals_sequences_and_records ... ok
[INFO] [stdout] test dict_value_map_preserves_keys_when_callbacks_complete_out_of_order ... ok
[INFO] [stdout] test pending_async_bound_delays_admitting_host_calls ... ok
[INFO] [stdout] test sequence_filter_map_preserves_order_when_callbacks_complete_out_of_order ... ok
[INFO] [stdout] test list_evaluation_starts_all_async_children ... ok
[INFO] [stdout] test record_update_starts_all_async_update_children ... ok
[INFO] [stdout] test sequence_filter_starts_all_async_callbacks ... ok
[INFO] [stdout] test sequence_filter_map_starts_all_async_callbacks ... ok
[INFO] [stdout] test sequence_filter_preserves_order_when_callbacks_complete_out_of_order ... ok
[INFO] [stdout] test extreme_stress_handles_host_callbacks_and_conversions ... ok
[INFO] [stdout] test pending_async_bound_delays_invoking_host_callbacks ... ok
[INFO] [stdout] test sequence_flat_map_preserves_order_when_callbacks_complete_out_of_order ... ok
[INFO] [stdout] test sequence_map_preserves_order_when_callbacks_complete_out_of_order ... ok
[INFO] [stdout] test sequence_map_starts_all_async_callbacks ... ok
[INFO] [stdout] test extreme_stress_handles_repeated_typeclass_resolution ... ok
[INFO] [stdout] test sync_calls_bypass_async_admission_and_executor ... ok
[INFO] [stdout] test sequence_flat_map_starts_all_async_callbacks ... ok
[INFO] [stdout] test tuple_evaluation_starts_all_async_children ... ok
[INFO] [stdout] test small_ready_work_bound_still_completes_fanout ... ok
[INFO] [stdout] test sibling_map_and_filter_fan_out_their_callbacks ... ok
[INFO] [stdout] test extreme_stress_handles_captured_closure_envs ... ok
[INFO] [stdout] test extreme_stress_imports_native_owned_nested_data ... ok
[INFO] [stdout] test extreme_stress_handles_broad_evaluator_paths ... ok
[INFO] [stdout] 
[INFO] [stdout] failures:
[INFO] [stdout] 
[INFO] [stdout] ---- concurrent_host_values_survive_repeated_collections stdout ----
[INFO] [stdout] 
[INFO] [stdout] thread 'concurrent_host_values_survive_repeated_collections' (1517) panicked at tests/cactus_evaluator.rs:1311:9:
[INFO] [stdout] assertion `left == right` failed
[INFO] [stdout]   left: 3
[INFO] [stdout]  right: 4
[INFO] [stdout] stack backtrace:
[INFO] [stdout]    0:     0x5bbb61104cf1 - <<std[70759c8f55707aa4]::sys::backtrace::BacktraceLock>::print::DisplayBacktrace as core[df12db4294e9bfd3]::fmt::Display>::fmt
[INFO] [stdout]    1:     0x5bbb6111d0da - core[df12db4294e9bfd3]::fmt::write
[INFO] [stdout]    2:     0x5bbb611091dc - <alloc[2182bb758b4b3781]::vec::Vec<u8> as core[df12db4294e9bfd3]::io::write::Write>::write_fmt
[INFO] [stdout]    3:     0x5bbb610e0e86 - std[70759c8f55707aa4]::panicking::default_hook::{closure#0}
[INFO] [stdout]    4:     0x5bbb610fd299 - std[70759c8f55707aa4]::panicking::default_hook
[INFO] [stdout]    5:     0x5bbb60dafb00 - test[9d35eded1c95d3be]::test_main_inner::<test[9d35eded1c95d3be]::test_main_static::{closure#0}>::{closure#0}
[INFO] [stdout]    6:     0x5bbb610fd5c2 - std[70759c8f55707aa4]::panicking::panic_with_hook
[INFO] [stdout]    7:     0x5bbb610e0f32 - std[70759c8f55707aa4]::panicking::panic_handler::{closure#0}
[INFO] [stdout]    8:     0x5bbb610d9cb9 - std[70759c8f55707aa4]::sys::backtrace::__rust_end_short_backtrace::<std[70759c8f55707aa4]::panicking::panic_handler::{closure#0}, !>
[INFO] [stdout]    9:     0x5bbb610e1b2d - __rustc[8fa7c3cbc660c2b3]::rust_begin_unwind
[INFO] [stdout]   10:     0x5bbb6111d8bc - core[df12db4294e9bfd3]::panicking::panic_fmt
[INFO] [stdout]   11:     0x5bbb6111d7d3 - core[df12db4294e9bfd3]::panicking::assert_failed_inner
[INFO] [stdout]   12:     0x5bbb61117a8d - core[df12db4294e9bfd3]::panicking::assert_failed::<usize, usize>
[INFO] [stdout]   13:     0x5bbb60ce0f1e - cactus_evaluator[f94a62dd89e6bcb2]::concurrent_host_values_survive_repeated_collections::{closure#0}
[INFO] [stdout]   14:     0x5bbb60d68383 - <tokio[8bae604be98721ad]::runtime::runtime::Runtime>::block_on::<core[df12db4294e9bfd3]::pin::Pin<&mut dyn core[df12db4294e9bfd3]::future::future::Future<Output = ()>>>
[INFO] [stdout]   15:     0x5bbb60cf6170 - <cactus_evaluator[f94a62dd89e6bcb2]::concurrent_host_values_survive_repeated_collections::{closure#0} as core[df12db4294e9bfd3]::ops::function::FnOnce<()>>::call_once
[INFO] [stdout]   16:     0x5bbb60da2deb - test[9d35eded1c95d3be]::__rust_begin_short_backtrace::<core[df12db4294e9bfd3]::result::Result<(), alloc[2182bb758b4b3781]::string::String>, fn() -> core[df12db4294e9bfd3]::result::Result<(), alloc[2182bb758b4b3781]::string::String>>
[INFO] [stdout]   17:     0x5bbb60db0455 - test[9d35eded1c95d3be]::run_test::{closure#0}
[INFO] [stdout]   18:     0x5bbb60da9d14 - std[70759c8f55707aa4]::sys::backtrace::__rust_begin_short_backtrace::<test[9d35eded1c95d3be]::run_test::{closure#1}, ()>
[INFO] [stdout]   19:     0x5bbb60db35b2 - <std[70759c8f55707aa4]::thread::lifecycle::spawn_unchecked<test[9d35eded1c95d3be]::run_test::{closure#1}, ()>::{closure#1} as core[df12db4294e9bfd3]::ops::function::FnOnce<()>>::call_once::{shim:vtable#0}
[INFO] [stdout]   20:     0x5bbb611045b9 - <std[70759c8f55707aa4]::sys::thread::unix::Thread>::new::thread_start
[INFO] [stdout]   21:     0x77e2f4be1dfa - <unknown>
[INFO] [stdout]   22:     0x77e2f4c753d4 - clone
[INFO] [stdout]   23:                0x0 - <unknown>
[INFO] [stdout] 
[INFO] [stdout] 
[INFO] [stdout] failures:
[INFO] [stdout]     concurrent_host_values_survive_repeated_collections
[INFO] [stdout] 
[INFO] [stdout] test result: FAILED. 39 passed; 1 failed; 0 ignored; 0 measured; 0 filtered out; finished in 0.47s
[INFO] [stdout] 
[INFO] [stderr] error: test failed, to rerun pass `--test cactus_evaluator`
[INFO] running `Command { std: "docker" "inspect" "31d595c08b89c0b22b82890289abd09405db49dff96773e66d366614c6cb9d73", kill_on_drop: false }`
[INFO] running `Command { std: "docker" "rm" "-f" "31d595c08b89c0b22b82890289abd09405db49dff96773e66d366614c6cb9d73", kill_on_drop: false }`
[INFO] [stdout] 31d595c08b89c0b22b82890289abd09405db49dff96773e66d366614c6cb9d73
