[INFO] fetching crate rex-app 0.3.1...
[INFO] testing rex-app-0.3.1 against 1.100.0-beta.1+cargoflags=--release for beta-release-1.100-2
[INFO] extracting crate rex-app 0.3.1 into /workspace/builds/worker-5-tc2/source
[INFO] started tweaking crates.io crate rex-app 0.3.1
[INFO] removed 0 missing tests
[INFO] finished tweaking crates.io crate rex-app 0.3.1
[INFO] tweaked toml for crates.io crate rex-app 0.3.1 written to /workspace/builds/worker-5-tc2/source/Cargo.toml
[INFO] validating manifest of crates.io crate rex-app 0.3.1 on toolchain 1.100.0-beta.1
[INFO] running `Command { std: CARGO_HOME="/workspace/cargo-home" RUSTUP_HOME="/workspace/rustup-home" "/workspace/cargo-home/bin/cargo" "+1.100.0-beta.1" "metadata" "--manifest-path" "Cargo.toml" "--no-deps", kill_on_drop: false }`
[INFO] crate crates.io crate rex-app 0.3.1 already has a lockfile, it will not be regenerated
[INFO] running `Command { std: CARGO_HOME="/workspace/cargo-home" RUSTUP_HOME="/workspace/rustup-home" "/workspace/cargo-home/bin/cargo" "+1.100.0-beta.1" "fetch" "--manifest-path" "Cargo.toml", kill_on_drop: false }`
[INFO] [stderr] warning: `package.homepage` is redundant with `package.repository`
[INFO] [stderr]   --> Cargo.toml:47:12
[INFO] [stderr]    |
[INFO] [stderr] 47 | homepage = "https://github.com/TheRustyPickle/Rex"
[INFO] [stderr]    |            ^^^^^^^^^^^^^^^^^^^^^^^^^^^^^^^^^^^^^^^
[INFO] [stderr] ...
[INFO] [stderr] 51 | repository = "https://github.com/TheRustyPickle/Rex"
[INFO] [stderr]    |              ---------------------------------------
[INFO] [stderr]    |
[INFO] [stderr]    = note: `cargo::redundant_homepage` is set to `warn` by default
[INFO] [stderr] help: consider removing `package.homepage`
[INFO] [stderr] warning: `rex-app` (manifest) generated 1 warning
[INFO] running `Command { std: "docker" "create" "-v" "/var/lib/crater-agent-workspace/builds/worker-5-tc2/source:/opt/rustwide/workdir:ro,Z" "-v" "/var/lib/crater-agent-workspace/builds/worker-5-tc2/target:/opt/rustwide/target:rw,Z" "-v" "/var/lib/crater-agent-workspace/cargo-home:/opt/rustwide/cargo-home:ro,Z" "-v" "/var/lib/crater-agent-workspace/rustup-home:/opt/rustwide/rustup-home:ro,Z" "-m" "1610612736" "--network" "none" "ghcr.io/rust-lang/crates-build-env/linux@sha256:77db811e55d90add9212f6832c23229e3de5f1c1f9905e8cb07319ea15df73ac" "sleep" "infinity", kill_on_drop: false }`
[INFO] [stdout] fca2942e9bffb2b9023709c08ddd4e13350feca31534b4adeeb705b82b87ad8d
[INFO] running `Command { std: "docker" "start" "fca2942e9bffb2b9023709c08ddd4e13350feca31534b4adeeb705b82b87ad8d", kill_on_drop: false }`
[INFO] running `Command { std: "docker" "inspect" "fca2942e9bffb2b9023709c08ddd4e13350feca31534b4adeeb705b82b87ad8d", kill_on_drop: false }`
[INFO] running `Command { std: "docker" "exec" "-e" "SOURCE_DIR=/opt/rustwide/workdir" "-e" "CARGO_HOME=/opt/rustwide/cargo-home" "-e" "RUSTUP_HOME=/opt/rustwide/rustup-home" "-e" "CARGO_TARGET_DIR=/opt/rustwide/target" "-w" "/opt/rustwide/workdir" "--user" "0:0" "fca2942e9bffb2b9023709c08ddd4e13350feca31534b4adeeb705b82b87ad8d" "/opt/rustwide/cargo-home/bin/cargo" "+1.100.0-beta.1" "metadata" "--no-deps" "--format-version=1", kill_on_drop: false }`
[INFO] running `Command { std: "docker" "inspect" "fca2942e9bffb2b9023709c08ddd4e13350feca31534b4adeeb705b82b87ad8d", kill_on_drop: false }`
[INFO] running `Command { std: "docker" "exec" "-e" "SOURCE_DIR=/opt/rustwide/workdir" "-e" "CARGO_HOME=/opt/rustwide/cargo-home" "-e" "RUSTUP_HOME=/opt/rustwide/rustup-home" "-e" "CARGO_TARGET_DIR=/opt/rustwide/target" "-e" "CARGO_INCREMENTAL=0" "-e" "RUST_BACKTRACE=full" "-e" "RUSTFLAGS=--cap-lints=warn" "-e" "RUSTDOCFLAGS=--cap-lints=warn" "-w" "/opt/rustwide/workdir" "--user" "0:0" "fca2942e9bffb2b9023709c08ddd4e13350feca31534b4adeeb705b82b87ad8d" "/opt/rustwide/cargo-home/bin/cargo" "+1.100.0-beta.1" "build" "--frozen" "--message-format=json" "--release", kill_on_drop: false }`
[INFO] [stderr] warning: `package.homepage` is redundant with `package.repository`
[INFO] [stderr]   --> Cargo.toml:47:12
[INFO] [stderr]    |
[INFO] [stderr] 47 | homepage = "https://github.com/TheRustyPickle/Rex"
[INFO] [stderr]    |            ^^^^^^^^^^^^^^^^^^^^^^^^^^^^^^^^^^^^^^^
[INFO] [stderr] ...
[INFO] [stderr] 51 | repository = "https://github.com/TheRustyPickle/Rex"
[INFO] [stderr]    |              ---------------------------------------
[INFO] [stderr]    |
[INFO] [stderr]    = note: `cargo::redundant_homepage` is set to `warn` by default
[INFO] [stderr] help: consider removing `package.homepage`
[INFO] [stderr] warning: `rex-app` (manifest) generated 1 warning
[INFO] [stderr]    Compiling either v1.18.0
[INFO] [stderr]    Compiling syn v2.0.119
[INFO] [stderr]    Compiling toml_parser v1.1.3+spec-1.1.0
[INFO] [stderr]    Compiling winnow v0.7.15
[INFO] [stderr]    Compiling diesel_derives v2.3.10
[INFO] [stderr]    Compiling downcast-rs v2.0.2
[INFO] [stderr]    Compiling libsqlite3-sys v0.38.2
[INFO] [stderr]    Compiling toml_datetime v0.7.5+spec-1.1.0
[INFO] [stderr]    Compiling serde_spanned v1.1.1
[INFO] [stderr]    Compiling serde v1.0.229
[INFO] [stderr]    Compiling rex-shared v0.3.1
[INFO] [stderr]    Compiling toml v0.9.12+spec-1.1.0
[INFO] [stderr]    Compiling migrations_internals v2.3.0
[INFO] [stderr]    Compiling migrations_macros v2.3.0
[INFO] [stderr]    Compiling darling_core v0.21.3
[INFO] [stderr]    Compiling diesel_table_macro_syntax v0.3.0
[INFO] [stderr]    Compiling strum_macros v0.28.0
[INFO] [stderr]    Compiling darling_macro v0.21.3
[INFO] [stderr]    Compiling darling v0.21.3
[INFO] [stderr]    Compiling dsl_auto_type v0.2.0
[INFO] [stderr]    Compiling diesel v2.3.13
[INFO] [stderr]    Compiling diesel_migrations v2.3.2
[INFO] [stderr]    Compiling rex-db v0.3.1
[INFO] [stderr]    Compiling rex-app v0.3.1 (/opt/rustwide/workdir)
[INFO] [stderr]     Finished `release` profile [optimized] target(s) in 1m 57s
[INFO] running `Command { std: "docker" "inspect" "fca2942e9bffb2b9023709c08ddd4e13350feca31534b4adeeb705b82b87ad8d", kill_on_drop: false }`
[INFO] running `Command { std: "docker" "exec" "-e" "SOURCE_DIR=/opt/rustwide/workdir" "-e" "CARGO_HOME=/opt/rustwide/cargo-home" "-e" "RUSTUP_HOME=/opt/rustwide/rustup-home" "-e" "CARGO_TARGET_DIR=/opt/rustwide/target" "-e" "CARGO_INCREMENTAL=0" "-e" "RUST_BACKTRACE=full" "-e" "RUSTFLAGS=--cap-lints=warn" "-e" "RUSTDOCFLAGS=--cap-lints=warn" "-w" "/opt/rustwide/workdir" "--user" "0:0" "fca2942e9bffb2b9023709c08ddd4e13350feca31534b4adeeb705b82b87ad8d" "/opt/rustwide/cargo-home/bin/cargo" "+1.100.0-beta.1" "test" "--frozen" "--no-run" "--message-format=json" "--release", kill_on_drop: false }`
[INFO] [stderr] warning: `package.homepage` is redundant with `package.repository`
[INFO] [stderr]   --> Cargo.toml:47:12
[INFO] [stderr]    |
[INFO] [stderr] 47 | homepage = "https://github.com/TheRustyPickle/Rex"
[INFO] [stderr]    |            ^^^^^^^^^^^^^^^^^^^^^^^^^^^^^^^^^^^^^^^
[INFO] [stderr] ...
[INFO] [stderr] 51 | repository = "https://github.com/TheRustyPickle/Rex"
[INFO] [stderr]    |              ---------------------------------------
[INFO] [stderr]    |
[INFO] [stderr]    = note: `cargo::redundant_homepage` is set to `warn` by default
[INFO] [stderr] help: consider removing `package.homepage`
[INFO] [stderr] warning: `rex-app` (manifest) generated 1 warning
[INFO] [stderr]    Compiling rex-app v0.3.1 (/opt/rustwide/workdir)
[INFO] [stderr]     Finished `release` profile [optimized] target(s) in 12.99s
[INFO] running `Command { std: "docker" "inspect" "fca2942e9bffb2b9023709c08ddd4e13350feca31534b4adeeb705b82b87ad8d", kill_on_drop: false }`
[INFO] running `Command { std: "docker" "exec" "-e" "SOURCE_DIR=/opt/rustwide/workdir" "-e" "CARGO_HOME=/opt/rustwide/cargo-home" "-e" "RUSTUP_HOME=/opt/rustwide/rustup-home" "-e" "CARGO_TARGET_DIR=/opt/rustwide/target" "-e" "CARGO_INCREMENTAL=0" "-e" "RUST_BACKTRACE=full" "-e" "RUSTFLAGS=--cap-lints=warn" "-e" "RUSTDOCFLAGS=--cap-lints=warn" "-w" "/opt/rustwide/workdir" "--user" "0:0" "fca2942e9bffb2b9023709c08ddd4e13350feca31534b4adeeb705b82b87ad8d" "/opt/rustwide/cargo-home/bin/cargo" "+1.100.0-beta.1" "test" "--frozen" "--release", kill_on_drop: false }`
[INFO] [stderr] warning: `package.homepage` is redundant with `package.repository`
[INFO] [stderr]   --> Cargo.toml:47:12
[INFO] [stderr]    |
[INFO] [stderr] 47 | homepage = "https://github.com/TheRustyPickle/Rex"
[INFO] [stderr]    |            ^^^^^^^^^^^^^^^^^^^^^^^^^^^^^^^^^^^^^^^
[INFO] [stderr] ...
[INFO] [stderr] 51 | repository = "https://github.com/TheRustyPickle/Rex"
[INFO] [stderr]    |              ---------------------------------------
[INFO] [stderr]    |
[INFO] [stderr]    = note: `cargo::redundant_homepage` is set to `warn` by default
[INFO] [stderr] help: consider removing `package.homepage`
[INFO] [stderr] warning: `rex-app` (manifest) generated 1 warning
[INFO] [stderr]     Finished `release` profile [optimized] target(s) in 0.08s
[INFO] [stderr]      Running unittests src/lib.rs (/opt/rustwide/target/release/build/rex-app/8b191ff602095329/out/rex_app-8b191ff602095329)
[INFO] [stdout] 
[INFO] [stdout] running 35 tests
[INFO] [stdout] test modifier::recurring_tx::tests::advance_date_weekly_preserves_weekday_across_month_boundary ... ok
[INFO] [stdout] test modifier::recurring_tx::tests::advance_date_daily_steps_by_interval ... ok
[INFO] [stdout] test modifier::recurring_tx::tests::clamp_day_clamps_to_february_in_leap_year ... ok
[INFO] [stdout] test modifier::recurring_tx::tests::clamp_day_clamps_to_february_in_non_leap_year ... ok
[INFO] [stdout] test modifier::recurring_tx::tests::clamp_day_keeps_valid_day ... ok
[INFO] [stdout] test modifier::recurring_tx::tests::first_occurrence_monthly_start_already_matches ... ok
[INFO] [stdout] test modifier::recurring_tx::tests::first_occurrence_monthly_target_already_passed_rolls_to_next_month ... ok
[INFO] [stdout] test modifier::recurring_tx::tests::first_occurrence_monthly_target_still_ahead_this_month ... ok
[INFO] [stdout] test modifier::recurring_tx::tests::advance_date_monthly_does_not_drift_after_clamping ... ok
[INFO] [stdout] test modifier::recurring_tx::tests::advance_date_monthly_interval_crosses_year_boundary ... ok
[INFO] [stdout] test modifier::recurring_tx::tests::first_occurrence_weekly_start_already_matches ... ok
[INFO] [stdout] test modifier::recurring_tx::tests::first_occurrence_yearly_rolls_to_next_year ... ok
[INFO] [stdout] test utils::tests::test_compare_change_decrease ... ok
[INFO] [stdout] test utils::tests::test_compare_change_increase ... ok
[INFO] [stdout] test utils::tests::test_compare_change_opt_none ... ok
[INFO] [stdout] test utils::tests::test_compare_change_opt_previous_zero ... ok
[INFO] [stdout] test utils::tests::test_get_percentages_both_zero ... ok
[INFO] [stdout] test utils::tests::test_get_percentages_equal ... ok
[INFO] [stdout] test utils::tests::test_compare_change_zero_previous ... ok
[INFO] [stdout] test modifier::recurring_tx::tests::first_occurrence_weekly_wraps_to_next_week_when_day_already_passed ... ok
[INFO] [stdout] test utils::tests::test_get_percentages_one_zero ... ok
[INFO] [stdout] test utils::tests::test_compare_change_opt_some ... ok
[INFO] [stdout] test utils::tests::test_month_year_to_unique ... ok
[INFO] [stdout] test utils::tests::test_month_name_to_num_invalid_errors ... ok
[INFO] [stdout] test utils::tests::test_parse_amount_nature_empty ... ok
[INFO] [stdout] test utils::tests::test_month_name_to_num_all_months ... ok
[INFO] [stdout] test modifier::recurring_tx::tests::first_occurrence_weekly_rolls_forward_to_chosen_weekday ... ok
[INFO] [stdout] test utils::tests::test_get_percentages_normal ... ok
[INFO] [stdout] test utils::tests::test_parse_amount_nature_exact ... ok
[INFO] [stdout] test utils::tests::test_parse_amount_nature_invalid ... ok
[INFO] [stderr]      Running tests/activity_view.rs (/opt/rustwide/target/release/build/rex-app/696683ce589ab1f0/out/activity_view-696683ce589ab1f0)
[INFO] [stdout] test utils::tests::test_parse_amount_nature_more_than_equal ... ok
[INFO] [stdout] test modifier::recurring_tx::tests::advance_date_yearly_clamps_leap_day ... ok
[INFO] [stdout] test utils::tests::test_parse_amount_nature_less_than ... ok
[INFO] [stdout] test utils::tests::test_parse_amount_nature_less_than_equal ... ok
[INFO] [stdout] test utils::tests::test_parse_amount_nature_more_than ... ok
[INFO] [stdout] 
[INFO] [stdout] test result: ok. 35 passed; 0 failed; 0 ignored; 0 measured; 0 filtered out; finished in 0.01s
[INFO] [stdout] 
[INFO] [stdout] 
[INFO] [stdout] running 5 tests
[INFO] [stdout] test activity_view_empty ... FAILED
[INFO] [stdout] test activity_view_after_add_tx ... FAILED
[INFO] [stdout] test activity_view_position_swap_has_extra_field ... FAILED
[INFO] [stdout] test activity_view_get_table_returns_formatted ... FAILED
[INFO] [stdout] test activity_view_edit_has_extra_field ... FAILED
[INFO] [stdout] 
[INFO] [stdout] failures:
[INFO] [stdout] 
[INFO] [stdout] ---- activity_view_empty stdout ----
[INFO] [stdout] 
[INFO] [stdout] thread 'activity_view_empty' (1467) panicked at /opt/rustwide/cargo-home/registry/src/index.crates.io-1949cf8c6b5b557f/rex-db-0.3.1/src/lib.rs:97:45:
[INFO] [stdout] Failed to create connection to database: BadConnection("unable to open database file")
[INFO] [stdout] stack backtrace:
[INFO] [stdout]    0:     0x5910086e9301 - <<std[617be2ca0a6fd877]::sys::backtrace::BacktraceLock>::print::DisplayBacktrace as core[a373ad73a504971]::fmt::Display>::fmt
[INFO] [stdout]    1:     0x5910086fe39a - core[a373ad73a504971]::fmt::write
[INFO] [stdout]    2:     0x5910086eda1c - <alloc[2e1b2a31b91974c5]::vec::Vec<u8> as core[a373ad73a504971]::io::write::Write>::write_fmt
[INFO] [stdout]    3:     0x5910086c46a6 - std[617be2ca0a6fd877]::panicking::default_hook::{closure#0}
[INFO] [stdout]    4:     0x5910086e1009 - std[617be2ca0a6fd877]::panicking::default_hook
[INFO] [stdout]    5:     0x59100844f800 - test[aada8e7e76ba119b]::test_main_inner::{closure#0}
[INFO] [stdout]    6:     0x5910086e11c2 - std[617be2ca0a6fd877]::panicking::panic_with_hook
[INFO] [stdout]    7:     0x5910086c4752 - std[617be2ca0a6fd877]::panicking::panic_handler::{closure#0}
[INFO] [stdout]    8:     0x5910086bcc99 - std[617be2ca0a6fd877]::sys::backtrace::__rust_end_short_backtrace::<std[617be2ca0a6fd877]::panicking::panic_handler::{closure#0}, !>
[INFO] [stdout]    9:     0x5910086c546d - __rustc[ea4f61d10b84890b]::rust_begin_unwind
[INFO] [stdout]   10:     0x5910086feafc - core[a373ad73a504971]::panicking::panic_fmt
[INFO] [stdout]   11:     0x5910086fe8d2 - core[a373ad73a504971]::result::unwrap_failed
[INFO] [stdout]   12:     0x5910084e556e - rex_db[87e60c080b9c4610]::get_connection
[INFO] [stdout]   13:     0x591008486352 - <rex_app[3f9ff50a5de0da31]::conn::DbConn>::new
[INFO] [stdout]   14:     0x591008442382 - activity_view[936a2e850939315c]::common::create_test_db
[INFO] [stdout]   15:     0x59100843eb10 - <activity_view[936a2e850939315c]::activity_view_empty::{closure#0} as core[a373ad73a504971]::ops::function::FnOnce<()>>::call_once
[INFO] [stdout]   16:     0x591008442c4b - test[aada8e7e76ba119b]::__rust_begin_short_backtrace::<core[a373ad73a504971]::result::Result<(), alloc[2e1b2a31b91974c5]::string::String>, fn() -> core[a373ad73a504971]::result::Result<(), alloc[2e1b2a31b91974c5]::string::String>>
[INFO] [stdout]   17:     0x59100844fe25 - test[aada8e7e76ba119b]::run_test::{closure#0}
[INFO] [stdout]   18:     0x591008449714 - std[617be2ca0a6fd877]::sys::backtrace::__rust_begin_short_backtrace::<test[aada8e7e76ba119b]::run_test::{closure#1}, ()>
[INFO] [stdout]   19:     0x591008452eb2 - <std[617be2ca0a6fd877]::thread::lifecycle::spawn_unchecked<test[aada8e7e76ba119b]::run_test::{closure#1}, ()>::{closure#1} as core[a373ad73a504971]::ops::function::FnOnce<()>>::call_once::{shim:vtable#0}
[INFO] [stdout]   20:     0x5910086e84ef - <std[617be2ca0a6fd877]::sys::thread::unix::Thread>::new::thread_start
[INFO] [stdout]   21:     0x7bcff0630dfa - <unknown>
[INFO] [stdout]   22:     0x7bcff06c43d4 - clone
[INFO] [stdout]   23:                0x0 - <unknown>
[INFO] [stdout] 
[INFO] [stdout] ---- activity_view_after_add_tx stdout ----
[INFO] [stdout] 
[INFO] [stdout] thread 'activity_view_after_add_tx' (1465) panicked at /opt/rustwide/cargo-home/registry/src/index.crates.io-1949cf8c6b5b557f/rex-db-0.3.1/src/lib.rs:97:45:
[INFO] [stdout] Failed to create connection to database: BadConnection("unable to open database file")
[INFO] [stdout] stack backtrace:
[INFO] [stdout]    0:     0x5910086e9301 - <<std[617be2ca0a6fd877]::sys::backtrace::BacktraceLock>::print::DisplayBacktrace as core[a373ad73a504971]::fmt::Display>::fmt
[INFO] [stdout]    1:     0x5910086fe39a - core[a373ad73a504971]::fmt::write
[INFO] [stdout]    2:     0x5910086eda1c - <alloc[2e1b2a31b91974c5]::vec::Vec<u8> as core[a373ad73a504971]::io::write::Write>::write_fmt
[INFO] [stdout]    3:     0x5910086c46a6 - std[617be2ca0a6fd877]::panicking::default_hook::{closure#0}
[INFO] [stdout]    4:     0x5910086e1009 - std[617be2ca0a6fd877]::panicking::default_hook
[INFO] [stdout]    5:     0x59100844f800 - test[aada8e7e76ba119b]::test_main_inner::{closure#0}
[INFO] [stdout]    6:     0x5910086e11c2 - std[617be2ca0a6fd877]::panicking::panic_with_hook
[INFO] [stdout]    7:     0x5910086c4752 - std[617be2ca0a6fd877]::panicking::panic_handler::{closure#0}
[INFO] [stdout]    8:     0x5910086bcc99 - std[617be2ca0a6fd877]::sys::backtrace::__rust_end_short_backtrace::<std[617be2ca0a6fd877]::panicking::panic_handler::{closure#0}, !>
[INFO] [stdout]    9:     0x5910086c546d - __rustc[ea4f61d10b84890b]::rust_begin_unwind
[INFO] [stdout]   10:     0x5910086feafc - core[a373ad73a504971]::panicking::panic_fmt
[INFO] [stdout]   11:     0x5910086fe8d2 - core[a373ad73a504971]::result::unwrap_failed
[INFO] [stdout]   12:     0x5910084e556e - rex_db[87e60c080b9c4610]::get_connection
[INFO] [stdout]   13:     0x591008486352 - <rex_app[3f9ff50a5de0da31]::conn::DbConn>::new
[INFO] [stdout]   14:     0x591008442382 - activity_view[936a2e850939315c]::common::create_test_db
[INFO] [stdout]   15:     0x59100843ef52 - <activity_view[936a2e850939315c]::activity_view_after_add_tx::{closure#0} as core[a373ad73a504971]::ops::function::FnOnce<()>>::call_once
[INFO] [stdout]   16:     0x591008442c4b - test[aada8e7e76ba119b]::__rust_begin_short_backtrace::<core[a373ad73a504971]::result::Result<(), alloc[2e1b2a31b91974c5]::string::String>, fn() -> core[a373ad73a504971]::result::Result<(), alloc[2e1b2a31b91974c5]::string::String>>
[INFO] [stdout]   17:     0x59100844fe25 - test[aada8e7e76ba119b]::run_test::{closure#0}
[INFO] [stdout]   18:     0x591008449714 - std[617be2ca0a6fd877]::sys::backtrace::__rust_begin_short_backtrace::<test[aada8e7e76ba119b]::run_test::{closure#1}, ()>
[INFO] [stdout]   19:     0x591008452eb2 - <std[617be2ca0a6fd877]::thread::lifecycle::spawn_unchecked<test[aada8e7e76ba119b]::run_test::{closure#1}, ()>::{closure#1} as core[a373ad73a504971]::ops::function::FnOnce<()>>::call_once::{shim:vtable#0}
[INFO] [stdout]   20:     0x5910086e84ef - <std[617be2ca0a6fd877]::sys::thread::unix::Thread>::new::thread_start
[INFO] [stdout]   21:     0x7bcff0630dfa - <unknown>
[INFO] [stdout]   22:     0x7bcff06c43d4 - clone
[INFO] [stdout]   23:                0x0 - <unknown>
[INFO] [stdout] 
[INFO] [stdout] ---- activity_view_position_swap_has_extra_field stdout ----
[INFO] [stdout] 
[INFO] [stdout] thread 'activity_view_position_swap_has_extra_field' (1469) panicked at /opt/rustwide/cargo-home/registry/src/index.crates.io-1949cf8c6b5b557f/rex-db-0.3.1/src/lib.rs:97:45:
[INFO] [stdout] Failed to create connection to database: BadConnection("unable to open database file")
[INFO] [stdout] stack backtrace:
[INFO] [stdout]    0:     0x5910086e9301 - <<std[617be2ca0a6fd877]::sys::backtrace::BacktraceLock>::print::DisplayBacktrace as core[a373ad73a504971]::fmt::Display>::fmt
[INFO] [stdout]    1:     0x5910086fe39a - core[a373ad73a504971]::fmt::write
[INFO] [stdout]    2:     0x5910086eda1c - <alloc[2e1b2a31b91974c5]::vec::Vec<u8> as core[a373ad73a504971]::io::write::Write>::write_fmt
[INFO] [stdout]    3:     0x5910086c46a6 - std[617be2ca0a6fd877]::panicking::default_hook::{closure#0}
[INFO] [stdout]    4:     0x5910086e1009 - std[617be2ca0a6fd877]::panicking::default_hook
[INFO] [stdout]    5:     0x59100844f800 - test[aada8e7e76ba119b]::test_main_inner::{closure#0}
[INFO] [stdout]    6:     0x5910086e11c2 - std[617be2ca0a6fd877]::panicking::panic_with_hook
[INFO] [stdout]    7:     0x5910086c4752 - std[617be2ca0a6fd877]::panicking::panic_handler::{closure#0}
[INFO] [stdout]    8:     0x5910086bcc99 - std[617be2ca0a6fd877]::sys::backtrace::__rust_end_short_backtrace::<std[617be2ca0a6fd877]::panicking::panic_handler::{closure#0}, !>
[INFO] [stdout]    9:     0x5910086c546d - __rustc[ea4f61d10b84890b]::rust_begin_unwind
[INFO] [stdout]   10:     0x5910086feafc - core[a373ad73a504971]::panicking::panic_fmt
[INFO] [stdout]   11:     0x5910086fe8d2 - core[a373ad73a504971]::result::unwrap_failed
[INFO] [stdout]   12:     0x5910084e556e - rex_db[87e60c080b9c4610]::get_connection
[INFO] [stdout]   13:     0x591008486352 - <rex_app[3f9ff50a5de0da31]::conn::DbConn>::new
[INFO] [stdout]   14:     0x591008442382 - activity_view[936a2e850939315c]::common::create_test_db
[INFO] [stdout]   15:     0x591008440870 - <activity_view[936a2e850939315c]::activity_view_position_swap_has_extra_field::{closure#0} as core[a373ad73a504971]::ops::function::FnOnce<()>>::call_once
[INFO] [stdout]   16:     0x591008442c4b - test[aada8e7e76ba119b]::__rust_begin_short_backtrace::<core[a373ad73a504971]::result::Result<(), alloc[2e1b2a31b91974c5]::string::String>, fn() -> core[a373ad73a504971]::result::Result<(), alloc[2e1b2a31b91974c5]::string::String>>
[INFO] [stdout]   17:     0x59100844fe25 - test[aada8e7e76ba119b]::run_test::{closure#0}
[INFO] [stdout]   18:     0x591008449714 - std[617be2ca0a6fd877]::sys::backtrace::__rust_begin_short_backtrace::<test[aada8e7e76ba119b]::run_test::{closure#1}, ()>
[INFO] [stdout]   19:     0x591008452eb2 - <std[617be2ca0a6fd877]::thread::lifecycle::spawn_unchecked<test[aada8e7e76ba119b]::run_test::{closure#1}, ()>::{closure#1} as core[a373ad73a504971]::ops::function::FnOnce<()>>::call_once::{shim:vtable#0}
[INFO] [stdout]   20:     0x5910086e84ef - <std[617be2ca0a6fd877]::sys::thread::unix::Thread>::new::thread_start
[INFO] [stdout]   21:     0x7bcff0630dfa - <unknown>
[INFO] [stdout]   22:     0x7bcff06c43d4 - clone
[INFO] [stdout]   23:                0x0 - <unknown>
[INFO] [stdout] 
[INFO] [stdout] ---- activity_view_get_table_returns_formatted stdout ----
[INFO] [stdout] 
[INFO] [stdout] thread 'activity_view_get_table_returns_formatted' (1468) panicked at /opt/rustwide/cargo-home/registry/src/index.crates.io-1949cf8c6b5b557f/rex-db-0.3.1/src/lib.rs:97:45:
[INFO] [stdout] Failed to create connection to database: BadConnection("unable to open database file")
[INFO] [stdout] stack backtrace:
[INFO] [stdout]    0:     0x5910086e9301 - <<std[617be2ca0a6fd877]::sys::backtrace::BacktraceLock>::print::DisplayBacktrace as core[a373ad73a504971]::fmt::Display>::fmt
[INFO] [stdout]    1:     0x5910086fe39a - core[a373ad73a504971]::fmt::write
[INFO] [stdout]    2:     0x5910086eda1c - <alloc[2e1b2a31b91974c5]::vec::Vec<u8> as core[a373ad73a504971]::io::write::Write>::write_fmt
[INFO] [stdout]    3:     0x5910086c46a6 - std[617be2ca0a6fd877]::panicking::default_hook::{closure#0}
[INFO] [stdout]    4:     0x5910086e1009 - std[617be2ca0a6fd877]::panicking::default_hook
[INFO] [stdout]    5:     0x59100844f800 - test[aada8e7e76ba119b]::test_main_inner::{closure#0}
[INFO] [stdout]    6:     0x5910086e11c2 - std[617be2ca0a6fd877]::panicking::panic_with_hook
[INFO] [stdout]    7:     0x5910086c4752 - std[617be2ca0a6fd877]::panicking::panic_handler::{closure#0}
[INFO] [stdout]    8:     0x5910086bcc99 - std[617be2ca0a6fd877]::sys::backtrace::__rust_end_short_backtrace::<std[617be2ca0a6fd877]::panicking::panic_handler::{closure#0}, !>
[INFO] [stdout]    9:     0x5910086c546d - __rustc[ea4f61d10b84890b]::rust_begin_unwind
[INFO] [stdout]   10:     0x5910086feafc - core[a373ad73a504971]::panicking::panic_fmt
[INFO] [stdout]   11:     0x5910086fe8d2 - core[a373ad73a504971]::result::unwrap_failed
[INFO] [stdout]   12:     0x5910084e556e - rex_db[87e60c080b9c4610]::get_connection
[INFO] [stdout]   13:     0x591008486352 - <rex_app[3f9ff50a5de0da31]::conn::DbConn>::new
[INFO] [stdout]   14:     0x591008442382 - activity_view[936a2e850939315c]::common::create_test_db
[INFO] [stdout]   15:     0x59100843ffe0 - <activity_view[936a2e850939315c]::activity_view_get_table_returns_formatted::{closure#0} as core[a373ad73a504971]::ops::function::FnOnce<()>>::call_once
[INFO] [stdout]   16:     0x591008442c4b - test[aada8e7e76ba119b]::__rust_begin_short_backtrace::<core[a373ad73a504971]::result::Result<(), alloc[2e1b2a31b91974c5]::string::String>, fn() -> core[a373ad73a504971]::result::Result<(), alloc[2e1b2a31b91974c5]::string::String>>
[INFO] [stdout]   17:     0x59100844fe25 - test[aada8e7e76ba119b]::run_test::{closure#0}
[INFO] [stdout]   18:     0x591008449714 - std[617be2ca0a6fd877]::sys::backtrace::__rust_begin_short_backtrace::<test[aada8e7e76ba119b]::run_test::{closure#1}, ()>
[INFO] [stdout]   19:     0x591008452eb2 - <std[617be2ca0a6fd877]::thread::lifecycle::spawn_unchecked<test[aada8e7e76ba119b]::run_test::{closure#1}, ()>::{closure#1} as core[a373ad73a504971]::ops::function::FnOnce<()>>::call_once::{shim:vtable#0}
[INFO] [stdout]   20:     0x5910086e84ef - <std[617be2ca0a6fd877]::sys::thread::unix::Thread>::new::thread_start
[INFO] [stdout]   21:     0x7bcff0630dfa - <unknown>
[INFO] [stdout]   22:     0x7bcff06c43d4 - clone
[INFO] [stdout]   23:                0x0 - <unknown>
[INFO] [stdout] 
[INFO] [stdout] ---- activity_view_edit_has_extra_field stdout ----
[INFO] [stdout] 
[INFO] [stdout] thread 'activity_view_edit_has_extra_field' (1466) panicked at /opt/rustwide/cargo-home/registry/src/index.crates.io-1949cf8c6b5b557f/rex-db-0.3.1/src/lib.rs:97:45:
[INFO] [stdout] Failed to create connection to database: BadConnection("unable to open database file")
[INFO] [stdout] stack backtrace:
[INFO] [stdout]    0:     0x5910086e9301 - <<std[617be2ca0a6fd877]::sys::backtrace::BacktraceLock>::print::DisplayBacktrace as core[a373ad73a504971]::fmt::Display>::fmt
[INFO] [stdout]    1:     0x5910086fe39a - core[a373ad73a504971]::fmt::write
[INFO] [stdout]    2:     0x5910086eda1c - <alloc[2e1b2a31b91974c5]::vec::Vec<u8> as core[a373ad73a504971]::io::write::Write>::write_fmt
[INFO] [stdout]    3:     0x5910086c46a6 - std[617be2ca0a6fd877]::panicking::default_hook::{closure#0}
[INFO] [stdout]    4:     0x5910086e1009 - std[617be2ca0a6fd877]::panicking::default_hook
[INFO] [stdout]    5:     0x59100844f800 - test[aada8e7e76ba119b]::test_main_inner::{closure#0}
[INFO] [stdout]    6:     0x5910086e11c2 - std[617be2ca0a6fd877]::panicking::panic_with_hook
[INFO] [stdout]    7:     0x5910086c4752 - std[617be2ca0a6fd877]::panicking::panic_handler::{closure#0}
[INFO] [stdout]    8:     0x5910086bcc99 - std[617be2ca0a6fd877]::sys::backtrace::__rust_end_short_backtrace::<std[617be2ca0a6fd877]::panicking::panic_handler::{closure#0}, !>
[INFO] [stdout]    9:     0x5910086c546d - __rustc[ea4f61d10b84890b]::rust_begin_unwind
[INFO] [stdout]   10:     0x5910086feafc - core[a373ad73a504971]::panicking::panic_fmt
[INFO] [stdout]   11:     0x5910086fe8d2 - core[a373ad73a504971]::result::unwrap_failed
[INFO] [stdout]   12:     0x5910084e556e - rex_db[87e60c080b9c4610]::get_connection
[INFO] [stdout]   13:     0x591008486352 - <rex_app[3f9ff50a5de0da31]::conn::DbConn>::new
[INFO] [stdout]   14:     0x591008442382 - activity_view[936a2e850939315c]::common::create_test_db
[INFO] [stdout]   15:     0x59100843f692 - <activity_view[936a2e850939315c]::activity_view_edit_has_extra_field::{closure#0} as core[a373ad73a504971]::ops::function::FnOnce<()>>::call_once
[INFO] [stdout]   16:     0x591008442c4b - test[aada8e7e76ba119b]::__rust_begin_short_backtrace::<core[a373ad73a504971]::result::Result<(), alloc[2e1b2a31b91974c5]::string::String>, fn() -> core[a373ad73a504971]::result::Result<(), alloc[2e1b2a31b91974c5]::string::String>>
[INFO] [stdout]   17:     0x59100844fe25 - test[aada8e7e76ba119b]::run_test::{closure#0}
[INFO] [stdout]   18:     0x591008449714 - std[617be2ca0a6fd877]::sys::backtrace::__rust_begin_short_backtrace::<test[aada8e7e76ba119b]::run_test::{closure#1}, ()>
[INFO] [stdout]   19:     0x591008452eb2 - <std[617be2ca0a6fd877]::thread::lifecycle::spawn_unchecked<test[aada8e7e76ba119b]::run_test::{closure#1}, ()>::{closure#1} as core[a373ad73a504971]::ops::function::FnOnce<()>>::call_once::{shim:vtable#0}
[INFO] [stdout]   20:     0x5910086e84ef - <std[617be2ca0a6fd877]::sys::thread::unix::Thread>::new::thread_start
[INFO] [stdout]   21:     0x7bcff0630dfa - <unknown>
[INFO] [stdout]   22:     0x7bcff06c43d4 - clone
[INFO] [stdout]   23:                0x0 - <unknown>
[INFO] [stdout] 
[INFO] [stdout] 
[INFO] [stdout] failures:
[INFO] [stdout]     activity_view_after_add_tx
[INFO] [stdout]     activity_view_edit_has_extra_field
[INFO] [stdout]     activity_view_empty
[INFO] [stdout]     activity_view_get_table_returns_formatted
[INFO] [stdout]     activity_view_position_swap_has_extra_field
[INFO] [stdout] 
[INFO] [stdout] test result: FAILED. 0 passed; 5 failed; 0 ignored; 0 measured; 0 filtered out; finished in 0.01s
[INFO] [stdout] 
[INFO] [stderr] error: test failed, to rerun pass `--test activity_view`
[INFO] running `Command { std: "docker" "inspect" "fca2942e9bffb2b9023709c08ddd4e13350feca31534b4adeeb705b82b87ad8d", kill_on_drop: false }`
[INFO] running `Command { std: "docker" "rm" "-f" "fca2942e9bffb2b9023709c08ddd4e13350feca31534b4adeeb705b82b87ad8d", kill_on_drop: false }`
[INFO] [stdout] fca2942e9bffb2b9023709c08ddd4e13350feca31534b4adeeb705b82b87ad8d
