[INFO] fetching crate rewriter 2.1.0...
[INFO] testing rewriter-2.1.0 against 1.99.0-beta.8+cargoflags=--release for beta-release-1.100-2
[INFO] extracting crate rewriter 2.1.0 into /workspace/builds/worker-0-tc1/source
[INFO] started tweaking crates.io crate rewriter 2.1.0
[INFO] removed 0 missing tests
[INFO] finished tweaking crates.io crate rewriter 2.1.0
[INFO] tweaked toml for crates.io crate rewriter 2.1.0 written to /workspace/builds/worker-0-tc1/source/Cargo.toml
[INFO] validating manifest of crates.io crate rewriter 2.1.0 on toolchain 1.99.0-beta.8
[INFO] running `Command { std: CARGO_HOME="/workspace/cargo-home" RUSTUP_HOME="/workspace/rustup-home" "/workspace/cargo-home/bin/cargo" "+1.99.0-beta.8" "metadata" "--manifest-path" "Cargo.toml" "--no-deps", kill_on_drop: false }`
[INFO] crate crates.io crate rewriter 2.1.0 already has a lockfile, it will not be regenerated
[INFO] running `Command { std: CARGO_HOME="/workspace/cargo-home" RUSTUP_HOME="/workspace/rustup-home" "/workspace/cargo-home/bin/cargo" "+1.99.0-beta.8" "fetch" "--manifest-path" "Cargo.toml", kill_on_drop: false }`
[INFO] [stderr] warning: Cargo.toml: `lints.clippy.missing-errors-doc` is deprecated in favor of `lints.clippy.missing_errors_doc` and will not work in a future edition
[INFO] [stderr] warning: Cargo.toml: `lints.clippy.missing-panics-doc` is deprecated in favor of `lints.clippy.missing_panics_doc` and will not work in a future edition
[INFO] [stderr] warning: Cargo.toml: `lints.clippy.struct-field-names` is deprecated in favor of `lints.clippy.struct_field_names` and will not work in a future edition
[INFO] [stderr] warning: `rewriter` (manifest) generated 3 warnings
[INFO] running `Command { std: "docker" "create" "-v" "/var/lib/crater-agent-workspace/builds/worker-0-tc1/source:/opt/rustwide/workdir:ro,Z" "-v" "/var/lib/crater-agent-workspace/builds/worker-0-tc1/target:/opt/rustwide/target:rw,Z" "-v" "/var/lib/crater-agent-workspace/cargo-home:/opt/rustwide/cargo-home:ro,Z" "-v" "/var/lib/crater-agent-workspace/rustup-home:/opt/rustwide/rustup-home:ro,Z" "-m" "1610612736" "--network" "none" "ghcr.io/rust-lang/crates-build-env/linux@sha256:77db811e55d90add9212f6832c23229e3de5f1c1f9905e8cb07319ea15df73ac" "sleep" "infinity", kill_on_drop: false }`
[INFO] [stdout] aa3eb3b7cacc1cb8a8d5340a72e38318c26b5d2f5253856cb888feb4a276a74c
[INFO] running `Command { std: "docker" "start" "aa3eb3b7cacc1cb8a8d5340a72e38318c26b5d2f5253856cb888feb4a276a74c", kill_on_drop: false }`
[INFO] running `Command { std: "docker" "inspect" "aa3eb3b7cacc1cb8a8d5340a72e38318c26b5d2f5253856cb888feb4a276a74c", kill_on_drop: false }`
[INFO] running `Command { std: "docker" "exec" "-e" "SOURCE_DIR=/opt/rustwide/workdir" "-e" "CARGO_HOME=/opt/rustwide/cargo-home" "-e" "RUSTUP_HOME=/opt/rustwide/rustup-home" "-e" "CARGO_TARGET_DIR=/opt/rustwide/target" "-w" "/opt/rustwide/workdir" "--user" "0:0" "aa3eb3b7cacc1cb8a8d5340a72e38318c26b5d2f5253856cb888feb4a276a74c" "/opt/rustwide/cargo-home/bin/cargo" "+1.99.0-beta.8" "metadata" "--no-deps" "--format-version=1", kill_on_drop: false }`
[INFO] running `Command { std: "docker" "inspect" "aa3eb3b7cacc1cb8a8d5340a72e38318c26b5d2f5253856cb888feb4a276a74c", kill_on_drop: false }`
[INFO] running `Command { std: "docker" "exec" "-e" "SOURCE_DIR=/opt/rustwide/workdir" "-e" "CARGO_HOME=/opt/rustwide/cargo-home" "-e" "RUSTUP_HOME=/opt/rustwide/rustup-home" "-e" "CARGO_TARGET_DIR=/opt/rustwide/target" "-e" "CARGO_INCREMENTAL=0" "-e" "RUST_BACKTRACE=full" "-e" "RUSTFLAGS=--cap-lints=warn" "-e" "RUSTDOCFLAGS=--cap-lints=warn" "-w" "/opt/rustwide/workdir" "--user" "0:0" "aa3eb3b7cacc1cb8a8d5340a72e38318c26b5d2f5253856cb888feb4a276a74c" "/opt/rustwide/cargo-home/bin/cargo" "+1.99.0-beta.8" "build" "--frozen" "--message-format=json" "--release", kill_on_drop: false }`
[INFO] [stderr] warning: Cargo.toml: `lints.clippy.missing-errors-doc` is deprecated in favor of `lints.clippy.missing_errors_doc` and will not work in a future edition
[INFO] [stderr] warning: Cargo.toml: `lints.clippy.missing-panics-doc` is deprecated in favor of `lints.clippy.missing_panics_doc` and will not work in a future edition
[INFO] [stderr] warning: Cargo.toml: `lints.clippy.struct-field-names` is deprecated in favor of `lints.clippy.struct_field_names` and will not work in a future edition
[INFO] [stderr] warning: `rewriter` (manifest) generated 3 warnings
[INFO] [stderr]    Compiling libc v0.2.189
[INFO] [stderr]    Compiling rustix v1.1.4
[INFO] [stderr]    Compiling linux-raw-sys v0.12.1
[INFO] [stderr]    Compiling bitflags v2.13.1
[INFO] [stderr]    Compiling fastrand v2.5.0
[INFO] [stderr]    Compiling once_cell v1.21.4
[INFO] [stderr]    Compiling getrandom v0.4.3
[INFO] [stderr]    Compiling tempfile v3.27.0
[INFO] [stderr]    Compiling rewriter v2.1.0 (/opt/rustwide/workdir)
[INFO] [stderr]     Finished `release` profile [optimized] target(s) in 5.16s
[INFO] running `Command { std: "docker" "inspect" "aa3eb3b7cacc1cb8a8d5340a72e38318c26b5d2f5253856cb888feb4a276a74c", kill_on_drop: false }`
[INFO] running `Command { std: "docker" "exec" "-e" "SOURCE_DIR=/opt/rustwide/workdir" "-e" "CARGO_HOME=/opt/rustwide/cargo-home" "-e" "RUSTUP_HOME=/opt/rustwide/rustup-home" "-e" "CARGO_TARGET_DIR=/opt/rustwide/target" "-e" "CARGO_INCREMENTAL=0" "-e" "RUST_BACKTRACE=full" "-e" "RUSTFLAGS=--cap-lints=warn" "-e" "RUSTDOCFLAGS=--cap-lints=warn" "-w" "/opt/rustwide/workdir" "--user" "0:0" "aa3eb3b7cacc1cb8a8d5340a72e38318c26b5d2f5253856cb888feb4a276a74c" "/opt/rustwide/cargo-home/bin/cargo" "+1.99.0-beta.8" "test" "--frozen" "--no-run" "--message-format=json" "--release", kill_on_drop: false }`
[INFO] [stderr] warning: Cargo.toml: `lints.clippy.missing-errors-doc` is deprecated in favor of `lints.clippy.missing_errors_doc` and will not work in a future edition
[INFO] [stderr] warning: Cargo.toml: `lints.clippy.missing-panics-doc` is deprecated in favor of `lints.clippy.missing_panics_doc` and will not work in a future edition
[INFO] [stderr] warning: Cargo.toml: `lints.clippy.struct-field-names` is deprecated in favor of `lints.clippy.struct_field_names` and will not work in a future edition
[INFO] [stderr] warning: `rewriter` (manifest) generated 3 warnings
[INFO] [stderr]    Compiling predicates-core v1.0.10
[INFO] [stderr]    Compiling difflib v0.4.0
[INFO] [stderr]    Compiling termtree v0.5.1
[INFO] [stderr]    Compiling anstyle v1.0.14
[INFO] [stderr]    Compiling assert_cmd v2.2.2
[INFO] [stderr]    Compiling aho-corasick v1.1.5
[INFO] [stderr]    Compiling getrandom v0.4.3
[INFO] [stderr]    Compiling wait-timeout v0.2.1
[INFO] [stderr]    Compiling tempfile v3.27.0
[INFO] [stderr]    Compiling predicates-tree v1.0.13
[INFO] [stderr]    Compiling predicates v3.1.4
[INFO] [stderr]    Compiling rewriter v2.1.0 (/opt/rustwide/workdir)
[INFO] [stderr]    Compiling regex-automata v0.4.18
[INFO] [stderr]    Compiling bstr v1.13.1
[INFO] [stderr]    Compiling regex v1.13.1
[INFO] [stderr]     Finished `release` profile [optimized] target(s) in 18.25s
[INFO] running `Command { std: "docker" "inspect" "aa3eb3b7cacc1cb8a8d5340a72e38318c26b5d2f5253856cb888feb4a276a74c", kill_on_drop: false }`
[INFO] running `Command { std: "docker" "exec" "-e" "SOURCE_DIR=/opt/rustwide/workdir" "-e" "CARGO_HOME=/opt/rustwide/cargo-home" "-e" "RUSTUP_HOME=/opt/rustwide/rustup-home" "-e" "CARGO_TARGET_DIR=/opt/rustwide/target" "-e" "CARGO_INCREMENTAL=0" "-e" "RUST_BACKTRACE=full" "-e" "RUSTFLAGS=--cap-lints=warn" "-e" "RUSTDOCFLAGS=--cap-lints=warn" "-w" "/opt/rustwide/workdir" "--user" "0:0" "aa3eb3b7cacc1cb8a8d5340a72e38318c26b5d2f5253856cb888feb4a276a74c" "/opt/rustwide/cargo-home/bin/cargo" "+1.99.0-beta.8" "test" "--frozen" "--release", kill_on_drop: false }`
[INFO] [stderr] warning: Cargo.toml: `lints.clippy.missing-errors-doc` is deprecated in favor of `lints.clippy.missing_errors_doc` and will not work in a future edition
[INFO] [stderr] warning: Cargo.toml: `lints.clippy.missing-panics-doc` is deprecated in favor of `lints.clippy.missing_panics_doc` and will not work in a future edition
[INFO] [stderr] warning: Cargo.toml: `lints.clippy.struct-field-names` is deprecated in favor of `lints.clippy.struct_field_names` and will not work in a future edition
[INFO] [stderr] warning: `rewriter` (manifest) generated 3 warnings
[INFO] [stderr]     Finished `release` profile [optimized] target(s) in 0.06s
[INFO] [stderr]      Running unittests src/lib.rs (/opt/rustwide/target/release/deps/rewriter-ccd3a50806861e75)
[INFO] [stdout] 
[INFO] [stdout] running 8 tests
[INFO] [stdout] test backup::tests::file_attributes_are_preserved ... ok
[INFO] [stdout] test backup::tests::backup_is_readonly ... ok
[INFO] [stdout] test backup::tests::prefix_and_suffix ... ok
[INFO] [stdout] test backup::tests::disable_preserves_changes_and_removes_backup ... ok
[INFO] [stdout] test backup::tests::permission_changes_are_preserved ... ok
[INFO] [stdout] test backup::tests::mtime_is_updated ... ok
[INFO] [stdout] test backup::tests::backup_rejects_read_only_file ... ok
[INFO] [stdout] test backup::tests::sanity ... ok
[INFO] [stdout] 
[INFO] [stdout] test result: ok. 8 passed; 0 failed; 0 ignored; 0 measured; 0 filtered out; finished in 0.00s
[INFO] [stdout] 
[INFO] [stderr]      Running tests/ci.rs (/opt/rustwide/target/release/deps/ci-d3ddc27d796d4eec)
[INFO] [stdout] 
[INFO] [stdout] running 6 tests
[INFO] [stdout] test readme_reference_links_are_sorted ... ok
[INFO] [stdout] test readme_reference_links_are_used ... ok
[INFO] [stdout] test markdown_link_check ... FAILED
[INFO] [stdout] test hack_each_feature_udeps ... FAILED
[INFO] [stdout] test hack_each_feature_clippy ... FAILED
[INFO] [stdout] test dylint ... FAILED
[INFO] [stdout] 
[INFO] [stdout] failures:
[INFO] [stdout] 
[INFO] [stdout] ---- markdown_link_check stdout ----
[INFO] [stdout] 
[INFO] [stdout] thread 'markdown_link_check' (662) panicked at tests/ci.rs:51:10:
[INFO] [stdout] Failed to spawn cd "/tmp/.tmpDrQWd2" && "npm" "install" "markdown-link-check@3.11": No such file or directory (os error 2)
[INFO] [stdout] stack backtrace:
[INFO] [stdout]    0:     0x5b22da0a8361 - <<std[70759c8f55707aa4]::sys::backtrace::BacktraceLock>::print::DisplayBacktrace as core[df12db4294e9bfd3]::fmt::Display>::fmt
[INFO] [stdout]    1:     0x5b22da0bf30a - core[df12db4294e9bfd3]::fmt::write
[INFO] [stdout]    2:     0x5b22da0adcec - <alloc[2182bb758b4b3781]::vec::Vec<u8> as core[df12db4294e9bfd3]::io::write::Write>::write_fmt
[INFO] [stdout]    3:     0x5b22da082fe6 - std[70759c8f55707aa4]::panicking::default_hook::{closure#0}
[INFO] [stdout]    4:     0x5b22da09ffc9 - std[70759c8f55707aa4]::panicking::default_hook
[INFO] [stdout]    5:     0x5b22d9f6fcb0 - test[9d35eded1c95d3be]::test_main_inner::<test[9d35eded1c95d3be]::test_main_static::{closure#0}>::{closure#0}
[INFO] [stdout]    6:     0x5b22da0a0182 - std[70759c8f55707aa4]::panicking::panic_with_hook
[INFO] [stdout]    7:     0x5b22da083092 - std[70759c8f55707aa4]::panicking::panic_handler::{closure#0}
[INFO] [stdout]    8:     0x5b22da07bb69 - std[70759c8f55707aa4]::sys::backtrace::__rust_end_short_backtrace::<std[70759c8f55707aa4]::panicking::panic_handler::{closure#0}, !>
[INFO] [stdout]    9:     0x5b22da083c8d - __rustc[8fa7c3cbc660c2b3]::rust_begin_unwind
[INFO] [stdout]   10:     0x5b22da0bfaec - core[df12db4294e9bfd3]::panicking::panic_fmt
[INFO] [stdout]   11:     0x5b22d9fa7e55 - <&mut std[70759c8f55707aa4]::process::Command as assert_cmd[7f091b32669946f8]::assert::OutputAssertExt>::assert
[INFO] [stdout]   12:     0x5b22d9f5de6f - <ci[51611e4d80e7b1f3]::markdown_link_check::{closure#0} as core[df12db4294e9bfd3]::ops::function::FnOnce<()>>::call_once
[INFO] [stdout]   13:     0x5b22d9f62f9b - test[9d35eded1c95d3be]::__rust_begin_short_backtrace::<core[df12db4294e9bfd3]::result::Result<(), alloc[2182bb758b4b3781]::string::String>, fn() -> core[df12db4294e9bfd3]::result::Result<(), alloc[2182bb758b4b3781]::string::String>>
[INFO] [stdout]   14:     0x5b22d9f70605 - test[9d35eded1c95d3be]::run_test::{closure#0}
[INFO] [stdout]   15:     0x5b22d9f69ec4 - std[70759c8f55707aa4]::sys::backtrace::__rust_begin_short_backtrace::<test[9d35eded1c95d3be]::run_test::{closure#1}, ()>
[INFO] [stdout]   16:     0x5b22d9f73762 - <std[70759c8f55707aa4]::thread::lifecycle::spawn_unchecked<test[9d35eded1c95d3be]::run_test::{closure#1}, ()>::{closure#1} as core[df12db4294e9bfd3]::ops::function::FnOnce<()>>::call_once::{shim:vtable#0}
[INFO] [stdout]   17:     0x5b22da0a7849 - <std[70759c8f55707aa4]::sys::thread::unix::Thread>::new::thread_start
[INFO] [stdout]   18:     0x76bbf9f4ddfa - <unknown>
[INFO] [stdout]   19:     0x76bbf9fe13d4 - clone
[INFO] [stdout]   20:                0x0 - <unknown>
[INFO] [stdout] 
[INFO] [stdout] ---- hack_each_feature_udeps stdout ----
[INFO] [stdout] 
[INFO] [stdout] thread 'hack_each_feature_udeps' (661) panicked at tests/ci.rs:38:10:
[INFO] [stdout] Unexpected failure.
[INFO] [stdout] code=1
[INFO] [stdout] stderr=``````
[INFO] [stdout] error: toolchain \'nightly-x86_64-unknown-linux-gnu\' is not installed
[INFO] [stdout] help: run `rustup toolchain install nightly-x86_64-unknown-linux-gnu` to install it
[INFO] [stdout] ```
[INFO] [stdout] ```
[INFO] [stdout] command=`RUSTFLAGS="-D warnings" "rustup" "run" "nightly" "cargo" "hack" "--each-feature" "udeps" "--all-targets"`
[INFO] [stdout] code=1
[INFO] [stdout] stdout=""
[INFO] [stdout] stderr=```
[INFO] [stdout] error: toolchain \'nightly-x86_64-unknown-linux-gnu\' is not installed
[INFO] [stdout] help: run `rustup toolchain install nightly-x86_64-unknown-linux-gnu` to install it
[INFO] [stdout] ```
[INFO] [stdout] 
[INFO] [stdout] 
[INFO] [stdout] stack backtrace:
[INFO] [stdout]    0:     0x5b22da0a8361 - <<std[70759c8f55707aa4]::sys::backtrace::BacktraceLock>::print::DisplayBacktrace as core[df12db4294e9bfd3]::fmt::Display>::fmt
[INFO] [stdout]    1:     0x5b22da0bf30a - core[df12db4294e9bfd3]::fmt::write
[INFO] [stdout]    2:     0x5b22da0adcec - <alloc[2182bb758b4b3781]::vec::Vec<u8> as core[df12db4294e9bfd3]::io::write::Write>::write_fmt
[INFO] [stdout]    3:     0x5b22da082fe6 - std[70759c8f55707aa4]::panicking::default_hook::{closure#0}
[INFO] [stdout]    4:     0x5b22da09ffc9 - std[70759c8f55707aa4]::panicking::default_hook
[INFO] [stdout]    5:     0x5b22d9f6fcb0 - test[9d35eded1c95d3be]::test_main_inner::<test[9d35eded1c95d3be]::test_main_static::{closure#0}>::{closure#0}
[INFO] [stdout]    6:     0x5b22da0a0182 - std[70759c8f55707aa4]::panicking::panic_with_hook
[INFO] [stdout]    7:     0x5b22da083092 - std[70759c8f55707aa4]::panicking::panic_handler::{closure#0}
[INFO] [stdout]    8:     0x5b22da07bb69 - std[70759c8f55707aa4]::sys::backtrace::__rust_end_short_backtrace::<std[70759c8f55707aa4]::panicking::panic_handler::{closure#0}, !>
[INFO] [stdout]    9:     0x5b22da083c8d - __rustc[8fa7c3cbc660c2b3]::rust_begin_unwind
[INFO] [stdout]   10:     0x5b22da0bfaec - core[df12db4294e9bfd3]::panicking::panic_fmt
[INFO] [stdout]   11:     0x5b22d9fa6b8f - <assert_cmd[7f091b32669946f8]::assert::AssertError>::panic::<assert_cmd[7f091b32669946f8]::assert::Assert>
[INFO] [stdout]   12:     0x5b22d9fa6e99 - <assert_cmd[7f091b32669946f8]::assert::Assert>::success
[INFO] [stdout]   13:     0x5b22d9f5d24b - ci[51611e4d80e7b1f3]::hack_each_feature
[INFO] [stdout]   14:     0x5b22d9f5e125 - <ci[51611e4d80e7b1f3]::hack_each_feature_udeps::{closure#0} as core[df12db4294e9bfd3]::ops::function::FnOnce<()>>::call_once
[INFO] [stdout]   15:     0x5b22d9f62f9b - test[9d35eded1c95d3be]::__rust_begin_short_backtrace::<core[df12db4294e9bfd3]::result::Result<(), alloc[2182bb758b4b3781]::string::String>, fn() -> core[df12db4294e9bfd3]::result::Result<(), alloc[2182bb758b4b3781]::string::String>>
[INFO] [stdout]   16:     0x5b22d9f70605 - test[9d35eded1c95d3be]::run_test::{closure#0}
[INFO] [stdout]   17:     0x5b22d9f69ec4 - std[70759c8f55707aa4]::sys::backtrace::__rust_begin_short_backtrace::<test[9d35eded1c95d3be]::run_test::{closure#1}, ()>
[INFO] [stdout]   18:     0x5b22d9f73762 - <std[70759c8f55707aa4]::thread::lifecycle::spawn_unchecked<test[9d35eded1c95d3be]::run_test::{closure#1}, ()>::{closure#1} as core[df12db4294e9bfd3]::ops::function::FnOnce<()>>::call_once::{shim:vtable#0}
[INFO] [stdout]   19:     0x5b22da0a7849 - <std[70759c8f55707aa4]::sys::thread::unix::Thread>::new::thread_start
[INFO] [stdout]   20:     0x76bbf9f4ddfa - <unknown>
[INFO] [stdout]   21:     0x76bbf9fe13d4 - clone
[INFO] [stdout]   22:                0x0 - <unknown>
[INFO] [stdout] 
[INFO] [stdout] ---- hack_each_feature_clippy stdout ----
[INFO] [stdout] 
[INFO] [stdout] thread 'hack_each_feature_clippy' (660) panicked at tests/ci.rs:38:10:
[INFO] [stdout] Unexpected failure.
[INFO] [stdout] code=1
[INFO] [stdout] stderr=``````
[INFO] [stdout] error: toolchain \'nightly-x86_64-unknown-linux-gnu\' is not installed
[INFO] [stdout] help: run `rustup toolchain install nightly-x86_64-unknown-linux-gnu` to install it
[INFO] [stdout] ```
[INFO] [stdout] ```
[INFO] [stdout] command=`RUSTFLAGS="-D warnings" "rustup" "run" "nightly" "cargo" "hack" "--each-feature" "clippy" "--all-targets"`
[INFO] [stdout] code=1
[INFO] [stdout] stdout=""
[INFO] [stdout] stderr=```
[INFO] [stdout] error: toolchain \'nightly-x86_64-unknown-linux-gnu\' is not installed
[INFO] [stdout] help: run `rustup toolchain install nightly-x86_64-unknown-linux-gnu` to install it
[INFO] [stdout] ```
[INFO] [stdout] 
[INFO] [stdout] 
[INFO] [stdout] stack backtrace:
[INFO] [stdout]    0:     0x5b22da0a8361 - <<std[70759c8f55707aa4]::sys::backtrace::BacktraceLock>::print::DisplayBacktrace as core[df12db4294e9bfd3]::fmt::Display>::fmt
[INFO] [stdout]    1:     0x5b22da0bf30a - core[df12db4294e9bfd3]::fmt::write
[INFO] [stdout]    2:     0x5b22da0adcec - <alloc[2182bb758b4b3781]::vec::Vec<u8> as core[df12db4294e9bfd3]::io::write::Write>::write_fmt
[INFO] [stdout]    3:     0x5b22da082fe6 - std[70759c8f55707aa4]::panicking::default_hook::{closure#0}
[INFO] [stdout]    4:     0x5b22da09ffc9 - std[70759c8f55707aa4]::panicking::default_hook
[INFO] [stdout]    5:     0x5b22d9f6fcb0 - test[9d35eded1c95d3be]::test_main_inner::<test[9d35eded1c95d3be]::test_main_static::{closure#0}>::{closure#0}
[INFO] [stdout]    6:     0x5b22da0a0182 - std[70759c8f55707aa4]::panicking::panic_with_hook
[INFO] [stdout]    7:     0x5b22da083092 - std[70759c8f55707aa4]::panicking::panic_handler::{closure#0}
[INFO] [stdout]    8:     0x5b22da07bb69 - std[70759c8f55707aa4]::sys::backtrace::__rust_end_short_backtrace::<std[70759c8f55707aa4]::panicking::panic_handler::{closure#0}, !>
[INFO] [stdout]    9:     0x5b22da083c8d - __rustc[8fa7c3cbc660c2b3]::rust_begin_unwind
[INFO] [stdout]   10:     0x5b22da0bfaec - core[df12db4294e9bfd3]::panicking::panic_fmt
[INFO] [stdout]   11:     0x5b22d9fa6b8f - <assert_cmd[7f091b32669946f8]::assert::AssertError>::panic::<assert_cmd[7f091b32669946f8]::assert::Assert>
[INFO] [stdout]   12:     0x5b22d9fa6e99 - <assert_cmd[7f091b32669946f8]::assert::Assert>::success
[INFO] [stdout]   13:     0x5b22d9f5d24b - ci[51611e4d80e7b1f3]::hack_each_feature
[INFO] [stdout]   14:     0x5b22d9f5e155 - <ci[51611e4d80e7b1f3]::hack_each_feature_clippy::{closure#0} as core[df12db4294e9bfd3]::ops::function::FnOnce<()>>::call_once
[INFO] [stdout]   15:     0x5b22d9f62f9b - test[9d35eded1c95d3be]::__rust_begin_short_backtrace::<core[df12db4294e9bfd3]::result::Result<(), alloc[2182bb758b4b3781]::string::String>, fn() -> core[df12db4294e9bfd3]::result::Result<(), alloc[2182bb758b4b3781]::string::String>>
[INFO] [stdout]   16:     0x5b22d9f70605 - test[9d35eded1c95d3be]::run_test::{closure#0}
[INFO] [stdout]   17:     0x5b22d9f69ec4 - std[70759c8f55707aa4]::sys::backtrace::__rust_begin_short_backtrace::<test[9d35eded1c95d3be]::run_test::{closure#1}, ()>
[INFO] [stdout]   18:     0x5b22d9f73762 - <std[70759c8f55707aa4]::thread::lifecycle::spawn_unchecked<test[9d35eded1c95d3be]::run_test::{closure#1}, ()>::{closure#1} as core[df12db4294e9bfd3]::ops::function::FnOnce<()>>::call_once::{shim:vtable#0}
[INFO] [stdout]   19:     0x5b22da0a7849 - <std[70759c8f55707aa4]::sys::thread::unix::Thread>::new::thread_start
[INFO] [stdout]   20:     0x76bbf9f4ddfa - <unknown>
[INFO] [stdout]   21:     0x76bbf9fe13d4 - clone
[INFO] [stdout]   22:                0x0 - <unknown>
[INFO] [stdout] 
[INFO] [stdout] ---- dylint stdout ----
[INFO] [stdout] 
[INFO] [stdout] thread 'dylint' (659) panicked at tests/ci.rs:12:10:
[INFO] [stdout] Unexpected failure.
[INFO] [stdout] code=101
[INFO] [stdout] stderr=``````
[INFO] [stdout] error: no such command: `dylint`
[INFO] [stdout] 
[INFO] [stdout] help: view all installed commands with `cargo --list`
[INFO] [stdout] help: find a package to install `dylint` with `cargo search cargo-dylint`
[INFO] [stdout] ```
[INFO] [stdout] ```
[INFO] [stdout] command=`DYLINT_RUSTFLAGS="--deny warnings" "cargo" "dylint" "--all" "--" "--all-features" "--all-targets"`
[INFO] [stdout] code=101
[INFO] [stdout] stdout=""
[INFO] [stdout] stderr=```
[INFO] [stdout] error: no such command: `dylint`
[INFO] [stdout] 
[INFO] [stdout] help: view all installed commands with `cargo --list`
[INFO] [stdout] help: find a package to install `dylint` with `cargo search cargo-dylint`
[INFO] [stdout] ```
[INFO] [stdout] 
[INFO] [stdout] 
[INFO] [stdout] stack backtrace:
[INFO] [stdout]    0:     0x5b22da0a8361 - <<std[70759c8f55707aa4]::sys::backtrace::BacktraceLock>::print::DisplayBacktrace as core[df12db4294e9bfd3]::fmt::Display>::fmt
[INFO] [stdout]    1:     0x5b22da0bf30a - core[df12db4294e9bfd3]::fmt::write
[INFO] [stdout]    2:     0x5b22da0adcec - <alloc[2182bb758b4b3781]::vec::Vec<u8> as core[df12db4294e9bfd3]::io::write::Write>::write_fmt
[INFO] [stdout]    3:     0x5b22da082fe6 - std[70759c8f55707aa4]::panicking::default_hook::{closure#0}
[INFO] [stdout]    4:     0x5b22da09ffc9 - std[70759c8f55707aa4]::panicking::default_hook
[INFO] [stdout]    5:     0x5b22d9f6fcb0 - test[9d35eded1c95d3be]::test_main_inner::<test[9d35eded1c95d3be]::test_main_static::{closure#0}>::{closure#0}
[INFO] [stdout]    6:     0x5b22da0a0182 - std[70759c8f55707aa4]::panicking::panic_with_hook
[INFO] [stdout]    7:     0x5b22da083092 - std[70759c8f55707aa4]::panicking::panic_handler::{closure#0}
[INFO] [stdout]    8:     0x5b22da07bb69 - std[70759c8f55707aa4]::sys::backtrace::__rust_end_short_backtrace::<std[70759c8f55707aa4]::panicking::panic_handler::{closure#0}, !>
[INFO] [stdout]    9:     0x5b22da083c8d - __rustc[8fa7c3cbc660c2b3]::rust_begin_unwind
[INFO] [stdout]   10:     0x5b22da0bfaec - core[df12db4294e9bfd3]::panicking::panic_fmt
[INFO] [stdout]   11:     0x5b22d9fa6b8f - <assert_cmd[7f091b32669946f8]::assert::AssertError>::panic::<assert_cmd[7f091b32669946f8]::assert::Assert>
[INFO] [stdout]   12:     0x5b22d9fa6e99 - <assert_cmd[7f091b32669946f8]::assert::Assert>::success
[INFO] [stdout]   13:     0x5b22d9f5fe27 - <ci[51611e4d80e7b1f3]::dylint::{closure#0} as core[df12db4294e9bfd3]::ops::function::FnOnce<()>>::call_once
[INFO] [stdout]   14:     0x5b22d9f62f9b - test[9d35eded1c95d3be]::__rust_begin_short_backtrace::<core[df12db4294e9bfd3]::result::Result<(), alloc[2182bb758b4b3781]::string::String>, fn() -> core[df12db4294e9bfd3]::result::Result<(), alloc[2182bb758b4b3781]::string::String>>
[INFO] [stdout]   15:     0x5b22d9f70605 - test[9d35eded1c95d3be]::run_test::{closure#0}
[INFO] [stdout]   16:     0x5b22d9f69ec4 - std[70759c8f55707aa4]::sys::backtrace::__rust_begin_short_backtrace::<test[9d35eded1c95d3be]::run_test::{closure#1}, ()>
[INFO] [stdout]   17:     0x5b22d9f73762 - <std[70759c8f55707aa4]::thread::lifecycle::spawn_unchecked<test[9d35eded1c95d3be]::run_test::{closure#1}, ()>::{closure#1} as core[df12db4294e9bfd3]::ops::function::FnOnce<()>>::call_once::{shim:vtable#0}
[INFO] [stdout]   18:     0x5b22da0a7849 - <std[70759c8f55707aa4]::sys::thread::unix::Thread>::new::thread_start
[INFO] [stdout]   19:     0x76bbf9f4ddfa - <unknown>
[INFO] [stdout]   20:     0x76bbf9fe13d4 - clone
[INFO] [stdout]   21:                0x0 - <unknown>
[INFO] [stdout] 
[INFO] [stdout] 
[INFO] [stdout] failures:
[INFO] [stdout]     dylint
[INFO] [stdout]     hack_each_feature_clippy
[INFO] [stdout]     hack_each_feature_udeps
[INFO] [stdout]     markdown_link_check
[INFO] [stdout] 
[INFO] [stdout] test result: FAILED. 2 passed; 4 failed; 0 ignored; 0 measured; 0 filtered out; finished in 0.06s
[INFO] [stdout] 
[INFO] [stderr] error: test failed, to rerun pass `--test ci`
[INFO] running `Command { std: "docker" "inspect" "aa3eb3b7cacc1cb8a8d5340a72e38318c26b5d2f5253856cb888feb4a276a74c", kill_on_drop: false }`
[INFO] running `Command { std: "docker" "rm" "-f" "aa3eb3b7cacc1cb8a8d5340a72e38318c26b5d2f5253856cb888feb4a276a74c", kill_on_drop: false }`
[INFO] [stdout] aa3eb3b7cacc1cb8a8d5340a72e38318c26b5d2f5253856cb888feb4a276a74c
