[INFO] fetching crate revive-llvm-builder 1.3.0...
[INFO] testing revive-llvm-builder-1.3.0 against 1.100.0-beta.1+cargoflags=--release for beta-release-1.100-2
[INFO] extracting crate revive-llvm-builder 1.3.0 into /workspace/builds/worker-2-tc2/source
[INFO] started tweaking crates.io crate revive-llvm-builder 1.3.0
[INFO] removed 0 missing tests
[INFO] finished tweaking crates.io crate revive-llvm-builder 1.3.0
[INFO] tweaked toml for crates.io crate revive-llvm-builder 1.3.0 written to /workspace/builds/worker-2-tc2/source/Cargo.toml
[INFO] validating manifest of crates.io crate revive-llvm-builder 1.3.0 on toolchain 1.100.0-beta.1
[INFO] running `Command { std: CARGO_HOME="/workspace/cargo-home" RUSTUP_HOME="/workspace/rustup-home" "/workspace/cargo-home/bin/cargo" "+1.100.0-beta.1" "metadata" "--manifest-path" "Cargo.toml" "--no-deps", kill_on_drop: false }`
[INFO] crate crates.io crate revive-llvm-builder 1.3.0 already has a lockfile, it will not be regenerated
[INFO] running `Command { std: CARGO_HOME="/workspace/cargo-home" RUSTUP_HOME="/workspace/rustup-home" "/workspace/cargo-home/bin/cargo" "+1.100.0-beta.1" "fetch" "--manifest-path" "Cargo.toml", kill_on_drop: false }`
[INFO] running `Command { std: "docker" "create" "-v" "/var/lib/crater-agent-workspace/builds/worker-2-tc2/source:/opt/rustwide/workdir:ro,Z" "-v" "/var/lib/crater-agent-workspace/builds/worker-2-tc2/target:/opt/rustwide/target:rw,Z" "-v" "/var/lib/crater-agent-workspace/cargo-home:/opt/rustwide/cargo-home:ro,Z" "-v" "/var/lib/crater-agent-workspace/rustup-home:/opt/rustwide/rustup-home:ro,Z" "-m" "1610612736" "--network" "none" "ghcr.io/rust-lang/crates-build-env/linux@sha256:77db811e55d90add9212f6832c23229e3de5f1c1f9905e8cb07319ea15df73ac" "sleep" "infinity", kill_on_drop: false }`
[INFO] [stdout] f0dba9c49792a10e72d3a19817152308b2ac63d01f31b97afb519e934beca3c7
[INFO] running `Command { std: "docker" "start" "f0dba9c49792a10e72d3a19817152308b2ac63d01f31b97afb519e934beca3c7", kill_on_drop: false }`
[INFO] running `Command { std: "docker" "inspect" "f0dba9c49792a10e72d3a19817152308b2ac63d01f31b97afb519e934beca3c7", kill_on_drop: false }`
[INFO] running `Command { std: "docker" "exec" "-e" "SOURCE_DIR=/opt/rustwide/workdir" "-e" "CARGO_HOME=/opt/rustwide/cargo-home" "-e" "RUSTUP_HOME=/opt/rustwide/rustup-home" "-e" "CARGO_TARGET_DIR=/opt/rustwide/target" "-w" "/opt/rustwide/workdir" "--user" "0:0" "f0dba9c49792a10e72d3a19817152308b2ac63d01f31b97afb519e934beca3c7" "/opt/rustwide/cargo-home/bin/cargo" "+1.100.0-beta.1" "metadata" "--no-deps" "--format-version=1", kill_on_drop: false }`
[INFO] running `Command { std: "docker" "inspect" "f0dba9c49792a10e72d3a19817152308b2ac63d01f31b97afb519e934beca3c7", kill_on_drop: false }`
[INFO] running `Command { std: "docker" "exec" "-e" "SOURCE_DIR=/opt/rustwide/workdir" "-e" "CARGO_HOME=/opt/rustwide/cargo-home" "-e" "RUSTUP_HOME=/opt/rustwide/rustup-home" "-e" "CARGO_TARGET_DIR=/opt/rustwide/target" "-e" "CARGO_INCREMENTAL=0" "-e" "RUST_BACKTRACE=full" "-e" "RUSTFLAGS=--cap-lints=warn" "-e" "RUSTDOCFLAGS=--cap-lints=warn" "-w" "/opt/rustwide/workdir" "--user" "0:0" "f0dba9c49792a10e72d3a19817152308b2ac63d01f31b97afb519e934beca3c7" "/opt/rustwide/cargo-home/bin/cargo" "+1.100.0-beta.1" "build" "--frozen" "--message-format=json" "--release", kill_on_drop: false }`
[INFO] [stderr]    Compiling syn v2.0.117
[INFO] [stderr]    Compiling futures-sink v0.3.32
[INFO] [stderr]    Compiling bitflags v2.13.0
[INFO] [stderr]    Compiling log v0.4.32
[INFO] [stderr]    Compiling openssl-sys v0.9.117
[INFO] [stderr]    Compiling mio v1.2.1
[INFO] [stderr]    Compiling http v1.4.2
[INFO] [stderr]    Compiling zerocopy v0.8.52
[INFO] [stderr]    Compiling getrandom v0.2.17
[INFO] [stderr]    Compiling rustix v1.1.4
[INFO] [stderr]    Compiling zeroize v1.9.0
[INFO] [stderr]    Compiling regex-automata v0.4.14
[INFO] [stderr]    Compiling filetime v0.2.29
[INFO] [stderr]    Compiling which v8.0.3
[INFO] [stderr]    Compiling num_cpus v1.17.0
[INFO] [stderr]    Compiling path-slash v0.2.1
[INFO] [stderr]    Compiling futures-channel v0.3.32
[INFO] [stderr]    Compiling rand_core v0.6.4
[INFO] [stderr]    Compiling rustls-pki-types v1.14.1
[INFO] [stderr]    Compiling env_filter v1.0.1
[INFO] [stderr]    Compiling fs_extra v1.3.0
[INFO] [stderr]    Compiling env_logger v0.11.10
[INFO] [stderr]    Compiling openssl v0.10.81
[INFO] [stderr]    Compiling native-tls v0.2.18
[INFO] [stderr]    Compiling tokio v1.52.3
[INFO] [stderr]    Compiling http-body v1.0.1
[INFO] [stderr]    Compiling http-body-util v0.1.3
[INFO] [stderr]    Compiling xattr v1.6.1
[INFO] [stderr]    Compiling tar v0.4.46
[INFO] [stderr]    Compiling regex v1.12.4
[INFO] [stderr]    Compiling ppv-lite86 v0.2.21
[INFO] [stderr]    Compiling rand_chacha v0.3.1
[INFO] [stderr]    Compiling synstructure v0.13.2
[INFO] [stderr]    Compiling rand v0.8.6
[INFO] [stderr]    Compiling zerofrom-derive v0.1.7
[INFO] [stderr]    Compiling yoke-derive v0.8.2
[INFO] [stderr]    Compiling zerovec-derive v0.11.3
[INFO] [stderr]    Compiling displaydoc v0.2.6
[INFO] [stderr]    Compiling futures-macro v0.3.32
[INFO] [stderr]    Compiling openssl-macros v0.1.1
[INFO] [stderr]    Compiling thiserror-impl v1.0.69
[INFO] [stderr]    Compiling clap_derive v4.6.1
[INFO] [stderr]    Compiling hyper v1.10.1
[INFO] [stderr]    Compiling futures-util v0.3.32
[INFO] [stderr]    Compiling zerofrom v0.1.8
[INFO] [stderr]    Compiling thiserror v1.0.69
[INFO] [stderr]    Compiling yoke v0.8.3
[INFO] [stderr]    Compiling zerotrie v0.2.4
[INFO] [stderr]    Compiling zerovec v0.11.6
[INFO] [stderr]    Compiling clap v4.6.1
[INFO] [stderr]    Compiling tinystr v0.8.3
[INFO] [stderr]    Compiling potential_utf v0.1.5
[INFO] [stderr]    Compiling icu_locale_core v2.2.0
[INFO] [stderr]    Compiling icu_collections v2.2.0
[INFO] [stderr]    Compiling icu_provider v2.2.0
[INFO] [stderr]    Compiling icu_normalizer v2.2.0
[INFO] [stderr]    Compiling icu_properties v2.2.0
[INFO] [stderr]    Compiling hyper-util v0.1.20
[INFO] [stderr]    Compiling tower v0.5.3
[INFO] [stderr]    Compiling futures-executor v0.3.32
[INFO] [stderr]    Compiling futures v0.3.32
[INFO] [stderr]    Compiling tokio-native-tls v0.3.1
[INFO] [stderr]    Compiling idna_adapter v1.2.2
[INFO] [stderr]    Compiling idna v1.1.0
[INFO] [stderr]    Compiling url v2.5.8
[INFO] [stderr]    Compiling hyper-tls v0.6.0
[INFO] [stderr]    Compiling tower-http v0.6.11
[INFO] [stderr]    Compiling reqwest v0.12.28
[INFO] [stderr]    Compiling downloader v0.2.8
[INFO] [stderr]    Compiling revive-llvm-builder v1.3.0 (/opt/rustwide/workdir)
[INFO] [stderr]     Finished `release` profile [optimized] target(s) in 49.25s
[INFO] running `Command { std: "docker" "inspect" "f0dba9c49792a10e72d3a19817152308b2ac63d01f31b97afb519e934beca3c7", kill_on_drop: false }`
[INFO] running `Command { std: "docker" "exec" "-e" "SOURCE_DIR=/opt/rustwide/workdir" "-e" "CARGO_HOME=/opt/rustwide/cargo-home" "-e" "RUSTUP_HOME=/opt/rustwide/rustup-home" "-e" "CARGO_TARGET_DIR=/opt/rustwide/target" "-e" "CARGO_INCREMENTAL=0" "-e" "RUST_BACKTRACE=full" "-e" "RUSTFLAGS=--cap-lints=warn" "-e" "RUSTDOCFLAGS=--cap-lints=warn" "-w" "/opt/rustwide/workdir" "--user" "0:0" "f0dba9c49792a10e72d3a19817152308b2ac63d01f31b97afb519e934beca3c7" "/opt/rustwide/cargo-home/bin/cargo" "+1.100.0-beta.1" "test" "--frozen" "--no-run" "--message-format=json" "--release", kill_on_drop: false }`
[INFO] [stderr]    Compiling aho-corasick v1.1.4
[INFO] [stderr]    Compiling rustix v1.1.4
[INFO] [stderr]    Compiling crossbeam-epoch v0.9.18
[INFO] [stderr]    Compiling predicates-core v1.0.10
[INFO] [stderr]    Compiling difflib v0.4.0
[INFO] [stderr]    Compiling termtree v0.5.1
[INFO] [stderr]    Compiling assert_cmd v2.2.2
[INFO] [stderr]    Compiling predicates-tree v1.0.13
[INFO] [stderr]    Compiling predicates v3.1.4
[INFO] [stderr]    Compiling crossbeam-deque v0.8.6
[INFO] [stderr]    Compiling regex-automata v0.4.14
[INFO] [stderr]    Compiling xattr v1.6.1
[INFO] [stderr]    Compiling tempfile v3.27.0
[INFO] [stderr]    Compiling tar v0.4.46
[INFO] [stderr]    Compiling bstr v1.12.1
[INFO] [stderr]    Compiling regex v1.12.4
[INFO] [stderr]    Compiling revive-llvm-builder v1.3.0 (/opt/rustwide/workdir)
[INFO] [stderr]    Compiling globset v0.4.18
[INFO] [stderr]    Compiling ignore v0.4.26
[INFO] [stderr]    Compiling globwalk v0.9.1
[INFO] [stderr]    Compiling assert_fs v1.1.4
[INFO] [stderr]     Finished `release` profile [optimized] target(s) in 21.16s
[INFO] running `Command { std: "docker" "inspect" "f0dba9c49792a10e72d3a19817152308b2ac63d01f31b97afb519e934beca3c7", kill_on_drop: false }`
[INFO] running `Command { std: "docker" "exec" "-e" "SOURCE_DIR=/opt/rustwide/workdir" "-e" "CARGO_HOME=/opt/rustwide/cargo-home" "-e" "RUSTUP_HOME=/opt/rustwide/rustup-home" "-e" "CARGO_TARGET_DIR=/opt/rustwide/target" "-e" "CARGO_INCREMENTAL=0" "-e" "RUST_BACKTRACE=full" "-e" "RUSTFLAGS=--cap-lints=warn" "-e" "RUSTDOCFLAGS=--cap-lints=warn" "-w" "/opt/rustwide/workdir" "--user" "0:0" "f0dba9c49792a10e72d3a19817152308b2ac63d01f31b97afb519e934beca3c7" "/opt/rustwide/cargo-home/bin/cargo" "+1.100.0-beta.1" "test" "--frozen" "--release", kill_on_drop: false }`
[INFO] [stderr]     Finished `release` profile [optimized] target(s) in 0.22s
[INFO] [stderr]      Running unittests src/lib.rs (/opt/rustwide/target/release/build/revive-llvm-builder/7951c929ba231e90/out/revive_llvm_builder-7951c929ba231e90)
[INFO] [stdout] 
[INFO] [stderr]      Running unittests src/revive_llvm/main.rs (/opt/rustwide/target/release/build/revive-llvm-builder/51b8bef3c5c6ebdb/out/revive_llvm-51b8bef3c5c6ebdb)
[INFO] [stdout] running 0 tests
[INFO] [stdout] 
[INFO] [stdout] test result: ok. 0 passed; 0 failed; 0 ignored; 0 measured; 0 filtered out; finished in 0.00s
[INFO] [stdout] 
[INFO] [stdout] 
[INFO] [stdout] running 0 tests
[INFO] [stdout] 
[INFO] [stdout] test result: ok. 0 passed; 0 failed; 0 ignored; 0 measured; 0 filtered out; finished in 0.00s
[INFO] [stdout] 
[INFO] [stderr]      Running tests/build.rs (/opt/rustwide/target/release/build/revive-llvm-builder/f4e2d3368492dfb3/out/build-f4e2d3368492dfb3)
[INFO] [stdout] 
[INFO] [stdout] running 5 tests
[INFO] [stdout] test debug_build_with_tests_coverage ... FAILED
[INFO] [stdout] test build_and_clean ... FAILED
[INFO] [stdout] test build_with_sanitizers ... FAILED
[INFO] [stdout] test build_and_clean_emscripten ... FAILED
[INFO] [stdout] test build_and_clean_musl ... FAILED
[INFO] [stdout] 
[INFO] [stdout] failures:
[INFO] [stdout] 
[INFO] [stdout] ---- debug_build_with_tests_coverage stdout ----
[INFO] [stdout] 
[INFO] [stdout] thread 'debug_build_with_tests_coverage' (1995) panicked at tests/build.rs:94:10:
[INFO] [stdout] Unexpected failure.
[INFO] [stdout] code=1
[INFO] [stdout] stderr=``````
[INFO] [stdout] [ERROR revive_llvm_builder] LLVM project source directory ./llvm/ does not exist (run `revive-llvm --target-env gnu clone`)
[INFO] [stdout] CMake Error: The source directory \"/tmp/.tmpJYNybK/llvm/llvm\" does not exist.
[INFO] [stdout] Specify --help for usage, or press the help button on the CMake GUI.
[INFO] [stdout] [ERROR revive_llvm_builder::utils] the command \'\"cmake\" \"-S\" \"/tmp/.tmpJYNybK/./llvm/llvm\" \"-B\" \"/tmp/.tmpJYNybK/./target-llvm/gnu/build-final\" \"-G\" \"Ninja\" \"-DCMAKE_INSTALL_PREFIX=\'/tmp/.tmpJYNybK/./target-llvm/gnu/target-final\'\" \"-DCMAKE_BUILD_TYPE=\'Debug\'\" \"-DCMAKE_C_COMPILER=\'clang\'\" \"-DCMAKE_CXX_COMPILER=\'clang++\'\" \"-DLLVM_TARGETS_TO_BUILD=\'RISCV\'\" \"-DLLVM_ENABLE_PROJECTS=\'lld;clang\'\" \"-DLLVM_USE_LINKER=\'lld\'\" \"-DLLVM_DEFAULT_TARGET_TRIPLE=\'riscv64-unknown-elf\'\" \"-DLLVM_BUILD_UTILS=\'On\'\" \"-DLLVM_BUILD_TESTS=\'On\'\" \"-DLLVM_INCLUDE_UTILS=\'On\'\" \"-DLLVM_INCLUDE_TESTS=\'On\'\" \"-DLLVM_BUILD_INSTRUMENTED_COVERAGE=\'On\'\" \"-DPACKAGE_VENDOR=\'Parity Technologies\'\" \"-DCMAKE_BUILD_WITH_INSTALL_RPATH=1\" \"-DLLVM_BUILD_DOCS=\'Off\'\" \"-DLLVM_INCLUDE_DOCS=\'Off\'\" \"-DLLVM_INCLUDE_BENCHMARKS=\'Off\'\" \"-DLLVM_INCLUDE_EXAMPLES=\'Off\'\" \"-DLLVM_ENABLE_DOXYGEN=\'Off\'\" \"-DLLVM_ENABLE_SPHINX=\'Off\'\" \"-DLLVM_ENABLE_OCAMLDOC=\'Off\'\" \"-DLLVM_ENABLE_ZLIB=\'Off\'\" \"-DLLVM_ENABLE_ZSTD=\'Off\'\" \"-DLLVM_ENABLE_LIBXML2=\'Off\'\" \"-DLLVM_ENABLE_BINDINGS=\'Off\'\" \"-DLLVM_ENABLE_TERMINFO=\'Off\'\" \"-DLLVM_ENABLE_LIBEDIT=\'Off\'\" \"-DLLVM_ENABLE_LIBPFM=\'Off\'\" \"-DCMAKE_EXPORT_COMPILE_COMMANDS=\'On\'\" \"-DPython3_FIND_REGISTRY=\'LAST\'\" \"-DBUG_REPORT_URL=\'https://github.com/paritytech/contract-issues/issues/\'\" \"-DCLANG_ENABLE_ARCMT=\'Off\'\" \"-DCLANG_ENABLE_STATIC_ANALYZER=\'Off\'\" \"-DLLVM_OPTIMIZED_TABLEGEN=\'On\'\" \"-DLLVM_BUILD_RUNTIME=\'Off\'\" \"-DLLVM_BUILD_RUNTIMES=\'Off\'\" \"-DLLVM_INCLUDE_RUNTIMES=\'Off\'\" \"-DLLVM_ENABLE_WERROR=\'Off\'\" \"-DLLVM_ENABLE_ASSERTIONS=\'On\'\" \"-DLLVM_ENABLE_RTTI=\'Off\'\"\' failed!
[INFO] [stdout] [ERROR revive_llvm] LLVM building cmake failed
[INFO] [stdout]     
[INFO] [stdout]     Stack backtrace:
[INFO] [stdout]        0: <anyhow::Error>::msg::<alloc::string::String>
[INFO] [stdout]        1: revive_llvm_builder::utils::command
[INFO] [stdout]        2: revive_llvm_builder::platforms::x86_64_linux_gnu::build
[INFO] [stdout]        3: revive_llvm_builder::build
[INFO] [stdout]        4: revive_llvm::main
[INFO] [stdout]        5: std::sys::backtrace::__rust_begin_short_backtrace::<fn(), ()>
[INFO] [stdout]        6: std::rt::lang_start::<()>::{closure#0}
[INFO] [stdout]        7: std::rt::lang_start_internal
[INFO] [stdout]        8: main
[INFO] [stdout]        9: <unknown>
[INFO] [stdout]       10: __libc_start_main
[INFO] [stdout]       11: _start
[INFO] [stdout] ```
[INFO] [stdout] ```
[INFO] [stdout] command=`cd "/tmp/.tmpJYNybK" && "/opt/rustwide/target/release/revive-llvm" "build" "--enable-coverage" "--enable-tests" "--build-type" "Debug" "--llvm-projects" "clang" "--llvm-projects" "lld"`
[INFO] [stdout] code=1
[INFO] [stdout] stdout=""
[INFO] [stdout] stderr=```
[INFO] [stdout] [ERROR revive_llvm_builder] LLVM project source directory ./llvm/ does not exist (run `revive-llvm --target-env gnu clone`)
[INFO] [stdout] CMake Error: The source directory \"/tmp/.tmpJYNybK/llvm/llvm\" does not exist.
[INFO] [stdout] Specify --help for usage, or press the help button on the CMake GUI.
[INFO] [stdout] [ERROR revive_llvm_builder::utils] the command \'\"cmake\" \"-S\" \"/tmp/.tmpJYNybK/./llvm/llvm\" \"-B\" \"/tmp/.tmpJYNybK/./target-llvm/gnu/build-final\" \"-G\" \"Ninja\" \"-DCMAKE_INSTALL_PREFIX=\'/tmp/.tmpJYNybK/./target-llvm/gnu/target-final\'\" \"-DCMAKE_BUILD_TYPE=\'Debug\'\" \"-DCMAKE_C_COMPILER=\'clang\'\" \"-DCMAKE_CXX_COMPILER=\'clang++\'\" \"-DLLVM_TARGETS_TO_BUILD=\'RISCV\'\" \"-DLLVM_ENABLE_PROJECTS=\'lld;clang\'\" \"-DLLVM_USE_LINKER=\'lld\'\" \"-DLLVM_DEFAULT_TARGET_TRIPLE=\'riscv64-unknown-elf\'\" \"-DLLVM_BUILD_UTILS=\'On\'\" \"-DLLVM_BUILD_TESTS=\'On\'\" \"-DLLVM_INCLUDE_UTILS=\'On\'\" \"-DLLVM_INCLUDE_TESTS=\'On\'\" \"-DLLVM_BUILD_INSTRUMENTED_COVERAGE=\'On\'\" \"-DPACKAGE_VENDOR=\'Parity Technologies\'\" \"-DCMAKE_BUILD_WITH_INSTALL_RPATH=1\" \"-DLLVM_BUILD_DOCS=\'Off\'\" \"-DLLVM_INCLUDE_DOCS=\'Off\'\" \"-DLLVM_INCLUDE_BENCHMARKS=\'Off\'\" \"-DLLVM_INCLUDE_EXAMPLES=\'Off\'\" \"-DLLVM_ENABLE_DOXYGEN=\'Off\'\" \"-DLLVM_ENABLE_SPHINX=\'Off\'\" \"-DLLVM_ENABLE_OCAMLDOC=\'Off\'\" \"-DLLVM_ENABLE_ZLIB=\'Off\'\" \"-DLLVM_ENABLE_ZSTD=\'Off\'\" \"-DLLVM_ENABLE_LIBXML2=\'Off\'\" \"-DLLVM_ENABLE_BINDINGS=\'Off\'\" \"-DLLVM_ENABLE_TERMINFO=\'Off\'\" \"-DLLVM_ENABLE_LIBEDIT=\'Off\'\" \"-DLLVM_ENABLE_LIBPFM=\'Off\'\" \"-DCMAKE_EXPORT_COMPILE_COMMANDS=\'On\'\" \"-DPython3_FIND_REGISTRY=\'LAST\'\" \"-DBUG_REPORT_URL=\'https://github.com/paritytech/contract-issues/issues/\'\" \"-DCLANG_ENABLE_ARCMT=\'Off\'\" \"-DCLANG_ENABLE_STATIC_ANALYZER=\'Off\'\" \"-DLLVM_OPTIMIZED_TABLEGEN=\'On\'\" \"-DLLVM_BUILD_RUNTIME=\'Off\'\" \"-DLLVM_BUILD_RUNTIMES=\'Off\'\" \"-DLLVM_INCLUDE_RUNTIMES=\'Off\'\" \"-DLLVM_ENABLE_WERROR=\'Off\'\" \"-DLLVM_ENABLE_ASSERTIONS=\'On\'\" \"-DLLVM_ENABLE_RTTI=\'Off\'\"\' failed!
[INFO] [stdout] [ERROR revive_llvm] LLVM building cmake failed
[INFO] [stdout]     
[INFO] [stdout]     Stack backtrace:
[INFO] [stdout]        0: <anyhow::Error>::msg::<alloc::string::String>
[INFO] [stdout]        1: revive_llvm_builder::utils::command
[INFO] [stdout]        2: revive_llvm_builder::platforms::x86_64_linux_gnu::build
[INFO] [stdout]        3: revive_llvm_builder::build
[INFO] [stdout]        4: revive_llvm::main
[INFO] [stdout]        5: std::sys::backtrace::__rust_begin_short_backtrace::<fn(), ()>
[INFO] [stdout]        6: std::rt::lang_start::<()>::{closure#0}
[INFO] [stdout]        7: std::rt::lang_start_internal
[INFO] [stdout]        8: main
[INFO] [stdout]        9: <unknown>
[INFO] [stdout]       10: __libc_start_main
[INFO] [stdout]       11: _start
[INFO] [stdout] ```
[INFO] [stdout] 
[INFO] [stdout] 
[INFO] [stdout] stack backtrace:
[INFO] [stdout]    0:     0x60633506aa61 - <<std[617be2ca0a6fd877]::sys::backtrace::BacktraceLock>::print::DisplayBacktrace as core[a373ad73a504971]::fmt::Display>::fmt
[INFO] [stdout]    1:     0x606335080efa - core[a373ad73a504971]::fmt::write
[INFO] [stdout]    2:     0x60633507066c - <alloc[2e1b2a31b91974c5]::vec::Vec<u8> as core[a373ad73a504971]::io::write::Write>::write_fmt
[INFO] [stdout]    3:     0x606335045316 - std[617be2ca0a6fd877]::panicking::default_hook::{closure#0}
[INFO] [stdout]    4:     0x6063350628b9 - std[617be2ca0a6fd877]::panicking::default_hook
[INFO] [stdout]    5:     0x606334ff7340 - test[aada8e7e76ba119b]::test_main_inner::{closure#0}
[INFO] [stdout]    6:     0x606335062a72 - std[617be2ca0a6fd877]::panicking::panic_with_hook
[INFO] [stdout]    7:     0x6063350453c2 - std[617be2ca0a6fd877]::panicking::panic_handler::{closure#0}
[INFO] [stdout]    8:     0x60633503da29 - std[617be2ca0a6fd877]::sys::backtrace::__rust_end_short_backtrace::<std[617be2ca0a6fd877]::panicking::panic_handler::{closure#0}, !>
[INFO] [stdout]    9:     0x6063350460dd - __rustc[ea4f61d10b84890b]::rust_begin_unwind
[INFO] [stdout]   10:     0x6063350816ac - core[a373ad73a504971]::panicking::panic_fmt
[INFO] [stdout]   11:     0x60633502b08f - <assert_cmd[af5bf2b6d065a3b4]::assert::AssertError>::panic::<assert_cmd[af5bf2b6d065a3b4]::assert::Assert>
[INFO] [stdout]   12:     0x60633502b3d9 - <assert_cmd[af5bf2b6d065a3b4]::assert::Assert>::success
[INFO] [stdout]   13:     0x606334fe99b8 - <build[c9565dc5a15eb3d]::debug_build_with_tests_coverage::{closure#0} as core[a373ad73a504971]::ops::function::FnOnce<()>>::call_once
[INFO] [stdout]   14:     0x606334fea78b - test[aada8e7e76ba119b]::__rust_begin_short_backtrace::<core[a373ad73a504971]::result::Result<(), alloc[2e1b2a31b91974c5]::string::String>, fn() -> core[a373ad73a504971]::result::Result<(), alloc[2e1b2a31b91974c5]::string::String>>
[INFO] [stdout]   15:     0x606334ff7965 - test[aada8e7e76ba119b]::run_test::{closure#0}
[INFO] [stdout]   16:     0x606334ff1254 - std[617be2ca0a6fd877]::sys::backtrace::__rust_begin_short_backtrace::<test[aada8e7e76ba119b]::run_test::{closure#1}, ()>
[INFO] [stdout]   17:     0x606334ffa9f2 - <std[617be2ca0a6fd877]::thread::lifecycle::spawn_unchecked<test[aada8e7e76ba119b]::run_test::{closure#1}, ()>::{closure#1} as core[a373ad73a504971]::ops::function::FnOnce<()>>::call_once::{shim:vtable#0}
[INFO] [stdout]   18:     0x60633506a23f - <std[617be2ca0a6fd877]::sys::thread::unix::Thread>::new::thread_start
[INFO] [stdout]   19:     0x7391d4a8fdfa - <unknown>
[INFO] [stdout]   20:     0x7391d4b233d4 - clone
[INFO] [stdout]   21:                0x0 - <unknown>
[INFO] [stdout] 
[INFO] [stdout] ---- build_and_clean stdout ----
[INFO] [stdout] 
[INFO] [stdout] thread 'build_and_clean' (1991) panicked at tests/build.rs:20:10:
[INFO] [stdout] Unexpected failure.
[INFO] [stdout] code=1
[INFO] [stdout] stderr=``````
[INFO] [stdout] [ERROR revive_llvm_builder] LLVM project source directory ./llvm/ does not exist (run `revive-llvm --target-env gnu clone`)
[INFO] [stdout] CMake Error: The source directory \"/tmp/.tmpfCvMDC/llvm/llvm\" does not exist.
[INFO] [stdout] Specify --help for usage, or press the help button on the CMake GUI.
[INFO] [stdout] [ERROR revive_llvm_builder::utils] the command \'\"cmake\" \"-S\" \"/tmp/.tmpfCvMDC/./llvm/llvm\" \"-B\" \"/tmp/.tmpfCvMDC/./target-llvm/gnu/build-final\" \"-G\" \"Ninja\" \"-DCMAKE_INSTALL_PREFIX=\'/tmp/.tmpfCvMDC/./target-llvm/gnu/target-final\'\" \"-DCMAKE_BUILD_TYPE=\'Release\'\" \"-DCMAKE_C_COMPILER=\'clang\'\" \"-DCMAKE_CXX_COMPILER=\'clang++\'\" \"-DLLVM_TARGETS_TO_BUILD=\'RISCV\'\" \"-DLLVM_ENABLE_PROJECTS=\'lld;clang\'\" \"-DLLVM_USE_LINKER=\'lld\'\" \"-DLLVM_DEFAULT_TARGET_TRIPLE=\'riscv64-unknown-elf\'\" \"-DLLVM_BUILD_UTILS=\'Off\'\" \"-DLLVM_BUILD_TESTS=\'Off\'\" \"-DLLVM_INCLUDE_UTILS=\'Off\'\" \"-DLLVM_INCLUDE_TESTS=\'Off\'\" \"-DLLVM_BUILD_INSTRUMENTED_COVERAGE=\'Off\'\" \"-DPACKAGE_VENDOR=\'Parity Technologies\'\" \"-DCMAKE_BUILD_WITH_INSTALL_RPATH=1\" \"-DLLVM_BUILD_DOCS=\'Off\'\" \"-DLLVM_INCLUDE_DOCS=\'Off\'\" \"-DLLVM_INCLUDE_BENCHMARKS=\'Off\'\" \"-DLLVM_INCLUDE_EXAMPLES=\'Off\'\" \"-DLLVM_ENABLE_DOXYGEN=\'Off\'\" \"-DLLVM_ENABLE_SPHINX=\'Off\'\" \"-DLLVM_ENABLE_OCAMLDOC=\'Off\'\" \"-DLLVM_ENABLE_ZLIB=\'Off\'\" \"-DLLVM_ENABLE_ZSTD=\'Off\'\" \"-DLLVM_ENABLE_LIBXML2=\'Off\'\" \"-DLLVM_ENABLE_BINDINGS=\'Off\'\" \"-DLLVM_ENABLE_TERMINFO=\'Off\'\" \"-DLLVM_ENABLE_LIBEDIT=\'Off\'\" \"-DLLVM_ENABLE_LIBPFM=\'Off\'\" \"-DCMAKE_EXPORT_COMPILE_COMMANDS=\'On\'\" \"-DPython3_FIND_REGISTRY=\'LAST\'\" \"-DBUG_REPORT_URL=\'https://github.com/paritytech/contract-issues/issues/\'\" \"-DCLANG_ENABLE_ARCMT=\'Off\'\" \"-DCLANG_ENABLE_STATIC_ANALYZER=\'Off\'\" \"-DLLVM_OPTIMIZED_TABLEGEN=\'On\'\" \"-DLLVM_BUILD_RUNTIME=\'Off\'\" \"-DLLVM_BUILD_RUNTIMES=\'Off\'\" \"-DLLVM_INCLUDE_RUNTIMES=\'Off\'\" \"-DLLVM_ENABLE_WERROR=\'Off\'\" \"-DLLVM_ENABLE_ASSERTIONS=\'On\'\" \"-DLLVM_ENABLE_RTTI=\'Off\'\"\' failed!
[INFO] [stdout] [ERROR revive_llvm] LLVM building cmake failed
[INFO] [stdout]     
[INFO] [stdout]     Stack backtrace:
[INFO] [stdout]        0: <anyhow::Error>::msg::<alloc::string::String>
[INFO] [stdout]        1: revive_llvm_builder::utils::command
[INFO] [stdout]        2: revive_llvm_builder::platforms::x86_64_linux_gnu::build
[INFO] [stdout]        3: revive_llvm_builder::build
[INFO] [stdout]        4: revive_llvm::main
[INFO] [stdout]        5: std::sys::backtrace::__rust_begin_short_backtrace::<fn(), ()>
[INFO] [stdout]        6: std::rt::lang_start::<()>::{closure#0}
[INFO] [stdout]        7: std::rt::lang_start_internal
[INFO] [stdout]        8: main
[INFO] [stdout]        9: <unknown>
[INFO] [stdout]       10: __libc_start_main
[INFO] [stdout]       11: _start
[INFO] [stdout] ```
[INFO] [stdout] ```
[INFO] [stdout] command=`cd "/tmp/.tmpfCvMDC" && "/opt/rustwide/target/release/revive-llvm" "build" "--llvm-projects" "clang" "--llvm-projects" "lld"`
[INFO] [stdout] code=1
[INFO] [stdout] stdout=""
[INFO] [stdout] stderr=```
[INFO] [stdout] [ERROR revive_llvm_builder] LLVM project source directory ./llvm/ does not exist (run `revive-llvm --target-env gnu clone`)
[INFO] [stdout] CMake Error: The source directory \"/tmp/.tmpfCvMDC/llvm/llvm\" does not exist.
[INFO] [stdout] Specify --help for usage, or press the help button on the CMake GUI.
[INFO] [stdout] [ERROR revive_llvm_builder::utils] the command \'\"cmake\" \"-S\" \"/tmp/.tmpfCvMDC/./llvm/llvm\" \"-B\" \"/tmp/.tmpfCvMDC/./target-llvm/gnu/build-final\" \"-G\" \"Ninja\" \"-DCMAKE_INSTALL_PREFIX=\'/tmp/.tmpfCvMDC/./target-llvm/gnu/target-final\'\" \"-DCMAKE_BUILD_TYPE=\'Release\'\" \"-DCMAKE_C_COMPILER=\'clang\'\" \"-DCMAKE_CXX_COMPILER=\'clang++\'\" \"-DLLVM_TARGETS_TO_BUILD=\'RISCV\'\" \"-DLLVM_ENABLE_PROJECTS=\'lld;clang\'\" \"-DLLVM_USE_LINKER=\'lld\'\" \"-DLLVM_DEFAULT_TARGET_TRIPLE=\'riscv64-unknown-elf\'\" \"-DLLVM_BUILD_UTILS=\'Off\'\" \"-DLLVM_BUILD_TESTS=\'Off\'\" \"-DLLVM_INCLUDE_UTILS=\'Off\'\" \"-DLLVM_INCLUDE_TESTS=\'Off\'\" \"-DLLVM_BUILD_INSTRUMENTED_COVERAGE=\'Off\'\" \"-DPACKAGE_VENDOR=\'Parity Technologies\'\" \"-DCMAKE_BUILD_WITH_INSTALL_RPATH=1\" \"-DLLVM_BUILD_DOCS=\'Off\'\" \"-DLLVM_INCLUDE_DOCS=\'Off\'\" \"-DLLVM_INCLUDE_BENCHMARKS=\'Off\'\" \"-DLLVM_INCLUDE_EXAMPLES=\'Off\'\" \"-DLLVM_ENABLE_DOXYGEN=\'Off\'\" \"-DLLVM_ENABLE_SPHINX=\'Off\'\" \"-DLLVM_ENABLE_OCAMLDOC=\'Off\'\" \"-DLLVM_ENABLE_ZLIB=\'Off\'\" \"-DLLVM_ENABLE_ZSTD=\'Off\'\" \"-DLLVM_ENABLE_LIBXML2=\'Off\'\" \"-DLLVM_ENABLE_BINDINGS=\'Off\'\" \"-DLLVM_ENABLE_TERMINFO=\'Off\'\" \"-DLLVM_ENABLE_LIBEDIT=\'Off\'\" \"-DLLVM_ENABLE_LIBPFM=\'Off\'\" \"-DCMAKE_EXPORT_COMPILE_COMMANDS=\'On\'\" \"-DPython3_FIND_REGISTRY=\'LAST\'\" \"-DBUG_REPORT_URL=\'https://github.com/paritytech/contract-issues/issues/\'\" \"-DCLANG_ENABLE_ARCMT=\'Off\'\" \"-DCLANG_ENABLE_STATIC_ANALYZER=\'Off\'\" \"-DLLVM_OPTIMIZED_TABLEGEN=\'On\'\" \"-DLLVM_BUILD_RUNTIME=\'Off\'\" \"-DLLVM_BUILD_RUNTIMES=\'Off\'\" \"-DLLVM_INCLUDE_RUNTIMES=\'Off\'\" \"-DLLVM_ENABLE_WERROR=\'Off\'\" \"-DLLVM_ENABLE_ASSERTIONS=\'On\'\" \"-DLLVM_ENABLE_RTTI=\'Off\'\"\' failed!
[INFO] [stdout] [ERROR revive_llvm] LLVM building cmake failed
[INFO] [stdout]     
[INFO] [stdout]     Stack backtrace:
[INFO] [stdout]        0: <anyhow::Error>::msg::<alloc::string::String>
[INFO] [stdout]        1: revive_llvm_builder::utils::command
[INFO] [stdout]        2: revive_llvm_builder::platforms::x86_64_linux_gnu::build
[INFO] [stdout]        3: revive_llvm_builder::build
[INFO] [stdout]        4: revive_llvm::main
[INFO] [stdout]        5: std::sys::backtrace::__rust_begin_short_backtrace::<fn(), ()>
[INFO] [stdout]        6: std::rt::lang_start::<()>::{closure#0}
[INFO] [stdout]        7: std::rt::lang_start_internal
[INFO] [stdout]        8: main
[INFO] [stdout]        9: <unknown>
[INFO] [stdout]       10: __libc_start_main
[INFO] [stdout]       11: _start
[INFO] [stdout] ```
[INFO] [stdout] 
[INFO] [stdout] 
[INFO] [stdout] stack backtrace:
[INFO] [stdout]    0:     0x60633506aa61 - <<std[617be2ca0a6fd877]::sys::backtrace::BacktraceLock>::print::DisplayBacktrace as core[a373ad73a504971]::fmt::Display>::fmt
[INFO] [stdout]    1:     0x606335080efa - core[a373ad73a504971]::fmt::write
[INFO] [stdout]    2:     0x60633507066c - <alloc[2e1b2a31b91974c5]::vec::Vec<u8> as core[a373ad73a504971]::io::write::Write>::write_fmt
[INFO] [stdout]    3:     0x606335045316 - std[617be2ca0a6fd877]::panicking::default_hook::{closure#0}
[INFO] [stdout]    4:     0x6063350628b9 - std[617be2ca0a6fd877]::panicking::default_hook
[INFO] [stdout]    5:     0x606334ff7340 - test[aada8e7e76ba119b]::test_main_inner::{closure#0}
[INFO] [stdout]    6:     0x606335062a72 - std[617be2ca0a6fd877]::panicking::panic_with_hook
[INFO] [stdout]    7:     0x6063350453c2 - std[617be2ca0a6fd877]::panicking::panic_handler::{closure#0}
[INFO] [stdout]    8:     0x60633503da29 - std[617be2ca0a6fd877]::sys::backtrace::__rust_end_short_backtrace::<std[617be2ca0a6fd877]::panicking::panic_handler::{closure#0}, !>
[INFO] [stdout]    9:     0x6063350460dd - __rustc[ea4f61d10b84890b]::rust_begin_unwind
[INFO] [stdout]   10:     0x6063350816ac - core[a373ad73a504971]::panicking::panic_fmt
[INFO] [stdout]   11:     0x60633502b08f - <assert_cmd[af5bf2b6d065a3b4]::assert::AssertError>::panic::<assert_cmd[af5bf2b6d065a3b4]::assert::Assert>
[INFO] [stdout]   12:     0x60633502b3d9 - <assert_cmd[af5bf2b6d065a3b4]::assert::Assert>::success
[INFO] [stdout]   13:     0x606334fe8761 - <build[c9565dc5a15eb3d]::build_and_clean::{closure#0} as core[a373ad73a504971]::ops::function::FnOnce<()>>::call_once
[INFO] [stdout]   14:     0x606334fea78b - test[aada8e7e76ba119b]::__rust_begin_short_backtrace::<core[a373ad73a504971]::result::Result<(), alloc[2e1b2a31b91974c5]::string::String>, fn() -> core[a373ad73a504971]::result::Result<(), alloc[2e1b2a31b91974c5]::string::String>>
[INFO] [stdout]   15:     0x606334ff7965 - test[aada8e7e76ba119b]::run_test::{closure#0}
[INFO] [stdout]   16:     0x606334ff1254 - std[617be2ca0a6fd877]::sys::backtrace::__rust_begin_short_backtrace::<test[aada8e7e76ba119b]::run_test::{closure#1}, ()>
[INFO] [stdout]   17:     0x606334ffa9f2 - <std[617be2ca0a6fd877]::thread::lifecycle::spawn_unchecked<test[aada8e7e76ba119b]::run_test::{closure#1}, ()>::{closure#1} as core[a373ad73a504971]::ops::function::FnOnce<()>>::call_once::{shim:vtable#0}
[INFO] [stdout]   18:     0x60633506a23f - <std[617be2ca0a6fd877]::sys::thread::unix::Thread>::new::thread_start
[INFO] [stdout]   19:     0x7391d4a8fdfa - <unknown>
[INFO] [stdout]   20:     0x7391d4b233d4 - clone
[INFO] [stdout]   21:                0x0 - <unknown>
[INFO] [stdout] 
[INFO] [stdout] ---- build_with_sanitizers stdout ----
[INFO] [stdout] 
[INFO] [stdout] thread 'build_with_sanitizers' (1994) panicked at tests/build.rs:115:10:
[INFO] [stdout] Unexpected failure.
[INFO] [stdout] code=1
[INFO] [stdout] stderr=``````
[INFO] [stdout] [ERROR revive_llvm_builder] LLVM project source directory ./llvm/ does not exist (run `revive-llvm --target-env gnu clone`)
[INFO] [stdout] CMake Error: The source directory \"/tmp/.tmpuV0fzN/llvm/llvm\" does not exist.
[INFO] [stdout] Specify --help for usage, or press the help button on the CMake GUI.
[INFO] [stdout] [ERROR revive_llvm_builder::utils] the command \'\"cmake\" \"-S\" \"/tmp/.tmpuV0fzN/./llvm/llvm\" \"-B\" \"/tmp/.tmpuV0fzN/./target-llvm/gnu/build-final\" \"-G\" \"Ninja\" \"-DCMAKE_INSTALL_PREFIX=\'/tmp/.tmpuV0fzN/./target-llvm/gnu/target-final\'\" \"-DCMAKE_BUILD_TYPE=\'Release\'\" \"-DCMAKE_C_COMPILER=\'clang\'\" \"-DCMAKE_CXX_COMPILER=\'clang++\'\" \"-DLLVM_TARGETS_TO_BUILD=\'RISCV\'\" \"-DLLVM_ENABLE_PROJECTS=\'lld;clang\'\" \"-DLLVM_USE_LINKER=\'lld\'\" \"-DLLVM_DEFAULT_TARGET_TRIPLE=\'riscv64-unknown-elf\'\" \"-DLLVM_BUILD_UTILS=\'Off\'\" \"-DLLVM_BUILD_TESTS=\'Off\'\" \"-DLLVM_INCLUDE_UTILS=\'Off\'\" \"-DLLVM_INCLUDE_TESTS=\'Off\'\" \"-DLLVM_BUILD_INSTRUMENTED_COVERAGE=\'Off\'\" \"-DPACKAGE_VENDOR=\'Parity Technologies\'\" \"-DCMAKE_BUILD_WITH_INSTALL_RPATH=1\" \"-DLLVM_BUILD_DOCS=\'Off\'\" \"-DLLVM_INCLUDE_DOCS=\'Off\'\" \"-DLLVM_INCLUDE_BENCHMARKS=\'Off\'\" \"-DLLVM_INCLUDE_EXAMPLES=\'Off\'\" \"-DLLVM_ENABLE_DOXYGEN=\'Off\'\" \"-DLLVM_ENABLE_SPHINX=\'Off\'\" \"-DLLVM_ENABLE_OCAMLDOC=\'Off\'\" \"-DLLVM_ENABLE_ZLIB=\'Off\'\" \"-DLLVM_ENABLE_ZSTD=\'Off\'\" \"-DLLVM_ENABLE_LIBXML2=\'Off\'\" \"-DLLVM_ENABLE_BINDINGS=\'Off\'\" \"-DLLVM_ENABLE_TERMINFO=\'Off\'\" \"-DLLVM_ENABLE_LIBEDIT=\'Off\'\" \"-DLLVM_ENABLE_LIBPFM=\'Off\'\" \"-DCMAKE_EXPORT_COMPILE_COMMANDS=\'On\'\" \"-DPython3_FIND_REGISTRY=\'LAST\'\" \"-DBUG_REPORT_URL=\'https://github.com/paritytech/contract-issues/issues/\'\" \"-DCLANG_ENABLE_ARCMT=\'Off\'\" \"-DCLANG_ENABLE_STATIC_ANALYZER=\'Off\'\" \"-DLLVM_OPTIMIZED_TABLEGEN=\'On\'\" \"-DLLVM_BUILD_RUNTIME=\'Off\'\" \"-DLLVM_BUILD_RUNTIMES=\'Off\'\" \"-DLLVM_INCLUDE_RUNTIMES=\'Off\'\" \"-DLLVM_ENABLE_WERROR=\'Off\'\" \"-DLLVM_ENABLE_ASSERTIONS=\'On\'\" \"-DLLVM_ENABLE_RTTI=\'Off\'\" \"-DLLVM_USE_SANITIZER=\'Address\'\"\' failed!
[INFO] [stdout] [ERROR revive_llvm] LLVM building cmake failed
[INFO] [stdout]     
[INFO] [stdout]     Stack backtrace:
[INFO] [stdout]        0: <anyhow::Error>::msg::<alloc::string::String>
[INFO] [stdout]        1: revive_llvm_builder::utils::command
[INFO] [stdout]        2: revive_llvm_builder::platforms::x86_64_linux_gnu::build
[INFO] [stdout]        3: revive_llvm_builder::build
[INFO] [stdout]        4: revive_llvm::main
[INFO] [stdout]        5: std::sys::backtrace::__rust_begin_short_backtrace::<fn(), ()>
[INFO] [stdout]        6: std::rt::lang_start::<()>::{closure#0}
[INFO] [stdout]        7: std::rt::lang_start_internal
[INFO] [stdout]        8: main
[INFO] [stdout]        9: <unknown>
[INFO] [stdout]       10: __libc_start_main
[INFO] [stdout]       11: _start
[INFO] [stderr] error: test failed, to rerun pass `--test build`
[INFO] [stdout] ```
[INFO] [stdout] ```
[INFO] [stdout] command=`cd "/tmp/.tmpuV0fzN" && "/opt/rustwide/target/release/revive-llvm" "build" "--sanitizer" "Address" "--llvm-projects" "lld" "--llvm-projects" "clang"`
[INFO] [stdout] code=1
[INFO] [stdout] stdout=""
[INFO] [stdout] stderr=```
[INFO] [stdout] [ERROR revive_llvm_builder] LLVM project source directory ./llvm/ does not exist (run `revive-llvm --target-env gnu clone`)
[INFO] [stdout] CMake Error: The source directory \"/tmp/.tmpuV0fzN/llvm/llvm\" does not exist.
[INFO] [stdout] Specify --help for usage, or press the help button on the CMake GUI.
[INFO] [stdout] [ERROR revive_llvm_builder::utils] the command \'\"cmake\" \"-S\" \"/tmp/.tmpuV0fzN/./llvm/llvm\" \"-B\" \"/tmp/.tmpuV0fzN/./target-llvm/gnu/build-final\" \"-G\" \"Ninja\" \"-DCMAKE_INSTALL_PREFIX=\'/tmp/.tmpuV0fzN/./target-llvm/gnu/target-final\'\" \"-DCMAKE_BUILD_TYPE=\'Release\'\" \"-DCMAKE_C_COMPILER=\'clang\'\" \"-DCMAKE_CXX_COMPILER=\'clang++\'\" \"-DLLVM_TARGETS_TO_BUILD=\'RISCV\'\" \"-DLLVM_ENABLE_PROJECTS=\'lld;clang\'\" \"-DLLVM_USE_LINKER=\'lld\'\" \"-DLLVM_DEFAULT_TARGET_TRIPLE=\'riscv64-unknown-elf\'\" \"-DLLVM_BUILD_UTILS=\'Off\'\" \"-DLLVM_BUILD_TESTS=\'Off\'\" \"-DLLVM_INCLUDE_UTILS=\'Off\'\" \"-DLLVM_INCLUDE_TESTS=\'Off\'\" \"-DLLVM_BUILD_INSTRUMENTED_COVERAGE=\'Off\'\" \"-DPACKAGE_VENDOR=\'Parity Technologies\'\" \"-DCMAKE_BUILD_WITH_INSTALL_RPATH=1\" \"-DLLVM_BUILD_DOCS=\'Off\'\" \"-DLLVM_INCLUDE_DOCS=\'Off\'\" \"-DLLVM_INCLUDE_BENCHMARKS=\'Off\'\" \"-DLLVM_INCLUDE_EXAMPLES=\'Off\'\" \"-DLLVM_ENABLE_DOXYGEN=\'Off\'\" \"-DLLVM_ENABLE_SPHINX=\'Off\'\" \"-DLLVM_ENABLE_OCAMLDOC=\'Off\'\" \"-DLLVM_ENABLE_ZLIB=\'Off\'\" \"-DLLVM_ENABLE_ZSTD=\'Off\'\" \"-DLLVM_ENABLE_LIBXML2=\'Off\'\" \"-DLLVM_ENABLE_BINDINGS=\'Off\'\" \"-DLLVM_ENABLE_TERMINFO=\'Off\'\" \"-DLLVM_ENABLE_LIBEDIT=\'Off\'\" \"-DLLVM_ENABLE_LIBPFM=\'Off\'\" \"-DCMAKE_EXPORT_COMPILE_COMMANDS=\'On\'\" \"-DPython3_FIND_REGISTRY=\'LAST\'\" \"-DBUG_REPORT_URL=\'https://github.com/paritytech/contract-issues/issues/\'\" \"-DCLANG_ENABLE_ARCMT=\'Off\'\" \"-DCLANG_ENABLE_STATIC_ANALYZER=\'Off\'\" \"-DLLVM_OPTIMIZED_TABLEGEN=\'On\'\" \"-DLLVM_BUILD_RUNTIME=\'Off\'\" \"-DLLVM_BUILD_RUNTIMES=\'Off\'\" \"-DLLVM_INCLUDE_RUNTIMES=\'Off\'\" \"-DLLVM_ENABLE_WERROR=\'Off\'\" \"-DLLVM_ENABLE_ASSERTIONS=\'On\'\" \"-DLLVM_ENABLE_RTTI=\'Off\'\" \"-DLLVM_USE_SANITIZER=\'Address\'\"\' failed!
[INFO] [stdout] [ERROR revive_llvm] LLVM building cmake failed
[INFO] [stdout]     
[INFO] [stdout]     Stack backtrace:
[INFO] [stdout]        0: <anyhow::Error>::msg::<alloc::string::String>
[INFO] [stdout]        1: revive_llvm_builder::utils::command
[INFO] [stdout]        2: revive_llvm_builder::platforms::x86_64_linux_gnu::build
[INFO] [stdout]        3: revive_llvm_builder::build
[INFO] [stdout]        4: revive_llvm::main
[INFO] [stdout]        5: std::sys::backtrace::__rust_begin_short_backtrace::<fn(), ()>
[INFO] [stdout]        6: std::rt::lang_start::<()>::{closure#0}
[INFO] [stdout]        7: std::rt::lang_start_internal
[INFO] [stdout]        8: main
[INFO] [stdout]        9: <unknown>
[INFO] [stdout]       10: __libc_start_main
[INFO] [stdout]       11: _start
[INFO] [stdout] ```
[INFO] [stdout] 
[INFO] [stdout] 
[INFO] [stdout] stack backtrace:
[INFO] [stdout]    0:     0x60633506aa61 - <<std[617be2ca0a6fd877]::sys::backtrace::BacktraceLock>::print::DisplayBacktrace as core[a373ad73a504971]::fmt::Display>::fmt
[INFO] [stdout]    1:     0x606335080efa - core[a373ad73a504971]::fmt::write
[INFO] [stdout]    2:     0x60633507066c - <alloc[2e1b2a31b91974c5]::vec::Vec<u8> as core[a373ad73a504971]::io::write::Write>::write_fmt
[INFO] [stdout]    3:     0x606335045316 - std[617be2ca0a6fd877]::panicking::default_hook::{closure#0}
[INFO] [stdout]    4:     0x6063350628b9 - std[617be2ca0a6fd877]::panicking::default_hook
[INFO] [stdout]    5:     0x606334ff7340 - test[aada8e7e76ba119b]::test_main_inner::{closure#0}
[INFO] [stdout]    6:     0x606335062a72 - std[617be2ca0a6fd877]::panicking::panic_with_hook
[INFO] [stdout]    7:     0x6063350453c2 - std[617be2ca0a6fd877]::panicking::panic_handler::{closure#0}
[INFO] [stdout]    8:     0x60633503da29 - std[617be2ca0a6fd877]::sys::backtrace::__rust_end_short_backtrace::<std[617be2ca0a6fd877]::panicking::panic_handler::{closure#0}, !>
[INFO] [stdout]    9:     0x6063350460dd - __rustc[ea4f61d10b84890b]::rust_begin_unwind
[INFO] [stdout]   10:     0x6063350816ac - core[a373ad73a504971]::panicking::panic_fmt
[INFO] [stdout]   11:     0x60633502b08f - <assert_cmd[af5bf2b6d065a3b4]::assert::AssertError>::panic::<assert_cmd[af5bf2b6d065a3b4]::assert::Assert>
[INFO] [stdout]   12:     0x60633502b3d9 - <assert_cmd[af5bf2b6d065a3b4]::assert::Assert>::success
[INFO] [stdout]   13:     0x606334fe909a - <build[c9565dc5a15eb3d]::build_with_sanitizers::{closure#0} as core[a373ad73a504971]::ops::function::FnOnce<()>>::call_once
[INFO] [stdout]   14:     0x606334fea78b - test[aada8e7e76ba119b]::__rust_begin_short_backtrace::<core[a373ad73a504971]::result::Result<(), alloc[2e1b2a31b91974c5]::string::String>, fn() -> core[a373ad73a504971]::result::Result<(), alloc[2e1b2a31b91974c5]::string::String>>
[INFO] [stdout]   15:     0x606334ff7965 - test[aada8e7e76ba119b]::run_test::{closure#0}
[INFO] [stdout]   16:     0x606334ff1254 - std[617be2ca0a6fd877]::sys::backtrace::__rust_begin_short_backtrace::<test[aada8e7e76ba119b]::run_test::{closure#1}, ()>
[INFO] [stdout]   17:     0x606334ffa9f2 - <std[617be2ca0a6fd877]::thread::lifecycle::spawn_unchecked<test[aada8e7e76ba119b]::run_test::{closure#1}, ()>::{closure#1} as core[a373ad73a504971]::ops::function::FnOnce<()>>::call_once::{shim:vtable#0}
[INFO] [stdout]   18:     0x60633506a23f - <std[617be2ca0a6fd877]::sys::thread::unix::Thread>::new::thread_start
[INFO] [stdout]   19:     0x7391d4a8fdfa - <unknown>
[INFO] [stdout]   20:     0x7391d4b233d4 - clone
[INFO] [stdout]   21:                0x0 - <unknown>
[INFO] [stdout] 
[INFO] [stdout] ---- build_and_clean_emscripten stdout ----
[INFO] [stdout] 
[INFO] [stdout] thread 'build_and_clean_emscripten' (1992) panicked at tests/build.rs:137:10:
[INFO] [stdout] Unexpected failure.
[INFO] [stdout] code=1
[INFO] [stdout] stderr=``````
[INFO] [stdout] [ERROR revive_llvm_builder] LLVM project source directory ./llvm/ does not exist (run `revive-llvm --target-env gnu clone`)
[INFO] [stdout] CMake Error: The source directory \"/tmp/.tmpGhFnVJ/llvm/llvm\" does not exist.
[INFO] [stdout] Specify --help for usage, or press the help button on the CMake GUI.
[INFO] [stdout] [ERROR revive_llvm_builder::utils] the command \'\"cmake\" \"-S\" \"/tmp/.tmpGhFnVJ/./llvm/llvm\" \"-B\" \"/tmp/.tmpGhFnVJ/./target-llvm/gnu/build-final\" \"-G\" \"Ninja\" \"-DCMAKE_INSTALL_PREFIX=\'/tmp/.tmpGhFnVJ/./target-llvm/gnu/target-final\'\" \"-DCMAKE_BUILD_TYPE=\'Release\'\" \"-DCMAKE_C_COMPILER=\'clang\'\" \"-DCMAKE_CXX_COMPILER=\'clang++\'\" \"-DLLVM_TARGETS_TO_BUILD=\'RISCV\'\" \"-DLLVM_ENABLE_PROJECTS=\'lld;clang\'\" \"-DLLVM_USE_LINKER=\'lld\'\" \"-DLLVM_DEFAULT_TARGET_TRIPLE=\'riscv64-unknown-elf\'\" \"-DLLVM_BUILD_UTILS=\'Off\'\" \"-DLLVM_BUILD_TESTS=\'Off\'\" \"-DLLVM_INCLUDE_UTILS=\'Off\'\" \"-DLLVM_INCLUDE_TESTS=\'Off\'\" \"-DLLVM_BUILD_INSTRUMENTED_COVERAGE=\'Off\'\" \"-DPACKAGE_VENDOR=\'Parity Technologies\'\" \"-DCMAKE_BUILD_WITH_INSTALL_RPATH=1\" \"-DLLVM_BUILD_DOCS=\'Off\'\" \"-DLLVM_INCLUDE_DOCS=\'Off\'\" \"-DLLVM_INCLUDE_BENCHMARKS=\'Off\'\" \"-DLLVM_INCLUDE_EXAMPLES=\'Off\'\" \"-DLLVM_ENABLE_DOXYGEN=\'Off\'\" \"-DLLVM_ENABLE_SPHINX=\'Off\'\" \"-DLLVM_ENABLE_OCAMLDOC=\'Off\'\" \"-DLLVM_ENABLE_ZLIB=\'Off\'\" \"-DLLVM_ENABLE_ZSTD=\'Off\'\" \"-DLLVM_ENABLE_LIBXML2=\'Off\'\" \"-DLLVM_ENABLE_BINDINGS=\'Off\'\" \"-DLLVM_ENABLE_TERMINFO=\'Off\'\" \"-DLLVM_ENABLE_LIBEDIT=\'Off\'\" \"-DLLVM_ENABLE_LIBPFM=\'Off\'\" \"-DCMAKE_EXPORT_COMPILE_COMMANDS=\'On\'\" \"-DPython3_FIND_REGISTRY=\'LAST\'\" \"-DBUG_REPORT_URL=\'https://github.com/paritytech/contract-issues/issues/\'\" \"-DCLANG_ENABLE_ARCMT=\'Off\'\" \"-DCLANG_ENABLE_STATIC_ANALYZER=\'Off\'\" \"-DLLVM_OPTIMIZED_TABLEGEN=\'On\'\" \"-DLLVM_BUILD_RUNTIME=\'Off\'\" \"-DLLVM_BUILD_RUNTIMES=\'Off\'\" \"-DLLVM_INCLUDE_RUNTIMES=\'Off\'\" \"-DLLVM_ENABLE_WERROR=\'Off\'\" \"-DLLVM_ENABLE_ASSERTIONS=\'On\'\" \"-DLLVM_ENABLE_RTTI=\'Off\'\"\' failed!
[INFO] [stdout] [ERROR revive_llvm] LLVM building cmake failed
[INFO] [stdout]     
[INFO] [stdout]     Stack backtrace:
[INFO] [stdout]        0: <anyhow::Error>::msg::<alloc::string::String>
[INFO] [stdout]        1: revive_llvm_builder::utils::command
[INFO] [stdout]        2: revive_llvm_builder::platforms::x86_64_linux_gnu::build
[INFO] [stdout]        3: revive_llvm_builder::build
[INFO] [stdout]        4: revive_llvm::main
[INFO] [stdout]        5: std::sys::backtrace::__rust_begin_short_backtrace::<fn(), ()>
[INFO] [stdout]        6: std::rt::lang_start::<()>::{closure#0}
[INFO] [stdout]        7: std::rt::lang_start_internal
[INFO] [stdout]        8: main
[INFO] [stdout]        9: <unknown>
[INFO] [stdout]       10: __libc_start_main
[INFO] [stdout]       11: _start
[INFO] [stdout] ```
[INFO] [stdout] ```
[INFO] [stdout] command=`cd "/tmp/.tmpGhFnVJ" && "/opt/rustwide/target/release/revive-llvm" "build" "--llvm-projects" "clang" "--llvm-projects" "lld"`
[INFO] [stdout] code=1
[INFO] [stdout] stdout=""
[INFO] [stdout] stderr=```
[INFO] [stdout] [ERROR revive_llvm_builder] LLVM project source directory ./llvm/ does not exist (run `revive-llvm --target-env gnu clone`)
[INFO] [stdout] CMake Error: The source directory \"/tmp/.tmpGhFnVJ/llvm/llvm\" does not exist.
[INFO] [stdout] Specify --help for usage, or press the help button on the CMake GUI.
[INFO] [stdout] [ERROR revive_llvm_builder::utils] the command \'\"cmake\" \"-S\" \"/tmp/.tmpGhFnVJ/./llvm/llvm\" \"-B\" \"/tmp/.tmpGhFnVJ/./target-llvm/gnu/build-final\" \"-G\" \"Ninja\" \"-DCMAKE_INSTALL_PREFIX=\'/tmp/.tmpGhFnVJ/./target-llvm/gnu/target-final\'\" \"-DCMAKE_BUILD_TYPE=\'Release\'\" \"-DCMAKE_C_COMPILER=\'clang\'\" \"-DCMAKE_CXX_COMPILER=\'clang++\'\" \"-DLLVM_TARGETS_TO_BUILD=\'RISCV\'\" \"-DLLVM_ENABLE_PROJECTS=\'lld;clang\'\" \"-DLLVM_USE_LINKER=\'lld\'\" \"-DLLVM_DEFAULT_TARGET_TRIPLE=\'riscv64-unknown-elf\'\" \"-DLLVM_BUILD_UTILS=\'Off\'\" \"-DLLVM_BUILD_TESTS=\'Off\'\" \"-DLLVM_INCLUDE_UTILS=\'Off\'\" \"-DLLVM_INCLUDE_TESTS=\'Off\'\" \"-DLLVM_BUILD_INSTRUMENTED_COVERAGE=\'Off\'\" \"-DPACKAGE_VENDOR=\'Parity Technologies\'\" \"-DCMAKE_BUILD_WITH_INSTALL_RPATH=1\" \"-DLLVM_BUILD_DOCS=\'Off\'\" \"-DLLVM_INCLUDE_DOCS=\'Off\'\" \"-DLLVM_INCLUDE_BENCHMARKS=\'Off\'\" \"-DLLVM_INCLUDE_EXAMPLES=\'Off\'\" \"-DLLVM_ENABLE_DOXYGEN=\'Off\'\" \"-DLLVM_ENABLE_SPHINX=\'Off\'\" \"-DLLVM_ENABLE_OCAMLDOC=\'Off\'\" \"-DLLVM_ENABLE_ZLIB=\'Off\'\" \"-DLLVM_ENABLE_ZSTD=\'Off\'\" \"-DLLVM_ENABLE_LIBXML2=\'Off\'\" \"-DLLVM_ENABLE_BINDINGS=\'Off\'\" \"-DLLVM_ENABLE_TERMINFO=\'Off\'\" \"-DLLVM_ENABLE_LIBEDIT=\'Off\'\" \"-DLLVM_ENABLE_LIBPFM=\'Off\'\" \"-DCMAKE_EXPORT_COMPILE_COMMANDS=\'On\'\" \"-DPython3_FIND_REGISTRY=\'LAST\'\" \"-DBUG_REPORT_URL=\'https://github.com/paritytech/contract-issues/issues/\'\" \"-DCLANG_ENABLE_ARCMT=\'Off\'\" \"-DCLANG_ENABLE_STATIC_ANALYZER=\'Off\'\" \"-DLLVM_OPTIMIZED_TABLEGEN=\'On\'\" \"-DLLVM_BUILD_RUNTIME=\'Off\'\" \"-DLLVM_BUILD_RUNTIMES=\'Off\'\" \"-DLLVM_INCLUDE_RUNTIMES=\'Off\'\" \"-DLLVM_ENABLE_WERROR=\'Off\'\" \"-DLLVM_ENABLE_ASSERTIONS=\'On\'\" \"-DLLVM_ENABLE_RTTI=\'Off\'\"\' failed!
[INFO] [stdout] [ERROR revive_llvm] LLVM building cmake failed
[INFO] [stdout]     
[INFO] [stdout]     Stack backtrace:
[INFO] [stdout]        0: <anyhow::Error>::msg::<alloc::string::String>
[INFO] [stdout]        1: revive_llvm_builder::utils::command
[INFO] [stdout]        2: revive_llvm_builder::platforms::x86_64_linux_gnu::build
[INFO] [stdout]        3: revive_llvm_builder::build
[INFO] [stdout]        4: revive_llvm::main
[INFO] [stdout]        5: std::sys::backtrace::__rust_begin_short_backtrace::<fn(), ()>
[INFO] [stdout]        6: std::rt::lang_start::<()>::{closure#0}
[INFO] [stdout]        7: std::rt::lang_start_internal
[INFO] [stdout]        8: main
[INFO] [stdout]        9: <unknown>
[INFO] [stdout]       10: __libc_start_main
[INFO] [stdout]       11: _start
[INFO] [stdout] ```
[INFO] [stdout] 
[INFO] [stdout] 
[INFO] [stdout] stack backtrace:
[INFO] [stdout]    0:     0x60633506aa61 - <<std[617be2ca0a6fd877]::sys::backtrace::BacktraceLock>::print::DisplayBacktrace as core[a373ad73a504971]::fmt::Display>::fmt
[INFO] [stdout]    1:     0x606335080efa - core[a373ad73a504971]::fmt::write
[INFO] [stdout]    2:     0x60633507066c - <alloc[2e1b2a31b91974c5]::vec::Vec<u8> as core[a373ad73a504971]::io::write::Write>::write_fmt
[INFO] [stdout]    3:     0x606335045316 - std[617be2ca0a6fd877]::panicking::default_hook::{closure#0}
[INFO] [stdout]    4:     0x6063350628b9 - std[617be2ca0a6fd877]::panicking::default_hook
[INFO] [stdout]    5:     0x606334ff7340 - test[aada8e7e76ba119b]::test_main_inner::{closure#0}
[INFO] [stdout]    6:     0x606335062a72 - std[617be2ca0a6fd877]::panicking::panic_with_hook
[INFO] [stdout]    7:     0x6063350453c2 - std[617be2ca0a6fd877]::panicking::panic_handler::{closure#0}
[INFO] [stdout]    8:     0x60633503da29 - std[617be2ca0a6fd877]::sys::backtrace::__rust_end_short_backtrace::<std[617be2ca0a6fd877]::panicking::panic_handler::{closure#0}, !>
[INFO] [stdout]    9:     0x6063350460dd - __rustc[ea4f61d10b84890b]::rust_begin_unwind
[INFO] [stdout]   10:     0x6063350816ac - core[a373ad73a504971]::panicking::panic_fmt
[INFO] [stdout]   11:     0x60633502b08f - <assert_cmd[af5bf2b6d065a3b4]::assert::AssertError>::panic::<assert_cmd[af5bf2b6d065a3b4]::assert::Assert>
[INFO] [stdout]   12:     0x60633502b3d9 - <assert_cmd[af5bf2b6d065a3b4]::assert::Assert>::success
[INFO] [stdout]   13:     0x606334fe9352 - <build[c9565dc5a15eb3d]::build_and_clean_emscripten::{closure#0} as core[a373ad73a504971]::ops::function::FnOnce<()>>::call_once
[INFO] [stdout]   14:     0x606334fea78b - test[aada8e7e76ba119b]::__rust_begin_short_backtrace::<core[a373ad73a504971]::result::Result<(), alloc[2e1b2a31b91974c5]::string::String>, fn() -> core[a373ad73a504971]::result::Result<(), alloc[2e1b2a31b91974c5]::string::String>>
[INFO] [stdout]   15:     0x606334ff7965 - test[aada8e7e76ba119b]::run_test::{closure#0}
[INFO] [stdout]   16:     0x606334ff1254 - std[617be2ca0a6fd877]::sys::backtrace::__rust_begin_short_backtrace::<test[aada8e7e76ba119b]::run_test::{closure#1}, ()>
[INFO] [stdout]   17:     0x606334ffa9f2 - <std[617be2ca0a6fd877]::thread::lifecycle::spawn_unchecked<test[aada8e7e76ba119b]::run_test::{closure#1}, ()>::{closure#1} as core[a373ad73a504971]::ops::function::FnOnce<()>>::call_once::{shim:vtable#0}
[INFO] [stdout]   18:     0x60633506a23f - <std[617be2ca0a6fd877]::sys::thread::unix::Thread>::new::thread_start
[INFO] [stdout]   19:     0x7391d4a8fdfa - <unknown>
[INFO] [stdout]   20:     0x7391d4b233d4 - clone
[INFO] [stdout]   21:                0x0 - <unknown>
[INFO] [stdout] 
[INFO] [stdout] ---- build_and_clean_musl stdout ----
[INFO] [stdout] 
[INFO] [stdout] thread 'build_and_clean_musl' (1993) panicked at tests/build.rs:52:10:
[INFO] [stdout] Unexpected failure.
[INFO] [stdout] code=1
[INFO] [stdout] stderr=``````
[INFO] [stdout] [ERROR revive_llvm_builder] LLVM project source directory ./llvm/ does not exist (run `revive-llvm --target-env gnu clone`)
[INFO] [stdout] CMake Error: The source directory \"/tmp/.tmpjddnGw/llvm/llvm\" does not exist.
[INFO] [stdout] Specify --help for usage, or press the help button on the CMake GUI.
[INFO] [stdout] [ERROR revive_llvm_builder::utils] the command \'\"cmake\" \"-S\" \"/tmp/.tmpjddnGw/./llvm/llvm\" \"-B\" \"/tmp/.tmpjddnGw/./target-llvm/gnu/build-final\" \"-G\" \"Ninja\" \"-DCMAKE_INSTALL_PREFIX=\'/tmp/.tmpjddnGw/./target-llvm/gnu/target-final\'\" \"-DCMAKE_BUILD_TYPE=\'Release\'\" \"-DCMAKE_C_COMPILER=\'clang\'\" \"-DCMAKE_CXX_COMPILER=\'clang++\'\" \"-DLLVM_TARGETS_TO_BUILD=\'RISCV\'\" \"-DLLVM_ENABLE_PROJECTS=\'clang;lld\'\" \"-DLLVM_USE_LINKER=\'lld\'\" \"-DLLVM_DEFAULT_TARGET_TRIPLE=\'riscv64-unknown-elf\'\" \"-DLLVM_BUILD_UTILS=\'Off\'\" \"-DLLVM_BUILD_TESTS=\'Off\'\" \"-DLLVM_INCLUDE_UTILS=\'Off\'\" \"-DLLVM_INCLUDE_TESTS=\'Off\'\" \"-DLLVM_BUILD_INSTRUMENTED_COVERAGE=\'Off\'\" \"-DPACKAGE_VENDOR=\'Parity Technologies\'\" \"-DCMAKE_BUILD_WITH_INSTALL_RPATH=1\" \"-DLLVM_BUILD_DOCS=\'Off\'\" \"-DLLVM_INCLUDE_DOCS=\'Off\'\" \"-DLLVM_INCLUDE_BENCHMARKS=\'Off\'\" \"-DLLVM_INCLUDE_EXAMPLES=\'Off\'\" \"-DLLVM_ENABLE_DOXYGEN=\'Off\'\" \"-DLLVM_ENABLE_SPHINX=\'Off\'\" \"-DLLVM_ENABLE_OCAMLDOC=\'Off\'\" \"-DLLVM_ENABLE_ZLIB=\'Off\'\" \"-DLLVM_ENABLE_ZSTD=\'Off\'\" \"-DLLVM_ENABLE_LIBXML2=\'Off\'\" \"-DLLVM_ENABLE_BINDINGS=\'Off\'\" \"-DLLVM_ENABLE_TERMINFO=\'Off\'\" \"-DLLVM_ENABLE_LIBEDIT=\'Off\'\" \"-DLLVM_ENABLE_LIBPFM=\'Off\'\" \"-DCMAKE_EXPORT_COMPILE_COMMANDS=\'On\'\" \"-DPython3_FIND_REGISTRY=\'LAST\'\" \"-DBUG_REPORT_URL=\'https://github.com/paritytech/contract-issues/issues/\'\" \"-DCLANG_ENABLE_ARCMT=\'Off\'\" \"-DCLANG_ENABLE_STATIC_ANALYZER=\'Off\'\" \"-DLLVM_OPTIMIZED_TABLEGEN=\'On\'\" \"-DLLVM_BUILD_RUNTIME=\'Off\'\" \"-DLLVM_BUILD_RUNTIMES=\'Off\'\" \"-DLLVM_INCLUDE_RUNTIMES=\'Off\'\" \"-DLLVM_ENABLE_WERROR=\'Off\'\" \"-DLLVM_ENABLE_ASSERTIONS=\'On\'\" \"-DLLVM_ENABLE_RTTI=\'Off\'\"\' failed!
[INFO] [stdout] [ERROR revive_llvm] LLVM building cmake failed
[INFO] [stdout]     
[INFO] [stdout]     Stack backtrace:
[INFO] [stdout]        0: <anyhow::Error>::msg::<alloc::string::String>
[INFO] [stdout]        1: revive_llvm_builder::utils::command
[INFO] [stdout]        2: revive_llvm_builder::platforms::x86_64_linux_gnu::build
[INFO] [stdout]        3: revive_llvm_builder::build
[INFO] [stdout]        4: revive_llvm::main
[INFO] [stdout]        5: std::sys::backtrace::__rust_begin_short_backtrace::<fn(), ()>
[INFO] [stdout]        6: std::rt::lang_start::<()>::{closure#0}
[INFO] [stdout]        7: std::rt::lang_start_internal
[INFO] [stdout]        8: main
[INFO] [stdout]        9: <unknown>
[INFO] [stdout]       10: __libc_start_main
[INFO] [stdout]       11: _start
[INFO] [stdout] ```
[INFO] [stdout] ```
[INFO] [stdout] command=`cd "/tmp/.tmpjddnGw" && "/opt/rustwide/target/release/revive-llvm" "build" "--llvm-projects" "clang" "--llvm-projects" "lld"`
[INFO] [stdout] code=1
[INFO] [stdout] stdout=""
[INFO] [stdout] stderr=```
[INFO] [stdout] [ERROR revive_llvm_builder] LLVM project source directory ./llvm/ does not exist (run `revive-llvm --target-env gnu clone`)
[INFO] [stdout] CMake Error: The source directory \"/tmp/.tmpjddnGw/llvm/llvm\" does not exist.
[INFO] [stdout] Specify --help for usage, or press the help button on the CMake GUI.
[INFO] [stdout] [ERROR revive_llvm_builder::utils] the command \'\"cmake\" \"-S\" \"/tmp/.tmpjddnGw/./llvm/llvm\" \"-B\" \"/tmp/.tmpjddnGw/./target-llvm/gnu/build-final\" \"-G\" \"Ninja\" \"-DCMAKE_INSTALL_PREFIX=\'/tmp/.tmpjddnGw/./target-llvm/gnu/target-final\'\" \"-DCMAKE_BUILD_TYPE=\'Release\'\" \"-DCMAKE_C_COMPILER=\'clang\'\" \"-DCMAKE_CXX_COMPILER=\'clang++\'\" \"-DLLVM_TARGETS_TO_BUILD=\'RISCV\'\" \"-DLLVM_ENABLE_PROJECTS=\'clang;lld\'\" \"-DLLVM_USE_LINKER=\'lld\'\" \"-DLLVM_DEFAULT_TARGET_TRIPLE=\'riscv64-unknown-elf\'\" \"-DLLVM_BUILD_UTILS=\'Off\'\" \"-DLLVM_BUILD_TESTS=\'Off\'\" \"-DLLVM_INCLUDE_UTILS=\'Off\'\" \"-DLLVM_INCLUDE_TESTS=\'Off\'\" \"-DLLVM_BUILD_INSTRUMENTED_COVERAGE=\'Off\'\" \"-DPACKAGE_VENDOR=\'Parity Technologies\'\" \"-DCMAKE_BUILD_WITH_INSTALL_RPATH=1\" \"-DLLVM_BUILD_DOCS=\'Off\'\" \"-DLLVM_INCLUDE_DOCS=\'Off\'\" \"-DLLVM_INCLUDE_BENCHMARKS=\'Off\'\" \"-DLLVM_INCLUDE_EXAMPLES=\'Off\'\" \"-DLLVM_ENABLE_DOXYGEN=\'Off\'\" \"-DLLVM_ENABLE_SPHINX=\'Off\'\" \"-DLLVM_ENABLE_OCAMLDOC=\'Off\'\" \"-DLLVM_ENABLE_ZLIB=\'Off\'\" \"-DLLVM_ENABLE_ZSTD=\'Off\'\" \"-DLLVM_ENABLE_LIBXML2=\'Off\'\" \"-DLLVM_ENABLE_BINDINGS=\'Off\'\" \"-DLLVM_ENABLE_TERMINFO=\'Off\'\" \"-DLLVM_ENABLE_LIBEDIT=\'Off\'\" \"-DLLVM_ENABLE_LIBPFM=\'Off\'\" \"-DCMAKE_EXPORT_COMPILE_COMMANDS=\'On\'\" \"-DPython3_FIND_REGISTRY=\'LAST\'\" \"-DBUG_REPORT_URL=\'https://github.com/paritytech/contract-issues/issues/\'\" \"-DCLANG_ENABLE_ARCMT=\'Off\'\" \"-DCLANG_ENABLE_STATIC_ANALYZER=\'Off\'\" \"-DLLVM_OPTIMIZED_TABLEGEN=\'On\'\" \"-DLLVM_BUILD_RUNTIME=\'Off\'\" \"-DLLVM_BUILD_RUNTIMES=\'Off\'\" \"-DLLVM_INCLUDE_RUNTIMES=\'Off\'\" \"-DLLVM_ENABLE_WERROR=\'Off\'\" \"-DLLVM_ENABLE_ASSERTIONS=\'On\'\" \"-DLLVM_ENABLE_RTTI=\'Off\'\"\' failed!
[INFO] [stdout] [ERROR revive_llvm] LLVM building cmake failed
[INFO] [stdout]     
[INFO] [stdout]     Stack backtrace:
[INFO] [stdout]        0: <anyhow::Error>::msg::<alloc::string::String>
[INFO] [stdout]        1: revive_llvm_builder::utils::command
[INFO] [stdout]        2: revive_llvm_builder::platforms::x86_64_linux_gnu::build
[INFO] [stdout]        3: revive_llvm_builder::build
[INFO] [stdout]        4: revive_llvm::main
[INFO] [stdout]        5: std::sys::backtrace::__rust_begin_short_backtrace::<fn(), ()>
[INFO] [stdout]        6: std::rt::lang_start::<()>::{closure#0}
[INFO] [stdout]        7: std::rt::lang_start_internal
[INFO] [stdout]        8: main
[INFO] [stdout]        9: <unknown>
[INFO] [stdout]       10: __libc_start_main
[INFO] [stdout]       11: _start
[INFO] [stdout] ```
[INFO] [stdout] 
[INFO] [stdout] 
[INFO] [stdout] stack backtrace:
[INFO] [stdout]    0:     0x60633506aa61 - <<std[617be2ca0a6fd877]::sys::backtrace::BacktraceLock>::print::DisplayBacktrace as core[a373ad73a504971]::fmt::Display>::fmt
[INFO] [stdout]    1:     0x606335080efa - core[a373ad73a504971]::fmt::write
[INFO] [stdout]    2:     0x60633507066c - <alloc[2e1b2a31b91974c5]::vec::Vec<u8> as core[a373ad73a504971]::io::write::Write>::write_fmt
[INFO] [stdout]    3:     0x606335045316 - std[617be2ca0a6fd877]::panicking::default_hook::{closure#0}
[INFO] [stdout]    4:     0x6063350628b9 - std[617be2ca0a6fd877]::panicking::default_hook
[INFO] [stdout]    5:     0x606334ff7340 - test[aada8e7e76ba119b]::test_main_inner::{closure#0}
[INFO] [stdout]    6:     0x606335062a72 - std[617be2ca0a6fd877]::panicking::panic_with_hook
[INFO] [stdout]    7:     0x6063350453c2 - std[617be2ca0a6fd877]::panicking::panic_handler::{closure#0}
[INFO] [stdout]    8:     0x60633503da29 - std[617be2ca0a6fd877]::sys::backtrace::__rust_end_short_backtrace::<std[617be2ca0a6fd877]::panicking::panic_handler::{closure#0}, !>
[INFO] [stdout]    9:     0x6063350460dd - __rustc[ea4f61d10b84890b]::rust_begin_unwind
[INFO] [stdout]   10:     0x6063350816ac - core[a373ad73a504971]::panicking::panic_fmt
[INFO] [stdout]   11:     0x60633502b08f - <assert_cmd[af5bf2b6d065a3b4]::assert::AssertError>::panic::<assert_cmd[af5bf2b6d065a3b4]::assert::Assert>
[INFO] [stdout]   12:     0x60633502b3d9 - <assert_cmd[af5bf2b6d065a3b4]::assert::Assert>::success
[INFO] [stdout]   13:     0x606334fe8bb1 - <build[c9565dc5a15eb3d]::build_and_clean_musl::{closure#0} as core[a373ad73a504971]::ops::function::FnOnce<()>>::call_once
[INFO] [stdout]   14:     0x606334fea78b - test[aada8e7e76ba119b]::__rust_begin_short_backtrace::<core[a373ad73a504971]::result::Result<(), alloc[2e1b2a31b91974c5]::string::String>, fn() -> core[a373ad73a504971]::result::Result<(), alloc[2e1b2a31b91974c5]::string::String>>
[INFO] [stdout]   15:     0x606334ff7965 - test[aada8e7e76ba119b]::run_test::{closure#0}
[INFO] [stdout]   16:     0x606334ff1254 - std[617be2ca0a6fd877]::sys::backtrace::__rust_begin_short_backtrace::<test[aada8e7e76ba119b]::run_test::{closure#1}, ()>
[INFO] [stdout]   17:     0x606334ffa9f2 - <std[617be2ca0a6fd877]::thread::lifecycle::spawn_unchecked<test[aada8e7e76ba119b]::run_test::{closure#1}, ()>::{closure#1} as core[a373ad73a504971]::ops::function::FnOnce<()>>::call_once::{shim:vtable#0}
[INFO] [stdout]   18:     0x60633506a23f - <std[617be2ca0a6fd877]::sys::thread::unix::Thread>::new::thread_start
[INFO] [stdout]   19:     0x7391d4a8fdfa - <unknown>
[INFO] [stdout]   20:     0x7391d4b233d4 - clone
[INFO] [stdout]   21:                0x0 - <unknown>
[INFO] [stdout] 
[INFO] [stdout] 
[INFO] [stdout] failures:
[INFO] [stdout]     build_and_clean
[INFO] [stdout]     build_and_clean_emscripten
[INFO] [stdout]     build_and_clean_musl
[INFO] [stdout]     build_with_sanitizers
[INFO] [stdout]     debug_build_with_tests_coverage
[INFO] [stdout] 
[INFO] [stdout] test result: FAILED. 0 passed; 5 failed; 0 ignored; 0 measured; 0 filtered out; finished in 0.50s
[INFO] [stdout] 
[INFO] running `Command { std: "docker" "inspect" "f0dba9c49792a10e72d3a19817152308b2ac63d01f31b97afb519e934beca3c7", kill_on_drop: false }`
[INFO] running `Command { std: "docker" "rm" "-f" "f0dba9c49792a10e72d3a19817152308b2ac63d01f31b97afb519e934beca3c7", kill_on_drop: false }`
[INFO] [stdout] f0dba9c49792a10e72d3a19817152308b2ac63d01f31b97afb519e934beca3c7
